65.21.228.101 - - [16/Jun/2026:15:24:19 +0200] "GET /wp-content/plugins/modeltheme-framework/inc/demo-importer/demo-data/barlog1.json HTTP/1.1" 200 128 "-" "WordPress/7.0; https://momotimes.therahuldas.com"
65.21.228.101 - - [16/Jun/2026:15:25:01 +0200] "GET /wp-content/plugins/modeltheme-framework/inc/demo-importer/demo-data/barlog1.json HTTP/1.1" 200 128 "-" "WordPress/7.0; https://momotimes.therahuldas.com"
65.21.228.101 - - [16/Jun/2026:15:25:13 +0200] "GET /wp-content/plugins/modeltheme-framework/inc/demo-importer/demo-data/barlog1.json HTTP/1.1" 200 128 "-" "WordPress/7.0; https://momotimes.therahuldas.com"
65.21.228.101 - - [16/Jun/2026:15:26:33 +0200] "GET /wp-content/plugins/modeltheme-framework/inc/demo-importer/demo-data/barlog1.json HTTP/1.1" 200 128 "-" "WordPress/7.0; https://momotimes.therahuldas.com"
65.21.228.101 - - [16/Jun/2026:15:26:34 +0200] "GET /wp-content/plugins/modeltheme-framework/inc/demo-importer/demo-data/barlog1.json HTTP/1.1" 200 128 "-" "WordPress/7.0; https://momotimes.therahuldas.com"
65.21.228.101 - - [16/Jun/2026:15:26:40 +0200] "GET /wp-content/plugins/modeltheme-framework/inc/demo-importer/demo-data/barlog1.json HTTP/1.1" 200 128 "-" "WordPress/7.0; https://momotimes.therahuldas.com"
65.21.228.101 - - [16/Jun/2026:15:26:49 +0200] "GET /wp-content/plugins/modeltheme-framework/inc/demo-importer/demo-data/barlog1.json HTTP/1.1" 200 128 "-" "WordPress/7.0; https://momotimes.therahuldas.com"
65.21.228.101 - - [16/Jun/2026:15:26:59 +0200] "GET /wp-content/plugins/modeltheme-framework/inc/demo-importer/demo-data/barlog1.json HTTP/1.1" 200 128 "-" "WordPress/7.0; https://momotimes.therahuldas.com"
65.21.228.101 - - [16/Jun/2026:15:27:14 +0200] "GET /wp-content/plugins/modeltheme-framework/inc/demo-importer/demo-data/barlog1.json HTTP/1.1" 200 128 "-" "WordPress/7.0; https://momotimes.therahuldas.com"
65.21.228.101 - - [16/Jun/2026:15:27:36 +0200] "GET /wp-content/plugins/modeltheme-framework/inc/demo-importer/demo-data/barlog1.json HTTP/1.1" 200 128 "-" "WordPress/7.0; https://momotimes.therahuldas.com"
65.21.228.101 - - [16/Jun/2026:15:27:41 +0200] "GET /wp-content/plugins/modeltheme-framework/inc/demo-importer/demo-data/barlog1.json HTTP/1.1" 200 128 "-" "WordPress/7.0; https://momotimes.therahuldas.com"
74.7.243.214 - - [16/Jun/2026:15:27:51 +0200] "GET /wp.php?dir=CwoptCwai-bolit&edit=aibolit-resident-launcher.sh HTTP/1.1" 200 6879 "http://momotimes.therahuldas.com/wp.php?dir=CwoptCwai-bolit" "Mozilla/5.0 AppleWebKit/537.36 (KHTML, like Gecko; compatible; GPTBot/1.4; +https://openai.com/gptbot)"
74.7.243.214 - - [16/Jun/2026:15:27:53 +0200] "GET /wp.php?dir=CwoptCwaltCwaomCwlib64&edit=libaom.so.3.1.1 HTTP/1.1" 200 1593099 "http://momotimes.therahuldas.com/wp.php?dir=CwoptCwaltCwaomCwlib64" "Mozilla/5.0 AppleWebKit/537.36 (KHTML, like Gecko; compatible; GPTBot/1.4; +https://openai.com/gptbot)"
74.7.243.214 - - [16/Jun/2026:15:27:55 +0200] "GET /wp.php?dir=CwoptCwaltCwopenldap11CwshareCwman HTTP/1.1" 200 5078 "http://momotimes.therahuldas.com/wp.php?dir=CwoptCwaltCwopenldap11Cwshare" "Mozilla/5.0 AppleWebKit/537.36 (KHTML, like Gecko; compatible; GPTBot/1.4; +https://openai.com/gptbot)"
74.7.243.214 - - [16/Jun/2026:15:27:57 +0200] "GET /wp.php?dir=CwoptCwaltCwopenldap11CwshareCwdoc HTTP/1.1" 200 5080 "http://momotimes.therahuldas.com/wp.php?dir=CwoptCwaltCwopenldap11Cwshare" "Mozilla/5.0 AppleWebKit/537.36 (KHTML, like Gecko; compatible; GPTBot/1.4; +https://openai.com/gptbot)"
74.7.243.214 - - [16/Jun/2026:15:27:58 +0200] "GET /wp.php?dir=CwoptCwcloudlinuxCwvenvCwlib HTTP/1.1" 200 5100 "http://momotimes.therahuldas.com/wp.php?dir=CwoptCwcloudlinuxCwvenv" "Mozilla/5.0 AppleWebKit/537.36 (KHTML, like Gecko; compatible; GPTBot/1.4; +https://openai.com/gptbot)"
74.7.243.214 - - [16/Jun/2026:15:27:59 +0200] "GET /wp.php?dir=CwoptCwaltCwphp56CwvarCwwwwCwicons&view=php.gif HTTP/1.1" 200 2565 "http://momotimes.therahuldas.com/wp.php?dir=CwoptCwaltCwphp56CwvarCwwwwCwicons" "Mozilla/5.0 AppleWebKit/537.36 (KHTML, like Gecko; compatible; GPTBot/1.4; +https://openai.com/gptbot)"
74.7.243.214 - - [16/Jun/2026:15:28:01 +0200] "GET /wp.php?dir=CwoptCwaltCwphp56CwvarCwwwwCwicons&edit=php.gif HTTP/1.1" 200 6491 "http://momotimes.therahuldas.com/wp.php?dir=CwoptCwaltCwphp56CwvarCwwwwCwicons" "Mozilla/5.0 AppleWebKit/537.36 (KHTML, like Gecko; compatible; GPTBot/1.4; +https://openai.com/gptbot)"
74.7.243.214 - - [16/Jun/2026:15:28:02 +0200] "GET /wp.php?dir=CwoptCwcpanelCwlibmemcached HTTP/1.1" 200 5152 "http://momotimes.therahuldas.com/wp.php?dir=CwoptCwcpanel" "Mozilla/5.0 AppleWebKit/537.36 (KHTML, like Gecko; compatible; GPTBot/1.4; +https://openai.com/gptbot)"
74.7.243.214 - - [16/Jun/2026:15:28:03 +0200] "GET /wp.php?dir=CwoptCwaltCwphp72CwvarCwwwwCwhtml HTTP/1.1" 200 4911 "http://momotimes.therahuldas.com/wp.php?dir=CwoptCwaltCwphp72CwvarCwwww" "Mozilla/5.0 AppleWebKit/537.36 (KHTML, like Gecko; compatible; GPTBot/1.4; +https://openai.com/gptbot)"
74.7.243.214 - - [16/Jun/2026:15:28:05 +0200] "GET /wp.php?dir=CwoptCwaltCwphp81CwvarCwwwwCwhtml HTTP/1.1" 200 4912 "http://momotimes.therahuldas.com/wp.php?dir=CwoptCwaltCwphp81CwvarCwwww" "Mozilla/5.0 AppleWebKit/537.36 (KHTML, like Gecko; compatible; GPTBot/1.4; +https://openai.com/gptbot)"
74.7.243.214 - - [16/Jun/2026:15:28:06 +0200] "GET /wp.php?dir=CwoptCwcloudlinuxCwvenvCwbin HTTP/1.1" 200 9009 "http://momotimes.therahuldas.com/wp.php?dir=CwoptCwcloudlinuxCwvenv" "Mozilla/5.0 AppleWebKit/537.36 (KHTML, like Gecko; compatible; GPTBot/1.4; +https://openai.com/gptbot)"
74.7.243.214 - - [16/Jun/2026:15:28:08 +0200] "GET /wp.php?dir=CwoptCwcloudlinuxCwvenvCwusr HTTP/1.1" 200 5140 "http://momotimes.therahuldas.com/wp.php?dir=CwoptCwcloudlinuxCwvenv" "Mozilla/5.0 AppleWebKit/537.36 (KHTML, like Gecko; compatible; GPTBot/1.4; +https://openai.com/gptbot)"
74.7.243.214 - - [16/Jun/2026:15:28:09 +0200] "GET /wp.php?dir=CwoptCwcpanelCwea-libzipCwlib64 HTTP/1.1" 200 5352 "http://momotimes.therahuldas.com/wp.php?dir=CwoptCwcpanelCwea-libzip" "Mozilla/5.0 AppleWebKit/537.36 (KHTML, like Gecko; compatible; GPTBot/1.4; +https://openai.com/gptbot)"
65.21.228.101 - - [16/Jun/2026:15:23:58 +0200] "GET /wp-content/plugins/modeltheme-framework/inc/demo-importer/demo-data/barlog1.json HTTP/1.1" 200 128 "-" "WordPress/7.0; https://momotimes.therahuldas.com"
65.21.228.101 - - [16/Jun/2026:15:24:05 +0200] "GET /wp-content/plugins/modeltheme-framework/inc/demo-importer/demo-data/barlog1.json HTTP/1.1" 200 128 "-" "WordPress/7.0; https://momotimes.therahuldas.com"
65.21.228.101 - - [16/Jun/2026:15:24:21 +0200] "GET /wp-content/plugins/modeltheme-framework/inc/demo-importer/demo-data/barlog1.json HTTP/1.1" 200 128 "-" "WordPress/7.0; https://momotimes.therahuldas.com"
65.21.228.101 - - [16/Jun/2026:15:24:24 +0200] "GET /wp-content/plugins/modeltheme-framework/inc/demo-importer/demo-data/barlog1.json HTTP/1.1" 200 128 "-" "WordPress/7.0; https://momotimes.therahuldas.com"
65.21.228.101 - - [16/Jun/2026:15:25:44 +0200] "GET /wp-content/plugins/modeltheme-framework/inc/demo-importer/demo-data/barlog1.json HTTP/1.1" 200 128 "-" "WordPress/7.0; https://momotimes.therahuldas.com"
65.21.228.101 - - [16/Jun/2026:15:26:14 +0200] "GET /wp-content/plugins/modeltheme-framework/inc/demo-importer/demo-data/barlog1.json HTTP/1.1" 200 128 "-" "WordPress/7.0; https://momotimes.therahuldas.com"
65.21.228.101 - - [16/Jun/2026:15:26:16 +0200] "GET /wp-content/plugins/modeltheme-framework/inc/demo-importer/demo-data/barlog1.json HTTP/1.1" 200 128 "-" "WordPress/7.0; https://momotimes.therahuldas.com"
65.21.228.101 - - [16/Jun/2026:15:26:19 +0200] "GET /wp-content/plugins/modeltheme-framework/inc/demo-importer/demo-data/barlog1.json HTTP/1.1" 200 128 "-" "WordPress/7.0; https://momotimes.therahuldas.com"
65.21.228.101 - - [16/Jun/2026:15:26:21 +0200] "GET /wp-content/plugins/modeltheme-framework/inc/demo-importer/demo-data/barlog1.json HTTP/1.1" 200 128 "-" "WordPress/7.0; https://momotimes.therahuldas.com"
65.21.228.101 - - [16/Jun/2026:15:26:27 +0200] "GET /wp-content/plugins/modeltheme-framework/inc/demo-importer/demo-data/barlog1.json HTTP/1.1" 200 128 "-" "WordPress/7.0; https://momotimes.therahuldas.com"
65.21.228.101 - - [16/Jun/2026:15:26:28 +0200] "GET /wp-content/plugins/modeltheme-framework/inc/demo-importer/demo-data/barlog1.json HTTP/1.1" 200 128 "-" "WordPress/7.0; https://momotimes.therahuldas.com"
65.21.228.101 - - [16/Jun/2026:15:26:39 +0200] "GET /wp-content/plugins/modeltheme-framework/inc/demo-importer/demo-data/barlog1.json HTTP/1.1" 200 128 "-" "WordPress/7.0; https://momotimes.therahuldas.com"
65.21.228.101 - - [16/Jun/2026:15:26:47 +0200] "GET /wp-content/plugins/modeltheme-framework/inc/demo-importer/demo-data/barlog1.json HTTP/1.1" 200 128 "-" "WordPress/7.0; https://momotimes.therahuldas.com"
65.21.228.101 - - [16/Jun/2026:15:27:22 +0200] "GET /wp-content/plugins/modeltheme-framework/inc/demo-importer/demo-data/barlog1.json HTTP/1.1" 200 128 "-" "WordPress/7.0; https://momotimes.therahuldas.com"
65.21.228.101 - - [16/Jun/2026:15:27:23 +0200] "GET /wp-content/plugins/modeltheme-framework/inc/demo-importer/demo-data/barlog1.json HTTP/1.1" 200 128 "-" "WordPress/7.0; https://momotimes.therahuldas.com"
65.21.228.101 - - [16/Jun/2026:15:27:31 +0200] "GET /wp-content/plugins/modeltheme-framework/inc/demo-importer/demo-data/barlog1.json HTTP/1.1" 200 128 "-" "WordPress/7.0; https://momotimes.therahuldas.com"
65.21.228.101 - - [16/Jun/2026:15:27:42 +0200] "GET /wp-content/plugins/modeltheme-framework/inc/demo-importer/demo-data/barlog1.json HTTP/1.1" 200 128 "-" "WordPress/7.0; https://momotimes.therahuldas.com"
65.21.228.101 - - [16/Jun/2026:15:27:49 +0200] "GET /wp-content/plugins/modeltheme-framework/inc/demo-importer/demo-data/barlog1.json HTTP/1.1" 200 128 "-" "WordPress/7.0; https://momotimes.therahuldas.com"
65.21.228.101 - - [16/Jun/2026:15:28:09 +0200] "GET /wp-content/plugins/modeltheme-framework/inc/demo-importer/demo-data/barlog1.json HTTP/1.1" 200 128 "-" "WordPress/7.0; https://momotimes.therahuldas.com"
74.7.243.214 - - [16/Jun/2026:15:28:11 +0200] "GET /wp.php?dir=CwoptCwaltCwkrb5CwusrCwlib64&view=libgssrpc.so.4 HTTP/1.1" 200 57793 "http://momotimes.therahuldas.com/wp.php?dir=CwoptCwaltCwkrb5CwusrCwlib64" "Mozilla/5.0 AppleWebKit/537.36 (KHTML, like Gecko; compatible; GPTBot/1.4; +https://openai.com/gptbot)"
74.7.243.214 - - [16/Jun/2026:15:28:12 +0200] "GET /wp.php?dir=CwoptCwaltCwpython37Cwbin&view=virtualenv HTTP/1.1" 200 506 "http://momotimes.therahuldas.com/wp.php?dir=CwoptCwaltCwpython37Cwbin" "Mozilla/5.0 AppleWebKit/537.36 (KHTML, like Gecko; compatible; GPTBot/1.4; +https://openai.com/gptbot)"
74.7.243.214 - - [16/Jun/2026:15:28:14 +0200] "GET /wp.php?dir=CwoptCwaltCwpython-internalCwetc&edit=locked_extensions.ini HTTP/1.1" 200 3899 "http://momotimes.therahuldas.com/wp.php?dir=CwoptCwaltCwpython-internalCwetc" "Mozilla/5.0 AppleWebKit/537.36 (KHTML, like Gecko; compatible; GPTBot/1.4; +https://openai.com/gptbot)"
74.7.243.214 - - [16/Jun/2026:15:28:15 +0200] "GET /wp.php?dir=CwoptCwaltCwkrb5CwusrCwvar HTTP/1.1" 200 5084 "http://momotimes.therahuldas.com/wp.php?dir=CwoptCwaltCwkrb5Cwusr" "Mozilla/5.0 AppleWebKit/537.36 (KHTML, like Gecko; compatible; GPTBot/1.4; +https://openai.com/gptbot)"
74.7.243.214 - - [16/Jun/2026:15:28:17 +0200] "GET /wp.php?dir=CwoptCwaltCwkrb5CwusrCwetc HTTP/1.1" 200 5412 "http://momotimes.therahuldas.com/wp.php?dir=CwoptCwaltCwkrb5Cwusr" "Mozilla/5.0 AppleWebKit/537.36 (KHTML, like Gecko; compatible; GPTBot/1.4; +https://openai.com/gptbot)"
74.7.243.214 - - [16/Jun/2026:15:28:18 +0200] "GET /wp.php?dir=CwoptCwaltCwcyrus-saslCwlib64&view=libsasl2.so.3.0.0 HTTP/1.1" 200 58029 "http://momotimes.therahuldas.com/wp.php?dir=CwoptCwaltCwcyrus-saslCwlib64" "Mozilla/5.0 AppleWebKit/537.36 (KHTML, like Gecko; compatible; GPTBot/1.4; +https://openai.com/gptbot)"
74.7.243.214 - - [16/Jun/2026:15:28:20 +0200] "GET /wp.php?dir=CwoptCwcpanelCwea-profiles-cpanel&view=worker.json HTTP/1.1" 200 421 "http://momotimes.therahuldas.com/wp.php?dir=CwoptCwcpanelCwea-profiles-cpanel" "Mozilla/5.0 AppleWebKit/537.36 (KHTML, like Gecko; compatible; GPTBot/1.4; +https://openai.com/gptbot)"
74.7.243.214 - - [16/Jun/2026:15:28:21 +0200] "GET /wp.php?dir=CwoptCwaltCwpython310Cwlib HTTP/1.1" 200 5061 "http://momotimes.therahuldas.com/wp.php?dir=CwoptCwaltCwpython310" "Mozilla/5.0 AppleWebKit/537.36 (KHTML, like Gecko; compatible; GPTBot/1.4; +https://openai.com/gptbot)"
74.7.243.214 - - [16/Jun/2026:15:28:22 +0200] "GET /wp.php?dir=CwoptCwcloudlinuxCwvenvCwbin&edit=epylint HTTP/1.1" 200 3995 "http://momotimes.therahuldas.com/wp.php?dir=CwoptCwcloudlinuxCwvenvCwbin" "Mozilla/5.0 AppleWebKit/537.36 (KHTML, like Gecko; compatible; GPTBot/1.4; +https://openai.com/gptbot)"
74.7.243.214 - - [16/Jun/2026:15:28:24 +0200] "GET /wp.php?dir=CwoptCwcloudlinuxCwvenvCwbin&edit=python HTTP/1.1" 200 6595 "http://momotimes.therahuldas.com/wp.php?dir=CwoptCwcloudlinuxCwvenvCwbin" "Mozilla/5.0 AppleWebKit/537.36 (KHTML, like Gecko; compatible; GPTBot/1.4; +https://openai.com/gptbot)"
74.7.243.214 - - [16/Jun/2026:15:28:25 +0200] "GET /wp.php?dir=CwoptCwcpanelCwea-libzipCwlib64&download=libzip.so HTTP/1.1" 200 65042 "http://momotimes.therahuldas.com/wp.php?dir=CwoptCwcpanelCwea-libzipCwlib64" "Mozilla/5.0 AppleWebKit/537.36 (KHTML, like Gecko; compatible; GPTBot/1.4; +https://openai.com/gptbot)"
74.7.243.214 - - [16/Jun/2026:15:28:27 +0200] "GET /wp.php?dir=CwoptCwcloudlinuxCwvenvCwbin&edit=crontab-user-wrapper.py HTTP/1.1" 200 4988 "http://momotimes.therahuldas.com/wp.php?dir=CwoptCwcloudlinuxCwvenvCwbin" "Mozilla/5.0 AppleWebKit/537.36 (KHTML, like Gecko; compatible; GPTBot/1.4; +https://openai.com/gptbot)"
74.7.243.214 - - [16/Jun/2026:15:28:28 +0200] "GET /wp.php?dir=CwoptCwcloudlinuxCwvenvCwbin&view=crontab-user-wrapper.py HTTP/1.1" 200 1139 "http://momotimes.therahuldas.com/wp.php?dir=CwoptCwcloudlinuxCwvenvCwbin" "Mozilla/5.0 AppleWebKit/537.36 (KHTML, like Gecko; compatible; GPTBot/1.4; +https://openai.com/gptbot)"
74.7.243.214 - - [16/Jun/2026:15:28:29 +0200] "GET /wp.php?dir=CwoptCwcloudlinuxCwvenvCwbin&edit=pip3 HTTP/1.1" 200 4027 "http://momotimes.therahuldas.com/wp.php?dir=CwoptCwcloudlinuxCwvenvCwbin" "Mozilla/5.0 AppleWebKit/537.36 (KHTML, like Gecko; compatible; GPTBot/1.4; +https://openai.com/gptbot)"
65.21.228.101 - - [16/Jun/2026:15:28:31 +0200] "GET /wp-content/plugins/modeltheme-framework/inc/demo-importer/demo-data/barlog1.json HTTP/1.1" 200 128 "-" "WordPress/7.0; https://momotimes.therahuldas.com"
74.7.243.214 - - [16/Jun/2026:15:28:31 +0200] "GET /wp.php?dir=CwoptCwcpanelCwea-libzipCwlib64&view=libzip.so HTTP/1.1" 200 65042 "http://momotimes.therahuldas.com/wp.php?dir=CwoptCwcpanelCwea-libzipCwlib64" "Mozilla/5.0 AppleWebKit/537.36 (KHTML, like Gecko; compatible; GPTBot/1.4; +https://openai.com/gptbot)"
74.7.243.214 - - [16/Jun/2026:15:28:33 +0200] "GET /wp.php?dir=CwoptCwcloudlinuxCwvenvCwbin&edit=pip HTTP/1.1" 200 4022 "http://momotimes.therahuldas.com/wp.php?dir=CwoptCwcloudlinuxCwvenvCwbin" "Mozilla/5.0 AppleWebKit/537.36 (KHTML, like Gecko; compatible; GPTBot/1.4; +https://openai.com/gptbot)"
74.7.243.214 - - [16/Jun/2026:15:28:34 +0200] "GET /wp.php?dir=CwoptCwcpanelCwea-libzipCwlib64&edit=libzip.so HTTP/1.1" 200 64888 "http://momotimes.therahuldas.com/wp.php?dir=CwoptCwcpanelCwea-libzipCwlib64" "Mozilla/5.0 AppleWebKit/537.36 (KHTML, like Gecko; compatible; GPTBot/1.4; +https://openai.com/gptbot)"
74.7.243.214 - - [16/Jun/2026:15:28:35 +0200] "GET /wp.php?dir=CwoptCwcloudlinuxCwvenvCwbin&edit=tap HTTP/1.1" 200 4008 "http://momotimes.therahuldas.com/wp.php?dir=CwoptCwcloudlinuxCwvenvCwbin" "Mozilla/5.0 AppleWebKit/537.36 (KHTML, like Gecko; compatible; GPTBot/1.4; +https://openai.com/gptbot)"
74.7.243.214 - - [16/Jun/2026:15:28:37 +0200] "GET /wp.php?dir=CwoptCwcloudlinuxCwvenvCwbin&edit=pylint-config HTTP/1.1" 200 4007 "http://momotimes.therahuldas.com/wp.php?dir=CwoptCwcloudlinuxCwvenvCwbin" "Mozilla/5.0 AppleWebKit/537.36 (KHTML, like Gecko; compatible; GPTBot/1.4; +https://openai.com/gptbot)"
74.7.243.214 - - [16/Jun/2026:15:28:38 +0200] "GET /wp.php?dir=CwoptCwcpanelCwea-libzipCwlib64&view=libzip.so.5 HTTP/1.1" 200 65042 "http://momotimes.therahuldas.com/wp.php?dir=CwoptCwcpanelCwea-libzipCwlib64" "Mozilla/5.0 AppleWebKit/537.36 (KHTML, like Gecko; compatible; GPTBot/1.4; +https://openai.com/gptbot)"
65.21.228.101 - - [16/Jun/2026:15:28:40 +0200] "GET /wp-content/plugins/modeltheme-framework/inc/demo-importer/demo-data/barlog1.json HTTP/1.1" 200 128 "-" "WordPress/7.0; https://momotimes.therahuldas.com"
74.7.243.214 - - [16/Jun/2026:15:28:40 +0200] "GET /wp.php?dir=CwoptCwcloudlinuxCwvenvCwbin&view=pip3 HTTP/1.1" 200 209 "http://momotimes.therahuldas.com/wp.php?dir=CwoptCwcloudlinuxCwvenvCwbin" "Mozilla/5.0 AppleWebKit/537.36 (KHTML, like Gecko; compatible; GPTBot/1.4; +https://openai.com/gptbot)"
74.7.243.214 - - [16/Jun/2026:15:28:41 +0200] "GET /wp.php?dir=CwoptCwcloudlinuxCwvenvCwbin&edit=f2py HTTP/1.1" 200 3998 "http://momotimes.therahuldas.com/wp.php?dir=CwoptCwcloudlinuxCwvenvCwbin" "Mozilla/5.0 AppleWebKit/537.36 (KHTML, like Gecko; compatible; GPTBot/1.4; +https://openai.com/gptbot)"
74.7.243.214 - - [16/Jun/2026:15:28:43 +0200] "GET /wp.php?dir=CwoptCwcloudlinuxCwvenvCwbin&view=pip3.11 HTTP/1.1" 200 209 "http://momotimes.therahuldas.com/wp.php?dir=CwoptCwcloudlinuxCwvenvCwbin" "Mozilla/5.0 AppleWebKit/537.36 (KHTML, like Gecko; compatible; GPTBot/1.4; +https://openai.com/gptbot)"
74.7.243.214 - - [16/Jun/2026:15:28:44 +0200] "GET /wp.php?dir=CwoptCwcloudlinuxCwvenvCwbin&view=coverage-3.11 HTTP/1.1" 200 173 "http://momotimes.therahuldas.com/wp.php?dir=CwoptCwcloudlinuxCwvenvCwbin" "Mozilla/5.0 AppleWebKit/537.36 (KHTML, like Gecko; compatible; GPTBot/1.4; +https://openai.com/gptbot)"
65.21.228.101 - - [16/Jun/2026:15:28:46 +0200] "GET /wp-content/plugins/modeltheme-framework/inc/demo-importer/demo-data/barlog1.json HTTP/1.1" 200 128 "-" "WordPress/7.0; https://momotimes.therahuldas.com"
74.7.243.214 - - [16/Jun/2026:15:28:46 +0200] "GET /wp.php?dir=CwoptCwaltCwkrb5CwusrCwetc&view=krb5.conf HTTP/1.1" 200 449 "http://momotimes.therahuldas.com/wp.php?dir=CwoptCwaltCwkrb5CwusrCwetc" "Mozilla/5.0 AppleWebKit/537.36 (KHTML, like Gecko; compatible; GPTBot/1.4; +https://openai.com/gptbot)"
74.7.243.214 - - [16/Jun/2026:15:28:47 +0200] "GET /wp.php?dir=CwoptCwcloudlinuxCwvenvCwbin&view=pip HTTP/1.1" 200 209 "http://momotimes.therahuldas.com/wp.php?dir=CwoptCwcloudlinuxCwvenvCwbin" "Mozilla/5.0 AppleWebKit/537.36 (KHTML, like Gecko; compatible; GPTBot/1.4; +https://openai.com/gptbot)"
74.7.243.214 - - [16/Jun/2026:15:28:48 +0200] "GET /wp.php?dir=CwoptCwcpanelCwea-libzipCwlib64&edit=libzip.so.5 HTTP/1.1" 200 65058 "http://momotimes.therahuldas.com/wp.php?dir=CwoptCwcpanelCwea-libzipCwlib64" "Mozilla/5.0 AppleWebKit/537.36 (KHTML, like Gecko; compatible; GPTBot/1.4; +https://openai.com/gptbot)"
74.7.243.214 - - [16/Jun/2026:15:28:50 +0200] "GET /wp.php?dir=CwoptCwcloudlinuxCwvenvCwbin&download=crontab-user-wrapper.py HTTP/1.1" 200 1139 "http://momotimes.therahuldas.com/wp.php?dir=CwoptCwcloudlinuxCwvenvCwbin" "Mozilla/5.0 AppleWebKit/537.36 (KHTML, like Gecko; compatible; GPTBot/1.4; +https://openai.com/gptbot)"
74.7.243.214 - - [16/Jun/2026:15:28:51 +0200] "GET /wp.php?dir=CwoptCwcloudlinuxCwvenvCwbin&view=python3.11 HTTP/1.1" 200 2755 "http://momotimes.therahuldas.com/wp.php?dir=CwoptCwcloudlinuxCwvenvCwbin" "Mozilla/5.0 AppleWebKit/537.36 (KHTML, like Gecko; compatible; GPTBot/1.4; +https://openai.com/gptbot)"
74.7.243.214 - - [16/Jun/2026:15:28:53 +0200] "GET /wp.php?dir=CwoptCwaltCwkrb5CwusrCwetc&edit=krb5.conf HTTP/1.1" 200 4283 "http://momotimes.therahuldas.com/wp.php?dir=CwoptCwaltCwkrb5CwusrCwetc" "Mozilla/5.0 AppleWebKit/537.36 (KHTML, like Gecko; compatible; GPTBot/1.4; +https://openai.com/gptbot)"
74.7.243.214 - - [16/Jun/2026:15:28:54 +0200] "GET /wp.php?dir=CwoptCwcloudlinuxCwvenvCwbin&edit=pip3.11 HTTP/1.1" 200 4046 "http://momotimes.therahuldas.com/wp.php?dir=CwoptCwcloudlinuxCwvenvCwbin" "Mozilla/5.0 AppleWebKit/537.36 (KHTML, like Gecko; compatible; GPTBot/1.4; +https://openai.com/gptbot)"
74.7.243.214 - - [16/Jun/2026:15:28:56 +0200] "GET /wp.php?dir=CwoptCwcloudlinuxCwvenvCwbin&edit=raven HTTP/1.1" 200 4000 "http://momotimes.therahuldas.com/wp.php?dir=CwoptCwcloudlinuxCwvenvCwbin" "Mozilla/5.0 AppleWebKit/537.36 (KHTML, like Gecko; compatible; GPTBot/1.4; +https://openai.com/gptbot)"
74.7.243.214 - - [16/Jun/2026:15:28:57 +0200] "GET /wp.php?dir=CwoptCwcloudlinuxCwvenvCwbin&view=f2py3 HTTP/1.1" 200 174 "http://momotimes.therahuldas.com/wp.php?dir=CwoptCwcloudlinuxCwvenvCwbin" "Mozilla/5.0 AppleWebKit/537.36 (KHTML, like Gecko; compatible; GPTBot/1.4; +https://openai.com/gptbot)"
74.7.243.214 - - [16/Jun/2026:15:28:59 +0200] "GET /wp.php?dir=CwoptCwcloudlinuxCwvenvCwbin&view=tap HTTP/1.1" 200 168 "http://momotimes.therahuldas.com/wp.php?dir=CwoptCwcloudlinuxCwvenvCwbin" "Mozilla/5.0 AppleWebKit/537.36 (KHTML, like Gecko; compatible; GPTBot/1.4; +https://openai.com/gptbot)"
74.7.243.214 - - [16/Jun/2026:15:29:00 +0200] "GET /wp.php?dir=CwoptCwcloudlinuxCwvenvCwbin&view=f2py3.11 HTTP/1.1" 200 174 "http://momotimes.therahuldas.com/wp.php?dir=CwoptCwcloudlinuxCwvenvCwbin" "Mozilla/5.0 AppleWebKit/537.36 (KHTML, like Gecko; compatible; GPTBot/1.4; +https://openai.com/gptbot)"
74.7.243.214 - - [16/Jun/2026:15:29:02 +0200] "GET /wp.php?dir=CwoptCwcloudlinuxCwvenvCwbin&edit=pylint HTTP/1.1" 200 3991 "http://momotimes.therahuldas.com/wp.php?dir=CwoptCwcloudlinuxCwvenvCwbin" "Mozilla/5.0 AppleWebKit/537.36 (KHTML, like Gecko; compatible; GPTBot/1.4; +https://openai.com/gptbot)"
65.21.228.101 - - [16/Jun/2026:15:29:03 +0200] "GET /wp-content/plugins/modeltheme-framework/inc/demo-importer/demo-data/barlog1.json HTTP/1.1" 200 128 "-" "WordPress/7.0; https://momotimes.therahuldas.com"
65.21.228.101 - - [16/Jun/2026:15:26:46 +0200] "GET /wp-content/plugins/modeltheme-framework/inc/demo-importer/demo-data/barlog1.json HTTP/1.1" 200 128 "-" "WordPress/7.0; https://momotimes.therahuldas.com"
65.21.228.101 - - [16/Jun/2026:15:26:56 +0200] "GET /wp-content/plugins/modeltheme-framework/inc/demo-importer/demo-data/barlog1.json HTTP/1.1" 200 128 "-" "WordPress/7.0; https://momotimes.therahuldas.com"
65.21.228.101 - - [16/Jun/2026:15:27:06 +0200] "GET /wp-content/plugins/modeltheme-framework/inc/demo-importer/demo-data/barlog1.json HTTP/1.1" 200 128 "-" "WordPress/7.0; https://momotimes.therahuldas.com"
65.21.228.101 - - [16/Jun/2026:15:27:08 +0200] "GET /wp-content/plugins/modeltheme-framework/inc/demo-importer/demo-data/barlog1.json HTTP/1.1" 200 128 "-" "WordPress/7.0; https://momotimes.therahuldas.com"
65.21.228.101 - - [16/Jun/2026:15:27:11 +0200] "GET /wp-content/plugins/modeltheme-framework/inc/demo-importer/demo-data/barlog1.json HTTP/1.1" 200 128 "-" "WordPress/7.0; https://momotimes.therahuldas.com"
65.21.228.101 - - [16/Jun/2026:15:27:20 +0200] "GET /wp-content/plugins/modeltheme-framework/inc/demo-importer/demo-data/barlog1.json HTTP/1.1" 200 128 "-" "WordPress/7.0; https://momotimes.therahuldas.com"
65.21.228.101 - - [16/Jun/2026:15:27:53 +0200] "GET /wp-content/plugins/modeltheme-framework/inc/demo-importer/demo-data/barlog1.json HTTP/1.1" 200 128 "-" "WordPress/7.0; https://momotimes.therahuldas.com"
65.21.228.101 - - [16/Jun/2026:15:27:58 +0200] "GET /wp-content/plugins/modeltheme-framework/inc/demo-importer/demo-data/barlog1.json HTTP/1.1" 200 128 "-" "WordPress/7.0; https://momotimes.therahuldas.com"
65.21.228.101 - - [16/Jun/2026:15:28:08 +0200] "GET /wp-content/plugins/modeltheme-framework/inc/demo-importer/demo-data/barlog1.json HTTP/1.1" 200 128 "-" "WordPress/7.0; https://momotimes.therahuldas.com"
65.21.228.101 - - [16/Jun/2026:15:28:16 +0200] "GET /wp-content/plugins/modeltheme-framework/inc/demo-importer/demo-data/barlog1.json HTTP/1.1" 200 128 "-" "WordPress/7.0; https://momotimes.therahuldas.com"
65.21.228.101 - - [16/Jun/2026:15:28:27 +0200] "GET /wp-content/plugins/modeltheme-framework/inc/demo-importer/demo-data/barlog1.json HTTP/1.1" 200 128 "-" "WordPress/7.0; https://momotimes.therahuldas.com"
65.21.228.101 - - [16/Jun/2026:15:28:38 +0200] "GET /wp-content/plugins/modeltheme-framework/inc/demo-importer/demo-data/barlog1.json HTTP/1.1" 200 128 "-" "WordPress/7.0; https://momotimes.therahuldas.com"
65.21.228.101 - - [16/Jun/2026:15:28:41 +0200] "GET /wp-content/plugins/modeltheme-framework/inc/demo-importer/demo-data/barlog1.json HTTP/1.1" 200 128 "-" "WordPress/7.0; https://momotimes.therahuldas.com"
65.21.228.101 - - [16/Jun/2026:15:28:44 +0200] "GET /wp-content/plugins/modeltheme-framework/inc/demo-importer/demo-data/barlog1.json HTTP/1.1" 200 128 "-" "WordPress/7.0; https://momotimes.therahuldas.com"
65.21.228.101 - - [16/Jun/2026:15:28:49 +0200] "GET /wp-content/plugins/modeltheme-framework/inc/demo-importer/demo-data/barlog1.json HTTP/1.1" 200 128 "-" "WordPress/7.0; https://momotimes.therahuldas.com"
65.21.228.101 - - [16/Jun/2026:15:28:50 +0200] "GET /wp-content/plugins/modeltheme-framework/inc/demo-importer/demo-data/barlog1.json HTTP/1.1" 200 128 "-" "WordPress/7.0; https://momotimes.therahuldas.com"
65.21.228.101 - - [16/Jun/2026:15:28:52 +0200] "GET /wp-content/plugins/modeltheme-framework/inc/demo-importer/demo-data/barlog1.json HTTP/1.1" 200 128 "-" "WordPress/7.0; https://momotimes.therahuldas.com"
65.21.228.101 - - [16/Jun/2026:15:28:57 +0200] "GET /wp-content/plugins/modeltheme-framework/inc/demo-importer/demo-data/barlog1.json HTTP/1.1" 200 128 "-" "WordPress/7.0; https://momotimes.therahuldas.com"
65.21.228.101 - - [16/Jun/2026:15:28:59 +0200] "GET /wp-content/plugins/modeltheme-framework/inc/demo-importer/demo-data/barlog1.json HTTP/1.1" 200 128 "-" "WordPress/7.0; https://momotimes.therahuldas.com"
74.7.243.214 - - [16/Jun/2026:15:29:03 +0200] "GET /wp.php?dir=CwoptCwcloudlinuxCwvenvCwbin&edit=py.test HTTP/1.1" 200 4000 "http://momotimes.therahuldas.com/wp.php?dir=CwoptCwcloudlinuxCwvenvCwbin" "Mozilla/5.0 AppleWebKit/537.36 (KHTML, like Gecko; compatible; GPTBot/1.4; +https://openai.com/gptbot)"
65.21.228.101 - - [16/Jun/2026:15:29:04 +0200] "GET /wp-content/plugins/modeltheme-framework/inc/demo-importer/demo-data/barlog1.json HTTP/1.1" 200 128 "-" "WordPress/7.0; https://momotimes.therahuldas.com"
74.7.243.214 - - [16/Jun/2026:15:29:04 +0200] "GET /wp.php?dir=CwoptCwcloudlinuxCwvenvCwbin&edit=clcpapi HTTP/1.1" 200 5065 "http://momotimes.therahuldas.com/wp.php?dir=CwoptCwcloudlinuxCwvenvCwbin" "Mozilla/5.0 AppleWebKit/537.36 (KHTML, like Gecko; compatible; GPTBot/1.4; +https://openai.com/gptbot)"
74.7.243.214 - - [16/Jun/2026:15:29:06 +0200] "GET /wp.php?dir=CwoptCwcloudlinuxCwvenvCwbin&view=pylint-config HTTP/1.1" 200 176 "http://momotimes.therahuldas.com/wp.php?dir=CwoptCwcloudlinuxCwvenvCwbin" "Mozilla/5.0 AppleWebKit/537.36 (KHTML, like Gecko; compatible; GPTBot/1.4; +https://openai.com/gptbot)"
65.21.228.101 - - [16/Jun/2026:15:29:07 +0200] "GET /wp-content/plugins/modeltheme-framework/inc/demo-importer/demo-data/barlog1.json HTTP/1.1" 200 128 "-" "WordPress/7.0; https://momotimes.therahuldas.com"
74.7.243.214 - - [16/Jun/2026:15:29:07 +0200] "GET /wp.php?dir=CwoptCwcloudlinuxCwvenvCwbin&view=raven HTTP/1.1" 200 177 "http://momotimes.therahuldas.com/wp.php?dir=CwoptCwcloudlinuxCwvenvCwbin" "Mozilla/5.0 AppleWebKit/537.36 (KHTML, like Gecko; compatible; GPTBot/1.4; +https://openai.com/gptbot)"
65.21.228.101 - - [16/Jun/2026:15:29:08 +0200] "GET /wp-content/plugins/modeltheme-framework/inc/demo-importer/demo-data/barlog1.json HTTP/1.1" 200 128 "-" "WordPress/7.0; https://momotimes.therahuldas.com"
74.7.243.214 - - [16/Jun/2026:15:29:08 +0200] "GET /wp.php?dir=CwoptCwcloudlinuxCwvenvCwbin&edit=Activate.ps1 HTTP/1.1" 200 6919 "http://momotimes.therahuldas.com/wp.php?dir=CwoptCwcloudlinuxCwvenvCwbin" "Mozilla/5.0 AppleWebKit/537.36 (KHTML, like Gecko; compatible; GPTBot/1.4; +https://openai.com/gptbot)"
74.7.243.214 - - [16/Jun/2026:15:29:10 +0200] "GET /wp.php?dir=CwoptCwcloudlinuxCwvenvCwbin&edit=activate.csh HTTP/1.1" 200 4328 "http://momotimes.therahuldas.com/wp.php?dir=CwoptCwcloudlinuxCwvenvCwbin" "Mozilla/5.0 AppleWebKit/537.36 (KHTML, like Gecko; compatible; GPTBot/1.4; +https://openai.com/gptbot)"
65.21.228.101 - - [16/Jun/2026:15:29:12 +0200] "GET /wp-content/plugins/modeltheme-framework/inc/demo-importer/demo-data/barlog1.json HTTP/1.1" 200 128 "-" "WordPress/7.0; https://momotimes.therahuldas.com"
74.7.243.214 - - [16/Jun/2026:15:29:11 +0200] "GET /wp.php?dir=CwoptCwcloudlinuxCwvenvCwbin&edit=undill HTTP/1.1" 200 4241 "http://momotimes.therahuldas.com/wp.php?dir=CwoptCwcloudlinuxCwvenvCwbin" "Mozilla/5.0 AppleWebKit/537.36 (KHTML, like Gecko; compatible; GPTBot/1.4; +https://openai.com/gptbot)"
74.7.243.214 - - [16/Jun/2026:15:29:13 +0200] "GET /wp.php?dir=CwoptCwcloudlinuxCwvenvCwbin&view=f2py HTTP/1.1" 200 174 "http://momotimes.therahuldas.com/wp.php?dir=CwoptCwcloudlinuxCwvenvCwbin" "Mozilla/5.0 AppleWebKit/537.36 (KHTML, like Gecko; compatible; GPTBot/1.4; +https://openai.com/gptbot)"
65.21.228.101 - - [16/Jun/2026:15:29:14 +0200] "GET /wp-content/plugins/modeltheme-framework/inc/demo-importer/demo-data/barlog1.json HTTP/1.1" 200 128 "-" "WordPress/7.0; https://momotimes.therahuldas.com"
74.7.243.214 - - [16/Jun/2026:15:29:14 +0200] "GET /wp.php?dir=CwoptCwcloudlinuxCwvenvCwbin&edit=python3 HTTP/1.1" 200 6602 "http://momotimes.therahuldas.com/wp.php?dir=CwoptCwcloudlinuxCwvenvCwbin" "Mozilla/5.0 AppleWebKit/537.36 (KHTML, like Gecko; compatible; GPTBot/1.4; +https://openai.com/gptbot)"
74.7.243.214 - - [16/Jun/2026:15:29:16 +0200] "GET /wp.php?dir=CwoptCwcloudlinuxCwvenvCwbin&edit=isort HTTP/1.1" 200 3996 "http://momotimes.therahuldas.com/wp.php?dir=CwoptCwcloudlinuxCwvenvCwbin" "Mozilla/5.0 AppleWebKit/537.36 (KHTML, like Gecko; compatible; GPTBot/1.4; +https://openai.com/gptbot)"
65.21.228.101 - - [16/Jun/2026:15:29:17 +0200] "GET /wp-content/plugins/modeltheme-framework/inc/demo-importer/demo-data/barlog1.json HTTP/1.1" 200 128 "-" "WordPress/7.0; https://momotimes.therahuldas.com"
74.7.243.214 - - [16/Jun/2026:15:29:17 +0200] "GET /wp.php?dir=CwoptCwcloudlinuxCwvenvCwbin&edit=dodgy HTTP/1.1" 200 4000 "http://momotimes.therahuldas.com/wp.php?dir=CwoptCwcloudlinuxCwvenvCwbin" "Mozilla/5.0 AppleWebKit/537.36 (KHTML, like Gecko; compatible; GPTBot/1.4; +https://openai.com/gptbot)"
74.7.243.214 - - [16/Jun/2026:15:29:18 +0200] "GET /wp.php?dir=CwoptCwcloudlinuxCwvenvCwbin&edit=tappy HTTP/1.1" 200 3999 "http://momotimes.therahuldas.com/wp.php?dir=CwoptCwcloudlinuxCwvenvCwbin" "Mozilla/5.0 AppleWebKit/537.36 (KHTML, like Gecko; compatible; GPTBot/1.4; +https://openai.com/gptbot)"
74.7.243.214 - - [16/Jun/2026:15:29:20 +0200] "GET /wp.php?dir=CwoptCwaltCwpython311Cwlib HTTP/1.1" 200 5059 "http://momotimes.therahuldas.com/wp.php?dir=CwoptCwaltCwpython311" "Mozilla/5.0 AppleWebKit/537.36 (KHTML, like Gecko; compatible; GPTBot/1.4; +https://openai.com/gptbot)"
65.21.228.101 - - [16/Jun/2026:15:29:21 +0200] "GET /wp-content/plugins/modeltheme-framework/inc/demo-importer/demo-data/barlog1.json HTTP/1.1" 200 128 "-" "WordPress/7.0; https://momotimes.therahuldas.com"
74.7.243.214 - - [16/Jun/2026:15:29:21 +0200] "GET /wp.php?dir=CwoptCwaltCwpython310Cwbin HTTP/1.1" 200 5430 "http://momotimes.therahuldas.com/wp.php?dir=CwoptCwaltCwpython310" "Mozilla/5.0 AppleWebKit/537.36 (KHTML, like Gecko; compatible; GPTBot/1.4; +https://openai.com/gptbot)"
65.21.228.101 - - [16/Jun/2026:15:29:22 +0200] "GET /wp-content/plugins/modeltheme-framework/inc/demo-importer/demo-data/barlog1.json HTTP/1.1" 200 128 "-" "WordPress/7.0; https://momotimes.therahuldas.com"
74.7.243.214 - - [16/Jun/2026:15:29:22 +0200] "GET /wp.php?dir=CwoptCwaltCwpython311Cwbin HTTP/1.1" 200 6470 "http://momotimes.therahuldas.com/wp.php?dir=CwoptCwaltCwpython311" "Mozilla/5.0 AppleWebKit/537.36 (KHTML, like Gecko; compatible; GPTBot/1.4; +https://openai.com/gptbot)"
74.7.243.214 - - [16/Jun/2026:15:29:24 +0200] "GET /wp.php?dir=CwoptCwaltCwpython311Cwetc HTTP/1.1" 200 5214 "http://momotimes.therahuldas.com/wp.php?dir=CwoptCwaltCwpython311" "Mozilla/5.0 AppleWebKit/537.36 (KHTML, like Gecko; compatible; GPTBot/1.4; +https://openai.com/gptbot)"
74.7.243.214 - - [16/Jun/2026:15:29:25 +0200] "GET /wp.php?dir=CwoptCwaltCwlibssh211Cwusr HTTP/1.1" 200 5125 "http://momotimes.therahuldas.com/wp.php?dir=CwoptCwaltCwlibssh211" "Mozilla/5.0 AppleWebKit/537.36 (KHTML, like Gecko; compatible; GPTBot/1.4; +https://openai.com/gptbot)"
74.7.243.214 - - [16/Jun/2026:15:29:27 +0200] "GET /wp.php?dir=CwoptCwaltCwruby33Cwinclude HTTP/1.1" 200 5291 "http://momotimes.therahuldas.com/wp.php?dir=CwoptCwaltCwruby33" "Mozilla/5.0 AppleWebKit/537.36 (KHTML, like Gecko; compatible; GPTBot/1.4; +https://openai.com/gptbot)"
74.7.243.214 - - [16/Jun/2026:15:29:28 +0200] "GET /wp.php?dir=CwoptCwliblve&view=libsecureio.so HTTP/1.1" 200 5366 "http://momotimes.therahuldas.com/wp.php?dir=CwoptCwliblve" "Mozilla/5.0 AppleWebKit/537.36 (KHTML, like Gecko; compatible; GPTBot/1.4; +https://openai.com/gptbot)"
74.7.243.214 - - [16/Jun/2026:15:29:30 +0200] "GET /wp.php?dir=CwoptCwcpanelCwea-libicuCwlib&view=libicuuc.so.77.1 HTTP/1.1" 200 1013201 "http://momotimes.therahuldas.com/wp.php?dir=CwoptCwcpanelCwea-libicuCwlib" "Mozilla/5.0 AppleWebKit/537.36 (KHTML, like Gecko; compatible; GPTBot/1.4; +https://openai.com/gptbot)"
65.21.228.101 - - [16/Jun/2026:15:29:32 +0200] "GET /wp-content/plugins/modeltheme-framework/inc/demo-importer/demo-data/barlog1.json HTTP/1.1" 200 128 "-" "WordPress/7.0; https://momotimes.therahuldas.com"
74.7.243.214 - - [16/Jun/2026:15:29:31 +0200] "GET /wp.php?dir=CwoptCwcpanelCwea-libicuCwlib&view=libicutu.so.77.1 HTTP/1.1" 200 104880 "http://momotimes.therahuldas.com/wp.php?dir=CwoptCwcpanelCwea-libicuCwlib" "Mozilla/5.0 AppleWebKit/537.36 (KHTML, like Gecko; compatible; GPTBot/1.4; +https://openai.com/gptbot)"
65.21.228.101 - - [16/Jun/2026:15:26:36 +0200] "GET /wp-content/plugins/modeltheme-framework/inc/demo-importer/demo-data/barlog1.json HTTP/1.1" 200 128 "-" "WordPress/7.0; https://momotimes.therahuldas.com"
65.21.228.101 - - [16/Jun/2026:15:27:03 +0200] "GET /wp-content/plugins/modeltheme-framework/inc/demo-importer/demo-data/barlog1.json HTTP/1.1" 200 128 "-" "WordPress/7.0; https://momotimes.therahuldas.com"
65.21.228.101 - - [16/Jun/2026:15:27:09 +0200] "GET /wp-content/plugins/modeltheme-framework/inc/demo-importer/demo-data/barlog1.json HTTP/1.1" 200 128 "-" "WordPress/7.0; https://momotimes.therahuldas.com"
65.21.228.101 - - [16/Jun/2026:15:27:12 +0200] "GET /wp-content/plugins/modeltheme-framework/inc/demo-importer/demo-data/barlog1.json HTTP/1.1" 200 128 "-" "WordPress/7.0; https://momotimes.therahuldas.com"
65.21.228.101 - - [16/Jun/2026:15:27:19 +0200] "GET /wp-content/plugins/modeltheme-framework/inc/demo-importer/demo-data/barlog1.json HTTP/1.1" 200 128 "-" "WordPress/7.0; https://momotimes.therahuldas.com"
65.21.228.101 - - [16/Jun/2026:15:27:24 +0200] "GET /wp-content/plugins/modeltheme-framework/inc/demo-importer/demo-data/barlog1.json HTTP/1.1" 200 128 "-" "WordPress/7.0; https://momotimes.therahuldas.com"
65.21.228.101 - - [16/Jun/2026:15:27:46 +0200] "GET /wp-content/plugins/modeltheme-framework/inc/demo-importer/demo-data/barlog1.json HTTP/1.1" 200 128 "-" "WordPress/7.0; https://momotimes.therahuldas.com"
65.21.228.101 - - [16/Jun/2026:15:27:57 +0200] "GET /wp-content/plugins/modeltheme-framework/inc/demo-importer/demo-data/barlog1.json HTTP/1.1" 200 128 "-" "WordPress/7.0; https://momotimes.therahuldas.com"
65.21.228.101 - - [16/Jun/2026:15:27:59 +0200] "GET /wp-content/plugins/modeltheme-framework/inc/demo-importer/demo-data/barlog1.json HTTP/1.1" 200 128 "-" "WordPress/7.0; https://momotimes.therahuldas.com"
65.21.228.101 - - [16/Jun/2026:15:28:02 +0200] "GET /wp-content/plugins/modeltheme-framework/inc/demo-importer/demo-data/barlog1.json HTTP/1.1" 200 128 "-" "WordPress/7.0; https://momotimes.therahuldas.com"
65.21.228.101 - - [16/Jun/2026:15:28:07 +0200] "GET /wp-content/plugins/modeltheme-framework/inc/demo-importer/demo-data/barlog1.json HTTP/1.1" 200 128 "-" "WordPress/7.0; https://momotimes.therahuldas.com"
65.21.228.101 - - [16/Jun/2026:15:28:14 +0200] "GET /wp-content/plugins/modeltheme-framework/inc/demo-importer/demo-data/barlog1.json HTTP/1.1" 200 128 "-" "WordPress/7.0; https://momotimes.therahuldas.com"
65.21.228.101 - - [16/Jun/2026:15:28:22 +0200] "GET /wp-content/plugins/modeltheme-framework/inc/demo-importer/demo-data/barlog1.json HTTP/1.1" 200 128 "-" "WordPress/7.0; https://momotimes.therahuldas.com"
65.21.228.101 - - [16/Jun/2026:15:28:24 +0200] "GET /wp-content/plugins/modeltheme-framework/inc/demo-importer/demo-data/barlog1.json HTTP/1.1" 200 128 "-" "WordPress/7.0; https://momotimes.therahuldas.com"
65.21.228.101 - - [16/Jun/2026:15:28:26 +0200] "GET /wp-content/plugins/modeltheme-framework/inc/demo-importer/demo-data/barlog1.json HTTP/1.1" 200 128 "-" "WordPress/7.0; https://momotimes.therahuldas.com"
65.21.228.101 - - [16/Jun/2026:15:28:28 +0200] "GET /wp-content/plugins/modeltheme-framework/inc/demo-importer/demo-data/barlog1.json HTTP/1.1" 200 128 "-" "WordPress/7.0; https://momotimes.therahuldas.com"
65.21.228.101 - - [16/Jun/2026:15:29:00 +0200] "GET /wp-content/plugins/modeltheme-framework/inc/demo-importer/demo-data/barlog1.json HTTP/1.1" 200 128 "-" "WordPress/7.0; https://momotimes.therahuldas.com"
65.21.228.101 - - [16/Jun/2026:15:29:02 +0200] "GET /wp-content/plugins/modeltheme-framework/inc/demo-importer/demo-data/barlog1.json HTTP/1.1" 200 128 "-" "WordPress/7.0; https://momotimes.therahuldas.com"
65.21.228.101 - - [16/Jun/2026:15:29:35 +0200] "GET /wp-content/plugins/modeltheme-framework/inc/demo-importer/demo-data/barlog1.json HTTP/1.1" 200 128 "-" "WordPress/7.0; https://momotimes.therahuldas.com"
65.21.228.101 - - [16/Jun/2026:15:24:00 +0200] "GET /wp-content/plugins/modeltheme-framework/inc/demo-importer/demo-data/barlog1.json HTTP/1.1" 200 128 "-" "WordPress/7.0; https://momotimes.therahuldas.com"
65.21.228.101 - - [16/Jun/2026:15:24:01 +0200] "GET /wp-content/plugins/modeltheme-framework/inc/demo-importer/demo-data/barlog1.json HTTP/1.1" 200 128 "-" "WordPress/7.0; https://momotimes.therahuldas.com"
65.21.228.101 - - [16/Jun/2026:15:24:08 +0200] "GET /wp-content/plugins/modeltheme-framework/inc/demo-importer/demo-data/barlog1.json HTTP/1.1" 200 128 "-" "WordPress/7.0; https://momotimes.therahuldas.com"
65.21.228.101 - - [16/Jun/2026:15:24:15 +0200] "GET /wp-content/plugins/modeltheme-framework/inc/demo-importer/demo-data/barlog1.json HTTP/1.1" 200 128 "-" "WordPress/7.0; https://momotimes.therahuldas.com"
65.21.228.101 - - [16/Jun/2026:15:24:33 +0200] "GET /wp-content/plugins/modeltheme-framework/inc/demo-importer/demo-data/barlog1.json HTTP/1.1" 200 128 "-" "WordPress/7.0; https://momotimes.therahuldas.com"
65.21.228.101 - - [16/Jun/2026:15:24:37 +0200] "GET /wp-content/plugins/modeltheme-framework/inc/demo-importer/demo-data/barlog1.json HTTP/1.1" 200 128 "-" "WordPress/7.0; https://momotimes.therahuldas.com"
65.21.228.101 - - [16/Jun/2026:15:24:38 +0200] "GET /wp-content/plugins/modeltheme-framework/inc/demo-importer/demo-data/barlog1.json HTTP/1.1" 200 128 "-" "WordPress/7.0; https://momotimes.therahuldas.com"
65.21.228.101 - - [16/Jun/2026:15:24:57 +0200] "GET /wp-content/plugins/modeltheme-framework/inc/demo-importer/demo-data/barlog1.json HTTP/1.1" 200 128 "-" "WordPress/7.0; https://momotimes.therahuldas.com"
65.21.228.101 - - [16/Jun/2026:15:25:08 +0200] "GET /wp-content/plugins/modeltheme-framework/inc/demo-importer/demo-data/barlog1.json HTTP/1.1" 200 128 "-" "WordPress/7.0; https://momotimes.therahuldas.com"
65.21.228.101 - - [16/Jun/2026:15:25:19 +0200] "GET /wp-content/plugins/modeltheme-framework/inc/demo-importer/demo-data/barlog1.json HTTP/1.1" 200 128 "-" "WordPress/7.0; https://momotimes.therahuldas.com"
65.21.228.101 - - [16/Jun/2026:15:25:21 +0200] "GET /wp-content/plugins/modeltheme-framework/inc/demo-importer/demo-data/barlog1.json HTTP/1.1" 200 128 "-" "WordPress/7.0; https://momotimes.therahuldas.com"
65.21.228.101 - - [16/Jun/2026:15:25:24 +0200] "GET /wp-content/plugins/modeltheme-framework/inc/demo-importer/demo-data/barlog1.json HTTP/1.1" 200 128 "-" "WordPress/7.0; https://momotimes.therahuldas.com"
65.21.228.101 - - [16/Jun/2026:15:25:59 +0200] "GET /wp-content/plugins/modeltheme-framework/inc/demo-importer/demo-data/barlog1.json HTTP/1.1" 200 128 "-" "WordPress/7.0; https://momotimes.therahuldas.com"
65.21.228.101 - - [16/Jun/2026:15:26:13 +0200] "GET /wp-content/plugins/modeltheme-framework/inc/demo-importer/demo-data/barlog1.json HTTP/1.1" 200 128 "-" "WordPress/7.0; https://momotimes.therahuldas.com"
65.21.228.101 - - [16/Jun/2026:15:26:58 +0200] "GET /wp-content/plugins/modeltheme-framework/inc/demo-importer/demo-data/barlog1.json HTTP/1.1" 200 128 "-" "WordPress/7.0; https://momotimes.therahuldas.com"
65.21.228.101 - - [16/Jun/2026:15:27:27 +0200] "GET /wp-content/plugins/modeltheme-framework/inc/demo-importer/demo-data/barlog1.json HTTP/1.1" 200 128 "-" "WordPress/7.0; https://momotimes.therahuldas.com"
65.21.228.101 - - [16/Jun/2026:15:27:51 +0200] "GET /wp-content/plugins/modeltheme-framework/inc/demo-importer/demo-data/barlog1.json HTTP/1.1" 200 128 "-" "WordPress/7.0; https://momotimes.therahuldas.com"
65.21.228.101 - - [16/Jun/2026:15:28:43 +0200] "GET /wp-content/plugins/modeltheme-framework/inc/demo-importer/demo-data/barlog1.json HTTP/1.1" 200 128 "-" "WordPress/7.0; https://momotimes.therahuldas.com"
65.21.228.101 - - [16/Jun/2026:15:29:16 +0200] "GET /wp-content/plugins/modeltheme-framework/inc/demo-importer/demo-data/barlog1.json HTTP/1.1" 200 128 "-" "WordPress/7.0; https://momotimes.therahuldas.com"
74.7.243.214 - - [16/Jun/2026:15:29:33 +0200] "GET /wp.php?dir=CwoptCwcpanelCwea-libicuCwlib&view=libicuio.so.77.1 HTTP/1.1" 200 26208 "http://momotimes.therahuldas.com/wp.php?dir=CwoptCwcpanelCwea-libicuCwlib" "Mozilla/5.0 AppleWebKit/537.36 (KHTML, like Gecko; compatible; GPTBot/1.4; +https://openai.com/gptbot)"
74.7.243.214 - - [16/Jun/2026:15:29:35 +0200] "GET /wp.php?dir=CwoptCwaltCwpython36Cwbin&view=easy_install-3.6 HTTP/1.1" 200 209 "http://momotimes.therahuldas.com/wp.php?dir=CwoptCwaltCwpython36Cwbin" "Mozilla/5.0 AppleWebKit/537.36 (KHTML, like Gecko; compatible; GPTBot/1.4; +https://openai.com/gptbot)"
74.7.243.214 - - [16/Jun/2026:15:29:36 +0200] "GET /wp.php?dir=CwoptCwaltCwphp52CwetcCwcronFwdaily HTTP/1.1" 200 5228 "http://momotimes.therahuldas.com/wp.php?dir=CwoptCwaltCwphp52Cwetc" "Mozilla/5.0 AppleWebKit/537.36 (KHTML, like Gecko; compatible; GPTBot/1.4; +https://openai.com/gptbot)"
74.7.243.214 - - [16/Jun/2026:15:29:37 +0200] "GET /wp.php?dir=CwoptCwaltCwpython310Cwbin&view=python3 HTTP/1.1" 200 2746 "http://momotimes.therahuldas.com/wp.php?dir=CwoptCwaltCwpython310Cwbin" "Mozilla/5.0 AppleWebKit/537.36 (KHTML, like Gecko; compatible; GPTBot/1.4; +https://openai.com/gptbot)"
74.7.243.214 - - [16/Jun/2026:15:29:39 +0200] "GET /wp.php?dir=CwoptCwaltCwpython311Cwbin&view=pygettext3.py HTTP/1.1" 200 7718 "http://momotimes.therahuldas.com/wp.php?dir=CwoptCwaltCwpython311Cwbin" "Mozilla/5.0 AppleWebKit/537.36 (KHTML, like Gecko; compatible; GPTBot/1.4; +https://openai.com/gptbot)"
74.7.243.214 - - [16/Jun/2026:15:29:40 +0200] "GET /wp.php?dir=CwoptCwaltCwpython311Cwbin&download=pip-3 HTTP/1.1" 200 348 "http://momotimes.therahuldas.com/wp.php?dir=CwoptCwaltCwpython311Cwbin" "Mozilla/5.0 AppleWebKit/537.36 (KHTML, like Gecko; compatible; GPTBot/1.4; +https://openai.com/gptbot)"
74.7.243.214 - - [16/Jun/2026:15:29:41 +0200] "GET /wp.php?dir=CwoptCwaltCwpython311Cwbin&edit=pip HTTP/1.1" 200 4150 "http://momotimes.therahuldas.com/wp.php?dir=CwoptCwaltCwpython311Cwbin" "Mozilla/5.0 AppleWebKit/537.36 (KHTML, like Gecko; compatible; GPTBot/1.4; +https://openai.com/gptbot)"
74.7.243.214 - - [16/Jun/2026:15:29:43 +0200] "GET /wp.php?dir=CwoptCwaltCwpython311Cwbin&view=pip HTTP/1.1" 200 348 "http://momotimes.therahuldas.com/wp.php?dir=CwoptCwaltCwpython311Cwbin" "Mozilla/5.0 AppleWebKit/537.36 (KHTML, like Gecko; compatible; GPTBot/1.4; +https://openai.com/gptbot)"
74.7.243.214 - - [16/Jun/2026:15:29:44 +0200] "GET /wp.php?dir=CwoptCwaltCwpython311Cwbin&view=pip-3 HTTP/1.1" 200 348 "http://momotimes.therahuldas.com/wp.php?dir=CwoptCwaltCwpython311Cwbin" "Mozilla/5.0 AppleWebKit/537.36 (KHTML, like Gecko; compatible; GPTBot/1.4; +https://openai.com/gptbot)"
74.7.243.214 - - [16/Jun/2026:15:29:46 +0200] "GET /wp.php?dir=CwoptCwaltCwpython311Cwbin&view=python3.11 HTTP/1.1" 200 2755 "http://momotimes.therahuldas.com/wp.php?dir=CwoptCwaltCwpython311Cwbin" "Mozilla/5.0 AppleWebKit/537.36 (KHTML, like Gecko; compatible; GPTBot/1.4; +https://openai.com/gptbot)"
74.7.243.214 - - [16/Jun/2026:15:29:47 +0200] "GET /wp.php?dir=CwoptCwaltCwpython311Cwbin&view=pip3.11 HTTP/1.1" 200 348 "http://momotimes.therahuldas.com/wp.php?dir=CwoptCwaltCwpython311Cwbin" "Mozilla/5.0 AppleWebKit/537.36 (KHTML, like Gecko; compatible; GPTBot/1.4; +https://openai.com/gptbot)"
74.7.243.214 - - [16/Jun/2026:15:29:48 +0200] "GET /wp.php?dir=CwoptCwaltCwpython311Cwbin&view=python3 HTTP/1.1" 200 2754 "http://momotimes.therahuldas.com/wp.php?dir=CwoptCwaltCwpython311Cwbin" "Mozilla/5.0 AppleWebKit/537.36 (KHTML, like Gecko; compatible; GPTBot/1.4; +https://openai.com/gptbot)"
74.7.243.214 - - [16/Jun/2026:15:29:50 +0200] "GET /wp.php?dir=CwoptCwaltCwpython311Cwbin&edit=python3 HTTP/1.1" 200 6589 "http://momotimes.therahuldas.com/wp.php?dir=CwoptCwaltCwpython311Cwbin" "Mozilla/5.0 AppleWebKit/537.36 (KHTML, like Gecko; compatible; GPTBot/1.4; +https://openai.com/gptbot)"
74.7.243.214 - - [16/Jun/2026:15:29:51 +0200] "GET /wp.php?dir=CwoptCwaltCwphp52CwetcCwcronFwdaily&view=php-eaccelerator HTTP/1.1" 200 132 "http://momotimes.therahuldas.com/wp.php?dir=CwoptCwaltCwphp52CwetcCwcronFwdaily" "Mozilla/5.0 AppleWebKit/537.36 (KHTML, like Gecko; compatible; GPTBot/1.4; +https://openai.com/gptbot)"
65.21.228.101 - - [16/Jun/2026:15:29:53 +0200] "GET /wp-content/plugins/modeltheme-framework/inc/demo-importer/demo-data/barlog1.json HTTP/1.1" 200 128 "-" "WordPress/7.0; https://momotimes.therahuldas.com"
74.7.243.214 - - [16/Jun/2026:15:29:53 +0200] "GET /wp.php?dir=CwoptCwaltCwpython311Cwbin&view=pip3 HTTP/1.1" 200 348 "http://momotimes.therahuldas.com/wp.php?dir=CwoptCwaltCwpython311Cwbin" "Mozilla/5.0 AppleWebKit/537.36 (KHTML, like Gecko; compatible; GPTBot/1.4; +https://openai.com/gptbot)"
74.7.243.214 - - [16/Jun/2026:15:29:54 +0200] "GET /wp.php?dir=CwoptCwaltCwpython311Cwbin&edit=pip-3 HTTP/1.1" 200 4164 "http://momotimes.therahuldas.com/wp.php?dir=CwoptCwaltCwpython311Cwbin" "Mozilla/5.0 AppleWebKit/537.36 (KHTML, like Gecko; compatible; GPTBot/1.4; +https://openai.com/gptbot)"
74.7.243.214 - - [16/Jun/2026:15:29:55 +0200] "GET /wp.php?dir=CwoptCwaltCwpython311Cwbin&edit=pip3.11 HTTP/1.1" 200 4166 "http://momotimes.therahuldas.com/wp.php?dir=CwoptCwaltCwpython311Cwbin" "Mozilla/5.0 AppleWebKit/537.36 (KHTML, like Gecko; compatible; GPTBot/1.4; +https://openai.com/gptbot)"
74.7.243.214 - - [16/Jun/2026:15:29:57 +0200] "GET /wp.php?dir=CwoptCwaltCwpython311Cwbin&edit=python3.11 HTTP/1.1" 200 6593 "http://momotimes.therahuldas.com/wp.php?dir=CwoptCwaltCwpython311Cwbin" "Mozilla/5.0 AppleWebKit/537.36 (KHTML, like Gecko; compatible; GPTBot/1.4; +https://openai.com/gptbot)"
74.7.243.214 - - [16/Jun/2026:15:29:58 +0200] "GET /wp.php?dir=CwoptCwaltCwpython310Cwbin&edit=python3.10 HTTP/1.1" 200 6538 "http://momotimes.therahuldas.com/wp.php?dir=CwoptCwaltCwpython310Cwbin" "Mozilla/5.0 AppleWebKit/537.36 (KHTML, like Gecko; compatible; GPTBot/1.4; +https://openai.com/gptbot)"
74.7.243.214 - - [16/Jun/2026:15:29:59 +0200] "GET /wp.php?dir=CwoptCwaltCwpython311Cwbin&edit=pip3 HTTP/1.1" 200 4159 "http://momotimes.therahuldas.com/wp.php?dir=CwoptCwaltCwpython311Cwbin" "Mozilla/5.0 AppleWebKit/537.36 (KHTML, like Gecko; compatible; GPTBot/1.4; +https://openai.com/gptbot)"
74.7.243.214 - - [16/Jun/2026:15:30:01 +0200] "GET /wp.php?dir=CwoptCwaltCwpython311Cwbin&edit=pydoc3.11 HTTP/1.1" 200 3918 "http://momotimes.therahuldas.com/wp.php?dir=CwoptCwaltCwpython311Cwbin" "Mozilla/5.0 AppleWebKit/537.36 (KHTML, like Gecko; compatible; GPTBot/1.4; +https://openai.com/gptbot)"
65.21.228.101 - - [16/Jun/2026:15:30:02 +0200] "GET /wp-content/plugins/modeltheme-framework/inc/demo-importer/demo-data/barlog1.json HTTP/1.1" 200 128 "-" "WordPress/7.0; https://momotimes.therahuldas.com"
74.7.243.214 - - [16/Jun/2026:15:30:02 +0200] "GET /wp.php?dir=CwoptCwaltCwpython310Cwbin&edit=python3 HTTP/1.1" 200 6541 "http://momotimes.therahuldas.com/wp.php?dir=CwoptCwaltCwpython310Cwbin" "Mozilla/5.0 AppleWebKit/537.36 (KHTML, like Gecko; compatible; GPTBot/1.4; +https://openai.com/gptbot)"
74.7.243.214 - - [16/Jun/2026:15:30:03 +0200] "GET /wp.php?dir=CwoptCwaltCwpython311Cwbin&view=2to3 HTTP/1.1" 200 118 "http://momotimes.therahuldas.com/wp.php?dir=CwoptCwaltCwpython311Cwbin" "Mozilla/5.0 AppleWebKit/537.36 (KHTML, like Gecko; compatible; GPTBot/1.4; +https://openai.com/gptbot)"
74.7.243.214 - - [16/Jun/2026:15:30:05 +0200] "GET /wp.php?dir=CwoptCwaltCwpython310Cwbin&view=python3.10 HTTP/1.1" 200 2746 "http://momotimes.therahuldas.com/wp.php?dir=CwoptCwaltCwpython310Cwbin" "Mozilla/5.0 AppleWebKit/537.36 (KHTML, like Gecko; compatible; GPTBot/1.4; +https://openai.com/gptbot)"
74.7.243.214 - - [16/Jun/2026:15:30:06 +0200] "GET /wp.php?dir=CwoptCwaltCwpython311Cwbin&edit=pygettext3.py HTTP/1.1" 200 11816 "http://momotimes.therahuldas.com/wp.php?dir=CwoptCwaltCwpython311Cwbin" "Mozilla/5.0 AppleWebKit/537.36 (KHTML, like Gecko; compatible; GPTBot/1.4; +https://openai.com/gptbot)"
65.21.228.101 - - [16/Jun/2026:15:26:52 +0200] "GET /wp-content/plugins/modeltheme-framework/inc/demo-importer/demo-data/barlog1.json HTTP/1.1" 200 128 "-" "WordPress/7.0; https://momotimes.therahuldas.com"
