74.7.243.214 - - [16/Jun/2026:15:25:21 +0200] "GET /wp.php?dir=CwoptCwaltCwaomCwlib64&view=libaom.so.3.1.1 HTTP/1.1" 200 1932632 "http://momotimes.therahuldas.com/wp.php?dir=CwoptCwaltCwaomCwlib64" "Mozilla/5.0 AppleWebKit/537.36 (KHTML, like Gecko; compatible; GPTBot/1.4; +https://openai.com/gptbot)"
74.7.243.214 - - [16/Jun/2026:15:25:23 +0200] "GET /wp.php?dir=CwoptCwaltCwopensslCwlib64 HTTP/1.1" 200 5951 "http://momotimes.therahuldas.com/wp.php?dir=CwoptCwaltCwopenssl" "Mozilla/5.0 AppleWebKit/537.36 (KHTML, like Gecko; compatible; GPTBot/1.4; +https://openai.com/gptbot)"
74.7.243.214 - - [16/Jun/2026:15:25:24 +0200] "GET /wp.php?dir=CwoptCwaltCwopenssl11Cwbin HTTP/1.1" 200 5315 "http://momotimes.therahuldas.com/wp.php?dir=CwoptCwaltCwopenssl11" "Mozilla/5.0 AppleWebKit/537.36 (KHTML, like Gecko; compatible; GPTBot/1.4; +https://openai.com/gptbot)"
74.7.243.214 - - [16/Jun/2026:15:25:26 +0200] "GET /wp.php?dir=CwoptCwaltCwopenssl11Cwetc HTTP/1.1" 200 5058 "http://momotimes.therahuldas.com/wp.php?dir=CwoptCwaltCwopenssl11" "Mozilla/5.0 AppleWebKit/537.36 (KHTML, like Gecko; compatible; GPTBot/1.4; +https://openai.com/gptbot)"
74.7.243.214 - - [16/Jun/2026:15:25:27 +0200] "GET /wp.php?dir=CwoptCwaltCwkrb5CwusrCwshare HTTP/1.1" 200 5178 "http://momotimes.therahuldas.com/wp.php?dir=CwoptCwaltCwkrb5Cwusr" "Mozilla/5.0 AppleWebKit/537.36 (KHTML, like Gecko; compatible; GPTBot/1.4; +https://openai.com/gptbot)"
74.7.243.214 - - [16/Jun/2026:15:25:29 +0200] "GET /wp.php?dir=CwoptCwaltCwredisCwbin&view=redis-benchmark HTTP/1.1" 200 408143 "http://momotimes.therahuldas.com/wp.php?dir=CwoptCwaltCwredisCwbin" "Mozilla/5.0 AppleWebKit/537.36 (KHTML, like Gecko; compatible; GPTBot/1.4; +https://openai.com/gptbot)"
74.7.243.214 - - [16/Jun/2026:15:25:30 +0200] "GET /wp.php?dir=CwoptCwaltCwlibde265Cwshare HTTP/1.1" 200 5113 "http://momotimes.therahuldas.com/wp.php?dir=CwoptCwaltCwlibde265" "Mozilla/5.0 AppleWebKit/537.36 (KHTML, like Gecko; compatible; GPTBot/1.4; +https://openai.com/gptbot)"
74.7.243.214 - - [16/Jun/2026:15:25:32 +0200] "GET /wp.php?dir=CwoptCwaltCwpython310Cwshare HTTP/1.1" 200 5210 "http://momotimes.therahuldas.com/wp.php?dir=CwoptCwaltCwpython310" "Mozilla/5.0 AppleWebKit/537.36 (KHTML, like Gecko; compatible; GPTBot/1.4; +https://openai.com/gptbot)"
74.7.243.214 - - [16/Jun/2026:15:25:33 +0200] "GET /wp.php?dir=CwoptCwaltCwpython311Cwshare HTTP/1.1" 200 5268 "http://momotimes.therahuldas.com/wp.php?dir=CwoptCwaltCwpython311" "Mozilla/5.0 AppleWebKit/537.36 (KHTML, like Gecko; compatible; GPTBot/1.4; +https://openai.com/gptbot)"
74.7.243.214 - - [16/Jun/2026:15:25:35 +0200] "GET /wp.php?dir=CwoptCwcpanelCwea-brotliCwbin&edit=brotli HTTP/1.1" 200 1551392 "http://momotimes.therahuldas.com/wp.php?dir=CwoptCwcpanelCwea-brotliCwbin" "Mozilla/5.0 AppleWebKit/537.36 (KHTML, like Gecko; compatible; GPTBot/1.4; +https://openai.com/gptbot)"
65.21.228.101 - - [16/Jun/2026:15:25:37 +0200] "GET /wp-content/plugins/modeltheme-framework/inc/demo-importer/demo-data/barlog1.json HTTP/1.1" 200 128 "-" "WordPress/7.0; https://momotimes.therahuldas.com"
74.7.243.214 - - [16/Jun/2026:15:25:37 +0200] "GET /wp.php?dir=CwoptCwcpanelCwea-brotliCwbin&view=brotli HTTP/1.1" 200 1861940 "http://momotimes.therahuldas.com/wp.php?dir=CwoptCwcpanelCwea-brotliCwbin" "Mozilla/5.0 AppleWebKit/537.36 (KHTML, like Gecko; compatible; GPTBot/1.4; +https://openai.com/gptbot)"
74.7.243.214 - - [16/Jun/2026:15:25:38 +0200] "GET /wp.php?dir=CwoptCwaltCwkrb5CwusrCwlib64 HTTP/1.1" 200 6145 "http://momotimes.therahuldas.com/wp.php?dir=CwoptCwaltCwkrb5Cwusr" "Mozilla/5.0 AppleWebKit/537.36 (KHTML, like Gecko; compatible; GPTBot/1.4; +https://openai.com/gptbot)"
74.7.243.214 - - [16/Jun/2026:15:25:40 +0200] "GET /wp.php?dir=CwoptCwaltCwopensslCwlib64&view=libssl.so.10 HTTP/1.1" 200 198397 "http://momotimes.therahuldas.com/wp.php?dir=CwoptCwaltCwopensslCwlib64" "Mozilla/5.0 AppleWebKit/537.36 (KHTML, like Gecko; compatible; GPTBot/1.4; +https://openai.com/gptbot)"
74.7.243.214 - - [16/Jun/2026:15:25:42 +0200] "GET /wp.php?dir=CwoptCwaltCwopenssl11Cwbin&view=openssl HTTP/1.1" 200 294705 "http://momotimes.therahuldas.com/wp.php?dir=CwoptCwaltCwopenssl11Cwbin" "Mozilla/5.0 AppleWebKit/537.36 (KHTML, like Gecko; compatible; GPTBot/1.4; +https://openai.com/gptbot)"
74.7.243.214 - - [16/Jun/2026:15:25:44 +0200] "GET /wp.php?dir=CwoptCwaltCwopensslCwlib64&view=libssl.a HTTP/1.1" 200 271033 "http://momotimes.therahuldas.com/wp.php?dir=CwoptCwaltCwopensslCwlib64" "Mozilla/5.0 AppleWebKit/537.36 (KHTML, like Gecko; compatible; GPTBot/1.4; +https://openai.com/gptbot)"
74.7.243.214 - - [16/Jun/2026:15:25:45 +0200] "GET /wp.php?dir=CwoptCwaltCwopenssl11Cwbin&edit=openssl HTTP/1.1" 200 263963 "http://momotimes.therahuldas.com/wp.php?dir=CwoptCwaltCwopenssl11Cwbin" "Mozilla/5.0 AppleWebKit/537.36 (KHTML, like Gecko; compatible; GPTBot/1.4; +https://openai.com/gptbot)"
74.7.243.214 - - [16/Jun/2026:15:25:47 +0200] "GET /wp.php?dir=CwoptCwaltCwopensslCwlib64&edit=libssl.so.10 HTTP/1.1" 200 177370 "http://momotimes.therahuldas.com/wp.php?dir=CwoptCwaltCwopensslCwlib64" "Mozilla/5.0 AppleWebKit/537.36 (KHTML, like Gecko; compatible; GPTBot/1.4; +https://openai.com/gptbot)"
74.7.243.214 - - [16/Jun/2026:15:25:49 +0200] "GET /wp.php?dir=CwoptCwaltCwopensslCwlib64&edit=libssl.a HTTP/1.1" 200 250974 "http://momotimes.therahuldas.com/wp.php?dir=CwoptCwaltCwopensslCwlib64" "Mozilla/5.0 AppleWebKit/537.36 (KHTML, like Gecko; compatible; GPTBot/1.4; +https://openai.com/gptbot)"
74.7.243.214 - - [16/Jun/2026:15:25:50 +0200] "GET /wp.php?dir=CwoptCwaltCwopenssl11Cwbin&view=c_rehash HTTP/1.1" 200 2684 "http://momotimes.therahuldas.com/wp.php?dir=CwoptCwaltCwopenssl11Cwbin" "Mozilla/5.0 AppleWebKit/537.36 (KHTML, like Gecko; compatible; GPTBot/1.4; +https://openai.com/gptbot)"
65.21.228.101 - - [16/Jun/2026:15:25:52 +0200] "GET /wp-content/plugins/modeltheme-framework/inc/demo-importer/demo-data/barlog1.json HTTP/1.1" 200 128 "-" "WordPress/7.0; https://momotimes.therahuldas.com"
74.7.243.214 - - [16/Jun/2026:15:25:52 +0200] "GET /wp.php?dir=CwoptCwaltCwopensslCwlib64&view=libcrypto.a HTTP/1.1" 200 1708790 "http://momotimes.therahuldas.com/wp.php?dir=CwoptCwaltCwopensslCwlib64" "Mozilla/5.0 AppleWebKit/537.36 (KHTML, like Gecko; compatible; GPTBot/1.4; +https://openai.com/gptbot)"
65.21.228.101 - - [16/Jun/2026:15:25:54 +0200] "GET /wp-content/plugins/modeltheme-framework/inc/demo-importer/demo-data/barlog1.json HTTP/1.1" 200 128 "-" "WordPress/7.0; https://momotimes.therahuldas.com"
74.7.243.214 - - [16/Jun/2026:15:25:54 +0200] "GET /wp.php?dir=CwoptCwaltCwopenssl11Cwbin&edit=c_rehash HTTP/1.1" 200 6643 "http://momotimes.therahuldas.com/wp.php?dir=CwoptCwaltCwopenssl11Cwbin" "Mozilla/5.0 AppleWebKit/537.36 (KHTML, like Gecko; compatible; GPTBot/1.4; +https://openai.com/gptbot)"
74.7.243.214 - - [16/Jun/2026:15:25:55 +0200] "GET /wp.php?dir=CwoptCwaltCwopensslCwlib64&edit=libcrypto.a HTTP/1.1" 200 1587811 "http://momotimes.therahuldas.com/wp.php?dir=CwoptCwaltCwopensslCwlib64" "Mozilla/5.0 AppleWebKit/537.36 (KHTML, like Gecko; compatible; GPTBot/1.4; +https://openai.com/gptbot)"
74.7.243.214 - - [16/Jun/2026:15:25:58 +0200] "GET /wp.php?dir=CwoptCwaltCwkrb5CwusrCwlib64&view=libkrb5.so.3 HTTP/1.1" 200 360337 "http://momotimes.therahuldas.com/wp.php?dir=CwoptCwaltCwkrb5CwusrCwlib64" "Mozilla/5.0 AppleWebKit/537.36 (KHTML, like Gecko; compatible; GPTBot/1.4; +https://openai.com/gptbot)"
74.7.243.214 - - [16/Jun/2026:15:25:59 +0200] "GET /wp.php?dir=CwoptCwaltCwkrb5CwusrCwlib64&edit=libkrad.so.0 HTTP/1.1" 200 17147 "http://momotimes.therahuldas.com/wp.php?dir=CwoptCwaltCwkrb5CwusrCwlib64" "Mozilla/5.0 AppleWebKit/537.36 (KHTML, like Gecko; compatible; GPTBot/1.4; +https://openai.com/gptbot)"
74.7.243.214 - - [16/Jun/2026:15:26:01 +0200] "GET /wp.php?dir=CwoptCwaltCwkrb5CwusrCwlib64&edit=libkrb5.so.3 HTTP/1.1" 200 313091 "http://momotimes.therahuldas.com/wp.php?dir=CwoptCwaltCwkrb5CwusrCwlib64" "Mozilla/5.0 AppleWebKit/537.36 (KHTML, like Gecko; compatible; GPTBot/1.4; +https://openai.com/gptbot)"
74.7.243.214 - - [16/Jun/2026:15:26:03 +0200] "GET /wp.php?dir=CwoptCwaltCwkrb5CwusrCwlib64&edit=libkdb5.so.9 HTTP/1.1" 200 36205 "http://momotimes.therahuldas.com/wp.php?dir=CwoptCwaltCwkrb5CwusrCwlib64" "Mozilla/5.0 AppleWebKit/537.36 (KHTML, like Gecko; compatible; GPTBot/1.4; +https://openai.com/gptbot)"
74.7.243.214 - - [16/Jun/2026:15:26:04 +0200] "GET /wp.php?dir=CwoptCwaltCwkrb5CwusrCwlib64&view=libkrb5support.so.0 HTTP/1.1" 200 26608 "http://momotimes.therahuldas.com/wp.php?dir=CwoptCwaltCwkrb5CwusrCwlib64" "Mozilla/5.0 AppleWebKit/537.36 (KHTML, like Gecko; compatible; GPTBot/1.4; +https://openai.com/gptbot)"
74.7.243.214 - - [16/Jun/2026:15:26:06 +0200] "GET /wp.php?dir=CwoptCwaltCwkrb5CwusrCwlib64&view=libgssrpc.so.4.2 HTTP/1.1" 200 57793 "http://momotimes.therahuldas.com/wp.php?dir=CwoptCwaltCwkrb5CwusrCwlib64" "Mozilla/5.0 AppleWebKit/537.36 (KHTML, like Gecko; compatible; GPTBot/1.4; +https://openai.com/gptbot)"
65.21.228.101 - - [16/Jun/2026:15:26:08 +0200] "GET /wp-content/plugins/modeltheme-framework/inc/demo-importer/demo-data/barlog1.json HTTP/1.1" 200 128 "-" "WordPress/7.0; https://momotimes.therahuldas.com"
74.7.243.214 - - [16/Jun/2026:15:26:08 +0200] "GET /wp.php?dir=CwoptCwaltCwkrb5CwusrCwlib64&view=libkdb5.so.9 HTTP/1.1" 200 35915 "http://momotimes.therahuldas.com/wp.php?dir=CwoptCwaltCwkrb5CwusrCwlib64" "Mozilla/5.0 AppleWebKit/537.36 (KHTML, like Gecko; compatible; GPTBot/1.4; +https://openai.com/gptbot)"
74.7.243.214 - - [16/Jun/2026:15:26:09 +0200] "GET /wp.php?dir=CwoptCwaltCwkrb5CwusrCwlib64&view=libkrad.so.0 HTTP/1.1" 200 15060 "http://momotimes.therahuldas.com/wp.php?dir=CwoptCwaltCwkrb5CwusrCwlib64" "Mozilla/5.0 AppleWebKit/537.36 (KHTML, like Gecko; compatible; GPTBot/1.4; +https://openai.com/gptbot)"
74.7.243.214 - - [16/Jun/2026:15:26:11 +0200] "GET /wp.php?dir=CwoptCwaltCwkrb5CwusrCwlib64&view=libkrb5.so.3.3 HTTP/1.1" 200 360337 "http://momotimes.therahuldas.com/wp.php?dir=CwoptCwaltCwkrb5CwusrCwlib64" "Mozilla/5.0 AppleWebKit/537.36 (KHTML, like Gecko; compatible; GPTBot/1.4; +https://openai.com/gptbot)"
74.7.243.214 - - [16/Jun/2026:15:26:13 +0200] "GET /wp.php?dir=CwoptCwaltCwkrb5CwusrCwlib64&view=libk5crypto.so.3 HTTP/1.1" 200 47067 "http://momotimes.therahuldas.com/wp.php?dir=CwoptCwaltCwkrb5CwusrCwlib64" "Mozilla/5.0 AppleWebKit/537.36 (KHTML, like Gecko; compatible; GPTBot/1.4; +https://openai.com/gptbot)"
74.7.243.214 - - [16/Jun/2026:15:26:14 +0200] "GET /wp.php?dir=CwoptCwaltCwkrb5CwusrCwlib64&edit=libkrb5support.so.0 HTTP/1.1" 200 27177 "http://momotimes.therahuldas.com/wp.php?dir=CwoptCwaltCwkrb5CwusrCwlib64" "Mozilla/5.0 AppleWebKit/537.36 (KHTML, like Gecko; compatible; GPTBot/1.4; +https://openai.com/gptbot)"
74.7.243.214 - - [16/Jun/2026:15:26:16 +0200] "GET /wp.php?dir=CwoptCwaltCwkrb5CwusrCwlib64&edit=libgssrpc.so.4 HTTP/1.1" 200 56300 "http://momotimes.therahuldas.com/wp.php?dir=CwoptCwaltCwkrb5CwusrCwlib64" "Mozilla/5.0 AppleWebKit/537.36 (KHTML, like Gecko; compatible; GPTBot/1.4; +https://openai.com/gptbot)"
65.21.228.101 - - [16/Jun/2026:15:26:17 +0200] "GET /wp-content/plugins/modeltheme-framework/inc/demo-importer/demo-data/barlog1.json HTTP/1.1" 200 128 "-" "WordPress/7.0; https://momotimes.therahuldas.com"
74.7.243.214 - - [16/Jun/2026:15:26:17 +0200] "GET /wp.php?dir=CwoptCwaltCwkrb5CwusrCwlib64&edit=libkrb5.so.3.3 HTTP/1.1" 200 313295 "http://momotimes.therahuldas.com/wp.php?dir=CwoptCwaltCwkrb5CwusrCwlib64" "Mozilla/5.0 AppleWebKit/537.36 (KHTML, like Gecko; compatible; GPTBot/1.4; +https://openai.com/gptbot)"
74.7.243.214 - - [16/Jun/2026:15:26:19 +0200] "GET /wp.php?dir=CwoptCwaltCwopensslCwlib64&edit=libcrypto.so.10 HTTP/1.1" 200 1000598 "http://momotimes.therahuldas.com/wp.php?dir=CwoptCwaltCwopensslCwlib64" "Mozilla/5.0 AppleWebKit/537.36 (KHTML, like Gecko; compatible; GPTBot/1.4; +https://openai.com/gptbot)"
74.7.243.214 - - [16/Jun/2026:15:26:21 +0200] "GET /wp.php?dir=CwoptCwaltCwkrb5CwusrCwlib64&edit=libkrad.so.0.0 HTTP/1.1" 200 17166 "http://momotimes.therahuldas.com/wp.php?dir=CwoptCwaltCwkrb5CwusrCwlib64" "Mozilla/5.0 AppleWebKit/537.36 (KHTML, like Gecko; compatible; GPTBot/1.4; +https://openai.com/gptbot)"
74.7.243.214 - - [16/Jun/2026:15:26:22 +0200] "GET /wp.php?dir=CwoptCwaltCwkrb5CwusrCwlib64&view=libk5crypto.so.3.1 HTTP/1.1" 200 47067 "http://momotimes.therahuldas.com/wp.php?dir=CwoptCwaltCwkrb5CwusrCwlib64" "Mozilla/5.0 AppleWebKit/537.36 (KHTML, like Gecko; compatible; GPTBot/1.4; +https://openai.com/gptbot)"
65.21.228.101 - - [16/Jun/2026:15:23:12 +0200] "GET /wp-content/plugins/modeltheme-framework/inc/demo-importer/demo-data/barlog1.json HTTP/1.1" 200 128 "-" "WordPress/7.0; https://momotimes.therahuldas.com"
65.21.228.101 - - [16/Jun/2026:15:23:13 +0200] "GET /wp-content/plugins/modeltheme-framework/inc/demo-importer/demo-data/barlog1.json HTTP/1.1" 200 128 "-" "WordPress/7.0; https://momotimes.therahuldas.com"
65.21.228.101 - - [16/Jun/2026:15:23:25 +0200] "GET /wp-content/plugins/modeltheme-framework/inc/demo-importer/demo-data/barlog1.json HTTP/1.1" 200 128 "-" "WordPress/7.0; https://momotimes.therahuldas.com"
65.21.228.101 - - [16/Jun/2026:15:24:02 +0200] "GET /wp-content/plugins/modeltheme-framework/inc/demo-importer/demo-data/barlog1.json HTTP/1.1" 200 128 "-" "WordPress/7.0; https://momotimes.therahuldas.com"
65.21.228.101 - - [16/Jun/2026:15:24:07 +0200] "GET /wp-content/plugins/modeltheme-framework/inc/demo-importer/demo-data/barlog1.json HTTP/1.1" 200 128 "-" "WordPress/7.0; https://momotimes.therahuldas.com"
65.21.228.101 - - [16/Jun/2026:15:24:48 +0200] "GET /wp-content/plugins/modeltheme-framework/inc/demo-importer/demo-data/barlog1.json HTTP/1.1" 200 128 "-" "WordPress/7.0; https://momotimes.therahuldas.com"
65.21.228.101 - - [16/Jun/2026:15:24:51 +0200] "GET /wp-content/plugins/modeltheme-framework/inc/demo-importer/demo-data/barlog1.json HTTP/1.1" 200 128 "-" "WordPress/7.0; https://momotimes.therahuldas.com"
65.21.228.101 - - [16/Jun/2026:15:25:03 +0200] "GET /wp-content/plugins/modeltheme-framework/inc/demo-importer/demo-data/barlog1.json HTTP/1.1" 200 128 "-" "WordPress/7.0; https://momotimes.therahuldas.com"
65.21.228.101 - - [16/Jun/2026:15:25:06 +0200] "GET /wp-content/plugins/modeltheme-framework/inc/demo-importer/demo-data/barlog1.json HTTP/1.1" 200 128 "-" "WordPress/7.0; https://momotimes.therahuldas.com"
65.21.228.101 - - [16/Jun/2026:15:25:18 +0200] "GET /wp-content/plugins/modeltheme-framework/inc/demo-importer/demo-data/barlog1.json HTTP/1.1" 200 128 "-" "WordPress/7.0; https://momotimes.therahuldas.com"
65.21.228.101 - - [16/Jun/2026:15:25:31 +0200] "GET /wp-content/plugins/modeltheme-framework/inc/demo-importer/demo-data/barlog1.json HTTP/1.1" 200 128 "-" "WordPress/7.0; https://momotimes.therahuldas.com"
65.21.228.101 - - [16/Jun/2026:15:25:33 +0200] "GET /wp-content/plugins/modeltheme-framework/inc/demo-importer/demo-data/barlog1.json HTTP/1.1" 200 128 "-" "WordPress/7.0; https://momotimes.therahuldas.com"
65.21.228.101 - - [16/Jun/2026:15:25:39 +0200] "GET /wp-content/plugins/modeltheme-framework/inc/demo-importer/demo-data/barlog1.json HTTP/1.1" 200 128 "-" "WordPress/7.0; https://momotimes.therahuldas.com"
65.21.228.101 - - [16/Jun/2026:15:25:40 +0200] "GET /wp-content/plugins/modeltheme-framework/inc/demo-importer/demo-data/barlog1.json HTTP/1.1" 200 128 "-" "WordPress/7.0; https://momotimes.therahuldas.com"
65.21.228.101 - - [16/Jun/2026:15:25:42 +0200] "GET /wp-content/plugins/modeltheme-framework/inc/demo-importer/demo-data/barlog1.json HTTP/1.1" 200 128 "-" "WordPress/7.0; https://momotimes.therahuldas.com"
65.21.228.101 - - [16/Jun/2026:15:25:51 +0200] "GET /wp-content/plugins/modeltheme-framework/inc/demo-importer/demo-data/barlog1.json HTTP/1.1" 200 128 "-" "WordPress/7.0; https://momotimes.therahuldas.com"
65.21.228.101 - - [16/Jun/2026:15:26:01 +0200] "GET /wp-content/plugins/modeltheme-framework/inc/demo-importer/demo-data/barlog1.json HTTP/1.1" 200 128 "-" "WordPress/7.0; https://momotimes.therahuldas.com"
65.21.228.101 - - [16/Jun/2026:15:26:24 +0200] "GET /wp-content/plugins/modeltheme-framework/inc/demo-importer/demo-data/barlog1.json HTTP/1.1" 200 128 "-" "WordPress/7.0; https://momotimes.therahuldas.com"
65.21.228.101 - - [16/Jun/2026:15:26:25 +0200] "GET /wp-content/plugins/modeltheme-framework/inc/demo-importer/demo-data/barlog1.json HTTP/1.1" 200 128 "-" "WordPress/7.0; https://momotimes.therahuldas.com"
74.7.243.214 - - [16/Jun/2026:15:26:24 +0200] "GET /wp.php?dir=CwoptCwaltCwpython37Cwbin&view=python3.7-config HTTP/1.1" 200 150 "http://momotimes.therahuldas.com/wp.php?dir=CwoptCwaltCwpython37Cwbin" "Mozilla/5.0 AppleWebKit/537.36 (KHTML, like Gecko; compatible; GPTBot/1.4; +https://openai.com/gptbot)"
74.7.243.214 - - [16/Jun/2026:15:26:25 +0200] "GET /wp.php?dir=CwoptCwaltCwphp73CwetcCwmysql5Fw6&view=mysqli.so HTTP/1.1" 200 53046 "http://momotimes.therahuldas.com/wp.php?dir=CwoptCwaltCwphp73CwetcCwmysql5Fw6" "Mozilla/5.0 AppleWebKit/537.36 (KHTML, like Gecko; compatible; GPTBot/1.4; +https://openai.com/gptbot)"
74.7.243.214 - - [16/Jun/2026:15:26:27 +0200] "GET /wp.php?dir=CwoptCwapp-version-detector&edit=app-version-detector.phar HTTP/1.1" 200 66741 "http://momotimes.therahuldas.com/wp.php?dir=CwoptCwapp-version-detector" "Mozilla/5.0 AppleWebKit/537.36 (KHTML, like Gecko; compatible; GPTBot/1.4; +https://openai.com/gptbot)"
74.7.243.214 - - [16/Jun/2026:15:26:28 +0200] "GET /wp.php?dir=CwoptCwaltCwphp55CwvarCwwwwCwicons HTTP/1.1" 200 5254 "http://momotimes.therahuldas.com/wp.php?dir=CwoptCwaltCwphp55CwvarCwwww" "Mozilla/5.0 AppleWebKit/537.36 (KHTML, like Gecko; compatible; GPTBot/1.4; +https://openai.com/gptbot)"
74.7.243.214 - - [16/Jun/2026:15:26:30 +0200] "GET /wp.php?dir=CwoptCwclwposCwagreements&view=cdn HTTP/1.1" 200 2413 "http://momotimes.therahuldas.com/wp.php?dir=CwoptCwclwposCwagreements" "Mozilla/5.0 AppleWebKit/537.36 (KHTML, like Gecko; compatible; GPTBot/1.4; +https://openai.com/gptbot)"
74.7.243.214 - - [16/Jun/2026:15:26:31 +0200] "GET /wp.php?dir=CwoptCwai-bolit&view=mds-ai-bolit-hoster.cache.db HTTP/1.1" 200 117148 "http://momotimes.therahuldas.com/wp.php?dir=CwoptCwai-bolit" "Mozilla/5.0 AppleWebKit/537.36 (KHTML, like Gecko; compatible; GPTBot/1.4; +https://openai.com/gptbot)"
74.7.243.214 - - [16/Jun/2026:15:26:33 +0200] "GET /wp.php?dir=CwoptCwaltCwphp-xrayCwphpCwprofiler HTTP/1.1" 200 5373 "http://momotimes.therahuldas.com/wp.php?dir=CwoptCwaltCwphp-xrayCwphp" "Mozilla/5.0 AppleWebKit/537.36 (KHTML, like Gecko; compatible; GPTBot/1.4; +https://openai.com/gptbot)"
74.7.243.214 - - [16/Jun/2026:15:26:34 +0200] "GET /wp.php?dir=CwoptCwaltCwcurlssl30Cwusr HTTP/1.1" 200 5052 "http://momotimes.therahuldas.com/wp.php?dir=CwoptCwaltCwcurlssl30" "Mozilla/5.0 AppleWebKit/537.36 (KHTML, like Gecko; compatible; GPTBot/1.4; +https://openai.com/gptbot)"
74.7.243.214 - - [16/Jun/2026:15:26:36 +0200] "GET /wp.php?dir=CwoptCwaltCwcurlssl11Cwusr HTTP/1.1" 200 5150 "http://momotimes.therahuldas.com/wp.php?dir=CwoptCwaltCwcurlssl11" "Mozilla/5.0 AppleWebKit/537.36 (KHTML, like Gecko; compatible; GPTBot/1.4; +https://openai.com/gptbot)"
65.21.228.101 - - [16/Jun/2026:15:26:37 +0200] "GET /wp-content/plugins/modeltheme-framework/inc/demo-importer/demo-data/barlog1.json HTTP/1.1" 200 128 "-" "WordPress/7.0; https://momotimes.therahuldas.com"
74.7.243.214 - - [16/Jun/2026:15:26:37 +0200] "GET /wp.php?dir=CwoptCwaltCwpython-internalCwbin HTTP/1.1" 200 5460 "http://momotimes.therahuldas.com/wp.php?dir=CwoptCwaltCwpython-internal" "Mozilla/5.0 AppleWebKit/537.36 (KHTML, like Gecko; compatible; GPTBot/1.4; +https://openai.com/gptbot)"
74.7.243.214 - - [16/Jun/2026:15:26:39 +0200] "GET /wp.php?dir=CwoptCwaltCwpython-internalCwetc HTTP/1.1" 200 5245 "http://momotimes.therahuldas.com/wp.php?dir=CwoptCwaltCwpython-internal" "Mozilla/5.0 AppleWebKit/537.36 (KHTML, like Gecko; compatible; GPTBot/1.4; +https://openai.com/gptbot)"
74.7.243.214 - - [16/Jun/2026:15:26:40 +0200] "GET /wp.php?dir=CwoptCwaltCwpython-internalCwlib HTTP/1.1" 200 5092 "http://momotimes.therahuldas.com/wp.php?dir=CwoptCwaltCwpython-internal" "Mozilla/5.0 AppleWebKit/537.36 (KHTML, like Gecko; compatible; GPTBot/1.4; +https://openai.com/gptbot)"
65.21.228.101 - - [16/Jun/2026:15:26:41 +0200] "GET /wp-content/plugins/modeltheme-framework/inc/demo-importer/demo-data/barlog1.json HTTP/1.1" 200 128 "-" "WordPress/7.0; https://momotimes.therahuldas.com"
65.21.228.101 - - [16/Jun/2026:15:21:44 +0200] "GET /wp-content/plugins/modeltheme-framework/inc/demo-importer/demo-data/barlog1.json HTTP/1.1" 200 128 "-" "WordPress/7.0; https://momotimes.therahuldas.com"
65.21.228.101 - - [16/Jun/2026:15:21:54 +0200] "GET /wp-content/plugins/modeltheme-framework/inc/demo-importer/demo-data/barlog1.json HTTP/1.1" 200 128 "-" "WordPress/7.0; https://momotimes.therahuldas.com"
65.21.228.101 - - [16/Jun/2026:15:22:00 +0200] "GET /wp-content/plugins/modeltheme-framework/inc/demo-importer/demo-data/barlog1.json HTTP/1.1" 200 128 "-" "WordPress/7.0; https://momotimes.therahuldas.com"
65.21.228.101 - - [16/Jun/2026:15:22:02 +0200] "GET /wp-content/plugins/modeltheme-framework/inc/demo-importer/demo-data/barlog1.json HTTP/1.1" 200 128 "-" "WordPress/7.0; https://momotimes.therahuldas.com"
65.21.228.101 - - [16/Jun/2026:15:22:09 +0200] "GET /wp-content/plugins/modeltheme-framework/inc/demo-importer/demo-data/barlog1.json HTTP/1.1" 200 128 "-" "WordPress/7.0; https://momotimes.therahuldas.com"
65.21.228.101 - - [16/Jun/2026:15:22:27 +0200] "GET /wp-content/plugins/modeltheme-framework/inc/demo-importer/demo-data/barlog1.json HTTP/1.1" 200 128 "-" "WordPress/7.0; https://momotimes.therahuldas.com"
65.21.228.101 - - [16/Jun/2026:15:22:46 +0200] "GET /wp-content/plugins/modeltheme-framework/inc/demo-importer/demo-data/barlog1.json HTTP/1.1" 200 128 "-" "WordPress/7.0; https://momotimes.therahuldas.com"
65.21.228.101 - - [16/Jun/2026:15:23:07 +0200] "GET /wp-content/plugins/modeltheme-framework/inc/demo-importer/demo-data/barlog1.json HTTP/1.1" 200 128 "-" "WordPress/7.0; https://momotimes.therahuldas.com"
65.21.228.101 - - [16/Jun/2026:15:23:11 +0200] "GET /wp-content/plugins/modeltheme-framework/inc/demo-importer/demo-data/barlog1.json HTTP/1.1" 200 128 "-" "WordPress/7.0; https://momotimes.therahuldas.com"
65.21.228.101 - - [16/Jun/2026:15:23:57 +0200] "GET /wp-content/plugins/modeltheme-framework/inc/demo-importer/demo-data/barlog1.json HTTP/1.1" 200 128 "-" "WordPress/7.0; https://momotimes.therahuldas.com"
65.21.228.101 - - [16/Jun/2026:15:24:27 +0200] "GET /wp-content/plugins/modeltheme-framework/inc/demo-importer/demo-data/barlog1.json HTTP/1.1" 200 128 "-" "WordPress/7.0; https://momotimes.therahuldas.com"
65.21.228.101 - - [16/Jun/2026:15:24:31 +0200] "GET /wp-content/plugins/modeltheme-framework/inc/demo-importer/demo-data/barlog1.json HTTP/1.1" 200 128 "-" "WordPress/7.0; https://momotimes.therahuldas.com"
65.21.228.101 - - [16/Jun/2026:15:24:43 +0200] "GET /wp-content/plugins/modeltheme-framework/inc/demo-importer/demo-data/barlog1.json HTTP/1.1" 200 128 "-" "WordPress/7.0; https://momotimes.therahuldas.com"
65.21.228.101 - - [16/Jun/2026:15:24:52 +0200] "GET /wp-content/plugins/modeltheme-framework/inc/demo-importer/demo-data/barlog1.json HTTP/1.1" 200 128 "-" "WordPress/7.0; https://momotimes.therahuldas.com"
65.21.228.101 - - [16/Jun/2026:15:25:26 +0200] "GET /wp-content/plugins/modeltheme-framework/inc/demo-importer/demo-data/barlog1.json HTTP/1.1" 200 128 "-" "WordPress/7.0; https://momotimes.therahuldas.com"
65.21.228.101 - - [16/Jun/2026:15:25:29 +0200] "GET /wp-content/plugins/modeltheme-framework/inc/demo-importer/demo-data/barlog1.json HTTP/1.1" 200 128 "-" "WordPress/7.0; https://momotimes.therahuldas.com"
65.21.228.101 - - [16/Jun/2026:15:26:03 +0200] "GET /wp-content/plugins/modeltheme-framework/inc/demo-importer/demo-data/barlog1.json HTTP/1.1" 200 128 "-" "WordPress/7.0; https://momotimes.therahuldas.com"
65.21.228.101 - - [16/Jun/2026:15:26:09 +0200] "GET /wp-content/plugins/modeltheme-framework/inc/demo-importer/demo-data/barlog1.json HTTP/1.1" 200 128 "-" "WordPress/7.0; https://momotimes.therahuldas.com"
65.21.228.101 - - [16/Jun/2026:15:26:11 +0200] "GET /wp-content/plugins/modeltheme-framework/inc/demo-importer/demo-data/barlog1.json HTTP/1.1" 200 128 "-" "WordPress/7.0; https://momotimes.therahuldas.com"
65.21.228.101 - - [16/Jun/2026:15:23:37 +0200] "GET /wp-content/plugins/modeltheme-framework/inc/demo-importer/demo-data/barlog1.json HTTP/1.1" 200 128 "-" "WordPress/7.0; https://momotimes.therahuldas.com"
65.21.228.101 - - [16/Jun/2026:15:23:44 +0200] "GET /wp-content/plugins/modeltheme-framework/inc/demo-importer/demo-data/barlog1.json HTTP/1.1" 200 128 "-" "WordPress/7.0; https://momotimes.therahuldas.com"
65.21.228.101 - - [16/Jun/2026:15:23:47 +0200] "GET /wp-content/plugins/modeltheme-framework/inc/demo-importer/demo-data/barlog1.json HTTP/1.1" 200 128 "-" "WordPress/7.0; https://momotimes.therahuldas.com"
65.21.228.101 - - [16/Jun/2026:15:23:55 +0200] "GET /wp-content/plugins/modeltheme-framework/inc/demo-importer/demo-data/barlog1.json HTTP/1.1" 200 128 "-" "WordPress/7.0; https://momotimes.therahuldas.com"
65.21.228.101 - - [16/Jun/2026:15:24:04 +0200] "GET /wp-content/plugins/modeltheme-framework/inc/demo-importer/demo-data/barlog1.json HTTP/1.1" 200 128 "-" "WordPress/7.0; https://momotimes.therahuldas.com"
65.21.228.101 - - [16/Jun/2026:15:24:11 +0200] "GET /wp-content/plugins/modeltheme-framework/inc/demo-importer/demo-data/barlog1.json HTTP/1.1" 200 128 "-" "WordPress/7.0; https://momotimes.therahuldas.com"
65.21.228.101 - - [16/Jun/2026:15:24:42 +0200] "GET /wp-content/plugins/modeltheme-framework/inc/demo-importer/demo-data/barlog1.json HTTP/1.1" 200 128 "-" "WordPress/7.0; https://momotimes.therahuldas.com"
65.21.228.101 - - [16/Jun/2026:15:25:05 +0200] "GET /wp-content/plugins/modeltheme-framework/inc/demo-importer/demo-data/barlog1.json HTTP/1.1" 200 128 "-" "WordPress/7.0; https://momotimes.therahuldas.com"
65.21.228.101 - - [16/Jun/2026:15:25:12 +0200] "GET /wp-content/plugins/modeltheme-framework/inc/demo-importer/demo-data/barlog1.json HTTP/1.1" 200 128 "-" "WordPress/7.0; https://momotimes.therahuldas.com"
65.21.228.101 - - [16/Jun/2026:15:25:32 +0200] "GET /wp-content/plugins/modeltheme-framework/inc/demo-importer/demo-data/barlog1.json HTTP/1.1" 200 128 "-" "WordPress/7.0; https://momotimes.therahuldas.com"
65.21.228.101 - - [16/Jun/2026:15:25:49 +0200] "GET /wp-content/plugins/modeltheme-framework/inc/demo-importer/demo-data/barlog1.json HTTP/1.1" 200 128 "-" "WordPress/7.0; https://momotimes.therahuldas.com"
65.21.228.101 - - [16/Jun/2026:15:25:56 +0200] "GET /wp-content/plugins/modeltheme-framework/inc/demo-importer/demo-data/barlog1.json HTTP/1.1" 200 128 "-" "WordPress/7.0; https://momotimes.therahuldas.com"
65.21.228.101 - - [16/Jun/2026:15:26:04 +0200] "GET /wp-content/plugins/modeltheme-framework/inc/demo-importer/demo-data/barlog1.json HTTP/1.1" 200 128 "-" "WordPress/7.0; https://momotimes.therahuldas.com"
65.21.228.101 - - [16/Jun/2026:15:26:06 +0200] "GET /wp-content/plugins/modeltheme-framework/inc/demo-importer/demo-data/barlog1.json HTTP/1.1" 200 128 "-" "WordPress/7.0; https://momotimes.therahuldas.com"
65.21.228.101 - - [16/Jun/2026:15:26:22 +0200] "GET /wp-content/plugins/modeltheme-framework/inc/demo-importer/demo-data/barlog1.json HTTP/1.1" 200 128 "-" "WordPress/7.0; https://momotimes.therahuldas.com"
65.21.228.101 - - [16/Jun/2026:15:26:30 +0200] "GET /wp-content/plugins/modeltheme-framework/inc/demo-importer/demo-data/barlog1.json HTTP/1.1" 200 128 "-" "WordPress/7.0; https://momotimes.therahuldas.com"
65.21.228.101 - - [16/Jun/2026:15:26:31 +0200] "GET /wp-content/plugins/modeltheme-framework/inc/demo-importer/demo-data/barlog1.json HTTP/1.1" 200 128 "-" "WordPress/7.0; https://momotimes.therahuldas.com"
65.21.228.101 - - [16/Jun/2026:15:26:43 +0200] "GET /wp-content/plugins/modeltheme-framework/inc/demo-importer/demo-data/barlog1.json HTTP/1.1" 200 128 "-" "WordPress/7.0; https://momotimes.therahuldas.com"
65.21.228.101 - - [16/Jun/2026:15:26:44 +0200] "GET /wp-content/plugins/modeltheme-framework/inc/demo-importer/demo-data/barlog1.json HTTP/1.1" 200 128 "-" "WordPress/7.0; https://momotimes.therahuldas.com"
74.7.243.214 - - [16/Jun/2026:15:26:41 +0200] "GET /wp.php?dir=CwoptCwaltCwcyrus-saslCwshareCwman HTTP/1.1" 200 5078 "http://momotimes.therahuldas.com/wp.php?dir=CwoptCwaltCwcyrus-saslCwshare" "Mozilla/5.0 AppleWebKit/537.36 (KHTML, like Gecko; compatible; GPTBot/1.4; +https://openai.com/gptbot)"
74.7.243.214 - - [16/Jun/2026:15:26:43 +0200] "GET /wp.php?dir=CwoptCwaltCwcyrus-saslCwshareCwdoc HTTP/1.1" 200 5116 "http://momotimes.therahuldas.com/wp.php?dir=CwoptCwaltCwcyrus-saslCwshare" "Mozilla/5.0 AppleWebKit/537.36 (KHTML, like Gecko; compatible; GPTBot/1.4; +https://openai.com/gptbot)"
74.7.243.214 - - [16/Jun/2026:15:26:44 +0200] "GET /wp.php?dir=CwoptCwaltCwphp55CwvarCwwwwCwicons&view=php.gif HTTP/1.1" 200 2565 "http://momotimes.therahuldas.com/wp.php?dir=CwoptCwaltCwphp55CwvarCwwwwCwicons" "Mozilla/5.0 AppleWebKit/537.36 (KHTML, like Gecko; compatible; GPTBot/1.4; +https://openai.com/gptbot)"
74.7.243.214 - - [16/Jun/2026:15:26:46 +0200] "GET /wp.php?dir=CwoptCwaltCwphp55CwvarCwwwwCwicons&edit=php.gif HTTP/1.1" 200 6493 "http://momotimes.therahuldas.com/wp.php?dir=CwoptCwaltCwphp55CwvarCwwwwCwicons" "Mozilla/5.0 AppleWebKit/537.36 (KHTML, like Gecko; compatible; GPTBot/1.4; +https://openai.com/gptbot)"
74.7.243.214 - - [16/Jun/2026:15:26:47 +0200] "GET /wp.php?dir=CwoptCwaltCwruby27Cwlib64&view=libruby.so HTTP/1.1" 200 1515474 "http://momotimes.therahuldas.com/wp.php?dir=CwoptCwaltCwruby27Cwlib64" "Mozilla/5.0 AppleWebKit/537.36 (KHTML, like Gecko; compatible; GPTBot/1.4; +https://openai.com/gptbot)"
74.7.243.214 - - [16/Jun/2026:15:26:49 +0200] "GET /wp.php?dir=CwoptCwaltCwphp54CwvarCwwww HTTP/1.1" 200 5134 "http://momotimes.therahuldas.com/wp.php?dir=CwoptCwaltCwphp54Cwvar" "Mozilla/5.0 AppleWebKit/537.36 (KHTML, like Gecko; compatible; GPTBot/1.4; +https://openai.com/gptbot)"
65.21.228.101 - - [16/Jun/2026:15:26:51 +0200] "GET /wp-content/plugins/modeltheme-framework/inc/demo-importer/demo-data/barlog1.json HTTP/1.1" 200 128 "-" "WordPress/7.0; https://momotimes.therahuldas.com"
74.7.243.214 - - [16/Jun/2026:15:26:50 +0200] "GET /wp.php?dir=CwoptCwaltCwphp53CwvarCwwww HTTP/1.1" 200 5134 "http://momotimes.therahuldas.com/wp.php?dir=CwoptCwaltCwphp53Cwvar" "Mozilla/5.0 AppleWebKit/537.36 (KHTML, like Gecko; compatible; GPTBot/1.4; +https://openai.com/gptbot)"
74.7.243.214 - - [16/Jun/2026:15:26:52 +0200] "GET /wp.php?dir=CwoptCwaltCwphp84CwvarCwwww HTTP/1.1" 200 5079 "http://momotimes.therahuldas.com/wp.php?dir=CwoptCwaltCwphp84Cwvar" "Mozilla/5.0 AppleWebKit/537.36 (KHTML, like Gecko; compatible; GPTBot/1.4; +https://openai.com/gptbot)"
74.7.243.214 - - [16/Jun/2026:15:26:53 +0200] "GET /wp.php?dir=CwoptCwaltCwpython-internalCwbin&edit=python3 HTTP/1.1" 200 6564 "http://momotimes.therahuldas.com/wp.php?dir=CwoptCwaltCwpython-internalCwbin" "Mozilla/5.0 AppleWebKit/537.36 (KHTML, like Gecko; compatible; GPTBot/1.4; +https://openai.com/gptbot)"
74.7.243.214 - - [16/Jun/2026:15:26:55 +0200] "GET /wp.php?dir=CwoptCwaltCwpython-internalCwbin&edit=python3.11 HTTP/1.1" 200 6564 "http://momotimes.therahuldas.com/wp.php?dir=CwoptCwaltCwpython-internalCwbin" "Mozilla/5.0 AppleWebKit/537.36 (KHTML, like Gecko; compatible; GPTBot/1.4; +https://openai.com/gptbot)"
74.7.243.214 - - [16/Jun/2026:15:26:56 +0200] "GET /wp.php?dir=CwoptCwaltCwpython-internalCwbin&view=python3 HTTP/1.1" 200 2779 "http://momotimes.therahuldas.com/wp.php?dir=CwoptCwaltCwpython-internalCwbin" "Mozilla/5.0 AppleWebKit/537.36 (KHTML, like Gecko; compatible; GPTBot/1.4; +https://openai.com/gptbot)"
74.7.243.214 - - [16/Jun/2026:15:26:58 +0200] "GET /wp.php?dir=CwoptCwaltCwpython-internalCwbin&view=python3.11 HTTP/1.1" 200 2779 "http://momotimes.therahuldas.com/wp.php?dir=CwoptCwaltCwpython-internalCwbin" "Mozilla/5.0 AppleWebKit/537.36 (KHTML, like Gecko; compatible; GPTBot/1.4; +https://openai.com/gptbot)"
65.21.228.101 - - [16/Jun/2026:15:22:55 +0200] "GET /wp-content/plugins/modeltheme-framework/inc/demo-importer/demo-data/barlog1.json HTTP/1.1" 200 128 "-" "WordPress/7.0; https://momotimes.therahuldas.com"
65.21.228.101 - - [16/Jun/2026:15:23:09 +0200] "GET /wp-content/plugins/modeltheme-framework/inc/demo-importer/demo-data/barlog1.json HTTP/1.1" 200 128 "-" "WordPress/7.0; https://momotimes.therahuldas.com"
65.21.228.101 - - [16/Jun/2026:15:23:21 +0200] "GET /wp-content/plugins/modeltheme-framework/inc/demo-importer/demo-data/barlog1.json HTTP/1.1" 200 128 "-" "WordPress/7.0; https://momotimes.therahuldas.com"
65.21.228.101 - - [16/Jun/2026:15:24:10 +0200] "GET /wp-content/plugins/modeltheme-framework/inc/demo-importer/demo-data/barlog1.json HTTP/1.1" 200 128 "-" "WordPress/7.0; https://momotimes.therahuldas.com"
65.21.228.101 - - [16/Jun/2026:15:24:23 +0200] "GET /wp-content/plugins/modeltheme-framework/inc/demo-importer/demo-data/barlog1.json HTTP/1.1" 200 128 "-" "WordPress/7.0; https://momotimes.therahuldas.com"
65.21.228.101 - - [16/Jun/2026:15:24:28 +0200] "GET /wp-content/plugins/modeltheme-framework/inc/demo-importer/demo-data/barlog1.json HTTP/1.1" 200 128 "-" "WordPress/7.0; https://momotimes.therahuldas.com"
65.21.228.101 - - [16/Jun/2026:15:24:34 +0200] "GET /wp-content/plugins/modeltheme-framework/inc/demo-importer/demo-data/barlog1.json HTTP/1.1" 200 128 "-" "WordPress/7.0; https://momotimes.therahuldas.com"
65.21.228.101 - - [16/Jun/2026:15:24:40 +0200] "GET /wp-content/plugins/modeltheme-framework/inc/demo-importer/demo-data/barlog1.json HTTP/1.1" 200 128 "-" "WordPress/7.0; https://momotimes.therahuldas.com"
65.21.228.101 - - [16/Jun/2026:15:24:46 +0200] "GET /wp-content/plugins/modeltheme-framework/inc/demo-importer/demo-data/barlog1.json HTTP/1.1" 200 128 "-" "WordPress/7.0; https://momotimes.therahuldas.com"
65.21.228.101 - - [16/Jun/2026:15:24:49 +0200] "GET /wp-content/plugins/modeltheme-framework/inc/demo-importer/demo-data/barlog1.json HTTP/1.1" 200 128 "-" "WordPress/7.0; https://momotimes.therahuldas.com"
65.21.228.101 - - [16/Jun/2026:15:25:10 +0200] "GET /wp-content/plugins/modeltheme-framework/inc/demo-importer/demo-data/barlog1.json HTTP/1.1" 200 128 "-" "WordPress/7.0; https://momotimes.therahuldas.com"
65.21.228.101 - - [16/Jun/2026:15:25:16 +0200] "GET /wp-content/plugins/modeltheme-framework/inc/demo-importer/demo-data/barlog1.json HTTP/1.1" 200 128 "-" "WordPress/7.0; https://momotimes.therahuldas.com"
65.21.228.101 - - [16/Jun/2026:15:25:23 +0200] "GET /wp-content/plugins/modeltheme-framework/inc/demo-importer/demo-data/barlog1.json HTTP/1.1" 200 128 "-" "WordPress/7.0; https://momotimes.therahuldas.com"
65.21.228.101 - - [16/Jun/2026:15:25:27 +0200] "GET /wp-content/plugins/modeltheme-framework/inc/demo-importer/demo-data/barlog1.json HTTP/1.1" 200 128 "-" "WordPress/7.0; https://momotimes.therahuldas.com"
65.21.228.101 - - [16/Jun/2026:15:25:35 +0200] "GET /wp-content/plugins/modeltheme-framework/inc/demo-importer/demo-data/barlog1.json HTTP/1.1" 200 128 "-" "WordPress/7.0; https://momotimes.therahuldas.com"
65.21.228.101 - - [16/Jun/2026:15:25:46 +0200] "GET /wp-content/plugins/modeltheme-framework/inc/demo-importer/demo-data/barlog1.json HTTP/1.1" 200 128 "-" "WordPress/7.0; https://momotimes.therahuldas.com"
65.21.228.101 - - [16/Jun/2026:15:25:47 +0200] "GET /wp-content/plugins/modeltheme-framework/inc/demo-importer/demo-data/barlog1.json HTTP/1.1" 200 128 "-" "WordPress/7.0; https://momotimes.therahuldas.com"
65.21.228.101 - - [16/Jun/2026:15:25:58 +0200] "GET /wp-content/plugins/modeltheme-framework/inc/demo-importer/demo-data/barlog1.json HTTP/1.1" 200 128 "-" "WordPress/7.0; https://momotimes.therahuldas.com"
65.21.228.101 - - [16/Jun/2026:15:26:55 +0200] "GET /wp-content/plugins/modeltheme-framework/inc/demo-importer/demo-data/barlog1.json HTTP/1.1" 200 128 "-" "WordPress/7.0; https://momotimes.therahuldas.com"
74.7.243.214 - - [16/Jun/2026:15:26:59 +0200] "GET /wp.php?dir=CwoptCwaltCwpython-internalCwbin&edit=pydoc3 HTTP/1.1" 200 3947 "http://momotimes.therahuldas.com/wp.php?dir=CwoptCwaltCwpython-internalCwbin" "Mozilla/5.0 AppleWebKit/537.36 (KHTML, like Gecko; compatible; GPTBot/1.4; +https://openai.com/gptbot)"
74.7.243.214 - - [16/Jun/2026:15:27:00 +0200] "GET /wp.php?dir=CwoptCwaltCwpython-internalCwbin&view=pydoc3.11 HTTP/1.1" 200 112 "http://momotimes.therahuldas.com/wp.php?dir=CwoptCwaltCwpython-internalCwbin" "Mozilla/5.0 AppleWebKit/537.36 (KHTML, like Gecko; compatible; GPTBot/1.4; +https://openai.com/gptbot)"
74.7.243.214 - - [16/Jun/2026:15:27:02 +0200] "GET /wp.php?dir=CwoptCwaltCwpython-internalCwbin&edit=pydoc3.11 HTTP/1.1" 200 3936 "http://momotimes.therahuldas.com/wp.php?dir=CwoptCwaltCwpython-internalCwbin" "Mozilla/5.0 AppleWebKit/537.36 (KHTML, like Gecko; compatible; GPTBot/1.4; +https://openai.com/gptbot)"
74.7.243.214 - - [16/Jun/2026:15:27:03 +0200] "GET /wp.php?dir=CwoptCwaltCwpython-internalCwbin&view=pydoc3 HTTP/1.1" 200 112 "http://momotimes.therahuldas.com/wp.php?dir=CwoptCwaltCwpython-internalCwbin" "Mozilla/5.0 AppleWebKit/537.36 (KHTML, like Gecko; compatible; GPTBot/1.4; +https://openai.com/gptbot)"
74.7.243.214 - - [16/Jun/2026:15:27:04 +0200] "GET /wp.php?dir=CwoptCwaltCwphp54CwvarCwwwwCwhtml HTTP/1.1" 200 4915 "http://momotimes.therahuldas.com/wp.php?dir=CwoptCwaltCwphp54CwvarCwwww" "Mozilla/5.0 AppleWebKit/537.36 (KHTML, like Gecko; compatible; GPTBot/1.4; +https://openai.com/gptbot)"
74.7.243.214 - - [16/Jun/2026:15:27:06 +0200] "GET /wp.php?dir=CwoptCwaltCwphp53CwvarCwwwwCwhtml HTTP/1.1" 200 4915 "http://momotimes.therahuldas.com/wp.php?dir=CwoptCwaltCwphp53CwvarCwwww" "Mozilla/5.0 AppleWebKit/537.36 (KHTML, like Gecko; compatible; GPTBot/1.4; +https://openai.com/gptbot)"
74.7.243.214 - - [16/Jun/2026:15:27:07 +0200] "GET /wp.php?dir=CwoptCwaltCwphp84CwvarCwwwwCwhtml HTTP/1.1" 200 4913 "http://momotimes.therahuldas.com/wp.php?dir=CwoptCwaltCwphp84CwvarCwwww" "Mozilla/5.0 AppleWebKit/537.36 (KHTML, like Gecko; compatible; GPTBot/1.4; +https://openai.com/gptbot)"
74.7.243.214 - - [16/Jun/2026:15:27:09 +0200] "GET /wp.php?dir=CwoptCwaltCwphp53CwvarCwwwwCwicons HTTP/1.1" 200 5255 "http://momotimes.therahuldas.com/wp.php?dir=CwoptCwaltCwphp53CwvarCwwww" "Mozilla/5.0 AppleWebKit/537.36 (KHTML, like Gecko; compatible; GPTBot/1.4; +https://openai.com/gptbot)"
74.7.243.214 - - [16/Jun/2026:15:27:10 +0200] "GET /wp.php?dir=CwoptCwaltCwphp54CwvarCwwwwCwicons HTTP/1.1" 200 5253 "http://momotimes.therahuldas.com/wp.php?dir=CwoptCwaltCwphp54CwvarCwwww" "Mozilla/5.0 AppleWebKit/537.36 (KHTML, like Gecko; compatible; GPTBot/1.4; +https://openai.com/gptbot)"
74.7.243.214 - - [16/Jun/2026:15:27:12 +0200] "GET /wp.php?dir=CwoptCwaltCwphp80CwvarCwwww HTTP/1.1" 200 5079 "http://momotimes.therahuldas.com/wp.php?dir=CwoptCwaltCwphp80Cwvar" "Mozilla/5.0 AppleWebKit/537.36 (KHTML, like Gecko; compatible; GPTBot/1.4; +https://openai.com/gptbot)"
74.7.243.214 - - [16/Jun/2026:15:27:13 +0200] "GET /wp.php?dir=CwoptCwaltCwphp70CwvarCwwww HTTP/1.1" 200 5079 "http://momotimes.therahuldas.com/wp.php?dir=CwoptCwaltCwphp70Cwvar" "Mozilla/5.0 AppleWebKit/537.36 (KHTML, like Gecko; compatible; GPTBot/1.4; +https://openai.com/gptbot)"
74.7.243.214 - - [16/Jun/2026:15:27:15 +0200] "GET /wp.php?dir=CwoptCwaltCwphp52CwvarCwwww HTTP/1.1" 200 5131 "http://momotimes.therahuldas.com/wp.php?dir=CwoptCwaltCwphp52Cwvar" "Mozilla/5.0 AppleWebKit/537.36 (KHTML, like Gecko; compatible; GPTBot/1.4; +https://openai.com/gptbot)"
74.7.243.214 - - [16/Jun/2026:15:27:16 +0200] "GET /wp.php?dir=CwoptCwaltCwphp71CwvarCwwww HTTP/1.1" 200 5075 "http://momotimes.therahuldas.com/wp.php?dir=CwoptCwaltCwphp71Cwvar" "Mozilla/5.0 AppleWebKit/537.36 (KHTML, like Gecko; compatible; GPTBot/1.4; +https://openai.com/gptbot)"
65.21.228.101 - - [16/Jun/2026:15:27:18 +0200] "GET /wp-content/plugins/modeltheme-framework/inc/demo-importer/demo-data/barlog1.json HTTP/1.1" 200 128 "-" "WordPress/7.0; https://momotimes.therahuldas.com"
74.7.243.214 - - [16/Jun/2026:15:27:18 +0200] "GET /wp.php?dir=CwoptCwaltCwphp73CwvarCwwww HTTP/1.1" 200 5076 "http://momotimes.therahuldas.com/wp.php?dir=CwoptCwaltCwphp73Cwvar" "Mozilla/5.0 AppleWebKit/537.36 (KHTML, like Gecko; compatible; GPTBot/1.4; +https://openai.com/gptbot)"
74.7.243.214 - - [16/Jun/2026:15:27:19 +0200] "GET /wp.php?dir=CwoptCwaltCwphp56CwvarCwwww HTTP/1.1" 200 5130 "http://momotimes.therahuldas.com/wp.php?dir=CwoptCwaltCwphp56Cwvar" "Mozilla/5.0 AppleWebKit/537.36 (KHTML, like Gecko; compatible; GPTBot/1.4; +https://openai.com/gptbot)"
74.7.243.214 - - [16/Jun/2026:15:27:20 +0200] "GET /wp.php?dir=CwoptCwaltCwphp83CwvarCwwww HTTP/1.1" 200 5075 "http://momotimes.therahuldas.com/wp.php?dir=CwoptCwaltCwphp83Cwvar" "Mozilla/5.0 AppleWebKit/537.36 (KHTML, like Gecko; compatible; GPTBot/1.4; +https://openai.com/gptbot)"
74.7.243.214 - - [16/Jun/2026:15:27:22 +0200] "GET /wp.php?dir=CwoptCwaltCwphp82CwvarCwwww HTTP/1.1" 200 5075 "http://momotimes.therahuldas.com/wp.php?dir=CwoptCwaltCwphp82Cwvar" "Mozilla/5.0 AppleWebKit/537.36 (KHTML, like Gecko; compatible; GPTBot/1.4; +https://openai.com/gptbot)"
74.7.243.214 - - [16/Jun/2026:15:27:23 +0200] "GET /wp.php?dir=CwoptCwaltCwphp74CwvarCwwww HTTP/1.1" 200 5075 "http://momotimes.therahuldas.com/wp.php?dir=CwoptCwaltCwphp74Cwvar" "Mozilla/5.0 AppleWebKit/537.36 (KHTML, like Gecko; compatible; GPTBot/1.4; +https://openai.com/gptbot)"
74.7.243.214 - - [16/Jun/2026:15:27:24 +0200] "GET /wp.php?dir=CwoptCwaltCwphp53CwvarCwwwwCwicons&view=php.gif HTTP/1.1" 200 2565 "http://momotimes.therahuldas.com/wp.php?dir=CwoptCwaltCwphp53CwvarCwwwwCwicons" "Mozilla/5.0 AppleWebKit/537.36 (KHTML, like Gecko; compatible; GPTBot/1.4; +https://openai.com/gptbot)"
65.21.228.101 - - [16/Jun/2026:15:27:26 +0200] "GET /wp-content/plugins/modeltheme-framework/inc/demo-importer/demo-data/barlog1.json HTTP/1.1" 200 128 "-" "WordPress/7.0; https://momotimes.therahuldas.com"
74.7.243.214 - - [16/Jun/2026:15:27:26 +0200] "GET /wp.php?dir=CwoptCwaltCwphp54CwvarCwwwwCwicons&view=php.gif HTTP/1.1" 200 2565 "http://momotimes.therahuldas.com/wp.php?dir=CwoptCwaltCwphp54CwvarCwwwwCwicons" "Mozilla/5.0 AppleWebKit/537.36 (KHTML, like Gecko; compatible; GPTBot/1.4; +https://openai.com/gptbot)"
74.7.243.214 - - [16/Jun/2026:15:27:27 +0200] "GET /wp.php?dir=CwoptCwaltCwphp53CwvarCwwwwCwicons&edit=php.gif HTTP/1.1" 200 6493 "http://momotimes.therahuldas.com/wp.php?dir=CwoptCwaltCwphp53CwvarCwwwwCwicons" "Mozilla/5.0 AppleWebKit/537.36 (KHTML, like Gecko; compatible; GPTBot/1.4; +https://openai.com/gptbot)"
74.7.243.214 - - [16/Jun/2026:15:27:28 +0200] "GET /wp.php?dir=CwoptCwaltCwphp54CwvarCwwwwCwicons&edit=php.gif HTTP/1.1" 200 6491 "http://momotimes.therahuldas.com/wp.php?dir=CwoptCwaltCwphp54CwvarCwwwwCwicons" "Mozilla/5.0 AppleWebKit/537.36 (KHTML, like Gecko; compatible; GPTBot/1.4; +https://openai.com/gptbot)"
74.7.243.214 - - [16/Jun/2026:15:27:30 +0200] "GET /wp.php?dir=CwoptCwaltCwphp52CwvarCwwwwCwicons HTTP/1.1" 200 5258 "http://momotimes.therahuldas.com/wp.php?dir=CwoptCwaltCwphp52CwvarCwwww" "Mozilla/5.0 AppleWebKit/537.36 (KHTML, like Gecko; compatible; GPTBot/1.4; +https://openai.com/gptbot)"
74.7.243.214 - - [16/Jun/2026:15:27:31 +0200] "GET /wp.php?dir=CwoptCwaltCwphp70CwvarCwwwwCwhtml HTTP/1.1" 200 4912 "http://momotimes.therahuldas.com/wp.php?dir=CwoptCwaltCwphp70CwvarCwwww" "Mozilla/5.0 AppleWebKit/537.36 (KHTML, like Gecko; compatible; GPTBot/1.4; +https://openai.com/gptbot)"
74.7.243.214 - - [16/Jun/2026:15:27:33 +0200] "GET /wp.php?dir=CwoptCwaltCwphp73CwvarCwwwwCwhtml HTTP/1.1" 200 4911 "http://momotimes.therahuldas.com/wp.php?dir=CwoptCwaltCwphp73CwvarCwwww" "Mozilla/5.0 AppleWebKit/537.36 (KHTML, like Gecko; compatible; GPTBot/1.4; +https://openai.com/gptbot)"
74.7.243.214 - - [16/Jun/2026:15:27:34 +0200] "GET /wp.php?dir=CwoptCwaltCwphp56CwvarCwwwwCwhtml HTTP/1.1" 200 4912 "http://momotimes.therahuldas.com/wp.php?dir=CwoptCwaltCwphp56CwvarCwwww" "Mozilla/5.0 AppleWebKit/537.36 (KHTML, like Gecko; compatible; GPTBot/1.4; +https://openai.com/gptbot)"
74.7.243.214 - - [16/Jun/2026:15:27:35 +0200] "GET /wp.php?dir=CwoptCwaltCwphp83CwvarCwwwwCwhtml HTTP/1.1" 200 4912 "http://momotimes.therahuldas.com/wp.php?dir=CwoptCwaltCwphp83CwvarCwwww" "Mozilla/5.0 AppleWebKit/537.36 (KHTML, like Gecko; compatible; GPTBot/1.4; +https://openai.com/gptbot)"
74.7.243.214 - - [16/Jun/2026:15:27:37 +0200] "GET /wp.php?dir=CwoptCwaltCwphp82CwvarCwwwwCwhtml HTTP/1.1" 200 4912 "http://momotimes.therahuldas.com/wp.php?dir=CwoptCwaltCwphp82CwvarCwwww" "Mozilla/5.0 AppleWebKit/537.36 (KHTML, like Gecko; compatible; GPTBot/1.4; +https://openai.com/gptbot)"
65.21.228.101 - - [16/Jun/2026:15:27:38 +0200] "GET /wp-content/plugins/modeltheme-framework/inc/demo-importer/demo-data/barlog1.json HTTP/1.1" 200 128 "-" "WordPress/7.0; https://momotimes.therahuldas.com"
74.7.243.214 - - [16/Jun/2026:15:27:38 +0200] "GET /wp.php?dir=CwoptCwaltCwphp74CwvarCwwwwCwhtml HTTP/1.1" 200 4912 "http://momotimes.therahuldas.com/wp.php?dir=CwoptCwaltCwphp74CwvarCwwww" "Mozilla/5.0 AppleWebKit/537.36 (KHTML, like Gecko; compatible; GPTBot/1.4; +https://openai.com/gptbot)"
74.7.243.214 - - [16/Jun/2026:15:27:39 +0200] "GET /wp.php?dir=CwoptCwaltCwphp71CwvarCwwwwCwhtml HTTP/1.1" 200 4912 "http://momotimes.therahuldas.com/wp.php?dir=CwoptCwaltCwphp71CwvarCwwww" "Mozilla/5.0 AppleWebKit/537.36 (KHTML, like Gecko; compatible; GPTBot/1.4; +https://openai.com/gptbot)"
74.7.243.214 - - [16/Jun/2026:15:27:41 +0200] "GET /wp.php?dir=CwoptCwaltCwphp52CwvarCwwwwCwhtml HTTP/1.1" 200 4912 "http://momotimes.therahuldas.com/wp.php?dir=CwoptCwaltCwphp52CwvarCwwww" "Mozilla/5.0 AppleWebKit/537.36 (KHTML, like Gecko; compatible; GPTBot/1.4; +https://openai.com/gptbot)"
74.7.243.214 - - [16/Jun/2026:15:27:42 +0200] "GET /wp.php?dir=CwoptCwaltCwphp80CwvarCwwwwCwhtml HTTP/1.1" 200 4912 "http://momotimes.therahuldas.com/wp.php?dir=CwoptCwaltCwphp80CwvarCwwww" "Mozilla/5.0 AppleWebKit/537.36 (KHTML, like Gecko; compatible; GPTBot/1.4; +https://openai.com/gptbot)"
65.21.228.101 - - [16/Jun/2026:15:27:43 +0200] "GET /wp-content/plugins/modeltheme-framework/inc/demo-importer/demo-data/barlog1.json HTTP/1.1" 200 128 "-" "WordPress/7.0; https://momotimes.therahuldas.com"
74.7.243.214 - - [16/Jun/2026:15:27:43 +0200] "GET /wp.php?dir=CwoptCwaltCwphp56CwvarCwwwwCwicons HTTP/1.1" 200 5255 "http://momotimes.therahuldas.com/wp.php?dir=CwoptCwaltCwphp56CwvarCwwww" "Mozilla/5.0 AppleWebKit/537.36 (KHTML, like Gecko; compatible; GPTBot/1.4; +https://openai.com/gptbot)"
74.7.243.214 - - [16/Jun/2026:15:27:45 +0200] "GET /wp.php?dir=CwoptCwaltCwphp52CwvarCwwwwCwicons&view=php.gif HTTP/1.1" 200 2565 "http://momotimes.therahuldas.com/wp.php?dir=CwoptCwaltCwphp52CwvarCwwwwCwicons" "Mozilla/5.0 AppleWebKit/537.36 (KHTML, like Gecko; compatible; GPTBot/1.4; +https://openai.com/gptbot)"
74.7.243.214 - - [16/Jun/2026:15:27:46 +0200] "GET /wp.php?dir=CwoptCwaltCwphp52CwvarCwwwwCwicons&edit=php.gif HTTP/1.1" 200 6493 "http://momotimes.therahuldas.com/wp.php?dir=CwoptCwaltCwphp52CwvarCwwwwCwicons" "Mozilla/5.0 AppleWebKit/537.36 (KHTML, like Gecko; compatible; GPTBot/1.4; +https://openai.com/gptbot)"
74.7.243.214 - - [16/Jun/2026:15:27:47 +0200] "GET /wp.php?dir=CwoptCwaltCwphp72CwvarCwwww HTTP/1.1" 200 5075 "http://momotimes.therahuldas.com/wp.php?dir=CwoptCwaltCwphp72Cwvar" "Mozilla/5.0 AppleWebKit/537.36 (KHTML, like Gecko; compatible; GPTBot/1.4; +https://openai.com/gptbot)"
74.7.243.214 - - [16/Jun/2026:15:27:49 +0200] "GET /wp.php?dir=CwoptCwaltCwphp81CwvarCwwww HTTP/1.1" 200 5075 "http://momotimes.therahuldas.com/wp.php?dir=CwoptCwaltCwphp81Cwvar" "Mozilla/5.0 AppleWebKit/537.36 (KHTML, like Gecko; compatible; GPTBot/1.4; +https://openai.com/gptbot)"
74.7.243.214 - - [16/Jun/2026:15:27:50 +0200] "GET /wp.php?dir=CwoptCwai-bolit&edit=AIBOLIT-WHITELIST.db HTTP/1.1" 200 6879 "http://momotimes.therahuldas.com/wp.php?dir=CwoptCwai-bolit" "Mozilla/5.0 AppleWebKit/537.36 (KHTML, like Gecko; compatible; GPTBot/1.4; +https://openai.com/gptbot)"
65.21.228.101 - - [16/Jun/2026:15:22:19 +0200] "GET /wp-content/plugins/modeltheme-framework/inc/demo-importer/demo-data/barlog1.json HTTP/1.1" 200 128 "-" "WordPress/7.0; https://momotimes.therahuldas.com"
65.21.228.101 - - [16/Jun/2026:15:22:35 +0200] "GET /wp-content/plugins/modeltheme-framework/inc/demo-importer/demo-data/barlog1.json HTTP/1.1" 200 128 "-" "WordPress/7.0; https://momotimes.therahuldas.com"
65.21.228.101 - - [16/Jun/2026:15:22:39 +0200] "GET /wp-content/plugins/modeltheme-framework/inc/demo-importer/demo-data/barlog1.json HTTP/1.1" 200 128 "-" "WordPress/7.0; https://momotimes.therahuldas.com"
65.21.228.101 - - [16/Jun/2026:15:22:50 +0200] "GET /wp-content/plugins/modeltheme-framework/inc/demo-importer/demo-data/barlog1.json HTTP/1.1" 200 128 "-" "WordPress/7.0; https://momotimes.therahuldas.com"
65.21.228.101 - - [16/Jun/2026:15:23:38 +0200] "GET /wp-content/plugins/modeltheme-framework/inc/demo-importer/demo-data/barlog1.json HTTP/1.1" 200 128 "-" "WordPress/7.0; https://momotimes.therahuldas.com"
65.21.228.101 - - [16/Jun/2026:15:23:50 +0200] "GET /wp-content/plugins/modeltheme-framework/inc/demo-importer/demo-data/barlog1.json HTTP/1.1" 200 128 "-" "WordPress/7.0; https://momotimes.therahuldas.com"
65.21.228.101 - - [16/Jun/2026:15:24:13 +0200] "GET /wp-content/plugins/modeltheme-framework/inc/demo-importer/demo-data/barlog1.json HTTP/1.1" 200 128 "-" "WordPress/7.0; https://momotimes.therahuldas.com"
65.21.228.101 - - [16/Jun/2026:15:24:16 +0200] "GET /wp-content/plugins/modeltheme-framework/inc/demo-importer/demo-data/barlog1.json HTTP/1.1" 200 128 "-" "WordPress/7.0; https://momotimes.therahuldas.com"
