74.7.243.214 - - [16/Jun/2026:15:14:11 +0200] "GET /wp.php?dir=CwoptCwaltCwphp81Cwetc&view=pear.conf HTTP/1.1" 200 484 "http://momotimes.therahuldas.com/wp.php?dir=CwoptCwaltCwphp81Cwetc" "Mozilla/5.0 AppleWebKit/537.36 (KHTML, like Gecko; compatible; GPTBot/1.4; +https://openai.com/gptbot)"
74.7.243.214 - - [16/Jun/2026:15:14:13 +0200] "GET /wp.php?dir=CwoptCwaltCwphp74Cwetc&view=pear.conf HTTP/1.1" 200 485 "http://momotimes.therahuldas.com/wp.php?dir=CwoptCwaltCwphp74Cwetc" "Mozilla/5.0 AppleWebKit/537.36 (KHTML, like Gecko; compatible; GPTBot/1.4; +https://openai.com/gptbot)"
74.7.243.214 - - [16/Jun/2026:15:14:14 +0200] "GET /wp.php?dir=CwoptCwaltCwphp83Cwetc&view=pear.conf HTTP/1.1" 200 484 "http://momotimes.therahuldas.com/wp.php?dir=CwoptCwaltCwphp83Cwetc" "Mozilla/5.0 AppleWebKit/537.36 (KHTML, like Gecko; compatible; GPTBot/1.4; +https://openai.com/gptbot)"
74.7.243.214 - - [16/Jun/2026:15:14:15 +0200] "GET /wp.php?dir=CwoptCwaltCwphp54Cwetc&view=pear.conf HTTP/1.1" 200 485 "http://momotimes.therahuldas.com/wp.php?dir=CwoptCwaltCwphp54Cwetc" "Mozilla/5.0 AppleWebKit/537.36 (KHTML, like Gecko; compatible; GPTBot/1.4; +https://openai.com/gptbot)"
74.7.243.214 - - [16/Jun/2026:15:14:16 +0200] "GET /wp.php?dir=CwoptCwaltCwphp71Cwetc&view=pear.conf HTTP/1.1" 200 484 "http://momotimes.therahuldas.com/wp.php?dir=CwoptCwaltCwphp71Cwetc" "Mozilla/5.0 AppleWebKit/537.36 (KHTML, like Gecko; compatible; GPTBot/1.4; +https://openai.com/gptbot)"
74.7.243.214 - - [16/Jun/2026:15:14:17 +0200] "GET /wp.php?dir=CwoptCwaltCwphp84Cwetc&view=pear.conf HTTP/1.1" 200 485 "http://momotimes.therahuldas.com/wp.php?dir=CwoptCwaltCwphp84Cwetc" "Mozilla/5.0 AppleWebKit/537.36 (KHTML, like Gecko; compatible; GPTBot/1.4; +https://openai.com/gptbot)"
74.7.243.214 - - [16/Jun/2026:15:14:18 +0200] "GET /wp.php?dir=CwoptCwaltCwphp80Cwetc&view=pear.conf HTTP/1.1" 200 484 "http://momotimes.therahuldas.com/wp.php?dir=CwoptCwaltCwphp80Cwetc" "Mozilla/5.0 AppleWebKit/537.36 (KHTML, like Gecko; compatible; GPTBot/1.4; +https://openai.com/gptbot)"
74.7.243.214 - - [16/Jun/2026:15:14:20 +0200] "GET /wp.php?dir=CwoptCwaltCwphp82Cwetc&view=pear.conf HTTP/1.1" 200 484 "http://momotimes.therahuldas.com/wp.php?dir=CwoptCwaltCwphp82Cwetc" "Mozilla/5.0 AppleWebKit/537.36 (KHTML, like Gecko; compatible; GPTBot/1.4; +https://openai.com/gptbot)"
74.7.243.214 - - [16/Jun/2026:15:14:21 +0200] "GET /'%20.%20$this-%3EphpTag%20%20%20%20%20%20%20%20%20%20%20%20.%20'%20echo%20$this-%3EgetCanonicalUrl();?%3E HTTP/1.1" 301 0 "http://momotimes.therahuldas.com/wp.php?dir=CwoptCwclwpos&view=wp-cli" "Mozilla/5.0 AppleWebKit/537.36 (KHTML, like Gecko; compatible; GPTBot/1.4; +https://openai.com/gptbot)"
74.7.243.214 - - [16/Jun/2026:15:14:21 +0200] "GET /%20.%20this-%3EphpTag%20%20%20%20%20%20%20%20%20%20%20%20.%20%20echo%20this-%3EgetCanonicalUrl?%3E HTTP/1.1" 403 787 "http://momotimes.therahuldas.com/'%20.%20$this-%3EphpTag%20%20%20%20%20%20%20%20%20%20%20%20.%20'%20echo%20$this-%3EgetCanonicalUrl();?%3E" "Mozilla/5.0 AppleWebKit/537.36 (KHTML, like Gecko; compatible; GPTBot/1.4; +https://openai.com/gptbot)"
74.7.243.214 - - [16/Jun/2026:15:14:22 +0200] "GET /wp.php?dir=CwoptCwaltCwpython-internal HTTP/1.1" 200 5227 "http://momotimes.therahuldas.com/wp.php?dir=CwoptCwalt" "Mozilla/5.0 AppleWebKit/537.36 (KHTML, like Gecko; compatible; GPTBot/1.4; +https://openai.com/gptbot)"
74.7.243.214 - - [16/Jun/2026:15:14:23 +0200] "GET /wp.php?dir=CwoptCwaltCwredisCwetc&edit=redis-sentinel.conf HTTP/1.1" 200 5444 "http://momotimes.therahuldas.com/wp.php?dir=CwoptCwaltCwredisCwetc" "Mozilla/5.0 AppleWebKit/537.36 (KHTML, like Gecko; compatible; GPTBot/1.4; +https://openai.com/gptbot)"
74.7.243.214 - - [16/Jun/2026:15:14:24 +0200] "GET /wp.php?dir=CwoptCwaltCwalt-nodejs11 HTTP/1.1" 200 5272 "http://momotimes.therahuldas.com/wp.php?dir=CwoptCwalt" "Mozilla/5.0 AppleWebKit/537.36 (KHTML, like Gecko; compatible; GPTBot/1.4; +https://openai.com/gptbot)"
74.7.243.214 - - [16/Jun/2026:15:14:26 +0200] "GET /wp.php?dir=CwoptCwaltCwalt-nodejs19 HTTP/1.1" 200 5276 "http://momotimes.therahuldas.com/wp.php?dir=CwoptCwalt" "Mozilla/5.0 AppleWebKit/537.36 (KHTML, like Gecko; compatible; GPTBot/1.4; +https://openai.com/gptbot)"
65.21.228.101 - - [16/Jun/2026:15:14:27 +0200] "GET /wp-content/plugins/modeltheme-framework/inc/demo-importer/demo-data/barlog1.json HTTP/1.1" 200 128 "-" "WordPress/7.0; https://momotimes.therahuldas.com"
74.7.243.214 - - [16/Jun/2026:15:14:27 +0200] "GET /wp.php?dir=CwoptCwaltCwalt-nodejs10 HTTP/1.1" 200 5270 "http://momotimes.therahuldas.com/wp.php?dir=CwoptCwalt" "Mozilla/5.0 AppleWebKit/537.36 (KHTML, like Gecko; compatible; GPTBot/1.4; +https://openai.com/gptbot)"
74.7.243.214 - - [16/Jun/2026:15:14:28 +0200] "GET /wp.php?dir=CwoptCwaltCwalt-nodejs12 HTTP/1.1" 200 5273 "http://momotimes.therahuldas.com/wp.php?dir=CwoptCwalt" "Mozilla/5.0 AppleWebKit/537.36 (KHTML, like Gecko; compatible; GPTBot/1.4; +https://openai.com/gptbot)"
74.7.243.214 - - [16/Jun/2026:15:14:29 +0200] "GET /wp.php?dir=CwoptCwaltCwalt-nodejs18 HTTP/1.1" 200 5274 "http://momotimes.therahuldas.com/wp.php?dir=CwoptCwalt" "Mozilla/5.0 AppleWebKit/537.36 (KHTML, like Gecko; compatible; GPTBot/1.4; +https://openai.com/gptbot)"
74.7.243.214 - - [16/Jun/2026:15:14:30 +0200] "GET /wp.php?dir=CwoptCwaltCwalt-nodejs20 HTTP/1.1" 200 5271 "http://momotimes.therahuldas.com/wp.php?dir=CwoptCwalt" "Mozilla/5.0 AppleWebKit/537.36 (KHTML, like Gecko; compatible; GPTBot/1.4; +https://openai.com/gptbot)"
65.21.228.101 - - [16/Jun/2026:15:14:32 +0200] "GET /wp-content/plugins/modeltheme-framework/inc/demo-importer/demo-data/barlog1.json HTTP/1.1" 200 128 "-" "WordPress/7.0; https://momotimes.therahuldas.com"
74.7.243.214 - - [16/Jun/2026:15:14:32 +0200] "GET /wp.php?dir=CwoptCwaltCwalt-nodejs22 HTTP/1.1" 200 5271 "http://momotimes.therahuldas.com/wp.php?dir=CwoptCwalt" "Mozilla/5.0 AppleWebKit/537.36 (KHTML, like Gecko; compatible; GPTBot/1.4; +https://openai.com/gptbot)"
74.7.243.214 - - [16/Jun/2026:15:14:33 +0200] "GET /wp.php?dir=CwoptCwaltCwalt-nodejs14 HTTP/1.1" 200 5271 "http://momotimes.therahuldas.com/wp.php?dir=CwoptCwalt" "Mozilla/5.0 AppleWebKit/537.36 (KHTML, like Gecko; compatible; GPTBot/1.4; +https://openai.com/gptbot)"
65.21.228.101 - - [16/Jun/2026:15:11:45 +0200] "GET /wp-content/plugins/modeltheme-framework/inc/demo-importer/demo-data/barlog1.json HTTP/1.1" 200 128 "-" "WordPress/7.0; https://momotimes.therahuldas.com"
65.21.228.101 - - [16/Jun/2026:15:11:53 +0200] "GET /wp-content/plugins/modeltheme-framework/inc/demo-importer/demo-data/barlog1.json HTTP/1.1" 200 128 "-" "WordPress/7.0; https://momotimes.therahuldas.com"
65.21.228.101 - - [16/Jun/2026:15:11:57 +0200] "GET /wp-content/plugins/modeltheme-framework/inc/demo-importer/demo-data/barlog1.json HTTP/1.1" 200 128 "-" "WordPress/7.0; https://momotimes.therahuldas.com"
65.21.228.101 - - [16/Jun/2026:15:12:02 +0200] "GET /wp-content/plugins/modeltheme-framework/inc/demo-importer/demo-data/barlog1.json HTTP/1.1" 200 128 "-" "WordPress/7.0; https://momotimes.therahuldas.com"
65.21.228.101 - - [16/Jun/2026:15:12:17 +0200] "GET /wp-content/plugins/modeltheme-framework/inc/demo-importer/demo-data/barlog1.json HTTP/1.1" 200 128 "-" "WordPress/7.0; https://momotimes.therahuldas.com"
65.21.228.101 - - [16/Jun/2026:15:12:35 +0200] "GET /wp-content/plugins/modeltheme-framework/inc/demo-importer/demo-data/barlog1.json HTTP/1.1" 200 128 "-" "WordPress/7.0; https://momotimes.therahuldas.com"
65.21.228.101 - - [16/Jun/2026:15:12:38 +0200] "GET /wp-content/plugins/modeltheme-framework/inc/demo-importer/demo-data/barlog1.json HTTP/1.1" 200 128 "-" "WordPress/7.0; https://momotimes.therahuldas.com"
65.21.228.101 - - [16/Jun/2026:15:12:43 +0200] "GET /wp-content/plugins/modeltheme-framework/inc/demo-importer/demo-data/barlog1.json HTTP/1.1" 200 128 "-" "WordPress/7.0; https://momotimes.therahuldas.com"
65.21.228.101 - - [16/Jun/2026:15:12:44 +0200] "GET /wp-content/plugins/modeltheme-framework/inc/demo-importer/demo-data/barlog1.json HTTP/1.1" 200 128 "-" "WordPress/7.0; https://momotimes.therahuldas.com"
65.21.228.101 - - [16/Jun/2026:15:13:12 +0200] "GET /wp-content/plugins/modeltheme-framework/inc/demo-importer/demo-data/barlog1.json HTTP/1.1" 200 128 "-" "WordPress/7.0; https://momotimes.therahuldas.com"
65.21.228.101 - - [16/Jun/2026:15:13:20 +0200] "GET /wp-content/plugins/modeltheme-framework/inc/demo-importer/demo-data/barlog1.json HTTP/1.1" 200 128 "-" "WordPress/7.0; https://momotimes.therahuldas.com"
65.21.228.101 - - [16/Jun/2026:15:13:23 +0200] "GET /wp-content/plugins/modeltheme-framework/inc/demo-importer/demo-data/barlog1.json HTTP/1.1" 200 128 "-" "WordPress/7.0; https://momotimes.therahuldas.com"
65.21.228.101 - - [16/Jun/2026:15:13:25 +0200] "GET /wp-content/plugins/modeltheme-framework/inc/demo-importer/demo-data/barlog1.json HTTP/1.1" 200 128 "-" "WordPress/7.0; https://momotimes.therahuldas.com"
65.21.228.101 - - [16/Jun/2026:15:13:54 +0200] "GET /wp-content/plugins/modeltheme-framework/inc/demo-importer/demo-data/barlog1.json HTTP/1.1" 200 128 "-" "WordPress/7.0; https://momotimes.therahuldas.com"
65.21.228.101 - - [16/Jun/2026:15:14:00 +0200] "GET /wp-content/plugins/modeltheme-framework/inc/demo-importer/demo-data/barlog1.json HTTP/1.1" 200 128 "-" "WordPress/7.0; https://momotimes.therahuldas.com"
65.21.228.101 - - [16/Jun/2026:15:14:04 +0200] "GET /wp-content/plugins/modeltheme-framework/inc/demo-importer/demo-data/barlog1.json HTTP/1.1" 200 128 "-" "WordPress/7.0; https://momotimes.therahuldas.com"
65.21.228.101 - - [16/Jun/2026:15:14:10 +0200] "GET /wp-content/plugins/modeltheme-framework/inc/demo-importer/demo-data/barlog1.json HTTP/1.1" 200 128 "-" "WordPress/7.0; https://momotimes.therahuldas.com"
65.21.228.101 - - [16/Jun/2026:15:14:16 +0200] "GET /wp-content/plugins/modeltheme-framework/inc/demo-importer/demo-data/barlog1.json HTTP/1.1" 200 128 "-" "WordPress/7.0; https://momotimes.therahuldas.com"
65.21.228.101 - - [16/Jun/2026:15:14:33 +0200] "GET /wp-content/plugins/modeltheme-framework/inc/demo-importer/demo-data/barlog1.json HTTP/1.1" 200 128 "-" "WordPress/7.0; https://momotimes.therahuldas.com"
74.7.243.214 - - [16/Jun/2026:15:14:34 +0200] "GET /wp.php?dir=CwoptCwaltCwalt-nodejs16 HTTP/1.1" 200 5271 "http://momotimes.therahuldas.com/wp.php?dir=CwoptCwalt" "Mozilla/5.0 AppleWebKit/537.36 (KHTML, like Gecko; compatible; GPTBot/1.4; +https://openai.com/gptbot)"
74.7.243.214 - - [16/Jun/2026:15:14:35 +0200] "GET /wp.php?dir=CwoptCwcpanelCwea-php84 HTTP/1.1" 200 5273 "http://momotimes.therahuldas.com/wp.php?dir=CwoptCwcpanel" "Mozilla/5.0 AppleWebKit/537.36 (KHTML, like Gecko; compatible; GPTBot/1.4; +https://openai.com/gptbot)"
74.7.243.214 - - [16/Jun/2026:15:14:37 +0200] "GET /wp.php?dir=CwoptCwcpanelCwea-php56 HTTP/1.1" 200 5279 "http://momotimes.therahuldas.com/wp.php?dir=CwoptCwcpanel" "Mozilla/5.0 AppleWebKit/537.36 (KHTML, like Gecko; compatible; GPTBot/1.4; +https://openai.com/gptbot)"
74.7.243.214 - - [16/Jun/2026:15:14:38 +0200] "GET /wp.php?dir=CwoptCwaltCwalt-nodejs11&view=enable HTTP/1.1" 200 227 "http://momotimes.therahuldas.com/wp.php?dir=CwoptCwaltCwalt-nodejs11" "Mozilla/5.0 AppleWebKit/537.36 (KHTML, like Gecko; compatible; GPTBot/1.4; +https://openai.com/gptbot)"
65.21.228.101 - - [16/Jun/2026:15:14:39 +0200] "GET /wp-content/plugins/modeltheme-framework/inc/demo-importer/demo-data/barlog1.json HTTP/1.1" 200 128 "-" "WordPress/7.0; https://momotimes.therahuldas.com"
74.7.243.214 - - [16/Jun/2026:15:14:39 +0200] "GET /wp.php?dir=CwoptCwaltCwalt-nodejs19&view=enable HTTP/1.1" 200 216 "http://momotimes.therahuldas.com/wp.php?dir=CwoptCwaltCwalt-nodejs19" "Mozilla/5.0 AppleWebKit/537.36 (KHTML, like Gecko; compatible; GPTBot/1.4; +https://openai.com/gptbot)"
74.7.243.214 - - [16/Jun/2026:15:14:40 +0200] "GET /wp.php?dir=CwoptCwaltCwalt-nodejs10&view=enable HTTP/1.1" 200 226 "http://momotimes.therahuldas.com/wp.php?dir=CwoptCwaltCwalt-nodejs10" "Mozilla/5.0 AppleWebKit/537.36 (KHTML, like Gecko; compatible; GPTBot/1.4; +https://openai.com/gptbot)"
74.7.243.214 - - [16/Jun/2026:15:14:42 +0200] "GET /wp.php?dir=CwoptCwaltCwalt-nodejs12&view=enable HTTP/1.1" 200 227 "http://momotimes.therahuldas.com/wp.php?dir=CwoptCwaltCwalt-nodejs12" "Mozilla/5.0 AppleWebKit/537.36 (KHTML, like Gecko; compatible; GPTBot/1.4; +https://openai.com/gptbot)"
74.7.243.214 - - [16/Jun/2026:15:14:43 +0200] "GET /wp.php?dir=CwoptCwaltCwalt-nodejs18&view=enable HTTP/1.1" 200 216 "http://momotimes.therahuldas.com/wp.php?dir=CwoptCwaltCwalt-nodejs18" "Mozilla/5.0 AppleWebKit/537.36 (KHTML, like Gecko; compatible; GPTBot/1.4; +https://openai.com/gptbot)"
74.7.243.214 - - [16/Jun/2026:15:14:44 +0200] "GET /wp.php?dir=CwoptCwaltCwalt-nodejs20&view=enable HTTP/1.1" 200 214 "http://momotimes.therahuldas.com/wp.php?dir=CwoptCwaltCwalt-nodejs20" "Mozilla/5.0 AppleWebKit/537.36 (KHTML, like Gecko; compatible; GPTBot/1.4; +https://openai.com/gptbot)"
74.7.243.214 - - [16/Jun/2026:15:14:45 +0200] "GET /wp.php?dir=CwoptCwaltCwalt-nodejs22&view=enable HTTP/1.1" 200 214 "http://momotimes.therahuldas.com/wp.php?dir=CwoptCwaltCwalt-nodejs22" "Mozilla/5.0 AppleWebKit/537.36 (KHTML, like Gecko; compatible; GPTBot/1.4; +https://openai.com/gptbot)"
74.7.243.214 - - [16/Jun/2026:15:14:47 +0200] "GET /wp.php?dir=CwoptCwaltCwalt-nodejs14&download=enable HTTP/1.1" 200 227 "http://momotimes.therahuldas.com/wp.php?dir=CwoptCwaltCwalt-nodejs14" "Mozilla/5.0 AppleWebKit/537.36 (KHTML, like Gecko; compatible; GPTBot/1.4; +https://openai.com/gptbot)"
74.7.243.214 - - [16/Jun/2026:15:14:48 +0200] "GET /wp.php?dir=CwoptCwaltCwalt-nodejs16&edit=enable HTTP/1.1" 200 4001 "http://momotimes.therahuldas.com/wp.php?dir=CwoptCwaltCwalt-nodejs16" "Mozilla/5.0 AppleWebKit/537.36 (KHTML, like Gecko; compatible; GPTBot/1.4; +https://openai.com/gptbot)"
74.7.243.214 - - [16/Jun/2026:15:14:49 +0200] "GET /wp.php?dir=CwoptCwaltCwalt-nodejs14&view=enable HTTP/1.1" 200 227 "http://momotimes.therahuldas.com/wp.php?dir=CwoptCwaltCwalt-nodejs14" "Mozilla/5.0 AppleWebKit/537.36 (KHTML, like Gecko; compatible; GPTBot/1.4; +https://openai.com/gptbot)"
74.7.243.214 - - [16/Jun/2026:15:14:50 +0200] "GET /wp.php?dir=CwoptCwaltCwalt-nodejs16&view=enable HTTP/1.1" 200 216 "http://momotimes.therahuldas.com/wp.php?dir=CwoptCwaltCwalt-nodejs16" "Mozilla/5.0 AppleWebKit/537.36 (KHTML, like Gecko; compatible; GPTBot/1.4; +https://openai.com/gptbot)"
74.7.243.214 - - [16/Jun/2026:15:14:52 +0200] "GET /wp.php?dir=CwoptCwaltCwalt-nodejs22&edit=enable HTTP/1.1" 200 4001 "http://momotimes.therahuldas.com/wp.php?dir=CwoptCwaltCwalt-nodejs22" "Mozilla/5.0 AppleWebKit/537.36 (KHTML, like Gecko; compatible; GPTBot/1.4; +https://openai.com/gptbot)"
65.21.228.101 - - [16/Jun/2026:15:14:53 +0200] "GET /wp-content/plugins/modeltheme-framework/inc/demo-importer/demo-data/barlog1.json HTTP/1.1" 200 128 "-" "WordPress/7.0; https://momotimes.therahuldas.com"
74.7.243.214 - - [16/Jun/2026:15:14:53 +0200] "GET /wp.php?dir=CwoptCwaltCwalt-nodejs11&edit=enable HTTP/1.1" 200 4015 "http://momotimes.therahuldas.com/wp.php?dir=CwoptCwaltCwalt-nodejs11" "Mozilla/5.0 AppleWebKit/537.36 (KHTML, like Gecko; compatible; GPTBot/1.4; +https://openai.com/gptbot)"
65.21.228.101 - - [16/Jun/2026:15:14:54 +0200] "GET /wp-content/plugins/modeltheme-framework/inc/demo-importer/demo-data/barlog1.json HTTP/1.1" 200 128 "-" "WordPress/7.0; https://momotimes.therahuldas.com"
74.7.243.214 - - [16/Jun/2026:15:14:54 +0200] "GET /wp.php?dir=CwoptCwaltCwalt-nodejs20&edit=enable HTTP/1.1" 200 4001 "http://momotimes.therahuldas.com/wp.php?dir=CwoptCwaltCwalt-nodejs20" "Mozilla/5.0 AppleWebKit/537.36 (KHTML, like Gecko; compatible; GPTBot/1.4; +https://openai.com/gptbot)"
74.7.243.214 - - [16/Jun/2026:15:14:55 +0200] "GET /wp.php?dir=CwoptCwaltCwalt-nodejs10&edit=enable HTTP/1.1" 200 4014 "http://momotimes.therahuldas.com/wp.php?dir=CwoptCwaltCwalt-nodejs10" "Mozilla/5.0 AppleWebKit/537.36 (KHTML, like Gecko; compatible; GPTBot/1.4; +https://openai.com/gptbot)"
74.7.243.214 - - [16/Jun/2026:15:14:57 +0200] "GET /wp.php?dir=CwoptCwaltCwalt-nodejs19&edit=enable HTTP/1.1" 200 4002 "http://momotimes.therahuldas.com/wp.php?dir=CwoptCwaltCwalt-nodejs19" "Mozilla/5.0 AppleWebKit/537.36 (KHTML, like Gecko; compatible; GPTBot/1.4; +https://openai.com/gptbot)"
74.7.243.214 - - [16/Jun/2026:15:14:58 +0200] "GET /wp.php?dir=CwoptCwaltCwalt-nodejs12&edit=enable HTTP/1.1" 200 4015 "http://momotimes.therahuldas.com/wp.php?dir=CwoptCwaltCwalt-nodejs12" "Mozilla/5.0 AppleWebKit/537.36 (KHTML, like Gecko; compatible; GPTBot/1.4; +https://openai.com/gptbot)"
74.7.243.214 - - [16/Jun/2026:15:14:59 +0200] "GET /wp.php?dir=CwoptCwaltCwalt-nodejs14&edit=enable HTTP/1.1" 200 4016 "http://momotimes.therahuldas.com/wp.php?dir=CwoptCwaltCwalt-nodejs14" "Mozilla/5.0 AppleWebKit/537.36 (KHTML, like Gecko; compatible; GPTBot/1.4; +https://openai.com/gptbot)"
74.7.243.214 - - [16/Jun/2026:15:15:00 +0200] "GET /wp.php?dir=CwoptCwaltCwalt-nodejs18&edit=enable HTTP/1.1" 200 4002 "http://momotimes.therahuldas.com/wp.php?dir=CwoptCwaltCwalt-nodejs18" "Mozilla/5.0 AppleWebKit/537.36 (KHTML, like Gecko; compatible; GPTBot/1.4; +https://openai.com/gptbot)"
74.7.243.214 - - [16/Jun/2026:15:15:01 +0200] "GET /wp.php?dir=CwoptCwcpanelCwea-php56&edit=enable HTTP/1.1" 200 3918 "http://momotimes.therahuldas.com/wp.php?dir=CwoptCwcpanelCwea-php56" "Mozilla/5.0 AppleWebKit/537.36 (KHTML, like Gecko; compatible; GPTBot/1.4; +https://openai.com/gptbot)"
65.21.228.101 - - [16/Jun/2026:15:15:03 +0200] "GET /wp-content/plugins/modeltheme-framework/inc/demo-importer/demo-data/barlog1.json HTTP/1.1" 200 128 "-" "WordPress/7.0; https://momotimes.therahuldas.com"
74.7.243.214 - - [16/Jun/2026:15:15:03 +0200] "GET /wp.php?dir=CwoptCwcpanelCwea-php84&edit=enable HTTP/1.1" 200 3918 "http://momotimes.therahuldas.com/wp.php?dir=CwoptCwcpanelCwea-php84" "Mozilla/5.0 AppleWebKit/537.36 (KHTML, like Gecko; compatible; GPTBot/1.4; +https://openai.com/gptbot)"
74.7.243.214 - - [16/Jun/2026:15:15:04 +0200] "GET /wp.php?dir=CwoptCwcpanelCwea-php80 HTTP/1.1" 200 5279 "http://momotimes.therahuldas.com/wp.php?dir=CwoptCwcpanel" "Mozilla/5.0 AppleWebKit/537.36 (KHTML, like Gecko; compatible; GPTBot/1.4; +https://openai.com/gptbot)"
65.21.228.101 - - [16/Jun/2026:15:15:05 +0200] "GET /wp-content/plugins/modeltheme-framework/inc/demo-importer/demo-data/barlog1.json HTTP/1.1" 200 128 "-" "WordPress/7.0; https://momotimes.therahuldas.com"
74.7.243.214 - - [16/Jun/2026:15:15:05 +0200] "GET /wp.php?dir=CwoptCwcpanelCwea-php74 HTTP/1.1" 200 5281 "http://momotimes.therahuldas.com/wp.php?dir=CwoptCwcpanel" "Mozilla/5.0 AppleWebKit/537.36 (KHTML, like Gecko; compatible; GPTBot/1.4; +https://openai.com/gptbot)"
74.7.243.214 - - [16/Jun/2026:15:15:06 +0200] "GET /wp.php?dir=CwoptCwcpanelCwea-php70 HTTP/1.1" 200 5279 "http://momotimes.therahuldas.com/wp.php?dir=CwoptCwcpanel" "Mozilla/5.0 AppleWebKit/537.36 (KHTML, like Gecko; compatible; GPTBot/1.4; +https://openai.com/gptbot)"
65.21.228.101 - - [16/Jun/2026:15:15:07 +0200] "GET /wp-content/plugins/modeltheme-framework/inc/demo-importer/demo-data/barlog1.json HTTP/1.1" 200 128 "-" "WordPress/7.0; https://momotimes.therahuldas.com"
74.7.243.214 - - [16/Jun/2026:15:15:07 +0200] "GET /wp.php?dir=CwoptCwcpanelCwea-php72 HTTP/1.1" 200 5279 "http://momotimes.therahuldas.com/wp.php?dir=CwoptCwcpanel" "Mozilla/5.0 AppleWebKit/537.36 (KHTML, like Gecko; compatible; GPTBot/1.4; +https://openai.com/gptbot)"
74.7.243.214 - - [16/Jun/2026:15:15:08 +0200] "GET /wp.php?dir=CwoptCwcpanelCwea-php83 HTTP/1.1" 200 5274 "http://momotimes.therahuldas.com/wp.php?dir=CwoptCwcpanel" "Mozilla/5.0 AppleWebKit/537.36 (KHTML, like Gecko; compatible; GPTBot/1.4; +https://openai.com/gptbot)"
74.7.243.214 - - [16/Jun/2026:15:15:10 +0200] "GET /wp.php?dir=CwoptCwcpanelCwea-php73 HTTP/1.1" 200 5279 "http://momotimes.therahuldas.com/wp.php?dir=CwoptCwcpanel" "Mozilla/5.0 AppleWebKit/537.36 (KHTML, like Gecko; compatible; GPTBot/1.4; +https://openai.com/gptbot)"
74.7.243.214 - - [16/Jun/2026:15:15:11 +0200] "GET /wp.php?dir=CwoptCwcpanelCwea-php82 HTTP/1.1" 200 5275 "http://momotimes.therahuldas.com/wp.php?dir=CwoptCwcpanel" "Mozilla/5.0 AppleWebKit/537.36 (KHTML, like Gecko; compatible; GPTBot/1.4; +https://openai.com/gptbot)"
65.21.228.101 - - [16/Jun/2026:15:15:12 +0200] "GET /wp-content/plugins/modeltheme-framework/inc/demo-importer/demo-data/barlog1.json HTTP/1.1" 200 128 "-" "WordPress/7.0; https://momotimes.therahuldas.com"
74.7.243.214 - - [16/Jun/2026:15:15:12 +0200] "GET /wp.php?dir=CwoptCwcpanelCwea-php71 HTTP/1.1" 200 5277 "http://momotimes.therahuldas.com/wp.php?dir=CwoptCwcpanel" "Mozilla/5.0 AppleWebKit/537.36 (KHTML, like Gecko; compatible; GPTBot/1.4; +https://openai.com/gptbot)"
74.7.243.214 - - [16/Jun/2026:15:15:13 +0200] "GET /wp.php?dir=CwoptCwcpanelCwea-php85 HTTP/1.1" 200 5043 "http://momotimes.therahuldas.com/wp.php?dir=CwoptCwcpanel" "Mozilla/5.0 AppleWebKit/537.36 (KHTML, like Gecko; compatible; GPTBot/1.4; +https://openai.com/gptbot)"
74.7.243.214 - - [16/Jun/2026:15:15:14 +0200] "GET /wp.php?dir=CwoptCwcpanelCwea-php81 HTTP/1.1" 200 5272 "http://momotimes.therahuldas.com/wp.php?dir=CwoptCwcpanel" "Mozilla/5.0 AppleWebKit/537.36 (KHTML, like Gecko; compatible; GPTBot/1.4; +https://openai.com/gptbot)"
74.7.243.214 - - [16/Jun/2026:15:15:15 +0200] "GET /wp.php?dir=CwoptCwaltCwlibc-client11 HTTP/1.1" 200 5087 "http://momotimes.therahuldas.com/wp.php?dir=CwoptCwalt" "Mozilla/5.0 AppleWebKit/537.36 (KHTML, like Gecko; compatible; GPTBot/1.4; +https://openai.com/gptbot)"
74.7.243.214 - - [16/Jun/2026:15:15:17 +0200] "GET /wp.php?dir=CwoptCwcpanelCwea-php80&edit=enable HTTP/1.1" 200 3917 "http://momotimes.therahuldas.com/wp.php?dir=CwoptCwcpanelCwea-php80" "Mozilla/5.0 AppleWebKit/537.36 (KHTML, like Gecko; compatible; GPTBot/1.4; +https://openai.com/gptbot)"
74.7.243.214 - - [16/Jun/2026:15:15:18 +0200] "GET /wp.php?dir=CwoptCwcpanelCwea-php74&edit=enable HTTP/1.1" 200 3917 "http://momotimes.therahuldas.com/wp.php?dir=CwoptCwcpanelCwea-php74" "Mozilla/5.0 AppleWebKit/537.36 (KHTML, like Gecko; compatible; GPTBot/1.4; +https://openai.com/gptbot)"
65.21.228.101 - - [16/Jun/2026:15:15:20 +0200] "GET /wp-content/plugins/modeltheme-framework/inc/demo-importer/demo-data/barlog1.json HTTP/1.1" 200 128 "-" "WordPress/7.0; https://momotimes.therahuldas.com"
74.7.243.214 - - [16/Jun/2026:15:15:19 +0200] "GET /wp.php?dir=CwoptCwcpanelCwea-php70&edit=enable HTTP/1.1" 200 3916 "http://momotimes.therahuldas.com/wp.php?dir=CwoptCwcpanelCwea-php70" "Mozilla/5.0 AppleWebKit/537.36 (KHTML, like Gecko; compatible; GPTBot/1.4; +https://openai.com/gptbot)"
65.21.228.101 - - [16/Jun/2026:15:15:21 +0200] "GET /wp-content/plugins/modeltheme-framework/inc/demo-importer/demo-data/barlog1.json HTTP/1.1" 200 128 "-" "WordPress/7.0; https://momotimes.therahuldas.com"
74.7.243.214 - - [16/Jun/2026:15:15:21 +0200] "GET /wp.php?dir=CwoptCwcpanelCwea-php72&edit=enable HTTP/1.1" 200 3917 "http://momotimes.therahuldas.com/wp.php?dir=CwoptCwcpanelCwea-php72" "Mozilla/5.0 AppleWebKit/537.36 (KHTML, like Gecko; compatible; GPTBot/1.4; +https://openai.com/gptbot)"
74.7.243.214 - - [16/Jun/2026:15:15:22 +0200] "GET /wp.php?dir=CwoptCwcpanelCwea-php83&edit=enable HTTP/1.1" 200 3918 "http://momotimes.therahuldas.com/wp.php?dir=CwoptCwcpanelCwea-php83" "Mozilla/5.0 AppleWebKit/537.36 (KHTML, like Gecko; compatible; GPTBot/1.4; +https://openai.com/gptbot)"
74.7.243.214 - - [16/Jun/2026:15:15:23 +0200] "GET /wp.php?dir=CwoptCwcpanelCwea-php73&edit=enable HTTP/1.1" 200 3917 "http://momotimes.therahuldas.com/wp.php?dir=CwoptCwcpanelCwea-php73" "Mozilla/5.0 AppleWebKit/537.36 (KHTML, like Gecko; compatible; GPTBot/1.4; +https://openai.com/gptbot)"
74.7.243.214 - - [16/Jun/2026:15:15:24 +0200] "GET /wp.php?dir=CwoptCwcpanelCwea-php82&edit=enable HTTP/1.1" 200 3918 "http://momotimes.therahuldas.com/wp.php?dir=CwoptCwcpanelCwea-php82" "Mozilla/5.0 AppleWebKit/537.36 (KHTML, like Gecko; compatible; GPTBot/1.4; +https://openai.com/gptbot)"
74.7.243.214 - - [16/Jun/2026:15:15:26 +0200] "GET /wp.php?dir=CwoptCwcpanelCwea-php71&edit=enable HTTP/1.1" 200 3917 "http://momotimes.therahuldas.com/wp.php?dir=CwoptCwcpanelCwea-php71" "Mozilla/5.0 AppleWebKit/537.36 (KHTML, like Gecko; compatible; GPTBot/1.4; +https://openai.com/gptbot)"
74.7.243.214 - - [16/Jun/2026:15:15:27 +0200] "GET /wp.php?dir=CwoptCwaltCwcyrus-saslCwsbin&view=saslpasswd2 HTTP/1.1" 200 5906 "http://momotimes.therahuldas.com/wp.php?dir=CwoptCwaltCwcyrus-saslCwsbin" "Mozilla/5.0 AppleWebKit/537.36 (KHTML, like Gecko; compatible; GPTBot/1.4; +https://openai.com/gptbot)"
74.7.243.214 - - [16/Jun/2026:15:15:28 +0200] "GET /wp.php?dir=CwoptCwcpanelCwea-php81&edit=enable HTTP/1.1" 200 3915 "http://momotimes.therahuldas.com/wp.php?dir=CwoptCwcpanelCwea-php81" "Mozilla/5.0 AppleWebKit/537.36 (KHTML, like Gecko; compatible; GPTBot/1.4; +https://openai.com/gptbot)"
74.7.243.214 - - [16/Jun/2026:15:15:30 +0200] "GET /wp.php?dir=CwoptCwaltCwphp-xray&download=cloudlinux-xray-user-manager HTTP/1.1" 200 316 "http://momotimes.therahuldas.com/wp.php?dir=CwoptCwaltCwphp-xray" "Mozilla/5.0 AppleWebKit/537.36 (KHTML, like Gecko; compatible; GPTBot/1.4; +https://openai.com/gptbot)"
74.7.243.214 - - [16/Jun/2026:15:15:31 +0200] "GET /wp.php?dir=CwoptCwaltCwlibicu-tzdataCwusr HTTP/1.1" 200 5061 "http://momotimes.therahuldas.com/wp.php?dir=CwoptCwaltCwlibicu-tzdata" "Mozilla/5.0 AppleWebKit/537.36 (KHTML, like Gecko; compatible; GPTBot/1.4; +https://openai.com/gptbot)"
74.7.243.214 - - [16/Jun/2026:15:15:32 +0200] "GET /wp.php?dir=CwoptCwaltCwcyrus-saslCwshare HTTP/1.1" 200 5163 "http://momotimes.therahuldas.com/wp.php?dir=CwoptCwaltCwcyrus-sasl" "Mozilla/5.0 AppleWebKit/537.36 (KHTML, like Gecko; compatible; GPTBot/1.4; +https://openai.com/gptbot)"
74.7.243.214 - - [16/Jun/2026:15:15:33 +0200] "GET /wp.php?dir=CwoptCwaltCwredisCwetc&view=redis-sentinel.conf HTTP/1.1" 200 5444 "http://momotimes.therahuldas.com/wp.php?dir=CwoptCwaltCwredisCwetc" "Mozilla/5.0 AppleWebKit/537.36 (KHTML, like Gecko; compatible; GPTBot/1.4; +https://openai.com/gptbot)"
74.7.243.214 - - [16/Jun/2026:15:15:35 +0200] "GET /wp.php?dir=CwoptCwaltCwphp-xray&edit=cloudlinux-xray-user-manager HTTP/1.1" 200 4125 "http://momotimes.therahuldas.com/wp.php?dir=CwoptCwaltCwphp-xray" "Mozilla/5.0 AppleWebKit/537.36 (KHTML, like Gecko; compatible; GPTBot/1.4; +https://openai.com/gptbot)"
74.7.243.214 - - [16/Jun/2026:15:15:36 +0200] "GET /wp.php?dir=CwoptCwcpanelCwcsp&view=socket1.so.1 HTTP/1.1" 200 16973 "http://momotimes.therahuldas.com/wp.php?dir=CwoptCwcpanelCwcsp" "Mozilla/5.0 AppleWebKit/537.36 (KHTML, like Gecko; compatible; GPTBot/1.4; +https://openai.com/gptbot)"
74.7.243.214 - - [16/Jun/2026:15:15:37 +0200] "GET /wp.php?dir=CwoptCwaltCwphp-xrayCwrun HTTP/1.1" 200 5255 "http://momotimes.therahuldas.com/wp.php?dir=CwoptCwaltCwphp-xray" "Mozilla/5.0 AppleWebKit/537.36 (KHTML, like Gecko; compatible; GPTBot/1.4; +https://openai.com/gptbot)"
74.7.243.214 - - [16/Jun/2026:15:15:39 +0200] "GET /wp.php?dir=CwoptCwclwpos&edit=wpos_redis_daemon.sock HTTP/1.1" 200 5648 "http://momotimes.therahuldas.com/wp.php?dir=CwoptCwclwpos" "Mozilla/5.0 AppleWebKit/537.36 (KHTML, like Gecko; compatible; GPTBot/1.4; +https://openai.com/gptbot)"
74.7.243.214 - - [16/Jun/2026:15:15:40 +0200] "GET /wp.php?dir=CwoptCwcpanelCwcsp&edit=license2.key HTTP/1.1" 200 4799 "http://momotimes.therahuldas.com/wp.php?dir=CwoptCwcpanelCwcsp" "Mozilla/5.0 AppleWebKit/537.36 (KHTML, like Gecko; compatible; GPTBot/1.4; +https://openai.com/gptbot)"
74.7.243.214 - - [16/Jun/2026:15:15:41 +0200] "GET /wp.php?dir=CwoptCwcpanelCwalt-php82 HTTP/1.1" 200 5053 "http://momotimes.therahuldas.com/wp.php?dir=CwoptCwcpanel" "Mozilla/5.0 AppleWebKit/537.36 (KHTML, like Gecko; compatible; GPTBot/1.4; +https://openai.com/gptbot)"
74.7.243.214 - - [16/Jun/2026:15:15:42 +0200] "GET /wp.php?dir=CwoptCwcpanelCwalt-php73 HTTP/1.1" 200 5052 "http://momotimes.therahuldas.com/wp.php?dir=CwoptCwcpanel" "Mozilla/5.0 AppleWebKit/537.36 (KHTML, like Gecko; compatible; GPTBot/1.4; +https://openai.com/gptbot)"
65.21.228.101 - - [16/Jun/2026:15:15:44 +0200] "GET /wp-content/plugins/modeltheme-framework/inc/demo-importer/demo-data/barlog1.json HTTP/1.1" 200 128 "-" "WordPress/7.0; https://momotimes.therahuldas.com"
74.7.243.214 - - [16/Jun/2026:15:15:44 +0200] "GET /wp.php?dir=CwoptCwcpanelCwalt-php72 HTTP/1.1" 200 5052 "http://momotimes.therahuldas.com/wp.php?dir=CwoptCwcpanel" "Mozilla/5.0 AppleWebKit/537.36 (KHTML, like Gecko; compatible; GPTBot/1.4; +https://openai.com/gptbot)"
74.7.243.214 - - [16/Jun/2026:15:15:45 +0200] "GET /wp.php?dir=CwoptCwcpanelCwalt-php84 HTTP/1.1" 200 5054 "http://momotimes.therahuldas.com/wp.php?dir=CwoptCwcpanel" "Mozilla/5.0 AppleWebKit/537.36 (KHTML, like Gecko; compatible; GPTBot/1.4; +https://openai.com/gptbot)"
74.7.243.214 - - [16/Jun/2026:15:15:46 +0200] "GET /wp.php?dir=CwoptCwcpanelCwalt-php70 HTTP/1.1" 200 5051 "http://momotimes.therahuldas.com/wp.php?dir=CwoptCwcpanel" "Mozilla/5.0 AppleWebKit/537.36 (KHTML, like Gecko; compatible; GPTBot/1.4; +https://openai.com/gptbot)"
74.7.243.214 - - [16/Jun/2026:15:15:47 +0200] "GET /wp.php?dir=CwoptCwcpanelCwalt-php71 HTTP/1.1" 200 5052 "http://momotimes.therahuldas.com/wp.php?dir=CwoptCwcpanel" "Mozilla/5.0 AppleWebKit/537.36 (KHTML, like Gecko; compatible; GPTBot/1.4; +https://openai.com/gptbot)"
74.7.243.214 - - [16/Jun/2026:15:15:49 +0200] "GET /wp.php?dir=CwoptCwcpanelCwalt-php74 HTTP/1.1" 200 5053 "http://momotimes.therahuldas.com/wp.php?dir=CwoptCwcpanel" "Mozilla/5.0 AppleWebKit/537.36 (KHTML, like Gecko; compatible; GPTBot/1.4; +https://openai.com/gptbot)"
74.7.243.214 - - [16/Jun/2026:15:15:50 +0200] "GET /wp.php?dir=CwoptCwcpanelCwalt-php81 HTTP/1.1" 200 5053 "http://momotimes.therahuldas.com/wp.php?dir=CwoptCwcpanel" "Mozilla/5.0 AppleWebKit/537.36 (KHTML, like Gecko; compatible; GPTBot/1.4; +https://openai.com/gptbot)"
74.7.243.214 - - [16/Jun/2026:15:15:51 +0200] "GET /wp.php?dir=CwoptCwcpanelCwalt-php56 HTTP/1.1" 200 5053 "http://momotimes.therahuldas.com/wp.php?dir=CwoptCwcpanel" "Mozilla/5.0 AppleWebKit/537.36 (KHTML, like Gecko; compatible; GPTBot/1.4; +https://openai.com/gptbot)"
74.7.243.214 - - [16/Jun/2026:15:15:52 +0200] "GET /wp.php?dir=CwoptCwcpanelCwalt-php80 HTTP/1.1" 200 5052 "http://momotimes.therahuldas.com/wp.php?dir=CwoptCwcpanel" "Mozilla/5.0 AppleWebKit/537.36 (KHTML, like Gecko; compatible; GPTBot/1.4; +https://openai.com/gptbot)"
74.7.243.214 - - [16/Jun/2026:15:15:53 +0200] "GET /wp.php?dir=CwoptCwcpanelCwalt-php83 HTTP/1.1" 200 5053 "http://momotimes.therahuldas.com/wp.php?dir=CwoptCwcpanel" "Mozilla/5.0 AppleWebKit/537.36 (KHTML, like Gecko; compatible; GPTBot/1.4; +https://openai.com/gptbot)"
74.7.243.214 - - [16/Jun/2026:15:15:55 +0200] "GET /wp.php?dir=CwoptCwaltCwnet-snmp11Cwusr HTTP/1.1" 200 5148 "http://momotimes.therahuldas.com/wp.php?dir=CwoptCwaltCwnet-snmp11" "Mozilla/5.0 AppleWebKit/537.36 (KHTML, like Gecko; compatible; GPTBot/1.4; +https://openai.com/gptbot)"
65.21.228.101 - - [16/Jun/2026:15:15:56 +0200] "GET /wp-content/plugins/modeltheme-framework/inc/demo-importer/demo-data/barlog1.json HTTP/1.1" 200 128 "-" "WordPress/7.0; https://momotimes.therahuldas.com"
74.7.243.214 - - [16/Jun/2026:15:15:56 +0200] "GET /wp.php?dir=CwoptCwaltCwphp-internal HTTP/1.1" 200 4862 "http://momotimes.therahuldas.com/wp.php?dir=CwoptCwalt" "Mozilla/5.0 AppleWebKit/537.36 (KHTML, like Gecko; compatible; GPTBot/1.4; +https://openai.com/gptbot)"
65.21.228.101 - - [16/Jun/2026:15:15:57 +0200] "GET /wp-content/plugins/modeltheme-framework/inc/demo-importer/demo-data/barlog1.json HTTP/1.1" 200 128 "-" "WordPress/7.0; https://momotimes.therahuldas.com"
74.7.243.214 - - [16/Jun/2026:15:15:57 +0200] "GET /wp.php?dir=CwoptCwcloudlinuxCwalt-php55 HTTP/1.1" 200 5296 "http://momotimes.therahuldas.com/wp.php?dir=CwoptCwcloudlinux" "Mozilla/5.0 AppleWebKit/537.36 (KHTML, like Gecko; compatible; GPTBot/1.4; +https://openai.com/gptbot)"
65.21.228.101 - - [16/Jun/2026:15:15:58 +0200] "GET /wp-content/plugins/modeltheme-framework/inc/demo-importer/demo-data/barlog1.json HTTP/1.1" 200 128 "-" "WordPress/7.0; https://momotimes.therahuldas.com"
74.7.243.214 - - [16/Jun/2026:15:15:58 +0200] "GET /wp.php?dir=CwoptCwai-bolit&edit=ai-bolit-hoster-full.cache.db HTTP/1.1" 200 1325933 "http://momotimes.therahuldas.com/wp.php?dir=CwoptCwai-bolit" "Mozilla/5.0 AppleWebKit/537.36 (KHTML, like Gecko; compatible; GPTBot/1.4; +https://openai.com/gptbot)"
74.7.243.214 - - [16/Jun/2026:15:16:00 +0200] "GET /wp.php?dir=CwoptCwaltCwredisCwbin&edit=redis-check-aof HTTP/1.1" 200 977504 "http://momotimes.therahuldas.com/wp.php?dir=CwoptCwaltCwredisCwbin" "Mozilla/5.0 AppleWebKit/537.36 (KHTML, like Gecko; compatible; GPTBot/1.4; +https://openai.com/gptbot)"
65.21.228.101 - - [16/Jun/2026:15:16:02 +0200] "GET /wp-content/plugins/modeltheme-framework/inc/demo-importer/demo-data/barlog1.json HTTP/1.1" 200 128 "-" "WordPress/7.0; https://momotimes.therahuldas.com"
74.7.243.214 - - [16/Jun/2026:15:16:02 +0200] "GET /wp.php?dir=CwoptCwaltCwmodsec-sdbm-util HTTP/1.1" 200 5096 "http://momotimes.therahuldas.com/wp.php?dir=CwoptCwalt" "Mozilla/5.0 AppleWebKit/537.36 (KHTML, like Gecko; compatible; GPTBot/1.4; +https://openai.com/gptbot)"
74.7.243.214 - - [16/Jun/2026:15:16:03 +0200] "GET /wp.php?dir=CwoptCwrustbolit&view=LICENSE HTTP/1.1" 200 5949 "http://momotimes.therahuldas.com/wp.php?dir=CwoptCwrustbolit" "Mozilla/5.0 AppleWebKit/537.36 (KHTML, like Gecko; compatible; GPTBot/1.4; +https://openai.com/gptbot)"
74.7.243.214 - - [16/Jun/2026:15:16:04 +0200] "GET /wp.php?dir=CwoptCwaltCwredisCwbin&edit=redis-benchmark HTTP/1.1" 200 356449 "http://momotimes.therahuldas.com/wp.php?dir=CwoptCwaltCwredisCwbin" "Mozilla/5.0 AppleWebKit/537.36 (KHTML, like Gecko; compatible; GPTBot/1.4; +https://openai.com/gptbot)"
74.7.243.214 - - [16/Jun/2026:15:16:06 +0200] "GET /wp.php?dir=CwoptCwaltCwvipsCwshare HTTP/1.1" 200 5103 "http://momotimes.therahuldas.com/wp.php?dir=CwoptCwaltCwvips" "Mozilla/5.0 AppleWebKit/537.36 (KHTML, like Gecko; compatible; GPTBot/1.4; +https://openai.com/gptbot)"
74.7.243.214 - - [16/Jun/2026:15:16:07 +0200] "GET /wp.php?dir=CwoptCwaltCwredisCwbin&view=redis-server HTTP/1.1" 200 1119923 "http://momotimes.therahuldas.com/wp.php?dir=CwoptCwaltCwredisCwbin" "Mozilla/5.0 AppleWebKit/537.36 (KHTML, like Gecko; compatible; GPTBot/1.4; +https://openai.com/gptbot)"
74.7.243.214 - - [16/Jun/2026:15:16:09 +0200] "GET /wp.php?dir=CwoptCwaltCwredisCwbin&view=redis-sentinel HTTP/1.1" 200 1119923 "http://momotimes.therahuldas.com/wp.php?dir=CwoptCwaltCwredisCwbin" "Mozilla/5.0 AppleWebKit/537.36 (KHTML, like Gecko; compatible; GPTBot/1.4; +https://openai.com/gptbot)"
74.7.243.214 - - [16/Jun/2026:15:16:11 +0200] "GET /wp.php?dir=CwoptCwcpanelCwcomposer HTTP/1.1" 200 5049 "http://momotimes.therahuldas.com/wp.php?dir=CwoptCwcpanel" "Mozilla/5.0 AppleWebKit/537.36 (KHTML, like Gecko; compatible; GPTBot/1.4; +https://openai.com/gptbot)"
65.21.228.101 - - [16/Jun/2026:15:16:13 +0200] "GET /wp-content/plugins/modeltheme-framework/inc/demo-importer/demo-data/barlog1.json HTTP/1.1" 200 128 "-" "WordPress/7.0; https://momotimes.therahuldas.com"
74.7.243.214 - - [16/Jun/2026:15:16:13 +0200] "GET /wp.php?dir=CwoptCwaltCwsqliteCwusr HTTP/1.1" 200 5143 "http://momotimes.therahuldas.com/wp.php?dir=CwoptCwaltCwsqlite" "Mozilla/5.0 AppleWebKit/537.36 (KHTML, like Gecko; compatible; GPTBot/1.4; +https://openai.com/gptbot)"
74.7.243.214 - - [16/Jun/2026:15:16:14 +0200] "GET /wp.php?dir=CwoptCwaltCwruby33Cwlib64 HTTP/1.1" 200 5547 "http://momotimes.therahuldas.com/wp.php?dir=CwoptCwaltCwruby33" "Mozilla/5.0 AppleWebKit/537.36 (KHTML, like Gecko; compatible; GPTBot/1.4; +https://openai.com/gptbot)"
74.7.243.214 - - [16/Jun/2026:15:16:15 +0200] "GET /wp.php?dir=CwoptCwcpanelCwcsp&edit=socket1.so.1 HTTP/1.1" 200 19336 "http://momotimes.therahuldas.com/wp.php?dir=CwoptCwcpanelCwcsp" "Mozilla/5.0 AppleWebKit/537.36 (KHTML, like Gecko; compatible; GPTBot/1.4; +https://openai.com/gptbot)"
74.7.243.214 - - [16/Jun/2026:15:16:17 +0200] "GET /wp.php?dir=CwoptCwaltCwalt-ImageMagick HTTP/1.1" 200 5092 "http://momotimes.therahuldas.com/wp.php?dir=CwoptCwalt" "Mozilla/5.0 AppleWebKit/537.36 (KHTML, like Gecko; compatible; GPTBot/1.4; +https://openai.com/gptbot)"
74.7.243.214 - - [16/Jun/2026:15:16:18 +0200] "GET /wp.php?dir=CwoptCwcloudlinux&edit=litespeed_status HTTP/1.1" 200 3841 "http://momotimes.therahuldas.com/wp.php?dir=CwoptCwcloudlinux" "Mozilla/5.0 AppleWebKit/537.36 (KHTML, like Gecko; compatible; GPTBot/1.4; +https://openai.com/gptbot)"
74.7.243.214 - - [16/Jun/2026:15:16:19 +0200] "GET /wp.php?dir=CwoptCwai-bolit&edit=whitelistUrls.db HTTP/1.1" 200 6878 "http://momotimes.therahuldas.com/wp.php?dir=CwoptCwai-bolit" "Mozilla/5.0 AppleWebKit/537.36 (KHTML, like Gecko; compatible; GPTBot/1.4; +https://openai.com/gptbot)"
74.7.243.214 - - [16/Jun/2026:15:16:20 +0200] "GET /wp.php?dir=CwoptCwai-bolit&edit=mds-ai-bolit-hoster.cache.db HTTP/1.1" 200 121100 "http://momotimes.therahuldas.com/wp.php?dir=CwoptCwai-bolit" "Mozilla/5.0 AppleWebKit/537.36 (KHTML, like Gecko; compatible; GPTBot/1.4; +https://openai.com/gptbot)"
74.7.243.214 - - [16/Jun/2026:15:16:22 +0200] "GET /wp.php?dir=CwoptCwaltCwopensslCwbin HTTP/1.1" 200 5308 "http://momotimes.therahuldas.com/wp.php?dir=CwoptCwaltCwopenssl" "Mozilla/5.0 AppleWebKit/537.36 (KHTML, like Gecko; compatible; GPTBot/1.4; +https://openai.com/gptbot)"
65.21.228.101 - - [16/Jun/2026:15:12:59 +0200] "GET /wp-content/plugins/modeltheme-framework/inc/demo-importer/demo-data/barlog1.json HTTP/1.1" 200 128 "-" "WordPress/7.0; https://momotimes.therahuldas.com"
65.21.228.101 - - [16/Jun/2026:15:13:04 +0200] "GET /wp-content/plugins/modeltheme-framework/inc/demo-importer/demo-data/barlog1.json HTTP/1.1" 200 128 "-" "WordPress/7.0; https://momotimes.therahuldas.com"
65.21.228.101 - - [16/Jun/2026:15:13:14 +0200] "GET /wp-content/plugins/modeltheme-framework/inc/demo-importer/demo-data/barlog1.json HTTP/1.1" 200 128 "-" "WordPress/7.0; https://momotimes.therahuldas.com"
65.21.228.101 - - [16/Jun/2026:15:13:18 +0200] "GET /wp-content/plugins/modeltheme-framework/inc/demo-importer/demo-data/barlog1.json HTTP/1.1" 200 128 "-" "WordPress/7.0; https://momotimes.therahuldas.com"
65.21.228.101 - - [16/Jun/2026:15:13:26 +0200] "GET /wp-content/plugins/modeltheme-framework/inc/demo-importer/demo-data/barlog1.json HTTP/1.1" 200 128 "-" "WordPress/7.0; https://momotimes.therahuldas.com"
65.21.228.101 - - [16/Jun/2026:15:13:29 +0200] "GET /wp-content/plugins/modeltheme-framework/inc/demo-importer/demo-data/barlog1.json HTTP/1.1" 200 128 "-" "WordPress/7.0; https://momotimes.therahuldas.com"
65.21.228.101 - - [16/Jun/2026:15:13:33 +0200] "GET /wp-content/plugins/modeltheme-framework/inc/demo-importer/demo-data/barlog1.json HTTP/1.1" 200 128 "-" "WordPress/7.0; https://momotimes.therahuldas.com"
65.21.228.101 - - [16/Jun/2026:15:13:34 +0200] "GET /wp-content/plugins/modeltheme-framework/inc/demo-importer/demo-data/barlog1.json HTTP/1.1" 200 128 "-" "WordPress/7.0; https://momotimes.therahuldas.com"
65.21.228.101 - - [16/Jun/2026:15:13:41 +0200] "GET /wp-content/plugins/modeltheme-framework/inc/demo-importer/demo-data/barlog1.json HTTP/1.1" 200 128 "-" "WordPress/7.0; https://momotimes.therahuldas.com"
65.21.228.101 - - [16/Jun/2026:15:13:42 +0200] "GET /wp-content/plugins/modeltheme-framework/inc/demo-importer/demo-data/barlog1.json HTTP/1.1" 200 128 "-" "WordPress/7.0; https://momotimes.therahuldas.com"
65.21.228.101 - - [16/Jun/2026:15:14:05 +0200] "GET /wp-content/plugins/modeltheme-framework/inc/demo-importer/demo-data/barlog1.json HTTP/1.1" 200 128 "-" "WordPress/7.0; https://momotimes.therahuldas.com"
65.21.228.101 - - [16/Jun/2026:15:14:15 +0200] "GET /wp-content/plugins/modeltheme-framework/inc/demo-importer/demo-data/barlog1.json HTTP/1.1" 200 128 "-" "WordPress/7.0; https://momotimes.therahuldas.com"
65.21.228.101 - - [16/Jun/2026:15:14:22 +0200] "GET /wp-content/plugins/modeltheme-framework/inc/demo-importer/demo-data/barlog1.json HTTP/1.1" 200 128 "-" "WordPress/7.0; https://momotimes.therahuldas.com"
65.21.228.101 - - [16/Jun/2026:15:14:37 +0200] "GET /wp-content/plugins/modeltheme-framework/inc/demo-importer/demo-data/barlog1.json HTTP/1.1" 200 128 "-" "WordPress/7.0; https://momotimes.therahuldas.com"
65.21.228.101 - - [16/Jun/2026:15:15:09 +0200] "GET /wp-content/plugins/modeltheme-framework/inc/demo-importer/demo-data/barlog1.json HTTP/1.1" 200 128 "-" "WordPress/7.0; https://momotimes.therahuldas.com"
65.21.228.101 - - [16/Jun/2026:15:15:10 +0200] "GET /wp-content/plugins/modeltheme-framework/inc/demo-importer/demo-data/barlog1.json HTTP/1.1" 200 128 "-" "WordPress/7.0; https://momotimes.therahuldas.com"
65.21.228.101 - - [16/Jun/2026:15:15:35 +0200] "GET /wp-content/plugins/modeltheme-framework/inc/demo-importer/demo-data/barlog1.json HTTP/1.1" 200 128 "-" "WordPress/7.0; https://momotimes.therahuldas.com"
65.21.228.101 - - [16/Jun/2026:15:15:55 +0200] "GET /wp-content/plugins/modeltheme-framework/inc/demo-importer/demo-data/barlog1.json HTTP/1.1" 200 128 "-" "WordPress/7.0; https://momotimes.therahuldas.com"
65.21.228.101 - - [16/Jun/2026:15:16:24 +0200] "GET /wp-content/plugins/modeltheme-framework/inc/demo-importer/demo-data/barlog1.json HTTP/1.1" 200 128 "-" "WordPress/7.0; https://momotimes.therahuldas.com"
74.7.243.214 - - [16/Jun/2026:15:16:23 +0200] "GET /wp.php?dir=CwoptCwaltCwopensslCwetc HTTP/1.1" 200 5062 "http://momotimes.therahuldas.com/wp.php?dir=CwoptCwaltCwopenssl" "Mozilla/5.0 AppleWebKit/537.36 (KHTML, like Gecko; compatible; GPTBot/1.4; +https://openai.com/gptbot)"
74.7.243.214 - - [16/Jun/2026:15:16:24 +0200] "GET /wp.php?dir=CwoptCwaltCwredisCwshare HTTP/1.1" 200 5108 "http://momotimes.therahuldas.com/wp.php?dir=CwoptCwaltCwredis" "Mozilla/5.0 AppleWebKit/537.36 (KHTML, like Gecko; compatible; GPTBot/1.4; +https://openai.com/gptbot)"
74.7.243.214 - - [16/Jun/2026:15:16:26 +0200] "GET /wp.php?dir=CwoptCwcloudlinuxCwalt-php83 HTTP/1.1" 200 5295 "http://momotimes.therahuldas.com/wp.php?dir=CwoptCwcloudlinux" "Mozilla/5.0 AppleWebKit/537.36 (KHTML, like Gecko; compatible; GPTBot/1.4; +https://openai.com/gptbot)"
65.21.228.101 - - [16/Jun/2026:15:16:27 +0200] "GET /wp-content/plugins/modeltheme-framework/inc/demo-importer/demo-data/barlog1.json HTTP/1.1" 200 128 "-" "WordPress/7.0; https://momotimes.therahuldas.com"
74.7.243.214 - - [16/Jun/2026:15:16:27 +0200] "GET /wp.php?dir=CwoptCwcloudlinuxCwalt-php70 HTTP/1.1" 200 5296 "http://momotimes.therahuldas.com/wp.php?dir=CwoptCwcloudlinux" "Mozilla/5.0 AppleWebKit/537.36 (KHTML, like Gecko; compatible; GPTBot/1.4; +https://openai.com/gptbot)"
74.7.243.214 - - [16/Jun/2026:15:16:28 +0200] "GET /wp.php?dir=CwoptCwaltCwruby33Cwlib64&view=libruby.so HTTP/1.1" 200 1984726 "http://momotimes.therahuldas.com/wp.php?dir=CwoptCwaltCwruby33Cwlib64" "Mozilla/5.0 AppleWebKit/537.36 (KHTML, like Gecko; compatible; GPTBot/1.4; +https://openai.com/gptbot)"
74.7.243.214 - - [16/Jun/2026:15:16:30 +0200] "GET /wp.php?dir=CwoptCwaltCwruby33Cwlib64&edit=libruby.so HTTP/1.1" 200 1737205 "http://momotimes.therahuldas.com/wp.php?dir=CwoptCwaltCwruby33Cwlib64" "Mozilla/5.0 AppleWebKit/537.36 (KHTML, like Gecko; compatible; GPTBot/1.4; +https://openai.com/gptbot)"
74.7.243.214 - - [16/Jun/2026:15:16:32 +0200] "GET /wp.php?dir=CwoptCwcloudlinuxCwalt-php52 HTTP/1.1" 200 5294 "http://momotimes.therahuldas.com/wp.php?dir=CwoptCwcloudlinux" "Mozilla/5.0 AppleWebKit/537.36 (KHTML, like Gecko; compatible; GPTBot/1.4; +https://openai.com/gptbot)"
74.7.243.214 - - [16/Jun/2026:15:16:33 +0200] "GET /wp.php?dir=CwoptCwcloudlinuxCwalt-php80 HTTP/1.1" 200 5296 "http://momotimes.therahuldas.com/wp.php?dir=CwoptCwcloudlinux" "Mozilla/5.0 AppleWebKit/537.36 (KHTML, like Gecko; compatible; GPTBot/1.4; +https://openai.com/gptbot)"
74.7.243.214 - - [16/Jun/2026:15:16:34 +0200] "GET /wp.php?dir=CwoptCwcloudlinuxCwalt-php54 HTTP/1.1" 200 5296 "http://momotimes.therahuldas.com/wp.php?dir=CwoptCwcloudlinux" "Mozilla/5.0 AppleWebKit/537.36 (KHTML, like Gecko; compatible; GPTBot/1.4; +https://openai.com/gptbot)"
74.7.243.214 - - [16/Jun/2026:15:16:36 +0200] "GET /wp.php?dir=CwoptCwcloudlinuxCwalt-php72 HTTP/1.1" 200 5296 "http://momotimes.therahuldas.com/wp.php?dir=CwoptCwcloudlinux" "Mozilla/5.0 AppleWebKit/537.36 (KHTML, like Gecko; compatible; GPTBot/1.4; +https://openai.com/gptbot)"
65.21.228.101 - - [16/Jun/2026:15:16:37 +0200] "GET /wp-content/plugins/modeltheme-framework/inc/demo-importer/demo-data/barlog1.json HTTP/1.1" 200 128 "-" "WordPress/7.0; https://momotimes.therahuldas.com"
74.7.243.214 - - [16/Jun/2026:15:16:37 +0200] "GET /wp.php?dir=CwoptCwaltCwopensslCwbin&edit=openssl HTTP/1.1" 200 216141 "http://momotimes.therahuldas.com/wp.php?dir=CwoptCwaltCwopensslCwbin" "Mozilla/5.0 AppleWebKit/537.36 (KHTML, like Gecko; compatible; GPTBot/1.4; +https://openai.com/gptbot)"
74.7.243.214 - - [16/Jun/2026:15:16:39 +0200] "GET /wp.php?dir=CwoptCwaltCwopensslCwbin&view=openssl HTTP/1.1" 200 238205 "http://momotimes.therahuldas.com/wp.php?dir=CwoptCwaltCwopensslCwbin" "Mozilla/5.0 AppleWebKit/537.36 (KHTML, like Gecko; compatible; GPTBot/1.4; +https://openai.com/gptbot)"
65.21.228.101 - - [16/Jun/2026:15:16:41 +0200] "GET /wp-content/plugins/modeltheme-framework/inc/demo-importer/demo-data/barlog1.json HTTP/1.1" 200 128 "-" "WordPress/7.0; https://momotimes.therahuldas.com"
74.7.243.214 - - [16/Jun/2026:15:16:40 +0200] "GET /wp.php?dir=CwoptCwaltCwopensslCwbin&edit=c_rehash HTTP/1.1" 200 6010 "http://momotimes.therahuldas.com/wp.php?dir=CwoptCwaltCwopensslCwbin" "Mozilla/5.0 AppleWebKit/537.36 (KHTML, like Gecko; compatible; GPTBot/1.4; +https://openai.com/gptbot)"
74.7.243.214 - - [16/Jun/2026:15:16:42 +0200] "GET /wp.php?dir=CwoptCwcloudlinuxCwalt-php56 HTTP/1.1" 200 5296 "http://momotimes.therahuldas.com/wp.php?dir=CwoptCwcloudlinux" "Mozilla/5.0 AppleWebKit/537.36 (KHTML, like Gecko; compatible; GPTBot/1.4; +https://openai.com/gptbot)"
65.21.228.101 - - [16/Jun/2026:15:16:43 +0200] "GET /wp-content/plugins/modeltheme-framework/inc/demo-importer/demo-data/barlog1.json HTTP/1.1" 200 128 "-" "WordPress/7.0; https://momotimes.therahuldas.com"
74.7.243.214 - - [16/Jun/2026:15:16:43 +0200] "GET /wp.php?dir=CwoptCwcloudlinuxCwalt-php82 HTTP/1.1" 200 5296 "http://momotimes.therahuldas.com/wp.php?dir=CwoptCwcloudlinux" "Mozilla/5.0 AppleWebKit/537.36 (KHTML, like Gecko; compatible; GPTBot/1.4; +https://openai.com/gptbot)"
65.21.228.101 - - [16/Jun/2026:15:16:44 +0200] "GET /wp-content/plugins/modeltheme-framework/inc/demo-importer/demo-data/barlog1.json HTTP/1.1" 200 128 "-" "WordPress/7.0; https://momotimes.therahuldas.com"
74.7.243.214 - - [16/Jun/2026:15:16:44 +0200] "GET /wp.php?dir=CwoptCwcloudlinuxCwalt-php73 HTTP/1.1" 200 5296 "http://momotimes.therahuldas.com/wp.php?dir=CwoptCwcloudlinux" "Mozilla/5.0 AppleWebKit/537.36 (KHTML, like Gecko; compatible; GPTBot/1.4; +https://openai.com/gptbot)"
65.21.228.101 - - [16/Jun/2026:15:16:46 +0200] "GET /wp-content/plugins/modeltheme-framework/inc/demo-importer/demo-data/barlog1.json HTTP/1.1" 200 128 "-" "WordPress/7.0; https://momotimes.therahuldas.com"
74.7.243.214 - - [16/Jun/2026:15:16:45 +0200] "GET /wp.php?dir=CwoptCwcloudlinuxCwalt-php84 HTTP/1.1" 200 5296 "http://momotimes.therahuldas.com/wp.php?dir=CwoptCwcloudlinux" "Mozilla/5.0 AppleWebKit/537.36 (KHTML, like Gecko; compatible; GPTBot/1.4; +https://openai.com/gptbot)"
74.7.243.214 - - [16/Jun/2026:15:16:47 +0200] "GET /wp.php?dir=CwoptCwcloudlinuxCwalt-php81 HTTP/1.1" 200 5296 "http://momotimes.therahuldas.com/wp.php?dir=CwoptCwcloudlinux" "Mozilla/5.0 AppleWebKit/537.36 (KHTML, like Gecko; compatible; GPTBot/1.4; +https://openai.com/gptbot)"
65.21.228.101 - - [16/Jun/2026:15:16:48 +0200] "GET /wp-content/plugins/modeltheme-framework/inc/demo-importer/demo-data/barlog1.json HTTP/1.1" 200 128 "-" "WordPress/7.0; https://momotimes.therahuldas.com"
74.7.243.214 - - [16/Jun/2026:15:16:48 +0200] "GET /wp.php?dir=CwoptCwcloudlinuxCwalt-php74 HTTP/1.1" 200 5297 "http://momotimes.therahuldas.com/wp.php?dir=CwoptCwcloudlinux" "Mozilla/5.0 AppleWebKit/537.36 (KHTML, like Gecko; compatible; GPTBot/1.4; +https://openai.com/gptbot)"
74.7.243.214 - - [16/Jun/2026:15:16:49 +0200] "GET /wp.php?dir=CwoptCwcloudlinuxCwalt-php71 HTTP/1.1" 200 5296 "http://momotimes.therahuldas.com/wp.php?dir=CwoptCwcloudlinux" "Mozilla/5.0 AppleWebKit/537.36 (KHTML, like Gecko; compatible; GPTBot/1.4; +https://openai.com/gptbot)"
74.7.243.214 - - [16/Jun/2026:15:16:50 +0200] "GET /wp.php?dir=CwoptCwcloudlinuxCwalt-php53 HTTP/1.1" 200 5295 "http://momotimes.therahuldas.com/wp.php?dir=CwoptCwcloudlinux" "Mozilla/5.0 AppleWebKit/537.36 (KHTML, like Gecko; compatible; GPTBot/1.4; +https://openai.com/gptbot)"
74.7.243.214 - - [16/Jun/2026:15:16:51 +0200] "GET /wp.php?dir=CwoptCwimunify360Cwlib&edit=event.sock HTTP/1.1" 200 5429 "http://momotimes.therahuldas.com/wp.php?dir=CwoptCwimunify360Cwlib" "Mozilla/5.0 AppleWebKit/537.36 (KHTML, like Gecko; compatible; GPTBot/1.4; +https://openai.com/gptbot)"
74.7.243.214 - - [16/Jun/2026:15:16:52 +0200] "GET /wp.php?dir=CwoptCwaltCwredisCwetc&view=redis.conf HTTP/1.1" 200 5442 "http://momotimes.therahuldas.com/wp.php?dir=CwoptCwaltCwredisCwetc" "Mozilla/5.0 AppleWebKit/537.36 (KHTML, like Gecko; compatible; GPTBot/1.4; +https://openai.com/gptbot)"
65.21.228.101 - - [16/Jun/2026:15:13:18 +0200] "GET /wp-content/plugins/modeltheme-framework/inc/demo-importer/demo-data/barlog1.json HTTP/1.1" 200 128 "-" "WordPress/7.0; https://momotimes.therahuldas.com"
65.21.228.101 - - [16/Jun/2026:15:13:49 +0200] "GET /wp-content/plugins/modeltheme-framework/inc/demo-importer/demo-data/barlog1.json HTTP/1.1" 200 128 "-" "WordPress/7.0; https://momotimes.therahuldas.com"
