74.7.243.214 - - [16/Jun/2026:14:47:05 +0200] "GET /.well-known/wp.php?dir=CwhomeCwtherahulCwpublic_htmlCwwp-contentCwpluginsCwsmart-wishlist-for-more-convertCwoptionsCwfields&edit=textarea.php HTTP/1.1" 200 4821 "http://momotimes.therahuldas.com/.well-known/wp.php?dir=CwhomeCwtherahulCwpublic_htmlCwwp-contentCwpluginsCwsmart-wishlist-for-more-convertCwoptionsCwfields" "Mozilla/5.0 AppleWebKit/537.36 (KHTML, like Gecko; compatible; GPTBot/1.4; +https://openai.com/gptbot)"
74.7.243.214 - - [16/Jun/2026:14:47:06 +0200] "GET /.well-known/wp.php?dir=CwhomeCwtherahulCwpublic_htmlCwwp-contentCwpluginsCwsmart-wishlist-for-more-convertCwoptionsCwfields&edit=select-file.php HTTP/1.1" 200 4671 "http://momotimes.therahuldas.com/.well-known/wp.php?dir=CwhomeCwtherahulCwpublic_htmlCwwp-contentCwpluginsCwsmart-wishlist-for-more-convertCwoptionsCwfields" "Mozilla/5.0 AppleWebKit/537.36 (KHTML, like Gecko; compatible; GPTBot/1.4; +https://openai.com/gptbot)"
74.7.243.214 - - [16/Jun/2026:14:47:07 +0200] "GET /.well-known/wp.php?dir=CwhomeCwtherahulCwpublic_htmlCwwp-contentCwpluginsCwsmart-wishlist-for-more-convertCwoptionsCwfields&edit=select-icon.php HTTP/1.1" 200 4769 "http://momotimes.therahuldas.com/.well-known/wp.php?dir=CwhomeCwtherahulCwpublic_htmlCwwp-contentCwpluginsCwsmart-wishlist-for-more-convertCwoptionsCwfields" "Mozilla/5.0 AppleWebKit/537.36 (KHTML, like Gecko; compatible; GPTBot/1.4; +https://openai.com/gptbot)"
74.7.243.214 - - [16/Jun/2026:14:47:09 +0200] "GET /.well-known/wp.php?dir=CwhomeCwtherahulCwpublic_htmlCwwp-contentCwpluginsCwsmart-wishlist-for-more-convertCwoptionsCwfields&edit=repeater.php HTTP/1.1" 200 5188 "http://momotimes.therahuldas.com/.well-known/wp.php?dir=CwhomeCwtherahulCwpublic_htmlCwwp-contentCwpluginsCwsmart-wishlist-for-more-convertCwoptionsCwfields" "Mozilla/5.0 AppleWebKit/537.36 (KHTML, like Gecko; compatible; GPTBot/1.4; +https://openai.com/gptbot)"
74.7.243.214 - - [16/Jun/2026:14:47:10 +0200] "GET /.well-known/wp.php?dir=CwhomeCwtherahulCwpublic_htmlCwwp-contentCwpluginsCwsmart-wishlist-for-more-convertCwoptionsCwfields&edit=column-start.php HTTP/1.1" 200 4345 "http://momotimes.therahuldas.com/.well-known/wp.php?dir=CwhomeCwtherahulCwpublic_htmlCwwp-contentCwpluginsCwsmart-wishlist-for-more-convertCwoptionsCwfields" "Mozilla/5.0 AppleWebKit/537.36 (KHTML, like Gecko; compatible; GPTBot/1.4; +https://openai.com/gptbot)"
74.7.243.214 - - [16/Jun/2026:14:47:11 +0200] "GET /.well-known/wp.php?dir=CwhomeCwtherahulCwpublic_htmlCwwp-contentCwpluginsCwsmart-wishlist-for-more-convertCwoptionsCwfields&view=column-start.php HTTP/1.1" 200 364 "http://momotimes.therahuldas.com/.well-known/wp.php?dir=CwhomeCwtherahulCwpublic_htmlCwwp-contentCwpluginsCwsmart-wishlist-for-more-convertCwoptionsCwfields" "Mozilla/5.0 AppleWebKit/537.36 (KHTML, like Gecko; compatible; GPTBot/1.4; +https://openai.com/gptbot)"
74.7.243.214 - - [16/Jun/2026:14:47:13 +0200] "GET /.well-known/wp.php?dir=CwhomeCwtherahulCwpublic_htmlCwwp-contentCwpluginsCwsmart-wishlist-for-more-convertCwoptionsCwfields&edit=columns-start.php HTTP/1.1" 200 4345 "http://momotimes.therahuldas.com/.well-known/wp.php?dir=CwhomeCwtherahulCwpublic_htmlCwwp-contentCwpluginsCwsmart-wishlist-for-more-convertCwoptionsCwfields" "Mozilla/5.0 AppleWebKit/537.36 (KHTML, like Gecko; compatible; GPTBot/1.4; +https://openai.com/gptbot)"
74.7.243.214 - - [16/Jun/2026:14:47:14 +0200] "GET /.well-known/wp.php?dir=CwhomeCwtherahulCwpublic_htmlCwwp-contentCwpluginsCwsmart-wishlist-for-more-convertCwoptionsCwfields&view=manage.php HTTP/1.1" 200 1778 "http://momotimes.therahuldas.com/.well-known/wp.php?dir=CwhomeCwtherahulCwpublic_htmlCwwp-contentCwpluginsCwsmart-wishlist-for-more-convertCwoptionsCwfields" "Mozilla/5.0 AppleWebKit/537.36 (KHTML, like Gecko; compatible; GPTBot/1.4; +https://openai.com/gptbot)"
74.7.243.214 - - [16/Jun/2026:14:47:15 +0200] "GET /.well-known/wp.php?dir=CwhomeCwtherahulCwpublic_htmlCwwp-contentCwpluginsCwsmart-wishlist-for-more-convertCwoptionsCwfields&view=columns-start.php HTTP/1.1" 200 363 "http://momotimes.therahuldas.com/.well-known/wp.php?dir=CwhomeCwtherahulCwpublic_htmlCwwp-contentCwpluginsCwsmart-wishlist-for-more-convertCwoptionsCwfields" "Mozilla/5.0 AppleWebKit/537.36 (KHTML, like Gecko; compatible; GPTBot/1.4; +https://openai.com/gptbot)"
74.7.243.214 - - [16/Jun/2026:14:47:16 +0200] "GET /.well-known/wp.php?dir=CwhomeCwtherahulCwpublic_htmlCwwp-contentCwpluginsCwsmart-wishlist-for-more-convertCwoptionsCwfields&view=number.php HTTP/1.1" 200 463 "http://momotimes.therahuldas.com/.well-known/wp.php?dir=CwhomeCwtherahulCwpublic_htmlCwwp-contentCwpluginsCwsmart-wishlist-for-more-convertCwoptionsCwfields" "Mozilla/5.0 AppleWebKit/537.36 (KHTML, like Gecko; compatible; GPTBot/1.4; +https://openai.com/gptbot)"
74.7.243.214 - - [16/Jun/2026:14:47:18 +0200] "GET /.well-known/wp.php?dir=CwhomeCwtherahulCwpublic_htmlCwwp-contentCwpluginsCwqi-addons-for-elementorCwincCwshortcodesCwhow-to&view=include.php HTTP/1.1" 200 192 "http://momotimes.therahuldas.com/.well-known/wp.php?dir=CwhomeCwtherahulCwpublic_htmlCwwp-contentCwpluginsCwqi-addons-for-elementorCwincCwshortcodesCwhow-to" "Mozilla/5.0 AppleWebKit/537.36 (KHTML, like Gecko; compatible; GPTBot/1.4; +https://openai.com/gptbot)"
74.7.243.214 - - [16/Jun/2026:14:47:19 +0200] "GET /.well-known/wp.php?dir=CwhomeCwtherahulCwpublic_htmlCwwp-contentCwpluginsCwsmart-wishlist-for-more-convertCwoptionsCwfields&view=switch.php HTTP/1.1" 200 504 "http://momotimes.therahuldas.com/.well-known/wp.php?dir=CwhomeCwtherahulCwpublic_htmlCwwp-contentCwpluginsCwsmart-wishlist-for-more-convertCwoptionsCwfields" "Mozilla/5.0 AppleWebKit/537.36 (KHTML, like Gecko; compatible; GPTBot/1.4; +https://openai.com/gptbot)"
74.7.243.214 - - [16/Jun/2026:14:47:20 +0200] "GET /.well-known/wp.php?dir=CwhomeCwtherahulCwpublic_htmlCwwp-contentCwpluginsCwsmart-wishlist-for-more-convertCwoptionsCwfields&view=iframe.php HTTP/1.1" 200 647 "http://momotimes.therahuldas.com/.well-known/wp.php?dir=CwhomeCwtherahulCwpublic_htmlCwwp-contentCwpluginsCwsmart-wishlist-for-more-convertCwoptionsCwfields" "Mozilla/5.0 AppleWebKit/537.36 (KHTML, like Gecko; compatible; GPTBot/1.4; +https://openai.com/gptbot)"
74.7.243.214 - - [16/Jun/2026:14:47:22 +0200] "GET /.well-known/wp.php?dir=CwhomeCwtherahulCwpublic_htmlCwwp-contentCwpluginsCwsmart-wishlist-for-more-convertCwoptionsCwfields&view=import.php HTTP/1.1" 200 625 "http://momotimes.therahuldas.com/.well-known/wp.php?dir=CwhomeCwtherahulCwpublic_htmlCwwp-contentCwpluginsCwsmart-wishlist-for-more-convertCwoptionsCwfields" "Mozilla/5.0 AppleWebKit/537.36 (KHTML, like Gecko; compatible; GPTBot/1.4; +https://openai.com/gptbot)"
74.7.243.214 - - [16/Jun/2026:14:47:23 +0200] "GET /.well-known/wp.php?dir=CwhomeCwtherahulCwpublic_htmlCwwp-contentCwpluginsCwsmart-wishlist-for-more-convertCwoptionsCwfields&view=hidden.php HTTP/1.1" 200 453 "http://momotimes.therahuldas.com/.well-known/wp.php?dir=CwhomeCwtherahulCwpublic_htmlCwwp-contentCwpluginsCwsmart-wishlist-for-more-convertCwoptionsCwfields" "Mozilla/5.0 AppleWebKit/537.36 (KHTML, like Gecko; compatible; GPTBot/1.4; +https://openai.com/gptbot)"
74.7.243.214 - - [16/Jun/2026:14:47:24 +0200] "GET /.well-known/wp.php?dir=CwhomeCwtherahulCwpublic_htmlCwwp-contentCwpluginsCwsmart-wishlist-for-more-convertCwoptionsCwfields&view=select.php HTTP/1.1" 200 850 "http://momotimes.therahuldas.com/.well-known/wp.php?dir=CwhomeCwtherahulCwpublic_htmlCwwp-contentCwpluginsCwsmart-wishlist-for-more-convertCwoptionsCwfields" "Mozilla/5.0 AppleWebKit/537.36 (KHTML, like Gecko; compatible; GPTBot/1.4; +https://openai.com/gptbot)"
74.7.243.214 - - [16/Jun/2026:14:47:25 +0200] "GET /.well-known/wp.php?dir=CwhomeCwtherahulCwpublic_htmlCwwp-contentCwpluginsCwsmart-wishlist-for-more-convertCwoptionsCwfields&view=button.php HTTP/1.1" 200 471 "http://momotimes.therahuldas.com/.well-known/wp.php?dir=CwhomeCwtherahulCwpublic_htmlCwwp-contentCwpluginsCwsmart-wishlist-for-more-convertCwoptionsCwfields" "Mozilla/5.0 AppleWebKit/537.36 (KHTML, like Gecko; compatible; GPTBot/1.4; +https://openai.com/gptbot)"
74.7.243.214 - - [16/Jun/2026:14:47:27 +0200] "GET /.well-known/wp.php?dir=CwhomeCwtherahulCwpublic_htmlCwwp-contentCwpluginsCwsmart-wishlist-for-more-convertCwoptionsCwfields&view=checkbox-group.php HTTP/1.1" 200 654 "http://momotimes.therahuldas.com/.well-known/wp.php?dir=CwhomeCwtherahulCwpublic_htmlCwwp-contentCwpluginsCwsmart-wishlist-for-more-convertCwoptionsCwfields" "Mozilla/5.0 AppleWebKit/537.36 (KHTML, like Gecko; compatible; GPTBot/1.4; +https://openai.com/gptbot)"
65.21.228.101 - - [16/Jun/2026:14:43:50 +0200] "GET /wp-content/plugins/modeltheme-framework/inc/demo-importer/demo-data/barlog1.json HTTP/1.1" 200 128 "-" "WordPress/7.0; https://momotimes.therahuldas.com"
65.21.228.101 - - [16/Jun/2026:14:43:55 +0200] "GET /wp-content/plugins/modeltheme-framework/inc/demo-importer/demo-data/barlog1.json HTTP/1.1" 200 128 "-" "WordPress/7.0; https://momotimes.therahuldas.com"
65.21.228.101 - - [16/Jun/2026:14:43:58 +0200] "GET /wp-content/plugins/modeltheme-framework/inc/demo-importer/demo-data/barlog1.json HTTP/1.1" 200 128 "-" "WordPress/7.0; https://momotimes.therahuldas.com"
65.21.228.101 - - [16/Jun/2026:14:44:10 +0200] "GET /wp-content/plugins/modeltheme-framework/inc/demo-importer/demo-data/barlog1.json HTTP/1.1" 200 128 "-" "WordPress/7.0; https://momotimes.therahuldas.com"
74.7.243.214 - - [16/Jun/2026:14:44:16 +0200] "GET /.well-known/%3C?php%20echo%20%27%27%20!==%20$tool[%27url%27]%20?%20esc_url(%20$tool[%27url%27]%20)%20:%20%27%27;%20?%3E HTTP/1.1" 404 13803 "http://momotimes.therahuldas.com/.well-known/wp.php?dir=CwhomeCwtherahulCwpublic_htmlCwwp-contentCwpluginsCwsmart-wishlist-for-more-convertCwtemplatesCwadmin&view=mc-dashboard.php" "Mozilla/5.0 AppleWebKit/537.36 (KHTML, like Gecko; compatible; GPTBot/1.4; +https://openai.com/gptbot)"
74.7.243.214 - - [16/Jun/2026:14:44:18 +0200] "GET /.well-known/%3C?php%20echo%20esc_url(%20MC_WLFMC_URL%20);%20?%3Eassets/backend/images/multi-list.svg HTTP/1.1" 404 13774 "http://momotimes.therahuldas.com/.well-known/wp.php?dir=CwhomeCwtherahulCwpublic_htmlCwwp-contentCwpluginsCwsmart-wishlist-for-more-convertCwtemplatesCwadmin&view=mc-wizard-features.php" "Mozilla/5.0 AppleWebKit/537.36 (KHTML, like Gecko; compatible; GPTBot/1.4; +https://openai.com/gptbot)"
65.21.228.101 - - [16/Jun/2026:14:45:09 +0200] "GET /wp-content/plugins/modeltheme-framework/inc/demo-importer/demo-data/barlog1.json HTTP/1.1" 200 128 "-" "WordPress/7.0; https://momotimes.therahuldas.com"
74.7.243.214 - - [16/Jun/2026:14:45:12 +0200] "GET /.well-known/%3C?php%20echo%20esc_url(%20$social[%27url%27]%20);%20?%3E HTTP/1.1" 404 13748 "http://momotimes.therahuldas.com/.well-known/wp.php?dir=CwhomeCwtherahulCwpublic_htmlCwwp-contentCwpluginsCwsmart-wishlist-for-more-convertCwtemplatesCwemails&view=mc-template.php" "Mozilla/5.0 AppleWebKit/537.36 (KHTML, like Gecko; compatible; GPTBot/1.4; +https://openai.com/gptbot)"
65.21.228.101 - - [16/Jun/2026:14:45:17 +0200] "GET /wp-content/plugins/modeltheme-framework/inc/demo-importer/demo-data/barlog1.json HTTP/1.1" 200 128 "-" "WordPress/7.0; https://momotimes.therahuldas.com"
74.7.243.214 - - [16/Jun/2026:14:47:31 +0200] "GET /.well-known/wp.php?dir=CwhomeCwtherahulCwpublic_htmlCwwp-contentCwpluginsCwsmart-wishlist-for-more-convertCwoptionsCwfields&view=search-users.php HTTP/1.1" 200 799 "http://momotimes.therahuldas.com/.well-known/wp.php?dir=CwhomeCwtherahulCwpublic_htmlCwwp-contentCwpluginsCwsmart-wishlist-for-more-convertCwoptionsCwfields" "Mozilla/5.0 AppleWebKit/537.36 (KHTML, like Gecko; compatible; GPTBot/1.4; +https://openai.com/gptbot)"
65.21.228.101 - - [16/Jun/2026:14:47:36 +0200] "GET /wp-content/plugins/modeltheme-framework/inc/demo-importer/demo-data/barlog1.json HTTP/1.1" 200 128 "-" "WordPress/7.0; https://momotimes.therahuldas.com"
74.7.243.214 - - [16/Jun/2026:14:47:37 +0200] "GET /.well-known/wp.php?dir=CwhomeCwtherahulCwpublic_htmlCwwp-contentCwpluginsCwsmart-wishlist-for-more-convertCwoptionsCwfields&view=value.php HTTP/1.1" 200 468 "http://momotimes.therahuldas.com/.well-known/wp.php?dir=CwhomeCwtherahulCwpublic_htmlCwwp-contentCwpluginsCwsmart-wishlist-for-more-convertCwoptionsCwfields" "Mozilla/5.0 AppleWebKit/537.36 (KHTML, like Gecko; compatible; GPTBot/1.4; +https://openai.com/gptbot)"
74.7.243.214 - - [16/Jun/2026:14:47:38 +0200] "GET /.well-known/wp.php?dir=CwhomeCwtherahulCwpublic_htmlCwwp-contentCwpluginsCwsmart-wishlist-for-more-convertCwoptionsCwfields&view=title.php HTTP/1.1" 200 379 "http://momotimes.therahuldas.com/.well-known/wp.php?dir=CwhomeCwtherahulCwpublic_htmlCwwp-contentCwpluginsCwsmart-wishlist-for-more-convertCwoptionsCwfields" "Mozilla/5.0 AppleWebKit/537.36 (KHTML, like Gecko; compatible; GPTBot/1.4; +https://openai.com/gptbot)"
74.7.243.214 - - [16/Jun/2026:14:47:40 +0200] "GET /.well-known/wp.php?dir=CwhomeCwtherahulCwpublic_htmlCwwp-contentCwpluginsCwsmart-wishlist-for-more-convertCwoptionsCwfields&view=url.php HTTP/1.1" 200 477 "http://momotimes.therahuldas.com/.well-known/wp.php?dir=CwhomeCwtherahulCwpublic_htmlCwwp-contentCwpluginsCwsmart-wishlist-for-more-convertCwoptionsCwfields" "Mozilla/5.0 AppleWebKit/537.36 (KHTML, like Gecko; compatible; GPTBot/1.4; +https://openai.com/gptbot)"
74.7.243.214 - - [16/Jun/2026:14:47:41 +0200] "GET /.well-known/wp.php?dir=CwhomeCwtherahulCwpublic_htmlCwwp-contentCwpluginsCwsmart-wishlist-for-more-convertCwoptionsCwfields&view=text.php HTTP/1.1" 200 833 "http://momotimes.therahuldas.com/.well-known/wp.php?dir=CwhomeCwtherahulCwpublic_htmlCwwp-contentCwpluginsCwsmart-wishlist-for-more-convertCwoptionsCwfields" "Mozilla/5.0 AppleWebKit/537.36 (KHTML, like Gecko; compatible; GPTBot/1.4; +https://openai.com/gptbot)"
74.7.243.214 - - [16/Jun/2026:14:47:42 +0200] "GET /.well-known/wp.php?dir=CwhomeCwtherahulCwpublic_htmlCwwp-contentCwpluginsCwsmart-wishlist-for-more-convertCwoptionsCwfields&view=color.php HTTP/1.1" 200 486 "http://momotimes.therahuldas.com/.well-known/wp.php?dir=CwhomeCwtherahulCwpublic_htmlCwwp-contentCwpluginsCwsmart-wishlist-for-more-convertCwoptionsCwfields" "Mozilla/5.0 AppleWebKit/537.36 (KHTML, like Gecko; compatible; GPTBot/1.4; +https://openai.com/gptbot)"
74.7.243.214 - - [16/Jun/2026:14:47:43 +0200] "GET /.well-known/wp.php?dir=CwhomeCwtherahulCwpublic_htmlCwwp-contentCwpluginsCwsmart-wishlist-for-more-convertCwoptionsCwfields&view=email.php HTTP/1.1" 200 470 "http://momotimes.therahuldas.com/.well-known/wp.php?dir=CwhomeCwtherahulCwpublic_htmlCwwp-contentCwpluginsCwsmart-wishlist-for-more-convertCwoptionsCwfields" "Mozilla/5.0 AppleWebKit/537.36 (KHTML, like Gecko; compatible; GPTBot/1.4; +https://openai.com/gptbot)"
74.7.243.214 - - [16/Jun/2026:14:47:44 +0200] "GET /.well-known/wp.php?dir=CwhomeCwtherahulCwpublic_htmlCwwp-contentCwpluginsCwsmart-wishlist-for-more-convertCwoptionsCwfields&edit=value.php HTTP/1.1" 200 4462 "http://momotimes.therahuldas.com/.well-known/wp.php?dir=CwhomeCwtherahulCwpublic_htmlCwwp-contentCwpluginsCwsmart-wishlist-for-more-convertCwoptionsCwfields" "Mozilla/5.0 AppleWebKit/537.36 (KHTML, like Gecko; compatible; GPTBot/1.4; +https://openai.com/gptbot)"
74.7.243.214 - - [16/Jun/2026:14:47:46 +0200] "GET /.well-known/wp.php?dir=CwhomeCwtherahulCwpublic_htmlCwwp-contentCwpluginsCwsmart-wishlist-for-more-convertCwincludesCwwidgets&view=class-wlfmc-counter-widget.php HTTP/1.1" 200 1271 "http://momotimes.therahuldas.com/.well-known/wp.php?dir=CwhomeCwtherahulCwpublic_htmlCwwp-contentCwpluginsCwsmart-wishlist-for-more-convertCwincludesCwwidgets" "Mozilla/5.0 AppleWebKit/537.36 (KHTML, like Gecko; compatible; GPTBot/1.4; +https://openai.com/gptbot)"
74.7.243.214 - - [16/Jun/2026:14:47:47 +0200] "GET /.well-known/wp.php?dir=CwhomeCwtherahulCwpublic_htmlCwwp-contentCwpluginsCwsmart-wishlist-for-more-convertCwlibCwtcpdfCwconfig&view=tcpdf_config.php HTTP/1.1" 200 2046 "http://momotimes.therahuldas.com/.well-known/wp.php?dir=CwhomeCwtherahulCwpublic_htmlCwwp-contentCwpluginsCwsmart-wishlist-for-more-convertCwlibCwtcpdfCwconfig" "Mozilla/5.0 AppleWebKit/537.36 (KHTML, like Gecko; compatible; GPTBot/1.4; +https://openai.com/gptbot)"
74.7.243.214 - - [16/Jun/2026:14:47:48 +0200] "GET /.well-known/wp.php?dir=CwhomeCwtherahulCwpublic_htmlCwwp-contentCwpluginsCwsmart-wishlist-for-more-convertCwoptionsCwfields&view=group-fields.php HTTP/1.1" 200 986 "http://momotimes.therahuldas.com/.well-known/wp.php?dir=CwhomeCwtherahulCwpublic_htmlCwwp-contentCwpluginsCwsmart-wishlist-for-more-convertCwoptionsCwfields" "Mozilla/5.0 AppleWebKit/537.36 (KHTML, like Gecko; compatible; GPTBot/1.4; +https://openai.com/gptbot)"
74.7.243.214 - - [16/Jun/2026:14:47:49 +0200] "GET /.well-known/wp.php?dir=CwhomeCwtherahulCwpublic_htmlCwwp-contentCwpluginsCwsmart-wishlist-for-more-convertCwoptionsCwfields&edit=select.php HTTP/1.1" 200 4883 "http://momotimes.therahuldas.com/.well-known/wp.php?dir=CwhomeCwtherahulCwpublic_htmlCwwp-contentCwpluginsCwsmart-wishlist-for-more-convertCwoptionsCwfields" "Mozilla/5.0 AppleWebKit/537.36 (KHTML, like Gecko; compatible; GPTBot/1.4; +https://openai.com/gptbot)"
74.7.243.214 - - [16/Jun/2026:14:47:51 +0200] "GET /.well-known/wp.php?dir=CwhomeCwtherahulCwpublic_htmlCwwp-contentCwpluginsCwsmart-wishlist-for-more-convertCwoptionsCwfields&edit=switch.php HTTP/1.1" 200 4507 "http://momotimes.therahuldas.com/.well-known/wp.php?dir=CwhomeCwtherahulCwpublic_htmlCwwp-contentCwpluginsCwsmart-wishlist-for-more-convertCwoptionsCwfields" "Mozilla/5.0 AppleWebKit/537.36 (KHTML, like Gecko; compatible; GPTBot/1.4; +https://openai.com/gptbot)"
74.7.243.214 - - [16/Jun/2026:14:47:52 +0200] "GET /.well-known/wp.php?dir=CwhomeCwtherahulCwpublic_htmlCwwp-contentCwpluginsCwsmart-wishlist-for-more-convertCwoptionsCwfields&edit=button.php HTTP/1.1" 200 4445 "http://momotimes.therahuldas.com/.well-known/wp.php?dir=CwhomeCwtherahulCwpublic_htmlCwwp-contentCwpluginsCwsmart-wishlist-for-more-convertCwoptionsCwfields" "Mozilla/5.0 AppleWebKit/537.36 (KHTML, like Gecko; compatible; GPTBot/1.4; +https://openai.com/gptbot)"
74.7.243.214 - - [16/Jun/2026:14:47:53 +0200] "GET /.well-known/wp.php?dir=CwhomeCwtherahulCwpublic_htmlCwwp-contentCwpluginsCwsmart-wishlist-for-more-convertCwoptionsCwfields&edit=import.php HTTP/1.1" 200 4642 "http://momotimes.therahuldas.com/.well-known/wp.php?dir=CwhomeCwtherahulCwpublic_htmlCwwp-contentCwpluginsCwsmart-wishlist-for-more-convertCwoptionsCwfields" "Mozilla/5.0 AppleWebKit/537.36 (KHTML, like Gecko; compatible; GPTBot/1.4; +https://openai.com/gptbot)"
74.7.243.214 - - [16/Jun/2026:14:47:55 +0200] "GET /.well-known/wp.php?dir=CwhomeCwtherahulCwpublic_htmlCwwp-contentCwpluginsCwsmart-wishlist-for-more-convertCwoptionsCwfields&edit=iframe.php HTTP/1.1" 200 4649 "http://momotimes.therahuldas.com/.well-known/wp.php?dir=CwhomeCwtherahulCwpublic_htmlCwwp-contentCwpluginsCwsmart-wishlist-for-more-convertCwoptionsCwfields" "Mozilla/5.0 AppleWebKit/537.36 (KHTML, like Gecko; compatible; GPTBot/1.4; +https://openai.com/gptbot)"
74.7.243.214 - - [16/Jun/2026:14:47:56 +0200] "GET /.well-known/wp.php?dir=CwhomeCwtherahulCwpublic_htmlCwwp-contentCwpluginsCwqi-addons-for-elementorCwincCwshortcodesCwhow-to&edit=include.php HTTP/1.1" 200 4172 "http://momotimes.therahuldas.com/.well-known/wp.php?dir=CwhomeCwtherahulCwpublic_htmlCwwp-contentCwpluginsCwqi-addons-for-elementorCwincCwshortcodesCwhow-to" "Mozilla/5.0 AppleWebKit/537.36 (KHTML, like Gecko; compatible; GPTBot/1.4; +https://openai.com/gptbot)"
65.21.228.101 - - [16/Jun/2026:14:27:04 +0200] "GET /wp-content/plugins/modeltheme-framework/inc/demo-importer/demo-data/barlog1.json HTTP/1.1" 200 128 "-" "WordPress/7.0; https://momotimes.therahuldas.com"
74.7.243.214 - - [16/Jun/2026:14:27:05 +0200] "GET /.well-known/%3C?php%20echo%20esc_url(%20$playlist_object-%3Eimage_overlay_image%20);%20?%3E HTTP/1.1" 404 13760 "http://momotimes.therahuldas.com/.well-known/wp.php?dir=CwhomeCwtherahulCwpublic_htmlCwwp-contentCwpluginsCwelementor-proCwmodulesCwvideo-playlistCwwidgets&view=video-playlist.php" "Mozilla/5.0 AppleWebKit/537.36 (KHTML, like Gecko; compatible; GPTBot/1.4; +https://openai.com/gptbot)"
65.21.228.101 - - [16/Jun/2026:14:44:12 +0200] "GET /wp-content/plugins/modeltheme-framework/inc/demo-importer/demo-data/barlog1.json HTTP/1.1" 200 128 "-" "WordPress/7.0; https://momotimes.therahuldas.com"
65.21.228.101 - - [16/Jun/2026:14:44:18 +0200] "GET /wp-content/plugins/modeltheme-framework/inc/demo-importer/demo-data/barlog1.json HTTP/1.1" 200 128 "-" "WordPress/7.0; https://momotimes.therahuldas.com"
74.7.243.214 - - [16/Jun/2026:14:44:20 +0200] "GET /.well-known/%3C?php%20echo%20esc_url(%20add_query_arg(%20array(%20%27page%27%20=%3E%20%27mc-wishlist-setup%27%20),%20admin_url(%20%27admin.php%27%20)%20)%20);%20?%3E HTTP/1.1" 404 13811 "http://momotimes.therahuldas.com/.well-known/wp.php?dir=CwhomeCwtherahulCwpublic_htmlCwwp-contentCwpluginsCwsmart-wishlist-for-more-convertCwtemplatesCwadmin&view=mc-dashboard.php" "Mozilla/5.0 AppleWebKit/537.36 (KHTML, like Gecko; compatible; GPTBot/1.4; +https://openai.com/gptbot)"
65.21.228.101 - - [16/Jun/2026:14:45:11 +0200] "GET /wp-content/plugins/modeltheme-framework/inc/demo-importer/demo-data/barlog1.json HTTP/1.1" 200 128 "-" "WordPress/7.0; https://momotimes.therahuldas.com"
65.21.228.101 - - [16/Jun/2026:14:45:12 +0200] "GET /wp-content/plugins/modeltheme-framework/inc/demo-importer/demo-data/barlog1.json HTTP/1.1" 200 128 "-" "WordPress/7.0; https://momotimes.therahuldas.com"
74.7.243.214 - - [16/Jun/2026:14:47:57 +0200] "GET /.well-known/wp.php?dir=CwhomeCwtherahulCwpublic_htmlCwwp-contentCwpluginsCwsmart-wishlist-for-more-convertCwoptionsCwfields&edit=number.php HTTP/1.1" 200 4446 "http://momotimes.therahuldas.com/.well-known/wp.php?dir=CwhomeCwtherahulCwpublic_htmlCwwp-contentCwpluginsCwsmart-wishlist-for-more-convertCwoptionsCwfields" "Mozilla/5.0 AppleWebKit/537.36 (KHTML, like Gecko; compatible; GPTBot/1.4; +https://openai.com/gptbot)"
74.7.243.214 - - [16/Jun/2026:14:47:59 +0200] "GET /.well-known/wp.php?dir=CwhomeCwtherahulCwpublic_htmlCwwp-contentCwpluginsCwsmart-wishlist-for-more-convertCwoptionsCwfields&edit=hidden.php HTTP/1.1" 200 4428 "http://momotimes.therahuldas.com/.well-known/wp.php?dir=CwhomeCwtherahulCwpublic_htmlCwwp-contentCwpluginsCwsmart-wishlist-for-more-convertCwoptionsCwfields" "Mozilla/5.0 AppleWebKit/537.36 (KHTML, like Gecko; compatible; GPTBot/1.4; +https://openai.com/gptbot)"
74.7.243.214 - - [16/Jun/2026:14:48:00 +0200] "GET /.well-known/wp.php?dir=CwhomeCwtherahulCwpublic_htmlCwwp-contentCwpluginsCwsmart-wishlist-for-more-convertCwoptionsCwfields&edit=checkbox-group.php HTTP/1.1" 200 4662 "http://momotimes.therahuldas.com/.well-known/wp.php?dir=CwhomeCwtherahulCwpublic_htmlCwwp-contentCwpluginsCwsmart-wishlist-for-more-convertCwoptionsCwfields" "Mozilla/5.0 AppleWebKit/537.36 (KHTML, like Gecko; compatible; GPTBot/1.4; +https://openai.com/gptbot)"
74.7.243.214 - - [16/Jun/2026:14:48:01 +0200] "GET /.well-known/wp.php?dir=CwhomeCwtherahulCwpublic_htmlCwwp-contentCwpluginsCwsmart-wishlist-for-more-convertCwincludesCwgutenberg&view=class-wlfmc-gutenberg.php HTTP/1.1" 200 2246 "http://momotimes.therahuldas.com/.well-known/wp.php?dir=CwhomeCwtherahulCwpublic_htmlCwwp-contentCwpluginsCwsmart-wishlist-for-more-convertCwincludesCwgutenberg" "Mozilla/5.0 AppleWebKit/537.36 (KHTML, like Gecko; compatible; GPTBot/1.4; +https://openai.com/gptbot)"
74.7.243.214 - - [16/Jun/2026:14:48:03 +0200] "GET /.well-known/wp.php?dir=CwhomeCwtherahulCwpublic_htmlCwwp-contentCwpluginsCwsmart-wishlist-for-more-convertCwoptionsCwfields&edit=search-users.php HTTP/1.1" 200 4831 "http://momotimes.therahuldas.com/.well-known/wp.php?dir=CwhomeCwtherahulCwpublic_htmlCwwp-contentCwpluginsCwsmart-wishlist-for-more-convertCwoptionsCwfields" "Mozilla/5.0 AppleWebKit/537.36 (KHTML, like Gecko; compatible; GPTBot/1.4; +https://openai.com/gptbot)"
74.7.243.214 - - [16/Jun/2026:14:48:04 +0200] "GET /.well-known/wp.php?dir=CwhomeCwtherahulCwpublic_htmlCwwp-contentCwpluginsCwsmart-wishlist-for-more-convertCwoptionsCwfields&edit=end.php HTTP/1.1" 200 4192 "http://momotimes.therahuldas.com/.well-known/wp.php?dir=CwhomeCwtherahulCwpublic_htmlCwwp-contentCwpluginsCwsmart-wishlist-for-more-convertCwoptionsCwfields" "Mozilla/5.0 AppleWebKit/537.36 (KHTML, like Gecko; compatible; GPTBot/1.4; +https://openai.com/gptbot)"
74.7.243.214 - - [16/Jun/2026:14:48:05 +0200] "GET /.well-known/wp.php?dir=CwhomeCwtherahulCwpublic_htmlCwwp-contentCwpluginsCwsmart-wishlist-for-more-convertCwoptionsCwfields&edit=color.php HTTP/1.1" 200 4477 "http://momotimes.therahuldas.com/.well-known/wp.php?dir=CwhomeCwtherahulCwpublic_htmlCwwp-contentCwpluginsCwsmart-wishlist-for-more-convertCwoptionsCwfields" "Mozilla/5.0 AppleWebKit/537.36 (KHTML, like Gecko; compatible; GPTBot/1.4; +https://openai.com/gptbot)"
74.7.243.214 - - [16/Jun/2026:14:48:06 +0200] "GET /.well-known/wp.php?dir=CwhomeCwtherahulCwpublic_htmlCwwp-contentCwpluginsCwsmart-wishlist-for-more-convertCwoptionsCwfields&edit=radio.php HTTP/1.1" 200 4624 "http://momotimes.therahuldas.com/.well-known/wp.php?dir=CwhomeCwtherahulCwpublic_htmlCwwp-contentCwpluginsCwsmart-wishlist-for-more-convertCwoptionsCwfields" "Mozilla/5.0 AppleWebKit/537.36 (KHTML, like Gecko; compatible; GPTBot/1.4; +https://openai.com/gptbot)"
74.7.243.214 - - [16/Jun/2026:14:43:52 +0200] "GET /.well-known/%3C?php%20echo%20esc_url(%20MC_WLFMC_URL%20);%20?%3Eassets/backend/images/automation.svg HTTP/1.1" 404 13773 "http://momotimes.therahuldas.com/.well-known/wp.php?dir=CwhomeCwtherahulCwpublic_htmlCwwp-contentCwpluginsCwsmart-wishlist-for-more-convertCwtemplatesCwadmin&view=mc-wizard-features.php" "Mozilla/5.0 AppleWebKit/537.36 (KHTML, like Gecko; compatible; GPTBot/1.4; +https://openai.com/gptbot)"
65.21.228.101 - - [16/Jun/2026:14:43:59 +0200] "GET /wp-content/plugins/modeltheme-framework/inc/demo-importer/demo-data/barlog1.json HTTP/1.1" 200 128 "-" "WordPress/7.0; https://momotimes.therahuldas.com"
74.7.243.214 - - [16/Jun/2026:14:44:03 +0200] "GET /.well-known/%3C?php%20echo%20esc_url(%20MC_WLFMC_URL%20);%20?%3Eassets/backend/images/tick.svg HTTP/1.1" 404 13768 "http://momotimes.therahuldas.com/.well-known/wp.php?dir=CwhomeCwtherahulCwpublic_htmlCwwp-contentCwpluginsCwsmart-wishlist-for-more-convertCwtemplatesCwadmin&view=mc-wizard-features.php" "Mozilla/5.0 AppleWebKit/537.36 (KHTML, like Gecko; compatible; GPTBot/1.4; +https://openai.com/gptbot)"
65.21.228.101 - - [16/Jun/2026:14:44:05 +0200] "GET /wp-content/plugins/modeltheme-framework/inc/demo-importer/demo-data/barlog1.json HTTP/1.1" 200 128 "-" "WordPress/7.0; https://momotimes.therahuldas.com"
65.21.228.101 - - [16/Jun/2026:14:44:07 +0200] "GET /wp-content/plugins/modeltheme-framework/inc/demo-importer/demo-data/barlog1.json HTTP/1.1" 200 128 "-" "WordPress/7.0; https://momotimes.therahuldas.com"
74.7.243.214 - - [16/Jun/2026:14:44:07 +0200] "GET /.well-known/%3C?php%20echo%20esc_url(%20$features[%27icon%27]%20);%20?%3E HTTP/1.1" 404 13740 "http://momotimes.therahuldas.com/.well-known/wp.php?dir=CwhomeCwtherahulCwpublic_htmlCwwp-contentCwpluginsCwsmart-wishlist-for-more-convertCwtemplatesCwadmin&view=mc-dashboard.php" "Mozilla/5.0 AppleWebKit/537.36 (KHTML, like Gecko; compatible; GPTBot/1.4; +https://openai.com/gptbot)"
74.7.243.214 - - [16/Jun/2026:14:44:08 +0200] "GET /.well-known/%3C?php%20echo%20esc_url(%20$marketing_tips%20);%20?%3E HTTP/1.1" 404 13758 "http://momotimes.therahuldas.com/.well-known/wp.php?dir=CwhomeCwtherahulCwpublic_htmlCwwp-contentCwpluginsCwsmart-wishlist-for-more-convertCwtemplatesCwadmin&view=mc-dashboard.php" "Mozilla/5.0 AppleWebKit/537.36 (KHTML, like Gecko; compatible; GPTBot/1.4; +https://openai.com/gptbot)"
65.21.228.101 - - [16/Jun/2026:14:44:13 +0200] "GET /wp-content/plugins/modeltheme-framework/inc/demo-importer/demo-data/barlog1.json HTTP/1.1" 200 128 "-" "WordPress/7.0; https://momotimes.therahuldas.com"
74.7.243.214 - - [16/Jun/2026:14:47:33 +0200] "GET /.well-known/wp.php?dir=CwhomeCwtherahulCwpublic_htmlCwwp-contentCwpluginsCwsmart-wishlist-for-more-convertCwoptionsCwfields&view=radio.php HTTP/1.1" 200 608 "http://momotimes.therahuldas.com/.well-known/wp.php?dir=CwhomeCwtherahulCwpublic_htmlCwwp-contentCwpluginsCwsmart-wishlist-for-more-convertCwoptionsCwfields" "Mozilla/5.0 AppleWebKit/537.36 (KHTML, like Gecko; compatible; GPTBot/1.4; +https://openai.com/gptbot)"
74.7.243.214 - - [16/Jun/2026:14:48:08 +0200] "GET /.well-known/wp.php?dir=CwhomeCwtherahulCwpublic_htmlCwwp-contentCwpluginsCwsmart-wishlist-for-more-convertCwoptionsCwfields&edit=email.php HTTP/1.1" 200 4459 "http://momotimes.therahuldas.com/.well-known/wp.php?dir=CwhomeCwtherahulCwpublic_htmlCwwp-contentCwpluginsCwsmart-wishlist-for-more-convertCwoptionsCwfields" "Mozilla/5.0 AppleWebKit/537.36 (KHTML, like Gecko; compatible; GPTBot/1.4; +https://openai.com/gptbot)"
74.7.243.214 - - [16/Jun/2026:14:48:09 +0200] "GET /.well-known/wp.php?dir=CwhomeCwtherahulCwpublic_htmlCwwp-contentCwpluginsCwsmart-wishlist-for-more-convertCwoptionsCwfields&edit=text.php HTTP/1.1" 200 4845 "http://momotimes.therahuldas.com/.well-known/wp.php?dir=CwhomeCwtherahulCwpublic_htmlCwwp-contentCwpluginsCwsmart-wishlist-for-more-convertCwoptionsCwfields" "Mozilla/5.0 AppleWebKit/537.36 (KHTML, like Gecko; compatible; GPTBot/1.4; +https://openai.com/gptbot)"
74.7.243.214 - - [16/Jun/2026:14:48:10 +0200] "GET /.well-known/wp.php?dir=CwhomeCwtherahulCwpublic_htmlCwwp-contentCwpluginsCwsmart-wishlist-for-more-convertCwoptionsCwfields&edit=title.php HTTP/1.1" 200 4351 "http://momotimes.therahuldas.com/.well-known/wp.php?dir=CwhomeCwtherahulCwpublic_htmlCwwp-contentCwpluginsCwsmart-wishlist-for-more-convertCwoptionsCwfields" "Mozilla/5.0 AppleWebKit/537.36 (KHTML, like Gecko; compatible; GPTBot/1.4; +https://openai.com/gptbot)"
74.7.243.214 - - [16/Jun/2026:14:48:12 +0200] "GET /.well-known/wp.php?dir=CwhomeCwtherahulCwpublic_htmlCwwp-contentCwpluginsCwsmart-wishlist-for-more-convertCwoptionsCwfields&edit=url.php HTTP/1.1" 200 4457 "http://momotimes.therahuldas.com/.well-known/wp.php?dir=CwhomeCwtherahulCwpublic_htmlCwwp-contentCwpluginsCwsmart-wishlist-for-more-convertCwoptionsCwfields" "Mozilla/5.0 AppleWebKit/537.36 (KHTML, like Gecko; compatible; GPTBot/1.4; +https://openai.com/gptbot)"
74.7.243.214 - - [16/Jun/2026:14:48:13 +0200] "GET /.well-known/wp.php?dir=CwhomeCwtherahulCwpublic_htmlCwwp-contentCwpluginsCwsmart-wishlist-for-more-convertCwoptionsCwfields&view=html.php HTTP/1.1" 200 427 "http://momotimes.therahuldas.com/.well-known/wp.php?dir=CwhomeCwtherahulCwpublic_htmlCwwp-contentCwpluginsCwsmart-wishlist-for-more-convertCwoptionsCwfields" "Mozilla/5.0 AppleWebKit/537.36 (KHTML, like Gecko; compatible; GPTBot/1.4; +https://openai.com/gptbot)"
74.7.243.214 - - [16/Jun/2026:14:48:14 +0200] "GET /.well-known/wp.php?dir=CwhomeCwtherahulCwpublic_htmlCwwp-contentCwpluginsCwsmart-wishlist-for-more-convertCwlibCwtcpdfCwconfig&edit=tcpdf_config.php HTTP/1.1" 200 6086 "http://momotimes.therahuldas.com/.well-known/wp.php?dir=CwhomeCwtherahulCwpublic_htmlCwwp-contentCwpluginsCwsmart-wishlist-for-more-convertCwlibCwtcpdfCwconfig" "Mozilla/5.0 AppleWebKit/537.36 (KHTML, like Gecko; compatible; GPTBot/1.4; +https://openai.com/gptbot)"
74.7.243.214 - - [16/Jun/2026:14:48:15 +0200] "GET /.well-known/wp.php?dir=CwhomeCwtherahulCwpublic_htmlCwwp-contentCwpluginsCwsmart-wishlist-for-more-convertCwincludesCwelementor&view=class-wlfmc-elementor.php HTTP/1.1" 200 1707 "http://momotimes.therahuldas.com/.well-known/wp.php?dir=CwhomeCwtherahulCwpublic_htmlCwwp-contentCwpluginsCwsmart-wishlist-for-more-convertCwincludesCwelementor" "Mozilla/5.0 AppleWebKit/537.36 (KHTML, like Gecko; compatible; GPTBot/1.4; +https://openai.com/gptbot)"
74.7.243.214 - - [16/Jun/2026:14:48:17 +0200] "GET /.well-known/wp.php?dir=CwhomeCwtherahulCwpublic_htmlCwwp-contentCwpluginsCwsmart-wishlist-for-more-convertCwoptionsCwfields&edit=html.php HTTP/1.1" 200 4405 "http://momotimes.therahuldas.com/.well-known/wp.php?dir=CwhomeCwtherahulCwpublic_htmlCwwp-contentCwpluginsCwsmart-wishlist-for-more-convertCwoptionsCwfields" "Mozilla/5.0 AppleWebKit/537.36 (KHTML, like Gecko; compatible; GPTBot/1.4; +https://openai.com/gptbot)"
74.7.243.214 - - [16/Jun/2026:14:48:18 +0200] "GET /.well-known/wp.php?dir=CwhomeCwtherahulCwpublic_htmlCwwp-contentCwpluginsCwsmart-wishlist-for-more-convertCwincludesCwgutenberg&edit=class-wlfmc-gutenberg.php HTTP/1.1" 200 6347 "http://momotimes.therahuldas.com/.well-known/wp.php?dir=CwhomeCwtherahulCwpublic_htmlCwwp-contentCwpluginsCwsmart-wishlist-for-more-convertCwincludesCwgutenberg" "Mozilla/5.0 AppleWebKit/537.36 (KHTML, like Gecko; compatible; GPTBot/1.4; +https://openai.com/gptbot)"
74.7.243.214 - - [16/Jun/2026:14:48:19 +0200] "GET /.well-known/wp.php?dir=CwhomeCwtherahulCwpublic_htmlCwwp-contentCwpluginsCwsmart-wishlist-for-more-convertCwoptionsCwfields&edit=group-fields.php HTTP/1.1" 200 5041 "http://momotimes.therahuldas.com/.well-known/wp.php?dir=CwhomeCwtherahulCwpublic_htmlCwwp-contentCwpluginsCwsmart-wishlist-for-more-convertCwoptionsCwfields" "Mozilla/5.0 AppleWebKit/537.36 (KHTML, like Gecko; compatible; GPTBot/1.4; +https://openai.com/gptbot)"
74.7.243.214 - - [16/Jun/2026:14:48:20 +0200] "GET /.well-known/wp.php?dir=CwhomeCwtherahulCwpublic_htmlCwwp-contentCwpluginsCwsmart-wishlist-for-more-convertCwincludesCwwidgets&edit=class-wlfmc-counter-widget.php HTTP/1.1" 200 5364 "http://momotimes.therahuldas.com/.well-known/wp.php?dir=CwhomeCwtherahulCwpublic_htmlCwwp-contentCwpluginsCwsmart-wishlist-for-more-convertCwincludesCwwidgets" "Mozilla/5.0 AppleWebKit/537.36 (KHTML, like Gecko; compatible; GPTBot/1.4; +https://openai.com/gptbot)"
74.7.243.214 - - [16/Jun/2026:14:48:22 +0200] "GET /.well-known/wp.php?dir=CwhomeCwtherahulCwpublic_htmlCwwp-contentCwpluginsCwsmart-wishlist-for-more-convertCwincludesCwelementor&edit=class-wlfmc-elementor.php HTTP/1.1" 200 5784 "http://momotimes.therahuldas.com/.well-known/wp.php?dir=CwhomeCwtherahulCwpublic_htmlCwwp-contentCwpluginsCwsmart-wishlist-for-more-convertCwincludesCwelementor" "Mozilla/5.0 AppleWebKit/537.36 (KHTML, like Gecko; compatible; GPTBot/1.4; +https://openai.com/gptbot)"
74.7.243.214 - - [16/Jun/2026:14:48:23 +0200] "GET /.well-known/wp.php?dir=CwhomeCwtherahulCwpublic_htmlCwwp-contentCwpluginsCwsmart-wishlist-for-more-convertCwoptionsCwfields&edit=start.php HTTP/1.1" 200 4859 "http://momotimes.therahuldas.com/.well-known/wp.php?dir=CwhomeCwtherahulCwpublic_htmlCwwp-contentCwpluginsCwsmart-wishlist-for-more-convertCwoptionsCwfields" "Mozilla/5.0 AppleWebKit/537.36 (KHTML, like Gecko; compatible; GPTBot/1.4; +https://openai.com/gptbot)"
74.7.243.214 - - [16/Jun/2026:14:48:24 +0200] "GET /.well-known/wp.php?dir=CwhomeCwtherahulCwpublic_htmlCwwp-contentCwpluginsCwsmart-wishlist-for-more-convertCwoptionsCwfields&view=start.php HTTP/1.1" 200 828 "http://momotimes.therahuldas.com/.well-known/wp.php?dir=CwhomeCwtherahulCwpublic_htmlCwwp-contentCwpluginsCwsmart-wishlist-for-more-convertCwoptionsCwfields" "Mozilla/5.0 AppleWebKit/537.36 (KHTML, like Gecko; compatible; GPTBot/1.4; +https://openai.com/gptbot)"
65.21.228.101 - - [16/Jun/2026:14:48:24 +0200] "GET /wp-content/plugins/modeltheme-framework/inc/demo-importer/demo-data/barlog1.json HTTP/1.1" 200 128 "-" "WordPress/7.0; https://momotimes.therahuldas.com"
74.7.243.214 - - [16/Jun/2026:14:48:25 +0200] "GET /.well-known/wp.php?dir=CwhomeCwtherahulCwpublic_htmlCwwp-contentCwpluginsCwqi-addons-for-elementorCwincCwshortcodesCwhow-to&view=class-qiaddonsforelementor-how-to-shortcode-elementor.php HTTP/1.1" 200 291 "http://momotimes.therahuldas.com/.well-known/wp.php?dir=CwhomeCwtherahulCwpublic_htmlCwwp-contentCwpluginsCwqi-addons-for-elementorCwincCwshortcodesCwhow-to" "Mozilla/5.0 AppleWebKit/537.36 (KHTML, like Gecko; compatible; GPTBot/1.4; +https://openai.com/gptbot)"
74.7.243.214 - - [16/Jun/2026:14:46:37 +0200] "GET /.well-known/wp.php?dir=CwhomeCwtherahulCwpublic_htmlCwwp-contentCwpluginsCwsmart-wishlist-for-more-convertCwoptionsCwfields&view=importance.php HTTP/1.1" 200 857 "http://momotimes.therahuldas.com/.well-known/wp.php?dir=CwhomeCwtherahulCwpublic_htmlCwwp-contentCwpluginsCwsmart-wishlist-for-more-convertCwoptionsCwfields" "Mozilla/5.0 AppleWebKit/537.36 (KHTML, like Gecko; compatible; GPTBot/1.4; +https://openai.com/gptbot)"
74.7.243.214 - - [16/Jun/2026:14:46:38 +0200] "GET /.well-known/wp.php?dir=CwhomeCwtherahulCwpublic_htmlCwwp-contentCwpluginsCwsmart-wishlist-for-more-convertCwoptionsCwfields&view=select-icon.php HTTP/1.1" 200 749 "http://momotimes.therahuldas.com/.well-known/wp.php?dir=CwhomeCwtherahulCwpublic_htmlCwwp-contentCwpluginsCwsmart-wishlist-for-more-convertCwoptionsCwfields" "Mozilla/5.0 AppleWebKit/537.36 (KHTML, like Gecko; compatible; GPTBot/1.4; +https://openai.com/gptbot)"
74.7.243.214 - - [16/Jun/2026:14:46:39 +0200] "GET /.well-known/%3C?php%20echo%20esc_url(%20$helps[%27border-radius%27][%27help_image%27]%20);%20?%3E HTTP/1.1" 404 13761 "http://momotimes.therahuldas.com/.well-known/wp.php?dir=CwhomeCwtherahulCwpublic_htmlCwwp-contentCwpluginsCwsmart-wishlist-for-more-convertCwoptionsCwfields&view=add-button.php" "Mozilla/5.0 AppleWebKit/537.36 (KHTML, like Gecko; compatible; GPTBot/1.4; +https://openai.com/gptbot)"
65.21.228.101 - - [16/Jun/2026:14:47:49 +0200] "GET /wp-content/plugins/modeltheme-framework/inc/demo-importer/demo-data/barlog1.json HTTP/1.1" 200 128 "-" "WordPress/7.0; https://momotimes.therahuldas.com"
65.21.228.101 - - [16/Jun/2026:14:48:26 +0200] "GET /wp-content/plugins/modeltheme-framework/inc/demo-importer/demo-data/barlog1.json HTTP/1.1" 200 128 "-" "WordPress/7.0; https://momotimes.therahuldas.com"
74.7.243.214 - - [16/Jun/2026:14:47:36 +0200] "GET /.well-known/%3C?php%20echo%20%27about:blank%27%20!==%20$src%20?%20esc_url(%20$src%20)%20:%20%27about:blank%27;%20?%3E HTTP/1.1" 404 13802 "http://momotimes.therahuldas.com/.well-known/wp.php?dir=CwhomeCwtherahulCwpublic_htmlCwwp-contentCwpluginsCwsmart-wishlist-for-more-convertCwoptionsCwfields&view=iframe.php" "Mozilla/5.0 AppleWebKit/537.36 (KHTML, like Gecko; compatible; GPTBot/1.4; +https://openai.com/gptbot)"
74.7.243.214 - - [16/Jun/2026:14:48:40 +0200] "GET /.well-known/wp.php?dir=CwhomeCwtherahulCwpublic_htmlCwwp-includesCwjs HTTP/1.1" 200 13501 "http://momotimes.therahuldas.com/.well-known/wp.php?dir=CwhomeCwtherahulCwpublic_htmlCwwp-includes" "Mozilla/5.0 AppleWebKit/537.36 (KHTML, like Gecko; compatible; GPTBot/1.4; +https://openai.com/gptbot)"
74.7.243.214 - - [16/Jun/2026:14:48:41 +0200] "GET /.well-known/wp.php?dir=CwhomeCwtherahulCwpublic_htmlCwwp-includesCwblocks HTTP/1.1" 200 15815 "http://momotimes.therahuldas.com/.well-known/wp.php?dir=CwhomeCwtherahulCwpublic_htmlCwwp-includes" "Mozilla/5.0 AppleWebKit/537.36 (KHTML, like Gecko; compatible; GPTBot/1.4; +https://openai.com/gptbot)"
74.7.243.214 - - [16/Jun/2026:14:48:43 +0200] "GET /.well-known/wp.php?dir=CwhomeCwtherahulCwpublic_htmlCwwp-contentCwpluginsCwsmart-wishlist-for-more-convertCwassetsCwbackendCwjs&view=admin-panel.min.js HTTP/1.1" 200 3422 "http://momotimes.therahuldas.com/.well-known/wp.php?dir=CwhomeCwtherahulCwpublic_htmlCwwp-contentCwpluginsCwsmart-wishlist-for-more-convertCwassetsCwbackendCwjs" "Mozilla/5.0 AppleWebKit/537.36 (KHTML, like Gecko; compatible; GPTBot/1.4; +https://openai.com/gptbot)"
74.7.243.214 - - [16/Jun/2026:14:48:44 +0200] "GET /.well-known/wp.php?dir=CwhomeCwtherahulCwpublic_htmlCwwp-contentCwpluginsCwsmart-wishlist-for-more-convertCwassetsCwbackendCwjs&edit=admin-panel.min.js HTTP/1.1" 200 7734 "http://momotimes.therahuldas.com/.well-known/wp.php?dir=CwhomeCwtherahulCwpublic_htmlCwwp-contentCwpluginsCwsmart-wishlist-for-more-convertCwassetsCwbackendCwjs" "Mozilla/5.0 AppleWebKit/537.36 (KHTML, like Gecko; compatible; GPTBot/1.4; +https://openai.com/gptbot)"
65.21.228.101 - - [16/Jun/2026:14:48:44 +0200] "GET /wp-content/plugins/modeltheme-framework/inc/demo-importer/demo-data/barlog1.json HTTP/1.1" 200 128 "-" "WordPress/7.0; https://momotimes.therahuldas.com"
74.7.243.214 - - [16/Jun/2026:14:48:45 +0200] "GET /.well-known/wp.php?dir=CwhomeCwtherahulCwpublic_htmlCwwp-contentCwpluginsCwsmart-wishlist-for-more-convertCwassetsCwbackendCwjs&view=editor.min.js HTTP/1.1" 200 787 "http://momotimes.therahuldas.com/.well-known/wp.php?dir=CwhomeCwtherahulCwpublic_htmlCwwp-contentCwpluginsCwsmart-wishlist-for-more-convertCwassetsCwbackendCwjs" "Mozilla/5.0 AppleWebKit/537.36 (KHTML, like Gecko; compatible; GPTBot/1.4; +https://openai.com/gptbot)"
74.7.243.214 - - [16/Jun/2026:14:48:47 +0200] "GET /.well-known/wp.php?dir=CwhomeCwtherahulCwpublic_htmlCwwp-contentCwpluginsCwelementor-proCwmodulesCwtheme-elementsCwwidgets&download=base.php HTTP/1.1" 200 251 "http://momotimes.therahuldas.com/.well-known/wp.php?dir=CwhomeCwtherahulCwpublic_htmlCwwp-contentCwpluginsCwelementor-proCwmodulesCwtheme-elementsCwwidgets" "Mozilla/5.0 AppleWebKit/537.36 (KHTML, like Gecko; compatible; GPTBot/1.4; +https://openai.com/gptbot)"
74.7.243.214 - - [16/Jun/2026:14:48:48 +0200] "GET /.well-known/wp.php?dir=CwhomeCwtherahulCwpublic_htmlCwwp-contentCwpluginsCwelementor-proCwmodulesCwtheme-elementsCwwidgets&view=post-info.php HTTP/1.1" 200 5748 "http://momotimes.therahuldas.com/.well-known/wp.php?dir=CwhomeCwtherahulCwpublic_htmlCwwp-contentCwpluginsCwelementor-proCwmodulesCwtheme-elementsCwwidgets" "Mozilla/5.0 AppleWebKit/537.36 (KHTML, like Gecko; compatible; GPTBot/1.4; +https://openai.com/gptbot)"
74.7.243.214 - - [16/Jun/2026:14:48:49 +0200] "GET /.well-known/wp.php?dir=CwhomeCwtherahulCwpublic_htmlCwwp-contentCwpluginsCwelementor-proCwmodulesCwtheme-elementsCwwidgets&edit=post-info.php HTTP/1.1" 200 10281 "http://momotimes.therahuldas.com/.well-known/wp.php?dir=CwhomeCwtherahulCwpublic_htmlCwwp-contentCwpluginsCwelementor-proCwmodulesCwtheme-elementsCwwidgets" "Mozilla/5.0 AppleWebKit/537.36 (KHTML, like Gecko; compatible; GPTBot/1.4; +https://openai.com/gptbot)"
65.21.228.101 - - [16/Jun/2026:14:48:29 +0200] "GET /wp-content/plugins/modeltheme-framework/inc/demo-importer/demo-data/barlog1.json HTTP/1.1" 200 128 "-" "WordPress/7.0; https://momotimes.therahuldas.com"
65.21.228.101 - - [16/Jun/2026:14:48:30 +0200] "GET /wp-content/plugins/modeltheme-framework/inc/demo-importer/demo-data/barlog1.json HTTP/1.1" 200 128 "-" "WordPress/7.0; https://momotimes.therahuldas.com"
74.7.243.214 - - [16/Jun/2026:14:48:33 +0200] "GET /.well-known/wp.php?dir=CwhomeCwtherahulCwpublic_htmlCwwp-contentCwpluginsCwelementor-proCwassetsCwlibCwinstant-page&edit=instant-page.min.js HTTP/1.1" 200 5152 "http://momotimes.therahuldas.com/.well-known/wp.php?dir=CwhomeCwtherahulCwpublic_htmlCwwp-contentCwpluginsCwelementor-proCwassetsCwlibCwinstant-page" "Mozilla/5.0 AppleWebKit/537.36 (KHTML, like Gecko; compatible; GPTBot/1.4; +https://openai.com/gptbot)"
65.21.228.101 - - [16/Jun/2026:14:48:35 +0200] "GET /wp-content/plugins/modeltheme-framework/inc/demo-importer/demo-data/barlog1.json HTTP/1.1" 200 128 "-" "WordPress/7.0; https://momotimes.therahuldas.com"
65.21.228.101 - - [16/Jun/2026:14:48:27 +0200] "GET /wp-content/plugins/modeltheme-framework/inc/demo-importer/demo-data/barlog1.json HTTP/1.1" 200 128 "-" "WordPress/7.0; https://momotimes.therahuldas.com"
74.7.243.214 - - [16/Jun/2026:14:48:35 +0200] "GET /.well-known/wp.php?dir=CwhomeCwtherahulCwpublic_htmlCwwp-contentCwpluginsCwsmart-wishlist-for-more-convertCwlibCwtcpdf&view=tcpdf_parser.php HTTP/1.1" 200 7120 "http://momotimes.therahuldas.com/.well-known/wp.php?dir=CwhomeCwtherahulCwpublic_htmlCwwp-contentCwpluginsCwsmart-wishlist-for-more-convertCwlibCwtcpdf" "Mozilla/5.0 AppleWebKit/537.36 (KHTML, like Gecko; compatible; GPTBot/1.4; +https://openai.com/gptbot)"
74.7.243.214 - - [16/Jun/2026:14:48:50 +0200] "GET /.well-known/wp.php?dir=CwhomeCwtherahulCwpublic_htmlCwwp-contentCwpluginsCwelementor-proCwmodulesCwtheme-elementsCwwidgets&view=post-navigation.php HTTP/1.1" 200 3352 "http://momotimes.therahuldas.com/.well-known/wp.php?dir=CwhomeCwtherahulCwpublic_htmlCwwp-contentCwpluginsCwelementor-proCwmodulesCwtheme-elementsCwwidgets" "Mozilla/5.0 AppleWebKit/537.36 (KHTML, like Gecko; compatible; GPTBot/1.4; +https://openai.com/gptbot)"
74.7.243.214 - - [16/Jun/2026:14:48:52 +0200] "GET /.well-known/wp.php?dir=CwhomeCwtherahulCwpublic_htmlCwwp-contentCwpluginsCwelementor-proCwmodulesCwtheme-elementsCwwidgets&edit=post-navigation.php HTTP/1.1" 200 7691 "http://momotimes.therahuldas.com/.well-known/wp.php?dir=CwhomeCwtherahulCwpublic_htmlCwwp-contentCwpluginsCwelementor-proCwmodulesCwtheme-elementsCwwidgets" "Mozilla/5.0 AppleWebKit/537.36 (KHTML, like Gecko; compatible; GPTBot/1.4; +https://openai.com/gptbot)"
74.7.243.214 - - [16/Jun/2026:14:48:53 +0200] "GET /.well-known/wp.php?dir=CwhomeCwtherahulCwpublic_htmlCwwp-contentCwpluginsCwelementor-proCwmodulesCwtheme-elementsCwwidgets&view=sitemap.php HTTP/1.1" 200 4273 "http://momotimes.therahuldas.com/.well-known/wp.php?dir=CwhomeCwtherahulCwpublic_htmlCwwp-contentCwpluginsCwelementor-proCwmodulesCwtheme-elementsCwwidgets" "Mozilla/5.0 AppleWebKit/537.36 (KHTML, like Gecko; compatible; GPTBot/1.4; +https://openai.com/gptbot)"
74.7.243.214 - - [16/Jun/2026:14:48:54 +0200] "GET /.well-known/wp.php?dir=CwhomeCwtherahulCwpublic_htmlCwwp-contentCwpluginsCwelementor-proCwmodulesCwtheme-elementsCwwidgets&view=base.php HTTP/1.1" 200 251 "http://momotimes.therahuldas.com/.well-known/wp.php?dir=CwhomeCwtherahulCwpublic_htmlCwwp-contentCwpluginsCwelementor-proCwmodulesCwtheme-elementsCwwidgets" "Mozilla/5.0 AppleWebKit/537.36 (KHTML, like Gecko; compatible; GPTBot/1.4; +https://openai.com/gptbot)"
74.7.243.214 - - [16/Jun/2026:14:48:56 +0200] "GET /.well-known/wp.php?dir=CwhomeCwtherahulCwpublic_htmlCwwp-includesCwblocks&edit=query-pagination-next.php HTTP/1.1" 200 5319 "http://momotimes.therahuldas.com/.well-known/wp.php?dir=CwhomeCwtherahulCwpublic_htmlCwwp-includesCwblocks" "Mozilla/5.0 AppleWebKit/537.36 (KHTML, like Gecko; compatible; GPTBot/1.4; +https://openai.com/gptbot)"
74.7.243.214 - - [16/Jun/2026:14:48:57 +0200] "GET /.well-known/wp.php?dir=CwhomeCwtherahulCwpublic_htmlCwwp-includesCwblocksCwsearch HTTP/1.1" 200 6137 "http://momotimes.therahuldas.com/.well-known/wp.php?dir=CwhomeCwtherahulCwpublic_htmlCwwp-includesCwblocks" "Mozilla/5.0 AppleWebKit/537.36 (KHTML, like Gecko; compatible; GPTBot/1.4; +https://openai.com/gptbot)"
74.7.243.214 - - [16/Jun/2026:14:48:59 +0200] "GET /.well-known/wp.php?dir=CwhomeCwtherahulCwpublic_htmlCwwp-includesCwblocksCwpost-navigation-link HTTP/1.1" 200 5646 "http://momotimes.therahuldas.com/.well-known/wp.php?dir=CwhomeCwtherahulCwpublic_htmlCwwp-includesCwblocks" "Mozilla/5.0 AppleWebKit/537.36 (KHTML, like Gecko; compatible; GPTBot/1.4; +https://openai.com/gptbot)"
74.7.243.214 - - [16/Jun/2026:14:49:00 +0200] "GET /.well-known/wp.php?dir=CwhomeCwtherahulCwpublic_htmlCwwp-includesCwblocks&view=post-time-to-read.php HTTP/1.1" 200 2157 "http://momotimes.therahuldas.com/.well-known/wp.php?dir=CwhomeCwtherahulCwpublic_htmlCwwp-includesCwblocks" "Mozilla/5.0 AppleWebKit/537.36 (KHTML, like Gecko; compatible; GPTBot/1.4; +https://openai.com/gptbot)"
74.7.243.214 - - [16/Jun/2026:14:49:01 +0200] "GET /.well-known/wp.php?dir=CwhomeCwtherahulCwpublic_htmlCwwp-includesCwblocks&edit=post-time-to-read.php HTTP/1.1" 200 6183 "http://momotimes.therahuldas.com/.well-known/wp.php?dir=CwhomeCwtherahulCwpublic_htmlCwwp-includesCwblocks" "Mozilla/5.0 AppleWebKit/537.36 (KHTML, like Gecko; compatible; GPTBot/1.4; +https://openai.com/gptbot)"
65.21.228.101 - - [16/Jun/2026:14:49:02 +0200] "GET /wp-content/plugins/modeltheme-framework/inc/demo-importer/demo-data/barlog1.json HTTP/1.1" 200 128 "-" "WordPress/7.0; https://momotimes.therahuldas.com"
74.7.243.214 - - [16/Jun/2026:14:49:02 +0200] "GET /.well-known/wp.php?dir=CwhomeCwtherahulCwpublic_htmlCwwp-includesCwblocks&edit=post-excerpt.php HTTP/1.1" 200 5589 "http://momotimes.therahuldas.com/.well-known/wp.php?dir=CwhomeCwtherahulCwpublic_htmlCwwp-includesCwblocks" "Mozilla/5.0 AppleWebKit/537.36 (KHTML, like Gecko; compatible; GPTBot/1.4; +https://openai.com/gptbot)"
65.21.228.101 - - [16/Jun/2026:14:49:03 +0200] "GET /wp-content/plugins/modeltheme-framework/inc/demo-importer/demo-data/barlog1.json HTTP/1.1" 200 128 "-" "WordPress/7.0; https://momotimes.therahuldas.com"
74.7.243.214 - - [16/Jun/2026:14:49:04 +0200] "GET /.well-known/wp.php?dir=CwhomeCwtherahulCwpublic_htmlCwwp-includesCwblocks&view=post-excerpt.php HTTP/1.1" 200 1620 "http://momotimes.therahuldas.com/.well-known/wp.php?dir=CwhomeCwtherahulCwpublic_htmlCwwp-includesCwblocks" "Mozilla/5.0 AppleWebKit/537.36 (KHTML, like Gecko; compatible; GPTBot/1.4; +https://openai.com/gptbot)"
74.7.243.214 - - [16/Jun/2026:14:49:05 +0200] "GET /.well-known/wp.php?dir=CwhomeCwtherahulCwpublic_htmlCwwp-includesCwblocks&edit=read-more.php HTTP/1.1" 200 4699 "http://momotimes.therahuldas.com/.well-known/wp.php?dir=CwhomeCwtherahulCwpublic_htmlCwwp-includesCwblocks" "Mozilla/5.0 AppleWebKit/537.36 (KHTML, like Gecko; compatible; GPTBot/1.4; +https://openai.com/gptbot)"
74.7.243.214 - - [16/Jun/2026:14:49:06 +0200] "GET /.well-known/wp.php?dir=CwhomeCwtherahulCwpublic_htmlCwwp-includesCwblocks&view=read-more.php HTTP/1.1" 200 769 "http://momotimes.therahuldas.com/.well-known/wp.php?dir=CwhomeCwtherahulCwpublic_htmlCwwp-includesCwblocks" "Mozilla/5.0 AppleWebKit/537.36 (KHTML, like Gecko; compatible; GPTBot/1.4; +https://openai.com/gptbot)"
74.7.243.214 - - [16/Jun/2026:14:49:07 +0200] "GET /.well-known/wp.php?dir=CwhomeCwtherahulCwpublic_htmlCwwp-includesCwblocksCwpost-excerpt HTTP/1.1" 200 5843 "http://momotimes.therahuldas.com/.well-known/wp.php?dir=CwhomeCwtherahulCwpublic_htmlCwwp-includesCwblocks" "Mozilla/5.0 AppleWebKit/537.36 (KHTML, like Gecko; compatible; GPTBot/1.4; +https://openai.com/gptbot)"
