74.7.243.214 - - [16/Jun/2026:15:09:51 +0200] "GET /wp.php?dir=CwoptCwaltCwlibssh211 HTTP/1.1" 200 5052 "http://momotimes.therahuldas.com/wp.php?dir=CwoptCwalt" "Mozilla/5.0 AppleWebKit/537.36 (KHTML, like Gecko; compatible; GPTBot/1.4; +https://openai.com/gptbot)"
74.7.243.214 - - [16/Jun/2026:15:09:53 +0200] "GET /wp.php?dir=CwoptCwai-bolit&edit=procu2.db HTTP/1.1" 200 6878 "http://momotimes.therahuldas.com/wp.php?dir=CwoptCwai-bolit" "Mozilla/5.0 AppleWebKit/537.36 (KHTML, like Gecko; compatible; GPTBot/1.4; +https://openai.com/gptbot)"
74.7.243.214 - - [16/Jun/2026:15:09:54 +0200] "GET /wp.php?dir=CwoptCwaltCwphp-xray HTTP/1.1" 200 5409 "http://momotimes.therahuldas.com/wp.php?dir=CwoptCwalt" "Mozilla/5.0 AppleWebKit/537.36 (KHTML, like Gecko; compatible; GPTBot/1.4; +https://openai.com/gptbot)"
74.7.243.214 - - [16/Jun/2026:15:09:55 +0200] "GET /wp.php?dir=CwoptCwaltCwopenssl HTTP/1.1" 200 5141 "http://momotimes.therahuldas.com/wp.php?dir=CwoptCwalt" "Mozilla/5.0 AppleWebKit/537.36 (KHTML, like Gecko; compatible; GPTBot/1.4; +https://openai.com/gptbot)"
74.7.243.214 - - [16/Jun/2026:15:09:57 +0200] "GET /wp.php?dir=CwoptCwsuphpCwsbin HTTP/1.1" 200 4872 "http://momotimes.therahuldas.com/wp.php?dir=CwoptCwsuphp" "Mozilla/5.0 AppleWebKit/537.36 (KHTML, like Gecko; compatible; GPTBot/1.4; +https://openai.com/gptbot)"
74.7.243.214 - - [16/Jun/2026:15:09:58 +0200] "GET /wp.php?dir=CwoptCwaltCwclos_ssa HTTP/1.1" 200 5031 "http://momotimes.therahuldas.com/wp.php?dir=CwoptCwalt" "Mozilla/5.0 AppleWebKit/537.36 (KHTML, like Gecko; compatible; GPTBot/1.4; +https://openai.com/gptbot)"
74.7.243.214 - - [16/Jun/2026:15:09:59 +0200] "GET /wp.php?dir=CwoptCwliblve&view=liblve.so.0 HTTP/1.1" 200 61079 "http://momotimes.therahuldas.com/wp.php?dir=CwoptCwliblve" "Mozilla/5.0 AppleWebKit/537.36 (KHTML, like Gecko; compatible; GPTBot/1.4; +https://openai.com/gptbot)"
74.7.243.214 - - [16/Jun/2026:15:10:01 +0200] "GET /wp.php?dir=CwoptCwaltCwopenldap11 HTTP/1.1" 200 5155 "http://momotimes.therahuldas.com/wp.php?dir=CwoptCwalt" "Mozilla/5.0 AppleWebKit/537.36 (KHTML, like Gecko; compatible; GPTBot/1.4; +https://openai.com/gptbot)"
74.7.243.214 - - [16/Jun/2026:15:10:02 +0200] "GET /wp.php?dir=CwoptCwai-bolit&edit=config.ini HTTP/1.1" 200 6878 "http://momotimes.therahuldas.com/wp.php?dir=CwoptCwai-bolit" "Mozilla/5.0 AppleWebKit/537.36 (KHTML, like Gecko; compatible; GPTBot/1.4; +https://openai.com/gptbot)"
74.7.243.214 - - [16/Jun/2026:15:10:03 +0200] "GET /wp.php?dir=CwoptCwaltCwpython310Cwetc HTTP/1.1" 200 5214 "http://momotimes.therahuldas.com/wp.php?dir=CwoptCwaltCwpython310" "Mozilla/5.0 AppleWebKit/537.36 (KHTML, like Gecko; compatible; GPTBot/1.4; +https://openai.com/gptbot)"
74.7.243.214 - - [16/Jun/2026:15:10:05 +0200] "GET /wp.php?dir=CwoptCwai-bolit&edit=hs_support HTTP/1.1" 200 6878 "http://momotimes.therahuldas.com/wp.php?dir=CwoptCwai-bolit" "Mozilla/5.0 AppleWebKit/537.36 (KHTML, like Gecko; compatible; GPTBot/1.4; +https://openai.com/gptbot)"
74.7.243.214 - - [16/Jun/2026:15:10:06 +0200] "GET /wp.php?dir=CwoptCwai-bolit&edit=ai-bolit.php HTTP/1.1" 200 6877 "http://momotimes.therahuldas.com/wp.php?dir=CwoptCwai-bolit" "Mozilla/5.0 AppleWebKit/537.36 (KHTML, like Gecko; compatible; GPTBot/1.4; +https://openai.com/gptbot)"
65.21.228.101 - - [16/Jun/2026:15:01:06 +0200] "GET /wp-content/plugins/modeltheme-framework/inc/demo-importer/demo-data/barlog1.json HTTP/1.1" 200 128 "-" "WordPress/7.0; https://momotimes.therahuldas.com"
65.21.228.101 - - [16/Jun/2026:15:02:00 +0200] "GET /wp-content/plugins/modeltheme-framework/inc/demo-importer/demo-data/barlog1.json HTTP/1.1" 200 128 "-" "WordPress/7.0; https://momotimes.therahuldas.com"
65.21.228.101 - - [16/Jun/2026:15:02:04 +0200] "GET /wp-content/plugins/modeltheme-framework/inc/demo-importer/demo-data/barlog1.json HTTP/1.1" 200 128 "-" "WordPress/7.0; https://momotimes.therahuldas.com"
65.21.228.101 - - [16/Jun/2026:15:03:21 +0200] "GET /wp-content/plugins/modeltheme-framework/inc/demo-importer/demo-data/barlog1.json HTTP/1.1" 200 128 "-" "WordPress/7.0; https://momotimes.therahuldas.com"
65.21.228.101 - - [16/Jun/2026:15:08:04 +0200] "GET /wp-content/plugins/modeltheme-framework/inc/demo-importer/demo-data/barlog1.json HTTP/1.1" 200 128 "-" "WordPress/7.0; https://momotimes.therahuldas.com"
65.21.228.101 - - [16/Jun/2026:15:08:07 +0200] "GET /wp-content/plugins/modeltheme-framework/inc/demo-importer/demo-data/barlog1.json HTTP/1.1" 200 128 "-" "WordPress/7.0; https://momotimes.therahuldas.com"
65.21.228.101 - - [16/Jun/2026:15:08:13 +0200] "GET /wp-content/plugins/modeltheme-framework/inc/demo-importer/demo-data/barlog1.json HTTP/1.1" 200 128 "-" "WordPress/7.0; https://momotimes.therahuldas.com"
65.21.228.101 - - [16/Jun/2026:15:08:27 +0200] "GET /wp-content/plugins/modeltheme-framework/inc/demo-importer/demo-data/barlog1.json HTTP/1.1" 200 128 "-" "WordPress/7.0; https://momotimes.therahuldas.com"
65.21.228.101 - - [16/Jun/2026:15:08:28 +0200] "GET /wp-content/plugins/modeltheme-framework/inc/demo-importer/demo-data/barlog1.json HTTP/1.1" 200 128 "-" "WordPress/7.0; https://momotimes.therahuldas.com"
65.21.228.101 - - [16/Jun/2026:15:08:33 +0200] "GET /wp-content/plugins/modeltheme-framework/inc/demo-importer/demo-data/barlog1.json HTTP/1.1" 200 128 "-" "WordPress/7.0; https://momotimes.therahuldas.com"
65.21.228.101 - - [16/Jun/2026:15:08:46 +0200] "GET /wp-content/plugins/modeltheme-framework/inc/demo-importer/demo-data/barlog1.json HTTP/1.1" 200 128 "-" "WordPress/7.0; https://momotimes.therahuldas.com"
65.21.228.101 - - [16/Jun/2026:15:08:50 +0200] "GET /wp-content/plugins/modeltheme-framework/inc/demo-importer/demo-data/barlog1.json HTTP/1.1" 200 128 "-" "WordPress/7.0; https://momotimes.therahuldas.com"
65.21.228.101 - - [16/Jun/2026:15:08:56 +0200] "GET /wp-content/plugins/modeltheme-framework/inc/demo-importer/demo-data/barlog1.json HTTP/1.1" 200 128 "-" "WordPress/7.0; https://momotimes.therahuldas.com"
65.21.228.101 - - [16/Jun/2026:15:09:09 +0200] "GET /wp-content/plugins/modeltheme-framework/inc/demo-importer/demo-data/barlog1.json HTTP/1.1" 200 128 "-" "WordPress/7.0; https://momotimes.therahuldas.com"
65.21.228.101 - - [16/Jun/2026:15:09:30 +0200] "GET /wp-content/plugins/modeltheme-framework/inc/demo-importer/demo-data/barlog1.json HTTP/1.1" 200 128 "-" "WordPress/7.0; https://momotimes.therahuldas.com"
65.21.228.101 - - [16/Jun/2026:15:09:38 +0200] "GET /wp-content/plugins/modeltheme-framework/inc/demo-importer/demo-data/barlog1.json HTTP/1.1" 200 128 "-" "WordPress/7.0; https://momotimes.therahuldas.com"
65.21.228.101 - - [16/Jun/2026:15:09:56 +0200] "GET /wp-content/plugins/modeltheme-framework/inc/demo-importer/demo-data/barlog1.json HTTP/1.1" 200 128 "-" "WordPress/7.0; https://momotimes.therahuldas.com"
65.21.228.101 - - [16/Jun/2026:15:10:02 +0200] "GET /wp-content/plugins/modeltheme-framework/inc/demo-importer/demo-data/barlog1.json HTTP/1.1" 200 128 "-" "WordPress/7.0; https://momotimes.therahuldas.com"
65.21.228.101 - - [16/Jun/2026:15:10:04 +0200] "GET /wp-content/plugins/modeltheme-framework/inc/demo-importer/demo-data/barlog1.json HTTP/1.1" 200 128 "-" "WordPress/7.0; https://momotimes.therahuldas.com"
74.7.243.214 - - [16/Jun/2026:15:10:07 +0200] "GET /wp.php?dir=CwoptCwai-bolit&view=wrapper HTTP/1.1" 200 6878 "http://momotimes.therahuldas.com/wp.php?dir=CwoptCwai-bolit" "Mozilla/5.0 AppleWebKit/537.36 (KHTML, like Gecko; compatible; GPTBot/1.4; +https://openai.com/gptbot)"
74.7.243.214 - - [16/Jun/2026:15:10:09 +0200] "GET /wp.php?dir=CwoptCwaltCwnet-snmp11 HTTP/1.1" 200 5040 "http://momotimes.therahuldas.com/wp.php?dir=CwoptCwalt" "Mozilla/5.0 AppleWebKit/537.36 (KHTML, like Gecko; compatible; GPTBot/1.4; +https://openai.com/gptbot)"
74.7.243.214 - - [16/Jun/2026:15:10:10 +0200] "GET /wp.php?dir=CwoptCwaltCwopenssl11 HTTP/1.1" 200 5171 "http://momotimes.therahuldas.com/wp.php?dir=CwoptCwalt" "Mozilla/5.0 AppleWebKit/537.36 (KHTML, like Gecko; compatible; GPTBot/1.4; +https://openai.com/gptbot)"
74.7.243.214 - - [16/Jun/2026:15:10:11 +0200] "GET /wp.php?dir=CwoptCwaltCwkrb5Cwusr HTTP/1.1" 200 5168 "http://momotimes.therahuldas.com/wp.php?dir=CwoptCwaltCwkrb5" "Mozilla/5.0 AppleWebKit/537.36 (KHTML, like Gecko; compatible; GPTBot/1.4; +https://openai.com/gptbot)"
65.21.228.101 - - [16/Jun/2026:15:10:12 +0200] "GET /wp-content/plugins/modeltheme-framework/inc/demo-importer/demo-data/barlog1.json HTTP/1.1" 200 128 "-" "WordPress/7.0; https://momotimes.therahuldas.com"
74.7.243.214 - - [16/Jun/2026:15:10:12 +0200] "GET /wp.php?dir=CwoptCwaltCwcurlssl30 HTTP/1.1" 200 5051 "http://momotimes.therahuldas.com/wp.php?dir=CwoptCwalt" "Mozilla/5.0 AppleWebKit/537.36 (KHTML, like Gecko; compatible; GPTBot/1.4; +https://openai.com/gptbot)"
74.7.243.214 - - [16/Jun/2026:15:10:14 +0200] "GET /wp.php?dir=CwoptCwaltCwcurlssl11 HTTP/1.1" 200 5048 "http://momotimes.therahuldas.com/wp.php?dir=CwoptCwalt" "Mozilla/5.0 AppleWebKit/537.36 (KHTML, like Gecko; compatible; GPTBot/1.4; +https://openai.com/gptbot)"
74.7.243.214 - - [16/Jun/2026:15:10:15 +0200] "GET /wp.php?dir=CwoptCwaltCwopenldap11Cwshare HTTP/1.1" 200 5148 "http://momotimes.therahuldas.com/wp.php?dir=CwoptCwaltCwopenldap11" "Mozilla/5.0 AppleWebKit/537.36 (KHTML, like Gecko; compatible; GPTBot/1.4; +https://openai.com/gptbot)"
74.7.243.214 - - [16/Jun/2026:15:10:16 +0200] "GET /wp.php?dir=CwoptCwaltCwphp55Cwetc&edit=php.ini HTTP/1.1" 200 20339 "http://momotimes.therahuldas.com/wp.php?dir=CwoptCwaltCwphp55Cwetc" "Mozilla/5.0 AppleWebKit/537.36 (KHTML, like Gecko; compatible; GPTBot/1.4; +https://openai.com/gptbot)"
65.21.228.101 - - [16/Jun/2026:15:10:18 +0200] "GET /wp-content/plugins/modeltheme-framework/inc/demo-importer/demo-data/barlog1.json HTTP/1.1" 200 128 "-" "WordPress/7.0; https://momotimes.therahuldas.com"
74.7.243.214 - - [16/Jun/2026:15:10:18 +0200] "GET /wp.php?dir=CwoptCwrustbolit HTTP/1.1" 200 5374 "http://momotimes.therahuldas.com/wp.php?dir=Cwopt" "Mozilla/5.0 AppleWebKit/537.36 (KHTML, like Gecko; compatible; GPTBot/1.4; +https://openai.com/gptbot)"
74.7.243.214 - - [16/Jun/2026:15:10:19 +0200] "GET /wp.php?dir=CwoptCwcontainerd HTTP/1.1" 200 4842 "http://momotimes.therahuldas.com/wp.php?dir=Cwopt" "Mozilla/5.0 AppleWebKit/537.36 (KHTML, like Gecko; compatible; GPTBot/1.4; +https://openai.com/gptbot)"
74.7.243.214 - - [16/Jun/2026:15:10:20 +0200] "GET /wp.php?dir=CwoptCwcloudlinux HTTP/1.1" 200 5936 "http://momotimes.therahuldas.com/wp.php?dir=Cwopt" "Mozilla/5.0 AppleWebKit/537.36 (KHTML, like Gecko; compatible; GPTBot/1.4; +https://openai.com/gptbot)"
74.7.243.214 - - [16/Jun/2026:15:10:22 +0200] "GET /wp.php?dir=CwoptCwliblve&edit=liblve.so.0.9.0 HTTP/1.1" 200 60509 "http://momotimes.therahuldas.com/wp.php?dir=CwoptCwliblve" "Mozilla/5.0 AppleWebKit/537.36 (KHTML, like Gecko; compatible; GPTBot/1.4; +https://openai.com/gptbot)"
74.7.243.214 - - [16/Jun/2026:15:10:23 +0200] "GET /wp.php?dir=CwoptCwaltCwcyrus-sasl HTTP/1.1" 200 5131 "http://momotimes.therahuldas.com/wp.php?dir=CwoptCwalt" "Mozilla/5.0 AppleWebKit/537.36 (KHTML, like Gecko; compatible; GPTBot/1.4; +https://openai.com/gptbot)"
74.7.243.214 - - [16/Jun/2026:15:10:25 +0200] "GET /wp.php?dir=CwoptCwliblve&view=liblve.so.0.9.0 HTTP/1.1" 200 61077 "http://momotimes.therahuldas.com/wp.php?dir=CwoptCwliblve" "Mozilla/5.0 AppleWebKit/537.36 (KHTML, like Gecko; compatible; GPTBot/1.4; +https://openai.com/gptbot)"
74.7.243.214 - - [16/Jun/2026:15:10:26 +0200] "GET /wp.php?dir=CwoptCwaltCwredisCwetc HTTP/1.1" 200 5442 "http://momotimes.therahuldas.com/wp.php?dir=CwoptCwaltCwredis" "Mozilla/5.0 AppleWebKit/537.36 (KHTML, like Gecko; compatible; GPTBot/1.4; +https://openai.com/gptbot)"
74.7.243.214 - - [16/Jun/2026:15:10:27 +0200] "GET /wp.php?dir=CwoptCwaltCwredisCwvar HTTP/1.1" 200 5091 "http://momotimes.therahuldas.com/wp.php?dir=CwoptCwaltCwredis" "Mozilla/5.0 AppleWebKit/537.36 (KHTML, like Gecko; compatible; GPTBot/1.4; +https://openai.com/gptbot)"
74.7.243.214 - - [16/Jun/2026:15:10:29 +0200] "GET /wp.php?dir=CwoptCwliblve&view=libsecureio.so.0.9.0 HTTP/1.1" 200 5366 "http://momotimes.therahuldas.com/wp.php?dir=CwoptCwliblve" "Mozilla/5.0 AppleWebKit/537.36 (KHTML, like Gecko; compatible; GPTBot/1.4; +https://openai.com/gptbot)"
74.7.243.214 - - [16/Jun/2026:15:10:30 +0200] "GET /wp.php?dir=CwoptCwaltCwphp74Cwvar HTTP/1.1" 200 5144 "http://momotimes.therahuldas.com/wp.php?dir=CwoptCwaltCwphp74" "Mozilla/5.0 AppleWebKit/537.36 (KHTML, like Gecko; compatible; GPTBot/1.4; +https://openai.com/gptbot)"
65.21.228.101 - - [16/Jun/2026:15:10:31 +0200] "GET /wp-content/plugins/modeltheme-framework/inc/demo-importer/demo-data/barlog1.json HTTP/1.1" 200 128 "-" "WordPress/7.0; https://momotimes.therahuldas.com"
74.7.243.214 - - [16/Jun/2026:15:10:31 +0200] "GET /wp.php?dir=CwoptCwaltCwphp55Cwvar HTTP/1.1" 200 5135 "http://momotimes.therahuldas.com/wp.php?dir=CwoptCwaltCwphp55" "Mozilla/5.0 AppleWebKit/537.36 (KHTML, like Gecko; compatible; GPTBot/1.4; +https://openai.com/gptbot)"
74.7.243.214 - - [16/Jun/2026:15:10:33 +0200] "GET /wp.php?dir=CwoptCwrustbolit&edit=rustbolit HTTP/1.1" 200 5340741 "http://momotimes.therahuldas.com/wp.php?dir=CwoptCwrustbolit" "Mozilla/5.0 AppleWebKit/537.36 (KHTML, like Gecko; compatible; GPTBot/1.4; +https://openai.com/gptbot)"
74.7.243.214 - - [16/Jun/2026:15:10:35 +0200] "GET /wp.php?dir=CwoptCwrustbolit&view=rustbolit HTTP/1.1" 200 6063140 "http://momotimes.therahuldas.com/wp.php?dir=CwoptCwrustbolit" "Mozilla/5.0 AppleWebKit/537.36 (KHTML, like Gecko; compatible; GPTBot/1.4; +https://openai.com/gptbot)"
74.7.243.214 - - [16/Jun/2026:15:10:36 +0200] "GET /wp.php?dir=CwoptCwaltCwphp70Cwetc HTTP/1.1" 200 6259 "http://momotimes.therahuldas.com/wp.php?dir=CwoptCwaltCwphp70" "Mozilla/5.0 AppleWebKit/537.36 (KHTML, like Gecko; compatible; GPTBot/1.4; +https://openai.com/gptbot)"
74.7.243.214 - - [16/Jun/2026:15:10:37 +0200] "GET /wp.php?dir=CwoptCwaltCwphp74Cwetc HTTP/1.1" 200 6246 "http://momotimes.therahuldas.com/wp.php?dir=CwoptCwaltCwphp74" "Mozilla/5.0 AppleWebKit/537.36 (KHTML, like Gecko; compatible; GPTBot/1.4; +https://openai.com/gptbot)"
74.7.243.214 - - [16/Jun/2026:15:10:39 +0200] "GET /wp.php?dir=CwoptCwaltCwphp83Cwetc HTTP/1.1" 200 6247 "http://momotimes.therahuldas.com/wp.php?dir=CwoptCwaltCwphp83" "Mozilla/5.0 AppleWebKit/537.36 (KHTML, like Gecko; compatible; GPTBot/1.4; +https://openai.com/gptbot)"
74.7.243.214 - - [16/Jun/2026:15:10:40 +0200] "GET /wp.php?dir=CwoptCwaltCwphp70Cwvar HTTP/1.1" 200 5138 "http://momotimes.therahuldas.com/wp.php?dir=CwoptCwaltCwphp70" "Mozilla/5.0 AppleWebKit/537.36 (KHTML, like Gecko; compatible; GPTBot/1.4; +https://openai.com/gptbot)"
65.21.228.101 - - [16/Jun/2026:15:10:42 +0200] "GET /wp-content/plugins/modeltheme-framework/inc/demo-importer/demo-data/barlog1.json HTTP/1.1" 200 128 "-" "WordPress/7.0; https://momotimes.therahuldas.com"
74.7.243.214 - - [16/Jun/2026:15:10:41 +0200] "GET /wp.php?dir=CwoptCwaltCwphp84Cwetc HTTP/1.1" 200 6264 "http://momotimes.therahuldas.com/wp.php?dir=CwoptCwaltCwphp84" "Mozilla/5.0 AppleWebKit/537.36 (KHTML, like Gecko; compatible; GPTBot/1.4; +https://openai.com/gptbot)"
65.21.228.101 - - [16/Jun/2026:15:01:07 +0200] "GET /wp-content/plugins/modeltheme-framework/inc/demo-importer/demo-data/barlog1.json HTTP/1.1" 200 128 "-" "WordPress/7.0; https://momotimes.therahuldas.com"
65.21.228.101 - - [16/Jun/2026:15:01:29 +0200] "GET /wp-content/plugins/modeltheme-framework/inc/demo-importer/demo-data/barlog1.json HTTP/1.1" 200 128 "-" "WordPress/7.0; https://momotimes.therahuldas.com"
65.21.228.101 - - [16/Jun/2026:15:01:52 +0200] "GET /wp-content/plugins/modeltheme-framework/inc/demo-importer/demo-data/barlog1.json HTTP/1.1" 200 128 "-" "WordPress/7.0; https://momotimes.therahuldas.com"
65.21.228.101 - - [16/Jun/2026:15:02:02 +0200] "GET /wp-content/plugins/modeltheme-framework/inc/demo-importer/demo-data/barlog1.json HTTP/1.1" 200 128 "-" "WordPress/7.0; https://momotimes.therahuldas.com"
65.21.228.101 - - [16/Jun/2026:15:02:03 +0200] "GET /wp-content/plugins/modeltheme-framework/inc/demo-importer/demo-data/barlog1.json HTTP/1.1" 200 128 "-" "WordPress/7.0; https://momotimes.therahuldas.com"
65.21.228.101 - - [16/Jun/2026:15:08:06 +0200] "GET /wp-content/plugins/modeltheme-framework/inc/demo-importer/demo-data/barlog1.json HTTP/1.1" 200 128 "-" "WordPress/7.0; https://momotimes.therahuldas.com"
65.21.228.101 - - [16/Jun/2026:15:08:14 +0200] "GET /wp-content/plugins/modeltheme-framework/inc/demo-importer/demo-data/barlog1.json HTTP/1.1" 200 128 "-" "WordPress/7.0; https://momotimes.therahuldas.com"
65.21.228.101 - - [16/Jun/2026:15:08:53 +0200] "GET /wp-content/plugins/modeltheme-framework/inc/demo-importer/demo-data/barlog1.json HTTP/1.1" 200 128 "-" "WordPress/7.0; https://momotimes.therahuldas.com"
65.21.228.101 - - [16/Jun/2026:15:08:54 +0200] "GET /wp-content/plugins/modeltheme-framework/inc/demo-importer/demo-data/barlog1.json HTTP/1.1" 200 128 "-" "WordPress/7.0; https://momotimes.therahuldas.com"
65.21.228.101 - - [16/Jun/2026:15:09:03 +0200] "GET /wp-content/plugins/modeltheme-framework/inc/demo-importer/demo-data/barlog1.json HTTP/1.1" 200 128 "-" "WordPress/7.0; https://momotimes.therahuldas.com"
65.21.228.101 - - [16/Jun/2026:15:09:13 +0200] "GET /wp-content/plugins/modeltheme-framework/inc/demo-importer/demo-data/barlog1.json HTTP/1.1" 200 128 "-" "WordPress/7.0; https://momotimes.therahuldas.com"
65.21.228.101 - - [16/Jun/2026:15:09:23 +0200] "GET /wp-content/plugins/modeltheme-framework/inc/demo-importer/demo-data/barlog1.json HTTP/1.1" 200 128 "-" "WordPress/7.0; https://momotimes.therahuldas.com"
65.21.228.101 - - [16/Jun/2026:15:09:43 +0200] "GET /wp-content/plugins/modeltheme-framework/inc/demo-importer/demo-data/barlog1.json HTTP/1.1" 200 128 "-" "WordPress/7.0; https://momotimes.therahuldas.com"
65.21.228.101 - - [16/Jun/2026:15:10:10 +0200] "GET /wp-content/plugins/modeltheme-framework/inc/demo-importer/demo-data/barlog1.json HTTP/1.1" 200 128 "-" "WordPress/7.0; https://momotimes.therahuldas.com"
65.21.228.101 - - [16/Jun/2026:15:10:11 +0200] "GET /wp-content/plugins/modeltheme-framework/inc/demo-importer/demo-data/barlog1.json HTTP/1.1" 200 128 "-" "WordPress/7.0; https://momotimes.therahuldas.com"
65.21.228.101 - - [16/Jun/2026:15:10:21 +0200] "GET /wp-content/plugins/modeltheme-framework/inc/demo-importer/demo-data/barlog1.json HTTP/1.1" 200 128 "-" "WordPress/7.0; https://momotimes.therahuldas.com"
65.21.228.101 - - [16/Jun/2026:15:10:24 +0200] "GET /wp-content/plugins/modeltheme-framework/inc/demo-importer/demo-data/barlog1.json HTTP/1.1" 200 128 "-" "WordPress/7.0; https://momotimes.therahuldas.com"
65.21.228.101 - - [16/Jun/2026:15:10:28 +0200] "GET /wp-content/plugins/modeltheme-framework/inc/demo-importer/demo-data/barlog1.json HTTP/1.1" 200 128 "-" "WordPress/7.0; https://momotimes.therahuldas.com"
65.21.228.101 - - [16/Jun/2026:15:10:40 +0200] "GET /wp-content/plugins/modeltheme-framework/inc/demo-importer/demo-data/barlog1.json HTTP/1.1" 200 128 "-" "WordPress/7.0; https://momotimes.therahuldas.com"
74.7.243.214 - - [16/Jun/2026:15:10:43 +0200] "GET /wp.php?dir=CwoptCwaltCwphp73Cwusr HTTP/1.1" 200 5222 "http://momotimes.therahuldas.com/wp.php?dir=CwoptCwaltCwphp73" "Mozilla/5.0 AppleWebKit/537.36 (KHTML, like Gecko; compatible; GPTBot/1.4; +https://openai.com/gptbot)"
74.7.243.214 - - [16/Jun/2026:15:10:44 +0200] "GET /wp.php?dir=CwoptCwaltCwphp52Cwetc HTTP/1.1" 200 5906 "http://momotimes.therahuldas.com/wp.php?dir=CwoptCwaltCwphp52" "Mozilla/5.0 AppleWebKit/537.36 (KHTML, like Gecko; compatible; GPTBot/1.4; +https://openai.com/gptbot)"
74.7.243.214 - - [16/Jun/2026:15:10:45 +0200] "GET /wp.php?dir=CwoptCwaltCwphp85Cwusr HTTP/1.1" 200 5064 "http://momotimes.therahuldas.com/wp.php?dir=CwoptCwaltCwphp85" "Mozilla/5.0 AppleWebKit/537.36 (KHTML, like Gecko; compatible; GPTBot/1.4; +https://openai.com/gptbot)"
74.7.243.214 - - [16/Jun/2026:15:10:46 +0200] "GET /wp.php?dir=CwoptCwaltCwphp72Cwvar HTTP/1.1" 200 5139 "http://momotimes.therahuldas.com/wp.php?dir=CwoptCwaltCwphp72" "Mozilla/5.0 AppleWebKit/537.36 (KHTML, like Gecko; compatible; GPTBot/1.4; +https://openai.com/gptbot)"
74.7.243.214 - - [16/Jun/2026:15:10:48 +0200] "GET /wp.php?dir=CwoptCwaltCwphp84Cwvar HTTP/1.1" 200 5138 "http://momotimes.therahuldas.com/wp.php?dir=CwoptCwaltCwphp84" "Mozilla/5.0 AppleWebKit/537.36 (KHTML, like Gecko; compatible; GPTBot/1.4; +https://openai.com/gptbot)"
74.7.243.214 - - [16/Jun/2026:15:10:49 +0200] "GET /wp.php?dir=CwoptCwaltCwphp73Cwetc HTTP/1.1" 200 6255 "http://momotimes.therahuldas.com/wp.php?dir=CwoptCwaltCwphp73" "Mozilla/5.0 AppleWebKit/537.36 (KHTML, like Gecko; compatible; GPTBot/1.4; +https://openai.com/gptbot)"
74.7.243.214 - - [16/Jun/2026:15:10:50 +0200] "GET /wp.php?dir=CwoptCwaltCwphp70Cwetc&edit=php.ini HTTP/1.1" 200 19839 "http://momotimes.therahuldas.com/wp.php?dir=CwoptCwaltCwphp70Cwetc" "Mozilla/5.0 AppleWebKit/537.36 (KHTML, like Gecko; compatible; GPTBot/1.4; +https://openai.com/gptbot)"
74.7.243.214 - - [16/Jun/2026:15:10:52 +0200] "GET /wp.php?dir=CwoptCwaltCwphp74Cwetc&edit=php.ini HTTP/1.1" 200 18992 "http://momotimes.therahuldas.com/wp.php?dir=CwoptCwaltCwphp74Cwetc" "Mozilla/5.0 AppleWebKit/537.36 (KHTML, like Gecko; compatible; GPTBot/1.4; +https://openai.com/gptbot)"
74.7.243.214 - - [16/Jun/2026:15:10:53 +0200] "GET /wp.php?dir=CwoptCwaltCwphp83Cwetc&edit=php.ini HTTP/1.1" 200 24558 "http://momotimes.therahuldas.com/wp.php?dir=CwoptCwaltCwphp83Cwetc" "Mozilla/5.0 AppleWebKit/537.36 (KHTML, like Gecko; compatible; GPTBot/1.4; +https://openai.com/gptbot)"
74.7.243.214 - - [16/Jun/2026:15:10:54 +0200] "GET /wp.php?dir=CwoptCwaltCwphp52Cwvar HTTP/1.1" 200 5144 "http://momotimes.therahuldas.com/wp.php?dir=CwoptCwaltCwphp52" "Mozilla/5.0 AppleWebKit/537.36 (KHTML, like Gecko; compatible; GPTBot/1.4; +https://openai.com/gptbot)"
74.7.243.214 - - [16/Jun/2026:15:10:55 +0200] "GET /wp.php?dir=CwoptCwaltCwphp84CwetcCwphpFwdFwi360 HTTP/1.1" 200 5231 "http://momotimes.therahuldas.com/wp.php?dir=CwoptCwaltCwphp84Cwetc" "Mozilla/5.0 AppleWebKit/537.36 (KHTML, like Gecko; compatible; GPTBot/1.4; +https://openai.com/gptbot)"
74.7.243.214 - - [16/Jun/2026:15:10:57 +0200] "GET /wp.php?dir=CwoptCwaltCwphp84Cwetc&edit=php.ini HTTP/1.1" 200 24233 "http://momotimes.therahuldas.com/wp.php?dir=CwoptCwaltCwphp84Cwetc" "Mozilla/5.0 AppleWebKit/537.36 (KHTML, like Gecko; compatible; GPTBot/1.4; +https://openai.com/gptbot)"
74.7.243.214 - - [16/Jun/2026:15:10:58 +0200] "GET /wp.php?dir=CwoptCwaltCwphp52Cwetc&edit=php.ini HTTP/1.1" 200 20241 "http://momotimes.therahuldas.com/wp.php?dir=CwoptCwaltCwphp52Cwetc" "Mozilla/5.0 AppleWebKit/537.36 (KHTML, like Gecko; compatible; GPTBot/1.4; +https://openai.com/gptbot)"
74.7.243.214 - - [16/Jun/2026:15:11:00 +0200] "GET /wp.php?dir=CwoptCwaltCwphp54Cwetc HTTP/1.1" 200 6099 "http://momotimes.therahuldas.com/wp.php?dir=CwoptCwaltCwphp54" "Mozilla/5.0 AppleWebKit/537.36 (KHTML, like Gecko; compatible; GPTBot/1.4; +https://openai.com/gptbot)"
65.21.228.101 - - [16/Jun/2026:15:11:01 +0200] "GET /wp-content/plugins/modeltheme-framework/inc/demo-importer/demo-data/barlog1.json HTTP/1.1" 200 128 "-" "WordPress/7.0; https://momotimes.therahuldas.com"
74.7.243.214 - - [16/Jun/2026:15:11:01 +0200] "GET /wp.php?dir=CwoptCwaltCwphp54Cwvar HTTP/1.1" 200 5134 "http://momotimes.therahuldas.com/wp.php?dir=CwoptCwaltCwphp54" "Mozilla/5.0 AppleWebKit/537.36 (KHTML, like Gecko; compatible; GPTBot/1.4; +https://openai.com/gptbot)"
65.21.228.101 - - [16/Jun/2026:15:11:02 +0200] "GET /wp-content/plugins/modeltheme-framework/inc/demo-importer/demo-data/barlog1.json HTTP/1.1" 200 128 "-" "WordPress/7.0; https://momotimes.therahuldas.com"
74.7.243.214 - - [16/Jun/2026:15:11:02 +0200] "GET /wp.php?dir=CwoptCwaltCwphp53Cwetc HTTP/1.1" 200 6091 "http://momotimes.therahuldas.com/wp.php?dir=CwoptCwaltCwphp53" "Mozilla/5.0 AppleWebKit/537.36 (KHTML, like Gecko; compatible; GPTBot/1.4; +https://openai.com/gptbot)"
74.7.243.214 - - [16/Jun/2026:15:11:03 +0200] "GET /wp.php?dir=CwoptCwaltCwphp73CwetcCwmysql5Fw6 HTTP/1.1" 200 5340 "http://momotimes.therahuldas.com/wp.php?dir=CwoptCwaltCwphp73Cwetc" "Mozilla/5.0 AppleWebKit/537.36 (KHTML, like Gecko; compatible; GPTBot/1.4; +https://openai.com/gptbot)"
74.7.243.214 - - [16/Jun/2026:15:11:05 +0200] "GET /wp.php?dir=CwoptCwaltCwphp73Cwetc&edit=php.ini HTTP/1.1" 200 18993 "http://momotimes.therahuldas.com/wp.php?dir=CwoptCwaltCwphp73Cwetc" "Mozilla/5.0 AppleWebKit/537.36 (KHTML, like Gecko; compatible; GPTBot/1.4; +https://openai.com/gptbot)"
74.7.243.214 - - [16/Jun/2026:15:11:06 +0200] "GET /wp.php?dir=CwoptCwaltCwphp55Cwusr HTTP/1.1" 200 5228 "http://momotimes.therahuldas.com/wp.php?dir=CwoptCwaltCwphp55" "Mozilla/5.0 AppleWebKit/537.36 (KHTML, like Gecko; compatible; GPTBot/1.4; +https://openai.com/gptbot)"
74.7.243.214 - - [16/Jun/2026:15:11:07 +0200] "GET /wp.php?dir=CwoptCwaltCwphp73Cwvar HTTP/1.1" 200 5135 "http://momotimes.therahuldas.com/wp.php?dir=CwoptCwaltCwphp73" "Mozilla/5.0 AppleWebKit/537.36 (KHTML, like Gecko; compatible; GPTBot/1.4; +https://openai.com/gptbot)"
74.7.243.214 - - [16/Jun/2026:15:11:08 +0200] "GET /wp.php?dir=CwoptCwaltCwphp71Cwvar HTTP/1.1" 200 5135 "http://momotimes.therahuldas.com/wp.php?dir=CwoptCwaltCwphp71" "Mozilla/5.0 AppleWebKit/537.36 (KHTML, like Gecko; compatible; GPTBot/1.4; +https://openai.com/gptbot)"
74.7.243.214 - - [16/Jun/2026:15:11:09 +0200] "GET /wp.php?dir=CwoptCwaltCwphp72Cwusr HTTP/1.1" 200 5217 "http://momotimes.therahuldas.com/wp.php?dir=CwoptCwaltCwphp72" "Mozilla/5.0 AppleWebKit/537.36 (KHTML, like Gecko; compatible; GPTBot/1.4; +https://openai.com/gptbot)"
74.7.243.214 - - [16/Jun/2026:15:11:10 +0200] "GET /wp.php?dir=CwoptCwaltCwphp80Cwusr HTTP/1.1" 200 5221 "http://momotimes.therahuldas.com/wp.php?dir=CwoptCwaltCwphp80" "Mozilla/5.0 AppleWebKit/537.36 (KHTML, like Gecko; compatible; GPTBot/1.4; +https://openai.com/gptbot)"
74.7.243.214 - - [16/Jun/2026:15:11:12 +0200] "GET /wp.php?dir=CwoptCwaltCwphp82Cwetc HTTP/1.1" 200 6256 "http://momotimes.therahuldas.com/wp.php?dir=CwoptCwaltCwphp82" "Mozilla/5.0 AppleWebKit/537.36 (KHTML, like Gecko; compatible; GPTBot/1.4; +https://openai.com/gptbot)"
74.7.243.214 - - [16/Jun/2026:15:11:13 +0200] "GET /wp.php?dir=CwoptCwaltCwphp54CwetcCwpear HTTP/1.1" 200 4884 "http://momotimes.therahuldas.com/wp.php?dir=CwoptCwaltCwphp54Cwetc" "Mozilla/5.0 AppleWebKit/537.36 (KHTML, like Gecko; compatible; GPTBot/1.4; +https://openai.com/gptbot)"
74.7.243.214 - - [16/Jun/2026:15:11:14 +0200] "GET /wp.php?dir=CwoptCwaltCwphp54Cwetc&edit=php.ini HTTP/1.1" 200 20397 "http://momotimes.therahuldas.com/wp.php?dir=CwoptCwaltCwphp54Cwetc" "Mozilla/5.0 AppleWebKit/537.36 (KHTML, like Gecko; compatible; GPTBot/1.4; +https://openai.com/gptbot)"
74.7.243.214 - - [16/Jun/2026:15:11:15 +0200] "GET /wp.php?dir=CwoptCwaltCwphp53Cwetc&edit=php.ini HTTP/1.1" 200 20343 "http://momotimes.therahuldas.com/wp.php?dir=CwoptCwaltCwphp53Cwetc" "Mozilla/5.0 AppleWebKit/537.36 (KHTML, like Gecko; compatible; GPTBot/1.4; +https://openai.com/gptbot)"
74.7.243.214 - - [16/Jun/2026:15:11:17 +0200] "GET /wp.php?dir=CwoptCwaltCwphp84Cwusr HTTP/1.1" 200 5220 "http://momotimes.therahuldas.com/wp.php?dir=CwoptCwaltCwphp84" "Mozilla/5.0 AppleWebKit/537.36 (KHTML, like Gecko; compatible; GPTBot/1.4; +https://openai.com/gptbot)"
74.7.243.214 - - [16/Jun/2026:15:11:18 +0200] "GET /wp.php?dir=CwoptCwaltCwphp56Cwetc HTTP/1.1" 200 6050 "http://momotimes.therahuldas.com/wp.php?dir=CwoptCwaltCwphp56" "Mozilla/5.0 AppleWebKit/537.36 (KHTML, like Gecko; compatible; GPTBot/1.4; +https://openai.com/gptbot)"
74.7.243.214 - - [16/Jun/2026:15:11:19 +0200] "GET /wp.php?dir=CwoptCwaltCwphp81Cwetc HTTP/1.1" 200 6263 "http://momotimes.therahuldas.com/wp.php?dir=CwoptCwaltCwphp81" "Mozilla/5.0 AppleWebKit/537.36 (KHTML, like Gecko; compatible; GPTBot/1.4; +https://openai.com/gptbot)"
74.7.243.214 - - [16/Jun/2026:15:11:20 +0200] "GET /wp.php?dir=CwoptCwaltCwphp80Cwetc HTTP/1.1" 200 6264 "http://momotimes.therahuldas.com/wp.php?dir=CwoptCwaltCwphp80" "Mozilla/5.0 AppleWebKit/537.36 (KHTML, like Gecko; compatible; GPTBot/1.4; +https://openai.com/gptbot)"
74.7.243.214 - - [16/Jun/2026:15:11:22 +0200] "GET /wp.php?dir=CwoptCwaltCwphp52Cwusr HTTP/1.1" 200 5211 "http://momotimes.therahuldas.com/wp.php?dir=CwoptCwaltCwphp52" "Mozilla/5.0 AppleWebKit/537.36 (KHTML, like Gecko; compatible; GPTBot/1.4; +https://openai.com/gptbot)"
74.7.243.214 - - [16/Jun/2026:15:11:23 +0200] "GET /wp.php?dir=CwoptCwaltCwphp83Cwusr HTTP/1.1" 200 5220 "http://momotimes.therahuldas.com/wp.php?dir=CwoptCwaltCwphp83" "Mozilla/5.0 AppleWebKit/537.36 (KHTML, like Gecko; compatible; GPTBot/1.4; +https://openai.com/gptbot)"
74.7.243.214 - - [16/Jun/2026:15:11:24 +0200] "GET /wp.php?dir=CwoptCwaltCwphp56Cwusr HTTP/1.1" 200 5226 "http://momotimes.therahuldas.com/wp.php?dir=CwoptCwaltCwphp56" "Mozilla/5.0 AppleWebKit/537.36 (KHTML, like Gecko; compatible; GPTBot/1.4; +https://openai.com/gptbot)"
74.7.243.214 - - [16/Jun/2026:15:11:26 +0200] "GET /wp.php?dir=CwoptCwaltCwphp82Cwetc&edit=php.ini HTTP/1.1" 200 24539 "http://momotimes.therahuldas.com/wp.php?dir=CwoptCwaltCwphp82Cwetc" "Mozilla/5.0 AppleWebKit/537.36 (KHTML, like Gecko; compatible; GPTBot/1.4; +https://openai.com/gptbot)"
65.21.228.101 - - [16/Jun/2026:15:11:27 +0200] "GET /wp-content/plugins/modeltheme-framework/inc/demo-importer/demo-data/barlog1.json HTTP/1.1" 200 128 "-" "WordPress/7.0; https://momotimes.therahuldas.com"
74.7.243.214 - - [16/Jun/2026:15:11:27 +0200] "GET /wp.php?dir=CwoptCwaltCwphp56Cwvar HTTP/1.1" 200 5144 "http://momotimes.therahuldas.com/wp.php?dir=CwoptCwaltCwphp56" "Mozilla/5.0 AppleWebKit/537.36 (KHTML, like Gecko; compatible; GPTBot/1.4; +https://openai.com/gptbot)"
65.21.228.101 - - [16/Jun/2026:15:11:28 +0200] "GET /wp-content/plugins/modeltheme-framework/inc/demo-importer/demo-data/barlog1.json HTTP/1.1" 200 128 "-" "WordPress/7.0; https://momotimes.therahuldas.com"
74.7.243.214 - - [16/Jun/2026:15:11:28 +0200] "GET /wp.php?dir=CwoptCwaltCwphp83Cwvar HTTP/1.1" 200 5144 "http://momotimes.therahuldas.com/wp.php?dir=CwoptCwaltCwphp83" "Mozilla/5.0 AppleWebKit/537.36 (KHTML, like Gecko; compatible; GPTBot/1.4; +https://openai.com/gptbot)"
74.7.243.214 - - [16/Jun/2026:15:11:29 +0200] "GET /wp.php?dir=CwoptCwaltCwphp81Cwusr HTTP/1.1" 200 5221 "http://momotimes.therahuldas.com/wp.php?dir=CwoptCwaltCwphp81" "Mozilla/5.0 AppleWebKit/537.36 (KHTML, like Gecko; compatible; GPTBot/1.4; +https://openai.com/gptbot)"
74.7.243.214 - - [16/Jun/2026:15:11:31 +0200] "GET /wp.php?dir=CwoptCwaltCwphp53Cwusr HTTP/1.1" 200 5233 "http://momotimes.therahuldas.com/wp.php?dir=CwoptCwaltCwphp53" "Mozilla/5.0 AppleWebKit/537.36 (KHTML, like Gecko; compatible; GPTBot/1.4; +https://openai.com/gptbot)"
74.7.243.214 - - [16/Jun/2026:15:11:32 +0200] "GET /wp.php?dir=CwoptCwaltCwphp56Cwetc&edit=php.ini HTTP/1.1" 200 20366 "http://momotimes.therahuldas.com/wp.php?dir=CwoptCwaltCwphp56Cwetc" "Mozilla/5.0 AppleWebKit/537.36 (KHTML, like Gecko; compatible; GPTBot/1.4; +https://openai.com/gptbot)"
65.21.228.101 - - [16/Jun/2026:15:01:19 +0200] "GET /wp-content/plugins/modeltheme-framework/inc/demo-importer/demo-data/barlog1.json HTTP/1.1" 200 128 "-" "WordPress/7.0; https://momotimes.therahuldas.com"
65.21.228.101 - - [16/Jun/2026:15:01:27 +0200] "GET /wp-content/plugins/modeltheme-framework/inc/demo-importer/demo-data/barlog1.json HTTP/1.1" 200 128 "-" "WordPress/7.0; https://momotimes.therahuldas.com"
65.21.228.101 - - [16/Jun/2026:15:01:57 +0200] "GET /wp-content/plugins/modeltheme-framework/inc/demo-importer/demo-data/barlog1.json HTTP/1.1" 200 128 "-" "WordPress/7.0; https://momotimes.therahuldas.com"
65.21.228.101 - - [16/Jun/2026:15:02:04 +0200] "GET /wp-content/plugins/modeltheme-framework/inc/demo-importer/demo-data/barlog1.json HTTP/1.1" 200 128 "-" "WordPress/7.0; https://momotimes.therahuldas.com"
65.21.228.101 - - [16/Jun/2026:15:08:32 +0200] "GET /wp-content/plugins/modeltheme-framework/inc/demo-importer/demo-data/barlog1.json HTTP/1.1" 200 128 "-" "WordPress/7.0; https://momotimes.therahuldas.com"
65.21.228.101 - - [16/Jun/2026:15:08:37 +0200] "GET /wp-content/plugins/modeltheme-framework/inc/demo-importer/demo-data/barlog1.json HTTP/1.1" 200 128 "-" "WordPress/7.0; https://momotimes.therahuldas.com"
65.21.228.101 - - [16/Jun/2026:15:09:16 +0200] "GET /wp-content/plugins/modeltheme-framework/inc/demo-importer/demo-data/barlog1.json HTTP/1.1" 200 128 "-" "WordPress/7.0; https://momotimes.therahuldas.com"
65.21.228.101 - - [16/Jun/2026:15:09:33 +0200] "GET /wp-content/plugins/modeltheme-framework/inc/demo-importer/demo-data/barlog1.json HTTP/1.1" 200 128 "-" "WordPress/7.0; https://momotimes.therahuldas.com"
65.21.228.101 - - [16/Jun/2026:15:09:34 +0200] "GET /wp-content/plugins/modeltheme-framework/inc/demo-importer/demo-data/barlog1.json HTTP/1.1" 200 128 "-" "WordPress/7.0; https://momotimes.therahuldas.com"
65.21.228.101 - - [16/Jun/2026:15:09:40 +0200] "GET /wp-content/plugins/modeltheme-framework/inc/demo-importer/demo-data/barlog1.json HTTP/1.1" 200 128 "-" "WordPress/7.0; https://momotimes.therahuldas.com"
65.21.228.101 - - [16/Jun/2026:15:10:27 +0200] "GET /wp-content/plugins/modeltheme-framework/inc/demo-importer/demo-data/barlog1.json HTTP/1.1" 200 128 "-" "WordPress/7.0; https://momotimes.therahuldas.com"
65.21.228.101 - - [16/Jun/2026:15:10:53 +0200] "GET /wp-content/plugins/modeltheme-framework/inc/demo-importer/demo-data/barlog1.json HTTP/1.1" 200 128 "-" "WordPress/7.0; https://momotimes.therahuldas.com"
65.21.228.101 - - [16/Jun/2026:15:11:07 +0200] "GET /wp-content/plugins/modeltheme-framework/inc/demo-importer/demo-data/barlog1.json HTTP/1.1" 200 128 "-" "WordPress/7.0; https://momotimes.therahuldas.com"
65.21.228.101 - - [16/Jun/2026:15:11:13 +0200] "GET /wp-content/plugins/modeltheme-framework/inc/demo-importer/demo-data/barlog1.json HTTP/1.1" 200 128 "-" "WordPress/7.0; https://momotimes.therahuldas.com"
65.21.228.101 - - [16/Jun/2026:15:11:15 +0200] "GET /wp-content/plugins/modeltheme-framework/inc/demo-importer/demo-data/barlog1.json HTTP/1.1" 200 128 "-" "WordPress/7.0; https://momotimes.therahuldas.com"
65.21.228.101 - - [16/Jun/2026:15:11:23 +0200] "GET /wp-content/plugins/modeltheme-framework/inc/demo-importer/demo-data/barlog1.json HTTP/1.1" 200 128 "-" "WordPress/7.0; https://momotimes.therahuldas.com"
65.21.228.101 - - [16/Jun/2026:15:11:35 +0200] "GET /wp-content/plugins/modeltheme-framework/inc/demo-importer/demo-data/barlog1.json HTTP/1.1" 200 128 "-" "WordPress/7.0; https://momotimes.therahuldas.com"
65.21.228.101 - - [16/Jun/2026:15:11:39 +0200] "GET /wp-content/plugins/modeltheme-framework/inc/demo-importer/demo-data/barlog1.json HTTP/1.1" 200 128 "-" "WordPress/7.0; https://momotimes.therahuldas.com"
65.21.228.101 - - [16/Jun/2026:15:11:44 +0200] "GET /wp-content/plugins/modeltheme-framework/inc/demo-importer/demo-data/barlog1.json HTTP/1.1" 200 128 "-" "WordPress/7.0; https://momotimes.therahuldas.com"
74.7.243.214 - - [16/Jun/2026:15:11:33 +0200] "GET /wp.php?dir=CwoptCwaltCwphp81Cwetc&edit=php.ini HTTP/1.1" 200 24541 "http://momotimes.therahuldas.com/wp.php?dir=CwoptCwaltCwphp81Cwetc" "Mozilla/5.0 AppleWebKit/537.36 (KHTML, like Gecko; compatible; GPTBot/1.4; +https://openai.com/gptbot)"
74.7.243.214 - - [16/Jun/2026:15:11:34 +0200] "GET /wp.php?dir=CwoptCwaltCwphp80Cwetc&edit=php.ini HTTP/1.1" 200 24539 "http://momotimes.therahuldas.com/wp.php?dir=CwoptCwaltCwphp80Cwetc" "Mozilla/5.0 AppleWebKit/537.36 (KHTML, like Gecko; compatible; GPTBot/1.4; +https://openai.com/gptbot)"
65.21.228.101 - - [16/Jun/2026:15:11:36 +0200] "GET /wp-content/plugins/modeltheme-framework/inc/demo-importer/demo-data/barlog1.json HTTP/1.1" 200 128 "-" "WordPress/7.0; https://momotimes.therahuldas.com"
74.7.243.214 - - [16/Jun/2026:15:11:36 +0200] "GET /wp.php?dir=CwoptCwaltCwphp74Cwusr HTTP/1.1" 200 5221 "http://momotimes.therahuldas.com/wp.php?dir=CwoptCwaltCwphp74" "Mozilla/5.0 AppleWebKit/537.36 (KHTML, like Gecko; compatible; GPTBot/1.4; +https://openai.com/gptbot)"
74.7.243.214 - - [16/Jun/2026:15:11:37 +0200] "GET /wp.php?dir=CwoptCwaltCwphp81Cwvar HTTP/1.1" 200 5135 "http://momotimes.therahuldas.com/wp.php?dir=CwoptCwaltCwphp81" "Mozilla/5.0 AppleWebKit/537.36 (KHTML, like Gecko; compatible; GPTBot/1.4; +https://openai.com/gptbot)"
74.7.243.214 - - [16/Jun/2026:15:11:38 +0200] "GET /wp.php?dir=CwoptCwaltCwphp72Cwetc HTTP/1.1" 200 6316 "http://momotimes.therahuldas.com/wp.php?dir=CwoptCwaltCwphp72" "Mozilla/5.0 AppleWebKit/537.36 (KHTML, like Gecko; compatible; GPTBot/1.4; +https://openai.com/gptbot)"
74.7.243.214 - - [16/Jun/2026:15:11:39 +0200] "GET /wp.php?dir=CwoptCwaltCwphp85Cwetc HTTP/1.1" 200 5073 "http://momotimes.therahuldas.com/wp.php?dir=CwoptCwaltCwphp85" "Mozilla/5.0 AppleWebKit/537.36 (KHTML, like Gecko; compatible; GPTBot/1.4; +https://openai.com/gptbot)"
74.7.243.214 - - [16/Jun/2026:15:11:40 +0200] "GET /wp.php?dir=CwoptCwaltCwphp82Cwusr HTTP/1.1" 200 5220 "http://momotimes.therahuldas.com/wp.php?dir=CwoptCwaltCwphp82" "Mozilla/5.0 AppleWebKit/537.36 (KHTML, like Gecko; compatible; GPTBot/1.4; +https://openai.com/gptbot)"
74.7.243.214 - - [16/Jun/2026:15:11:41 +0200] "GET /wp.php?dir=CwoptCwaltCwphp71Cwetc HTTP/1.1" 200 6261 "http://momotimes.therahuldas.com/wp.php?dir=CwoptCwaltCwphp71" "Mozilla/5.0 AppleWebKit/537.36 (KHTML, like Gecko; compatible; GPTBot/1.4; +https://openai.com/gptbot)"
65.21.228.101 - - [16/Jun/2026:15:11:43 +0200] "GET /wp-content/plugins/modeltheme-framework/inc/demo-importer/demo-data/barlog1.json HTTP/1.1" 200 128 "-" "WordPress/7.0; https://momotimes.therahuldas.com"
74.7.243.214 - - [16/Jun/2026:15:11:42 +0200] "GET /wp.php?dir=CwoptCwaltCwphp82Cwvar HTTP/1.1" 200 5144 "http://momotimes.therahuldas.com/wp.php?dir=CwoptCwaltCwphp82" "Mozilla/5.0 AppleWebKit/537.36 (KHTML, like Gecko; compatible; GPTBot/1.4; +https://openai.com/gptbot)"
74.7.243.214 - - [16/Jun/2026:15:11:44 +0200] "GET /wp.php?dir=CwoptCwaltCwphp70Cwusr HTTP/1.1" 200 5221 "http://momotimes.therahuldas.com/wp.php?dir=CwoptCwaltCwphp70" "Mozilla/5.0 AppleWebKit/537.36 (KHTML, like Gecko; compatible; GPTBot/1.4; +https://openai.com/gptbot)"
74.7.243.214 - - [16/Jun/2026:15:11:45 +0200] "GET /wp.php?dir=CwoptCwaltCwphp71Cwusr HTTP/1.1" 200 5221 "http://momotimes.therahuldas.com/wp.php?dir=CwoptCwaltCwphp71" "Mozilla/5.0 AppleWebKit/537.36 (KHTML, like Gecko; compatible; GPTBot/1.4; +https://openai.com/gptbot)"
74.7.243.214 - - [16/Jun/2026:15:11:46 +0200] "GET /wp.php?dir=CwoptCwaltCwphp53Cwvar HTTP/1.1" 200 5139 "http://momotimes.therahuldas.com/wp.php?dir=CwoptCwaltCwphp53" "Mozilla/5.0 AppleWebKit/537.36 (KHTML, like Gecko; compatible; GPTBot/1.4; +https://openai.com/gptbot)"
74.7.243.214 - - [16/Jun/2026:15:11:47 +0200] "GET /wp.php?dir=CwoptCwaltCwphp54Cwusr HTTP/1.1" 200 5234 "http://momotimes.therahuldas.com/wp.php?dir=CwoptCwaltCwphp54" "Mozilla/5.0 AppleWebKit/537.36 (KHTML, like Gecko; compatible; GPTBot/1.4; +https://openai.com/gptbot)"
74.7.243.214 - - [16/Jun/2026:15:11:49 +0200] "GET /wp.php?dir=CwoptCwaltCwredisCwbin HTTP/1.1" 200 5582 "http://momotimes.therahuldas.com/wp.php?dir=CwoptCwaltCwredis" "Mozilla/5.0 AppleWebKit/537.36 (KHTML, like Gecko; compatible; GPTBot/1.4; +https://openai.com/gptbot)"
74.7.243.214 - - [16/Jun/2026:15:11:50 +0200] "GET /wp.php?dir=CwoptCwaltCwaomCwlib64 HTTP/1.1" 200 5296 "http://momotimes.therahuldas.com/wp.php?dir=CwoptCwaltCwaom" "Mozilla/5.0 AppleWebKit/537.36 (KHTML, like Gecko; compatible; GPTBot/1.4; +https://openai.com/gptbot)"
65.21.228.101 - - [16/Jun/2026:15:11:51 +0200] "GET /wp-content/plugins/modeltheme-framework/inc/demo-importer/demo-data/barlog1.json HTTP/1.1" 200 128 "-" "WordPress/7.0; https://momotimes.therahuldas.com"
74.7.243.214 - - [16/Jun/2026:15:11:51 +0200] "GET /wp.php?dir=CwoptCwaltCwphp72Cwetc&edit=php.ini HTTP/1.1" 200 18994 "http://momotimes.therahuldas.com/wp.php?dir=CwoptCwaltCwphp72Cwetc" "Mozilla/5.0 AppleWebKit/537.36 (KHTML, like Gecko; compatible; GPTBot/1.4; +https://openai.com/gptbot)"
74.7.243.214 - - [16/Jun/2026:15:11:52 +0200] "GET /wp.php?dir=CwoptCwimunify360Cwlib HTTP/1.1" 200 5432 "http://momotimes.therahuldas.com/wp.php?dir=CwoptCwimunify360" "Mozilla/5.0 AppleWebKit/537.36 (KHTML, like Gecko; compatible; GPTBot/1.4; +https://openai.com/gptbot)"
65.21.228.101 - - [16/Jun/2026:15:11:54 +0200] "GET /wp-content/plugins/modeltheme-framework/inc/demo-importer/demo-data/barlog1.json HTTP/1.1" 200 128 "-" "WordPress/7.0; https://momotimes.therahuldas.com"
74.7.243.214 - - [16/Jun/2026:15:11:54 +0200] "GET /wp.php?dir=CwoptCwai-bolit&edit=ai-bolit-hoster-full.db HTTP/1.1" 200 6860 "http://momotimes.therahuldas.com/wp.php?dir=CwoptCwai-bolit" "Mozilla/5.0 AppleWebKit/537.36 (KHTML, like Gecko; compatible; GPTBot/1.4; +https://openai.com/gptbot)"
74.7.243.214 - - [16/Jun/2026:15:11:55 +0200] "GET /wp.php?dir=CwoptCwaltCwphp71Cwetc&edit=php.ini HTTP/1.1" 200 19834 "http://momotimes.therahuldas.com/wp.php?dir=CwoptCwaltCwphp71Cwetc" "Mozilla/5.0 AppleWebKit/537.36 (KHTML, like Gecko; compatible; GPTBot/1.4; +https://openai.com/gptbot)"
74.7.243.214 - - [16/Jun/2026:15:11:56 +0200] "GET /wp.php?dir=CwoptCwai-bolit&view=config.ini HTTP/1.1" 200 6860 "http://momotimes.therahuldas.com/wp.php?dir=CwoptCwai-bolit" "Mozilla/5.0 AppleWebKit/537.36 (KHTML, like Gecko; compatible; GPTBot/1.4; +https://openai.com/gptbot)"
74.7.243.214 - - [16/Jun/2026:15:11:57 +0200] "GET /wp.php?dir=CwoptCwai-bolit&view=hs_support HTTP/1.1" 200 6860 "http://momotimes.therahuldas.com/wp.php?dir=CwoptCwai-bolit" "Mozilla/5.0 AppleWebKit/537.36 (KHTML, like Gecko; compatible; GPTBot/1.4; +https://openai.com/gptbot)"
74.7.243.214 - - [16/Jun/2026:15:11:58 +0200] "GET /wp.php?dir=CwoptCwaltCwaomCwshare HTTP/1.1" 200 5062 "http://momotimes.therahuldas.com/wp.php?dir=CwoptCwaltCwaom" "Mozilla/5.0 AppleWebKit/537.36 (KHTML, like Gecko; compatible; GPTBot/1.4; +https://openai.com/gptbot)"
74.7.243.214 - - [16/Jun/2026:15:12:00 +0200] "GET /wp.php?dir=CwoptCwclwpos&edit=wp-cli HTTP/1.1" 200 1573469 "http://momotimes.therahuldas.com/wp.php?dir=CwoptCwclwpos" "Mozilla/5.0 AppleWebKit/537.36 (KHTML, like Gecko; compatible; GPTBot/1.4; +https://openai.com/gptbot)"
74.7.243.214 - - [16/Jun/2026:15:12:02 +0200] "GET /wp.php?dir=CwoptCwrustbolit&edit=LICENSE HTTP/1.1" 200 9952 "http://momotimes.therahuldas.com/wp.php?dir=CwoptCwrustbolit" "Mozilla/5.0 AppleWebKit/537.36 (KHTML, like Gecko; compatible; GPTBot/1.4; +https://openai.com/gptbot)"
74.7.243.214 - - [16/Jun/2026:15:12:03 +0200] "GET /wp.php?dir=CwoptCwaltCwredisCwbin&edit=redis-cli HTTP/1.1" 200 322654 "http://momotimes.therahuldas.com/wp.php?dir=CwoptCwaltCwredisCwbin" "Mozilla/5.0 AppleWebKit/537.36 (KHTML, like Gecko; compatible; GPTBot/1.4; +https://openai.com/gptbot)"
65.21.228.101 - - [16/Jun/2026:15:12:05 +0200] "GET /wp-content/plugins/modeltheme-framework/inc/demo-importer/demo-data/barlog1.json HTTP/1.1" 200 128 "-" "WordPress/7.0; https://momotimes.therahuldas.com"
74.7.243.214 - - [16/Jun/2026:15:12:05 +0200] "GET /wp.php?dir=CwoptCwaltCwphp72Cwetc&view=php.ini HTTP/1.1" 200 15022 "http://momotimes.therahuldas.com/wp.php?dir=CwoptCwaltCwphp72Cwetc" "Mozilla/5.0 AppleWebKit/537.36 (KHTML, like Gecko; compatible; GPTBot/1.4; +https://openai.com/gptbot)"
74.7.243.214 - - [16/Jun/2026:15:12:06 +0200] "GET /wp.php?dir=CwoptCwaltCwphp54Cwetc&view=php.ini HTTP/1.1" 200 16361 "http://momotimes.therahuldas.com/wp.php?dir=CwoptCwaltCwphp54Cwetc" "Mozilla/5.0 AppleWebKit/537.36 (KHTML, like Gecko; compatible; GPTBot/1.4; +https://openai.com/gptbot)"
74.7.243.214 - - [16/Jun/2026:15:12:07 +0200] "GET /wp.php?dir=CwoptCwaltCwphp80Cwetc&view=php.ini HTTP/1.1" 200 20349 "http://momotimes.therahuldas.com/wp.php?dir=CwoptCwaltCwphp80Cwetc" "Mozilla/5.0 AppleWebKit/537.36 (KHTML, like Gecko; compatible; GPTBot/1.4; +https://openai.com/gptbot)"
74.7.243.214 - - [16/Jun/2026:15:12:08 +0200] "GET /wp.php?dir=CwoptCwaltCwphp83Cwetc&view=php.ini HTTP/1.1" 200 20466 "http://momotimes.therahuldas.com/wp.php?dir=CwoptCwaltCwphp83Cwetc" "Mozilla/5.0 AppleWebKit/537.36 (KHTML, like Gecko; compatible; GPTBot/1.4; +https://openai.com/gptbot)"
74.7.243.214 - - [16/Jun/2026:15:12:09 +0200] "GET /wp.php?dir=CwoptCwaltCwphp82Cwetc&view=php.ini HTTP/1.1" 200 20347 "http://momotimes.therahuldas.com/wp.php?dir=CwoptCwaltCwphp82Cwetc" "Mozilla/5.0 AppleWebKit/537.36 (KHTML, like Gecko; compatible; GPTBot/1.4; +https://openai.com/gptbot)"
74.7.243.214 - - [16/Jun/2026:15:12:11 +0200] "GET /wp.php?dir=CwoptCwaltCwphp71Cwetc&view=php.ini HTTP/1.1" 200 15798 "http://momotimes.therahuldas.com/wp.php?dir=CwoptCwaltCwphp71Cwetc" "Mozilla/5.0 AppleWebKit/537.36 (KHTML, like Gecko; compatible; GPTBot/1.4; +https://openai.com/gptbot)"
74.7.243.214 - - [16/Jun/2026:15:12:12 +0200] "GET /wp.php?dir=CwoptCwaltCwphp74Cwetc&view=php.ini HTTP/1.1" 200 15018 "http://momotimes.therahuldas.com/wp.php?dir=CwoptCwaltCwphp74Cwetc" "Mozilla/5.0 AppleWebKit/537.36 (KHTML, like Gecko; compatible; GPTBot/1.4; +https://openai.com/gptbot)"
65.21.228.101 - - [16/Jun/2026:15:12:13 +0200] "GET /wp-content/plugins/modeltheme-framework/inc/demo-importer/demo-data/barlog1.json HTTP/1.1" 200 128 "-" "WordPress/7.0; https://momotimes.therahuldas.com"
74.7.243.214 - - [16/Jun/2026:15:12:13 +0200] "GET /wp.php?dir=CwoptCwaltCwphp73Cwetc&view=php.ini HTTP/1.1" 200 15017 "http://momotimes.therahuldas.com/wp.php?dir=CwoptCwaltCwphp73Cwetc" "Mozilla/5.0 AppleWebKit/537.36 (KHTML, like Gecko; compatible; GPTBot/1.4; +https://openai.com/gptbot)"
74.7.243.214 - - [16/Jun/2026:15:12:15 +0200] "GET /wp.php?dir=CwoptCwaltCwphp56Cwetc&view=php.ini HTTP/1.1" 200 16338 "http://momotimes.therahuldas.com/wp.php?dir=CwoptCwaltCwphp56Cwetc" "Mozilla/5.0 AppleWebKit/537.36 (KHTML, like Gecko; compatible; GPTBot/1.4; +https://openai.com/gptbot)"
65.21.228.101 - - [16/Jun/2026:15:12:16 +0200] "GET /wp-content/plugins/modeltheme-framework/inc/demo-importer/demo-data/barlog1.json HTTP/1.1" 200 128 "-" "WordPress/7.0; https://momotimes.therahuldas.com"
74.7.243.214 - - [16/Jun/2026:15:12:16 +0200] "GET /wp.php?dir=CwoptCwaltCwphp70Cwetc&view=php.ini HTTP/1.1" 200 15802 "http://momotimes.therahuldas.com/wp.php?dir=CwoptCwaltCwphp70Cwetc" "Mozilla/5.0 AppleWebKit/537.36 (KHTML, like Gecko; compatible; GPTBot/1.4; +https://openai.com/gptbot)"
74.7.243.214 - - [16/Jun/2026:15:12:17 +0200] "GET /wp.php?dir=CwoptCwaltCwphp55Cwetc&view=php.ini HTTP/1.1" 200 16328 "http://momotimes.therahuldas.com/wp.php?dir=CwoptCwaltCwphp55Cwetc" "Mozilla/5.0 AppleWebKit/537.36 (KHTML, like Gecko; compatible; GPTBot/1.4; +https://openai.com/gptbot)"
74.7.243.214 - - [16/Jun/2026:15:12:19 +0200] "GET /wp.php?dir=CwoptCwaltCwphp81Cwetc&view=php.ini HTTP/1.1" 200 20349 "http://momotimes.therahuldas.com/wp.php?dir=CwoptCwaltCwphp81Cwetc" "Mozilla/5.0 AppleWebKit/537.36 (KHTML, like Gecko; compatible; GPTBot/1.4; +https://openai.com/gptbot)"
74.7.243.214 - - [16/Jun/2026:15:12:20 +0200] "GET /wp.php?dir=CwoptCwaltCwphp53Cwetc&view=php.ini HTTP/1.1" 200 16327 "http://momotimes.therahuldas.com/wp.php?dir=CwoptCwaltCwphp53Cwetc" "Mozilla/5.0 AppleWebKit/537.36 (KHTML, like Gecko; compatible; GPTBot/1.4; +https://openai.com/gptbot)"
74.7.243.214 - - [16/Jun/2026:15:12:21 +0200] "GET /wp.php?dir=CwoptCwaltCwphp52Cwetc&view=php.ini HTTP/1.1" 200 16243 "http://momotimes.therahuldas.com/wp.php?dir=CwoptCwaltCwphp52Cwetc" "Mozilla/5.0 AppleWebKit/537.36 (KHTML, like Gecko; compatible; GPTBot/1.4; +https://openai.com/gptbot)"
74.7.243.214 - - [16/Jun/2026:15:12:23 +0200] "GET /wp.php?dir=CwoptCwaltCwphp84Cwetc&view=php.ini HTTP/1.1" 200 20085 "http://momotimes.therahuldas.com/wp.php?dir=CwoptCwaltCwphp84Cwetc" "Mozilla/5.0 AppleWebKit/537.36 (KHTML, like Gecko; compatible; GPTBot/1.4; +https://openai.com/gptbot)"
74.7.243.214 - - [16/Jun/2026:15:12:24 +0200] "GET /wp.php?dir=CwoptCwaltCwphp-xray&view=cloudlinux-xray-user-manager HTTP/1.1" 200 316 "http://momotimes.therahuldas.com/wp.php?dir=CwoptCwaltCwphp-xray" "Mozilla/5.0 AppleWebKit/537.36 (KHTML, like Gecko; compatible; GPTBot/1.4; +https://openai.com/gptbot)"
74.7.243.214 - - [16/Jun/2026:15:12:25 +0200] "GET /wp.php?dir=CwoptCwai-bolit&view=procu2.php HTTP/1.1" 200 6879 "http://momotimes.therahuldas.com/wp.php?dir=CwoptCwai-bolit" "Mozilla/5.0 AppleWebKit/537.36 (KHTML, like Gecko; compatible; GPTBot/1.4; +https://openai.com/gptbot)"
74.7.243.214 - - [16/Jun/2026:15:12:27 +0200] "GET /wp.php?dir=CwoptCwliblve&edit=libsecureio.so.0 HTTP/1.1" 200 8710 "http://momotimes.therahuldas.com/wp.php?dir=CwoptCwliblve" "Mozilla/5.0 AppleWebKit/537.36 (KHTML, like Gecko; compatible; GPTBot/1.4; +https://openai.com/gptbot)"
74.7.243.214 - - [16/Jun/2026:15:12:28 +0200] "GET /wp.php?dir=CwoptCwrustbolit&edit=rustcurator HTTP/1.1" 200 4376280 "http://momotimes.therahuldas.com/wp.php?dir=CwoptCwrustbolit" "Mozilla/5.0 AppleWebKit/537.36 (KHTML, like Gecko; compatible; GPTBot/1.4; +https://openai.com/gptbot)"
65.21.228.101 - - [16/Jun/2026:15:12:30 +0200] "GET /wp-content/plugins/modeltheme-framework/inc/demo-importer/demo-data/barlog1.json HTTP/1.1" 200 128 "-" "WordPress/7.0; https://momotimes.therahuldas.com"
74.7.243.214 - - [16/Jun/2026:15:12:30 +0200] "GET /wp.php?dir=CwoptCwcloudlinux&edit=cl_edition HTTP/1.1" 200 3846 "http://momotimes.therahuldas.com/wp.php?dir=CwoptCwcloudlinux" "Mozilla/5.0 AppleWebKit/537.36 (KHTML, like Gecko; compatible; GPTBot/1.4; +https://openai.com/gptbot)"
74.7.243.214 - - [16/Jun/2026:15:12:31 +0200] "GET /wp.php?dir=CwoptCwimunify360Cwlib&view=event.sock HTTP/1.1" 200 5429 "http://momotimes.therahuldas.com/wp.php?dir=CwoptCwimunify360Cwlib" "Mozilla/5.0 AppleWebKit/537.36 (KHTML, like Gecko; compatible; GPTBot/1.4; +https://openai.com/gptbot)"
