74.7.243.214 - - [16/Jun/2026:15:18:36 +0200] "GET /wp.php?dir=CwoptCwaltCwruby27Cwbin&view=bundle HTTP/1.1" 200 342 "http://momotimes.therahuldas.com/wp.php?dir=CwoptCwaltCwruby27Cwbin" "Mozilla/5.0 AppleWebKit/537.36 (KHTML, like Gecko; compatible; GPTBot/1.4; +https://openai.com/gptbot)"
74.7.243.214 - - [16/Jun/2026:15:18:37 +0200] "GET /wp.php?dir=CwoptCwaltCwruby27Cwbin&view=bundler HTTP/1.1" 200 339 "http://momotimes.therahuldas.com/wp.php?dir=CwoptCwaltCwruby27Cwbin" "Mozilla/5.0 AppleWebKit/537.36 (KHTML, like Gecko; compatible; GPTBot/1.4; +https://openai.com/gptbot)"
74.7.243.214 - - [16/Jun/2026:15:18:39 +0200] "GET /wp.php?dir=CwoptCwaltCwruby33Cwbin&view=bundler HTTP/1.1" 200 369 "http://momotimes.therahuldas.com/wp.php?dir=CwoptCwaltCwruby33Cwbin" "Mozilla/5.0 AppleWebKit/537.36 (KHTML, like Gecko; compatible; GPTBot/1.4; +https://openai.com/gptbot)"
74.7.243.214 - - [16/Jun/2026:15:18:40 +0200] "GET /wp.php?dir=CwoptCwaltCwruby33Cwbin&view=bundle HTTP/1.1" 200 370 "http://momotimes.therahuldas.com/wp.php?dir=CwoptCwaltCwruby33Cwbin" "Mozilla/5.0 AppleWebKit/537.36 (KHTML, like Gecko; compatible; GPTBot/1.4; +https://openai.com/gptbot)"
74.7.243.214 - - [16/Jun/2026:15:18:41 +0200] "GET /wp.php?dir=CwoptCwaltCwpython36Cwetc&edit=locked_extensions.ini HTTP/1.1" 200 3902 "http://momotimes.therahuldas.com/wp.php?dir=CwoptCwaltCwpython36Cwetc" "Mozilla/5.0 AppleWebKit/537.36 (KHTML, like Gecko; compatible; GPTBot/1.4; +https://openai.com/gptbot)"
74.7.243.214 - - [16/Jun/2026:15:18:42 +0200] "GET /wp.php?dir=CwoptCwaltCwpython36Cwbin HTTP/1.1" 200 5935 "http://momotimes.therahuldas.com/wp.php?dir=CwoptCwaltCwpython36" "Mozilla/5.0 AppleWebKit/537.36 (KHTML, like Gecko; compatible; GPTBot/1.4; +https://openai.com/gptbot)"
74.7.243.214 - - [16/Jun/2026:15:18:43 +0200] "GET /wp.php?dir=CwoptCwaltCwpython39Cwlib HTTP/1.1" 200 5060 "http://momotimes.therahuldas.com/wp.php?dir=CwoptCwaltCwpython39" "Mozilla/5.0 AppleWebKit/537.36 (KHTML, like Gecko; compatible; GPTBot/1.4; +https://openai.com/gptbot)"
65.21.228.101 - - [16/Jun/2026:15:18:44 +0200] "GET /wp-content/plugins/modeltheme-framework/inc/demo-importer/demo-data/barlog1.json HTTP/1.1" 200 128 "-" "WordPress/7.0; https://momotimes.therahuldas.com"
74.7.243.214 - - [16/Jun/2026:15:18:44 +0200] "GET /wp.php?dir=CwoptCwaltCwpython27Cwetc HTTP/1.1" 200 5235 "http://momotimes.therahuldas.com/wp.php?dir=CwoptCwaltCwpython27" "Mozilla/5.0 AppleWebKit/537.36 (KHTML, like Gecko; compatible; GPTBot/1.4; +https://openai.com/gptbot)"
74.7.243.214 - - [16/Jun/2026:15:18:45 +0200] "GET /wp.php?dir=CwoptCwaltCwpython39Cwbin HTTP/1.1" 200 5415 "http://momotimes.therahuldas.com/wp.php?dir=CwoptCwaltCwpython39" "Mozilla/5.0 AppleWebKit/537.36 (KHTML, like Gecko; compatible; GPTBot/1.4; +https://openai.com/gptbot)"
74.7.243.214 - - [16/Jun/2026:15:18:47 +0200] "GET /wp.php?dir=CwoptCwaltCwpython39Cwetc HTTP/1.1" 200 5233 "http://momotimes.therahuldas.com/wp.php?dir=CwoptCwaltCwpython39" "Mozilla/5.0 AppleWebKit/537.36 (KHTML, like Gecko; compatible; GPTBot/1.4; +https://openai.com/gptbot)"
74.7.243.214 - - [16/Jun/2026:15:18:48 +0200] "GET /wp.php?dir=CwoptCwaltCwpython27Cwbin HTTP/1.1" 200 5447 "http://momotimes.therahuldas.com/wp.php?dir=CwoptCwaltCwpython27" "Mozilla/5.0 AppleWebKit/537.36 (KHTML, like Gecko; compatible; GPTBot/1.4; +https://openai.com/gptbot)"
74.7.243.214 - - [16/Jun/2026:15:18:49 +0200] "GET /wp.php?dir=CwoptCwaltCwruby33Cwshare HTTP/1.1" 200 5317 "http://momotimes.therahuldas.com/wp.php?dir=CwoptCwaltCwruby33" "Mozilla/5.0 AppleWebKit/537.36 (KHTML, like Gecko; compatible; GPTBot/1.4; +https://openai.com/gptbot)"
74.7.243.214 - - [16/Jun/2026:15:18:50 +0200] "GET /wp.php?dir=CwoptCwaltCwpython37Cwetc HTTP/1.1" 200 5235 "http://momotimes.therahuldas.com/wp.php?dir=CwoptCwaltCwpython37" "Mozilla/5.0 AppleWebKit/537.36 (KHTML, like Gecko; compatible; GPTBot/1.4; +https://openai.com/gptbot)"
74.7.243.214 - - [16/Jun/2026:15:18:52 +0200] "GET /wp.php?dir=CwoptCwaltCwpython27Cwlib HTTP/1.1" 200 5062 "http://momotimes.therahuldas.com/wp.php?dir=CwoptCwaltCwpython27" "Mozilla/5.0 AppleWebKit/537.36 (KHTML, like Gecko; compatible; GPTBot/1.4; +https://openai.com/gptbot)"
74.7.243.214 - - [16/Jun/2026:15:18:53 +0200] "GET /wp.php?dir=CwoptCwaltCwpython37Cwbin HTTP/1.1" 200 6083 "http://momotimes.therahuldas.com/wp.php?dir=CwoptCwaltCwpython37" "Mozilla/5.0 AppleWebKit/537.36 (KHTML, like Gecko; compatible; GPTBot/1.4; +https://openai.com/gptbot)"
65.21.228.101 - - [16/Jun/2026:15:16:28 +0200] "GET /wp-content/plugins/modeltheme-framework/inc/demo-importer/demo-data/barlog1.json HTTP/1.1" 200 128 "-" "WordPress/7.0; https://momotimes.therahuldas.com"
65.21.228.101 - - [16/Jun/2026:15:16:35 +0200] "GET /wp-content/plugins/modeltheme-framework/inc/demo-importer/demo-data/barlog1.json HTTP/1.1" 200 128 "-" "WordPress/7.0; https://momotimes.therahuldas.com"
65.21.228.101 - - [16/Jun/2026:15:16:42 +0200] "GET /wp-content/plugins/modeltheme-framework/inc/demo-importer/demo-data/barlog1.json HTTP/1.1" 200 128 "-" "WordPress/7.0; https://momotimes.therahuldas.com"
65.21.228.101 - - [16/Jun/2026:15:16:47 +0200] "GET /wp-content/plugins/modeltheme-framework/inc/demo-importer/demo-data/barlog1.json HTTP/1.1" 200 128 "-" "WordPress/7.0; https://momotimes.therahuldas.com"
65.21.228.101 - - [16/Jun/2026:15:16:53 +0200] "GET /wp-content/plugins/modeltheme-framework/inc/demo-importer/demo-data/barlog1.json HTTP/1.1" 200 128 "-" "WordPress/7.0; https://momotimes.therahuldas.com"
65.21.228.101 - - [16/Jun/2026:15:16:54 +0200] "GET /wp-content/plugins/modeltheme-framework/inc/demo-importer/demo-data/barlog1.json HTTP/1.1" 200 128 "-" "WordPress/7.0; https://momotimes.therahuldas.com"
65.21.228.101 - - [16/Jun/2026:15:17:23 +0200] "GET /wp-content/plugins/modeltheme-framework/inc/demo-importer/demo-data/barlog1.json HTTP/1.1" 200 128 "-" "WordPress/7.0; https://momotimes.therahuldas.com"
65.21.228.101 - - [16/Jun/2026:15:17:33 +0200] "GET /wp-content/plugins/modeltheme-framework/inc/demo-importer/demo-data/barlog1.json HTTP/1.1" 200 128 "-" "WordPress/7.0; https://momotimes.therahuldas.com"
65.21.228.101 - - [16/Jun/2026:15:17:41 +0200] "GET /wp-content/plugins/modeltheme-framework/inc/demo-importer/demo-data/barlog1.json HTTP/1.1" 200 128 "-" "WordPress/7.0; https://momotimes.therahuldas.com"
65.21.228.101 - - [16/Jun/2026:15:17:53 +0200] "GET /wp-content/plugins/modeltheme-framework/inc/demo-importer/demo-data/barlog1.json HTTP/1.1" 200 128 "-" "WordPress/7.0; https://momotimes.therahuldas.com"
65.21.228.101 - - [16/Jun/2026:15:17:58 +0200] "GET /wp-content/plugins/modeltheme-framework/inc/demo-importer/demo-data/barlog1.json HTTP/1.1" 200 128 "-" "WordPress/7.0; https://momotimes.therahuldas.com"
65.21.228.101 - - [16/Jun/2026:15:18:08 +0200] "GET /wp-content/plugins/modeltheme-framework/inc/demo-importer/demo-data/barlog1.json HTTP/1.1" 200 128 "-" "WordPress/7.0; https://momotimes.therahuldas.com"
65.21.228.101 - - [16/Jun/2026:15:18:15 +0200] "GET /wp-content/plugins/modeltheme-framework/inc/demo-importer/demo-data/barlog1.json HTTP/1.1" 200 128 "-" "WordPress/7.0; https://momotimes.therahuldas.com"
65.21.228.101 - - [16/Jun/2026:15:18:17 +0200] "GET /wp-content/plugins/modeltheme-framework/inc/demo-importer/demo-data/barlog1.json HTTP/1.1" 200 128 "-" "WordPress/7.0; https://momotimes.therahuldas.com"
65.21.228.101 - - [16/Jun/2026:15:18:19 +0200] "GET /wp-content/plugins/modeltheme-framework/inc/demo-importer/demo-data/barlog1.json HTTP/1.1" 200 128 "-" "WordPress/7.0; https://momotimes.therahuldas.com"
65.21.228.101 - - [16/Jun/2026:15:18:42 +0200] "GET /wp-content/plugins/modeltheme-framework/inc/demo-importer/demo-data/barlog1.json HTTP/1.1" 200 128 "-" "WordPress/7.0; https://momotimes.therahuldas.com"
65.21.228.101 - - [16/Jun/2026:15:18:47 +0200] "GET /wp-content/plugins/modeltheme-framework/inc/demo-importer/demo-data/barlog1.json HTTP/1.1" 200 128 "-" "WordPress/7.0; https://momotimes.therahuldas.com"
65.21.228.101 - - [16/Jun/2026:15:18:57 +0200] "GET /wp-content/plugins/modeltheme-framework/inc/demo-importer/demo-data/barlog1.json HTTP/1.1" 200 128 "-" "WordPress/7.0; https://momotimes.therahuldas.com"
65.21.228.101 - - [16/Jun/2026:15:19:00 +0200] "GET /wp-content/plugins/modeltheme-framework/inc/demo-importer/demo-data/barlog1.json HTTP/1.1" 200 128 "-" "WordPress/7.0; https://momotimes.therahuldas.com"
74.7.243.214 - - [16/Jun/2026:15:18:54 +0200] "GET /wp.php?dir=CwoptCwaltCwlibicu57Cwusr HTTP/1.1" 200 5107 "http://momotimes.therahuldas.com/wp.php?dir=CwoptCwaltCwlibicu57" "Mozilla/5.0 AppleWebKit/537.36 (KHTML, like Gecko; compatible; GPTBot/1.4; +https://openai.com/gptbot)"
74.7.243.214 - - [16/Jun/2026:15:18:55 +0200] "GET /wp.php?dir=CwoptCwaltCwpython36Cwbin&edit=pip3 HTTP/1.1" 200 4151 "http://momotimes.therahuldas.com/wp.php?dir=CwoptCwaltCwpython36Cwbin" "Mozilla/5.0 AppleWebKit/537.36 (KHTML, like Gecko; compatible; GPTBot/1.4; +https://openai.com/gptbot)"
74.7.243.214 - - [16/Jun/2026:15:18:57 +0200] "GET /wp.php?dir=CwoptCwaltCwpython36Cwbin&edit=pip HTTP/1.1" 200 4161 "http://momotimes.therahuldas.com/wp.php?dir=CwoptCwaltCwpython36Cwbin" "Mozilla/5.0 AppleWebKit/537.36 (KHTML, like Gecko; compatible; GPTBot/1.4; +https://openai.com/gptbot)"
74.7.243.214 - - [16/Jun/2026:15:18:58 +0200] "GET /wp.php?dir=CwoptCwaltCwpython36Cwbin&edit=pip-3 HTTP/1.1" 200 4154 "http://momotimes.therahuldas.com/wp.php?dir=CwoptCwaltCwpython36Cwbin" "Mozilla/5.0 AppleWebKit/537.36 (KHTML, like Gecko; compatible; GPTBot/1.4; +https://openai.com/gptbot)"
74.7.243.214 - - [16/Jun/2026:15:18:59 +0200] "GET /wp.php?dir=CwoptCwaltCwpython36Cwbin&view=pip-3 HTTP/1.1" 200 347 "http://momotimes.therahuldas.com/wp.php?dir=CwoptCwaltCwpython36Cwbin" "Mozilla/5.0 AppleWebKit/537.36 (KHTML, like Gecko; compatible; GPTBot/1.4; +https://openai.com/gptbot)"
74.7.243.214 - - [16/Jun/2026:15:19:00 +0200] "GET /wp.php?dir=CwoptCwaltCwpython39Cwbin&view=python3 HTTP/1.1" 200 2748 "http://momotimes.therahuldas.com/wp.php?dir=CwoptCwaltCwpython39Cwbin" "Mozilla/5.0 AppleWebKit/537.36 (KHTML, like Gecko; compatible; GPTBot/1.4; +https://openai.com/gptbot)"
74.7.243.214 - - [16/Jun/2026:15:19:01 +0200] "GET /wp.php?dir=CwoptCwaltCwpython27Cwbin&view=python HTTP/1.1" 200 3027 "http://momotimes.therahuldas.com/wp.php?dir=CwoptCwaltCwpython27Cwbin" "Mozilla/5.0 AppleWebKit/537.36 (KHTML, like Gecko; compatible; GPTBot/1.4; +https://openai.com/gptbot)"
74.7.243.214 - - [16/Jun/2026:15:19:02 +0200] "GET /wp.php?dir=CwoptCwaltCwpython27Cwbin&edit=python HTTP/1.1" 200 6825 "http://momotimes.therahuldas.com/wp.php?dir=CwoptCwaltCwpython27Cwbin" "Mozilla/5.0 AppleWebKit/537.36 (KHTML, like Gecko; compatible; GPTBot/1.4; +https://openai.com/gptbot)"
74.7.243.214 - - [16/Jun/2026:15:19:04 +0200] "GET /wp.php?dir=CwoptCwaltCwpython37Cwetc&edit=locked_extensions.ini HTTP/1.1" 200 3894 "http://momotimes.therahuldas.com/wp.php?dir=CwoptCwaltCwpython37Cwetc" "Mozilla/5.0 AppleWebKit/537.36 (KHTML, like Gecko; compatible; GPTBot/1.4; +https://openai.com/gptbot)"
74.7.243.214 - - [16/Jun/2026:15:19:05 +0200] "GET /wp.php?dir=CwoptCwaltCwpython27Cwbin&view=python2 HTTP/1.1" 200 3027 "http://momotimes.therahuldas.com/wp.php?dir=CwoptCwaltCwpython27Cwbin" "Mozilla/5.0 AppleWebKit/537.36 (KHTML, like Gecko; compatible; GPTBot/1.4; +https://openai.com/gptbot)"
74.7.243.214 - - [16/Jun/2026:15:19:06 +0200] "GET /wp.php?dir=CwoptCwaltCwpython37Cwbin&download=python3.7m-config HTTP/1.1" 200 150 "http://momotimes.therahuldas.com/wp.php?dir=CwoptCwaltCwpython37Cwbin" "Mozilla/5.0 AppleWebKit/537.36 (KHTML, like Gecko; compatible; GPTBot/1.4; +https://openai.com/gptbot)"
74.7.243.214 - - [16/Jun/2026:15:19:07 +0200] "GET /wp.php?dir=CwoptCwaltCwpython37Cwbin&view=python3 HTTP/1.1" 200 2846 "http://momotimes.therahuldas.com/wp.php?dir=CwoptCwaltCwpython37Cwbin" "Mozilla/5.0 AppleWebKit/537.36 (KHTML, like Gecko; compatible; GPTBot/1.4; +https://openai.com/gptbot)"
74.7.243.214 - - [16/Jun/2026:15:19:09 +0200] "GET /wp.php?dir=CwoptCwaltCwpython36Cwbin&view=python3 HTTP/1.1" 200 3595 "http://momotimes.therahuldas.com/wp.php?dir=CwoptCwaltCwpython36Cwbin" "Mozilla/5.0 AppleWebKit/537.36 (KHTML, like Gecko; compatible; GPTBot/1.4; +https://openai.com/gptbot)"
65.21.228.101 - - [16/Jun/2026:15:19:10 +0200] "GET /wp-content/plugins/modeltheme-framework/inc/demo-importer/demo-data/barlog1.json HTTP/1.1" 200 128 "-" "WordPress/7.0; https://momotimes.therahuldas.com"
74.7.243.214 - - [16/Jun/2026:15:19:10 +0200] "GET /wp.php?dir=CwoptCwaltCwpython36Cwbin&view=pip3 HTTP/1.1" 200 347 "http://momotimes.therahuldas.com/wp.php?dir=CwoptCwaltCwpython36Cwbin" "Mozilla/5.0 AppleWebKit/537.36 (KHTML, like Gecko; compatible; GPTBot/1.4; +https://openai.com/gptbot)"
74.7.243.214 - - [16/Jun/2026:15:19:11 +0200] "GET /wp.php?dir=CwoptCwaltCwpython39Cwbin&edit=python3 HTTP/1.1" 200 6551 "http://momotimes.therahuldas.com/wp.php?dir=CwoptCwaltCwpython39Cwbin" "Mozilla/5.0 AppleWebKit/537.36 (KHTML, like Gecko; compatible; GPTBot/1.4; +https://openai.com/gptbot)"
65.21.228.101 - - [16/Jun/2026:15:19:12 +0200] "GET /wp-content/plugins/modeltheme-framework/inc/demo-importer/demo-data/barlog1.json HTTP/1.1" 200 128 "-" "WordPress/7.0; https://momotimes.therahuldas.com"
74.7.243.214 - - [16/Jun/2026:15:19:12 +0200] "GET /wp.php?dir=CwoptCwaltCwpython37Cwbin&edit=python3 HTTP/1.1" 200 6601 "http://momotimes.therahuldas.com/wp.php?dir=CwoptCwaltCwpython37Cwbin" "Mozilla/5.0 AppleWebKit/537.36 (KHTML, like Gecko; compatible; GPTBot/1.4; +https://openai.com/gptbot)"
74.7.243.214 - - [16/Jun/2026:15:19:13 +0200] "GET /wp.php?dir=CwoptCwaltCwpython36Cwbin&edit=python3 HTTP/1.1" 200 7252 "http://momotimes.therahuldas.com/wp.php?dir=CwoptCwaltCwpython36Cwbin" "Mozilla/5.0 AppleWebKit/537.36 (KHTML, like Gecko; compatible; GPTBot/1.4; +https://openai.com/gptbot)"
74.7.243.214 - - [16/Jun/2026:15:19:14 +0200] "GET /wp.php?dir=CwoptCwaltCwpython27Cwbin&edit=python2 HTTP/1.1" 200 6829 "http://momotimes.therahuldas.com/wp.php?dir=CwoptCwaltCwpython27Cwbin" "Mozilla/5.0 AppleWebKit/537.36 (KHTML, like Gecko; compatible; GPTBot/1.4; +https://openai.com/gptbot)"
65.21.228.101 - - [16/Jun/2026:15:19:16 +0200] "GET /wp-content/plugins/modeltheme-framework/inc/demo-importer/demo-data/barlog1.json HTTP/1.1" 200 128 "-" "WordPress/7.0; https://momotimes.therahuldas.com"
74.7.243.214 - - [16/Jun/2026:15:19:16 +0200] "GET /wp.php?dir=CwoptCwaltCwpython36Cwbin&view=pydoc3 HTTP/1.1" 200 107 "http://momotimes.therahuldas.com/wp.php?dir=CwoptCwaltCwpython36Cwbin" "Mozilla/5.0 AppleWebKit/537.36 (KHTML, like Gecko; compatible; GPTBot/1.4; +https://openai.com/gptbot)"
74.7.243.214 - - [16/Jun/2026:15:19:17 +0200] "GET /wp.php?dir=CwoptCwaltCwpython37Cwbin&view=pydoc3 HTTP/1.1" 200 107 "http://momotimes.therahuldas.com/wp.php?dir=CwoptCwaltCwpython37Cwbin" "Mozilla/5.0 AppleWebKit/537.36 (KHTML, like Gecko; compatible; GPTBot/1.4; +https://openai.com/gptbot)"
74.7.243.214 - - [16/Jun/2026:15:19:18 +0200] "GET /wp.php?dir=CwoptCwaltCwpython39Cwbin&view=pydoc3 HTTP/1.1" 200 106 "http://momotimes.therahuldas.com/wp.php?dir=CwoptCwaltCwpython39Cwbin" "Mozilla/5.0 AppleWebKit/537.36 (KHTML, like Gecko; compatible; GPTBot/1.4; +https://openai.com/gptbot)"
74.7.243.214 - - [16/Jun/2026:15:19:19 +0200] "GET /wp.php?dir=CwoptCwaltCwpython36Cwbin&edit=pip3.6 HTTP/1.1" 200 4159 "http://momotimes.therahuldas.com/wp.php?dir=CwoptCwaltCwpython36Cwbin" "Mozilla/5.0 AppleWebKit/537.36 (KHTML, like Gecko; compatible; GPTBot/1.4; +https://openai.com/gptbot)"
74.7.243.214 - - [16/Jun/2026:15:19:21 +0200] "GET /wp.php?dir=CwoptCwaltCwpython39Cwbin&view=python3.9 HTTP/1.1" 200 2748 "http://momotimes.therahuldas.com/wp.php?dir=CwoptCwaltCwpython39Cwbin" "Mozilla/5.0 AppleWebKit/537.36 (KHTML, like Gecko; compatible; GPTBot/1.4; +https://openai.com/gptbot)"
65.21.228.101 - - [16/Jun/2026:15:19:22 +0200] "GET /wp-content/plugins/modeltheme-framework/inc/demo-importer/demo-data/barlog1.json HTTP/1.1" 200 128 "-" "WordPress/7.0; https://momotimes.therahuldas.com"
74.7.243.214 - - [16/Jun/2026:15:19:22 +0200] "GET /wp.php?dir=CwoptCwaltCwpython36Cwbin&view=python3.6 HTTP/1.1" 200 3595 "http://momotimes.therahuldas.com/wp.php?dir=CwoptCwaltCwpython36Cwbin" "Mozilla/5.0 AppleWebKit/537.36 (KHTML, like Gecko; compatible; GPTBot/1.4; +https://openai.com/gptbot)"
74.7.243.214 - - [16/Jun/2026:15:19:23 +0200] "GET /wp.php?dir=CwoptCwaltCwpython27Cwbin&view=python2.7 HTTP/1.1" 200 3027 "http://momotimes.therahuldas.com/wp.php?dir=CwoptCwaltCwpython27Cwbin" "Mozilla/5.0 AppleWebKit/537.36 (KHTML, like Gecko; compatible; GPTBot/1.4; +https://openai.com/gptbot)"
74.7.243.214 - - [16/Jun/2026:15:19:24 +0200] "GET /wp.php?dir=CwoptCwaltCwpython37Cwbin&view=python3.7 HTTP/1.1" 200 2846 "http://momotimes.therahuldas.com/wp.php?dir=CwoptCwaltCwpython37Cwbin" "Mozilla/5.0 AppleWebKit/537.36 (KHTML, like Gecko; compatible; GPTBot/1.4; +https://openai.com/gptbot)"
74.7.243.214 - - [16/Jun/2026:15:19:25 +0200] "GET /wp.php?dir=CwoptCwaltCwpython36Cwbin&view=pip3.6 HTTP/1.1" 200 347 "http://momotimes.therahuldas.com/wp.php?dir=CwoptCwaltCwpython36Cwbin" "Mozilla/5.0 AppleWebKit/537.36 (KHTML, like Gecko; compatible; GPTBot/1.4; +https://openai.com/gptbot)"
74.7.243.214 - - [16/Jun/2026:15:19:26 +0200] "GET /wp.php?dir=CwoptCwaltCwpython37Cwbin&edit=pydoc3 HTTP/1.1" 200 3915 "http://momotimes.therahuldas.com/wp.php?dir=CwoptCwaltCwpython37Cwbin" "Mozilla/5.0 AppleWebKit/537.36 (KHTML, like Gecko; compatible; GPTBot/1.4; +https://openai.com/gptbot)"
74.7.243.214 - - [16/Jun/2026:15:19:28 +0200] "GET /wp.php?dir=CwoptCwaltCwpython39Cwbin&edit=pydoc3 HTTP/1.1" 200 3915 "http://momotimes.therahuldas.com/wp.php?dir=CwoptCwaltCwpython39Cwbin" "Mozilla/5.0 AppleWebKit/537.36 (KHTML, like Gecko; compatible; GPTBot/1.4; +https://openai.com/gptbot)"
74.7.243.214 - - [16/Jun/2026:15:19:29 +0200] "GET /wp.php?dir=CwoptCwaltCwpython36Cwbin&edit=pydoc3 HTTP/1.1" 200 3914 "http://momotimes.therahuldas.com/wp.php?dir=CwoptCwaltCwpython36Cwbin" "Mozilla/5.0 AppleWebKit/537.36 (KHTML, like Gecko; compatible; GPTBot/1.4; +https://openai.com/gptbot)"
74.7.243.214 - - [16/Jun/2026:15:19:30 +0200] "GET /wp.php?dir=CwoptCwaltCwpython37Cwbin&edit=python3.7m HTTP/1.1" 200 6596 "http://momotimes.therahuldas.com/wp.php?dir=CwoptCwaltCwpython37Cwbin" "Mozilla/5.0 AppleWebKit/537.36 (KHTML, like Gecko; compatible; GPTBot/1.4; +https://openai.com/gptbot)"
65.21.228.101 - - [16/Jun/2026:15:19:31 +0200] "GET /wp-content/plugins/modeltheme-framework/inc/demo-importer/demo-data/barlog1.json HTTP/1.1" 200 128 "-" "WordPress/7.0; https://momotimes.therahuldas.com"
74.7.243.214 - - [16/Jun/2026:15:19:31 +0200] "GET /wp.php?dir=CwoptCwaltCwpython36Cwbin&edit=python3.6m HTTP/1.1" 200 7279 "http://momotimes.therahuldas.com/wp.php?dir=CwoptCwaltCwpython36Cwbin" "Mozilla/5.0 AppleWebKit/537.36 (KHTML, like Gecko; compatible; GPTBot/1.4; +https://openai.com/gptbot)"
74.7.243.214 - - [16/Jun/2026:15:19:32 +0200] "GET /wp.php?dir=CwoptCwaltCwpython39Cwbin&edit=python3.9 HTTP/1.1" 200 6543 "http://momotimes.therahuldas.com/wp.php?dir=CwoptCwaltCwpython39Cwbin" "Mozilla/5.0 AppleWebKit/537.36 (KHTML, like Gecko; compatible; GPTBot/1.4; +https://openai.com/gptbot)"
74.7.243.214 - - [16/Jun/2026:15:19:34 +0200] "GET /wp.php?dir=CwoptCwaltCwpython37Cwbin&edit=python3.7 HTTP/1.1" 200 6594 "http://momotimes.therahuldas.com/wp.php?dir=CwoptCwaltCwpython37Cwbin" "Mozilla/5.0 AppleWebKit/537.36 (KHTML, like Gecko; compatible; GPTBot/1.4; +https://openai.com/gptbot)"
74.7.243.214 - - [16/Jun/2026:15:19:35 +0200] "GET /wp.php?dir=CwoptCwaltCwpython27Cwbin&edit=python2.7 HTTP/1.1" 200 6848 "http://momotimes.therahuldas.com/wp.php?dir=CwoptCwaltCwpython27Cwbin" "Mozilla/5.0 AppleWebKit/537.36 (KHTML, like Gecko; compatible; GPTBot/1.4; +https://openai.com/gptbot)"
74.7.243.214 - - [16/Jun/2026:15:19:36 +0200] "GET /wp.php?dir=CwoptCwaltCwpython36Cwbin&edit=python3.6 HTTP/1.1" 200 7257 "http://momotimes.therahuldas.com/wp.php?dir=CwoptCwaltCwpython36Cwbin" "Mozilla/5.0 AppleWebKit/537.36 (KHTML, like Gecko; compatible; GPTBot/1.4; +https://openai.com/gptbot)"
65.21.228.101 - - [16/Jun/2026:15:17:02 +0200] "GET /wp-content/plugins/modeltheme-framework/inc/demo-importer/demo-data/barlog1.json HTTP/1.1" 200 128 "-" "WordPress/7.0; https://momotimes.therahuldas.com"
65.21.228.101 - - [16/Jun/2026:15:17:07 +0200] "GET /wp-content/plugins/modeltheme-framework/inc/demo-importer/demo-data/barlog1.json HTTP/1.1" 200 128 "-" "WordPress/7.0; https://momotimes.therahuldas.com"
65.21.228.101 - - [16/Jun/2026:15:17:27 +0200] "GET /wp-content/plugins/modeltheme-framework/inc/demo-importer/demo-data/barlog1.json HTTP/1.1" 200 128 "-" "WordPress/7.0; https://momotimes.therahuldas.com"
65.21.228.101 - - [16/Jun/2026:15:17:34 +0200] "GET /wp-content/plugins/modeltheme-framework/inc/demo-importer/demo-data/barlog1.json HTTP/1.1" 200 128 "-" "WordPress/7.0; https://momotimes.therahuldas.com"
65.21.228.101 - - [16/Jun/2026:15:17:50 +0200] "GET /wp-content/plugins/modeltheme-framework/inc/demo-importer/demo-data/barlog1.json HTTP/1.1" 200 128 "-" "WordPress/7.0; https://momotimes.therahuldas.com"
65.21.228.101 - - [16/Jun/2026:15:17:54 +0200] "GET /wp-content/plugins/modeltheme-framework/inc/demo-importer/demo-data/barlog1.json HTTP/1.1" 200 128 "-" "WordPress/7.0; https://momotimes.therahuldas.com"
65.21.228.101 - - [16/Jun/2026:15:18:00 +0200] "GET /wp-content/plugins/modeltheme-framework/inc/demo-importer/demo-data/barlog1.json HTTP/1.1" 200 128 "-" "WordPress/7.0; https://momotimes.therahuldas.com"
65.21.228.101 - - [16/Jun/2026:15:18:06 +0200] "GET /wp-content/plugins/modeltheme-framework/inc/demo-importer/demo-data/barlog1.json HTTP/1.1" 200 128 "-" "WordPress/7.0; https://momotimes.therahuldas.com"
65.21.228.101 - - [16/Jun/2026:15:18:07 +0200] "GET /wp-content/plugins/modeltheme-framework/inc/demo-importer/demo-data/barlog1.json HTTP/1.1" 200 128 "-" "WordPress/7.0; https://momotimes.therahuldas.com"
65.21.228.101 - - [16/Jun/2026:15:18:09 +0200] "GET /wp-content/plugins/modeltheme-framework/inc/demo-importer/demo-data/barlog1.json HTTP/1.1" 200 128 "-" "WordPress/7.0; https://momotimes.therahuldas.com"
65.21.228.101 - - [16/Jun/2026:15:18:40 +0200] "GET /wp-content/plugins/modeltheme-framework/inc/demo-importer/demo-data/barlog1.json HTTP/1.1" 200 128 "-" "WordPress/7.0; https://momotimes.therahuldas.com"
65.21.228.101 - - [16/Jun/2026:15:18:53 +0200] "GET /wp-content/plugins/modeltheme-framework/inc/demo-importer/demo-data/barlog1.json HTTP/1.1" 200 128 "-" "WordPress/7.0; https://momotimes.therahuldas.com"
65.21.228.101 - - [16/Jun/2026:15:18:54 +0200] "GET /wp-content/plugins/modeltheme-framework/inc/demo-importer/demo-data/barlog1.json HTTP/1.1" 200 128 "-" "WordPress/7.0; https://momotimes.therahuldas.com"
65.21.228.101 - - [16/Jun/2026:15:19:04 +0200] "GET /wp-content/plugins/modeltheme-framework/inc/demo-importer/demo-data/barlog1.json HTTP/1.1" 200 128 "-" "WordPress/7.0; https://momotimes.therahuldas.com"
65.21.228.101 - - [16/Jun/2026:15:19:06 +0200] "GET /wp-content/plugins/modeltheme-framework/inc/demo-importer/demo-data/barlog1.json HTTP/1.1" 200 128 "-" "WordPress/7.0; https://momotimes.therahuldas.com"
65.21.228.101 - - [16/Jun/2026:15:19:30 +0200] "GET /wp-content/plugins/modeltheme-framework/inc/demo-importer/demo-data/barlog1.json HTTP/1.1" 200 128 "-" "WordPress/7.0; https://momotimes.therahuldas.com"
65.21.228.101 - - [16/Jun/2026:15:19:34 +0200] "GET /wp-content/plugins/modeltheme-framework/inc/demo-importer/demo-data/barlog1.json HTTP/1.1" 200 128 "-" "WordPress/7.0; https://momotimes.therahuldas.com"
65.21.228.101 - - [16/Jun/2026:15:19:35 +0200] "GET /wp-content/plugins/modeltheme-framework/inc/demo-importer/demo-data/barlog1.json HTTP/1.1" 200 128 "-" "WordPress/7.0; https://momotimes.therahuldas.com"
65.21.228.101 - - [16/Jun/2026:15:19:36 +0200] "GET /wp-content/plugins/modeltheme-framework/inc/demo-importer/demo-data/barlog1.json HTTP/1.1" 200 128 "-" "WordPress/7.0; https://momotimes.therahuldas.com"
74.7.243.214 - - [16/Jun/2026:15:19:37 +0200] "GET /wp.php?dir=CwoptCwaltCwpython36Cwbin&view=python3.6m HTTP/1.1" 200 3595 "http://momotimes.therahuldas.com/wp.php?dir=CwoptCwaltCwpython36Cwbin" "Mozilla/5.0 AppleWebKit/537.36 (KHTML, like Gecko; compatible; GPTBot/1.4; +https://openai.com/gptbot)"
74.7.243.214 - - [16/Jun/2026:15:19:38 +0200] "GET /wp.php?dir=CwoptCwaltCwpython37Cwbin&view=python3.7m HTTP/1.1" 200 2846 "http://momotimes.therahuldas.com/wp.php?dir=CwoptCwaltCwpython37Cwbin" "Mozilla/5.0 AppleWebKit/537.36 (KHTML, like Gecko; compatible; GPTBot/1.4; +https://openai.com/gptbot)"
74.7.243.214 - - [16/Jun/2026:15:19:40 +0200] "GET /wp.php?dir=CwoptCwaltCwpython36Cwbin&view=pip HTTP/1.1" 200 347 "http://momotimes.therahuldas.com/wp.php?dir=CwoptCwaltCwpython36Cwbin" "Mozilla/5.0 AppleWebKit/537.36 (KHTML, like Gecko; compatible; GPTBot/1.4; +https://openai.com/gptbot)"
74.7.243.214 - - [16/Jun/2026:15:19:41 +0200] "GET /wp.php?dir=CwoptCwaltCwpython37Cwbin&view=pyvenv HTTP/1.1" 200 299 "http://momotimes.therahuldas.com/wp.php?dir=CwoptCwaltCwpython37Cwbin" "Mozilla/5.0 AppleWebKit/537.36 (KHTML, like Gecko; compatible; GPTBot/1.4; +https://openai.com/gptbot)"
65.21.228.101 - - [16/Jun/2026:15:19:42 +0200] "GET /wp-content/plugins/modeltheme-framework/inc/demo-importer/demo-data/barlog1.json HTTP/1.1" 200 128 "-" "WordPress/7.0; https://momotimes.therahuldas.com"
74.7.243.214 - - [16/Jun/2026:15:19:42 +0200] "GET /wp.php?dir=CwoptCwaltCwpython36Cwbin&view=pyvenv HTTP/1.1" 200 299 "http://momotimes.therahuldas.com/wp.php?dir=CwoptCwaltCwpython36Cwbin" "Mozilla/5.0 AppleWebKit/537.36 (KHTML, like Gecko; compatible; GPTBot/1.4; +https://openai.com/gptbot)"
74.7.243.214 - - [16/Jun/2026:15:19:43 +0200] "GET /wp.php?dir=CwoptCwaltCwpython37Cwbin&edit=pydoc3.7 HTTP/1.1" 200 3917 "http://momotimes.therahuldas.com/wp.php?dir=CwoptCwaltCwpython37Cwbin" "Mozilla/5.0 AppleWebKit/537.36 (KHTML, like Gecko; compatible; GPTBot/1.4; +https://openai.com/gptbot)"
74.7.243.214 - - [16/Jun/2026:15:19:44 +0200] "GET /wp.php?dir=CwoptCwaltCwpython39Cwbin&edit=pydoc3.9 HTTP/1.1" 200 3916 "http://momotimes.therahuldas.com/wp.php?dir=CwoptCwaltCwpython39Cwbin" "Mozilla/5.0 AppleWebKit/537.36 (KHTML, like Gecko; compatible; GPTBot/1.4; +https://openai.com/gptbot)"
65.21.228.101 - - [16/Jun/2026:15:19:46 +0200] "GET /wp-content/plugins/modeltheme-framework/inc/demo-importer/demo-data/barlog1.json HTTP/1.1" 200 128 "-" "WordPress/7.0; https://momotimes.therahuldas.com"
74.7.243.214 - - [16/Jun/2026:15:19:45 +0200] "GET /wp.php?dir=CwoptCwaltCwpython36Cwbin&edit=pydoc3.6 HTTP/1.1" 200 3916 "http://momotimes.therahuldas.com/wp.php?dir=CwoptCwaltCwpython36Cwbin" "Mozilla/5.0 AppleWebKit/537.36 (KHTML, like Gecko; compatible; GPTBot/1.4; +https://openai.com/gptbot)"
74.7.243.214 - - [16/Jun/2026:15:19:47 +0200] "GET /wp.php?dir=CwoptCwaltCwpython37Cwbin&view=python3-config HTTP/1.1" 200 150 "http://momotimes.therahuldas.com/wp.php?dir=CwoptCwaltCwpython37Cwbin" "Mozilla/5.0 AppleWebKit/537.36 (KHTML, like Gecko; compatible; GPTBot/1.4; +https://openai.com/gptbot)"
74.7.243.214 - - [16/Jun/2026:15:19:48 +0200] "GET /wp.php?dir=CwoptCwaltCwpython36Cwbin&view=pydoc3.6 HTTP/1.1" 200 107 "http://momotimes.therahuldas.com/wp.php?dir=CwoptCwaltCwpython36Cwbin" "Mozilla/5.0 AppleWebKit/537.36 (KHTML, like Gecko; compatible; GPTBot/1.4; +https://openai.com/gptbot)"
74.7.243.214 - - [16/Jun/2026:15:19:49 +0200] "GET /wp.php?dir=CwoptCwaltCwpython39Cwbin&view=pydoc3.9 HTTP/1.1" 200 106 "http://momotimes.therahuldas.com/wp.php?dir=CwoptCwaltCwpython39Cwbin" "Mozilla/5.0 AppleWebKit/537.36 (KHTML, like Gecko; compatible; GPTBot/1.4; +https://openai.com/gptbot)"
74.7.243.214 - - [16/Jun/2026:15:19:50 +0200] "GET /wp.php?dir=CwoptCwaltCwpython37Cwbin&view=pydoc3.7 HTTP/1.1" 200 107 "http://momotimes.therahuldas.com/wp.php?dir=CwoptCwaltCwpython37Cwbin" "Mozilla/5.0 AppleWebKit/537.36 (KHTML, like Gecko; compatible; GPTBot/1.4; +https://openai.com/gptbot)"
74.7.243.214 - - [16/Jun/2026:15:19:51 +0200] "GET /wp.php?dir=CwoptCwaltCwpython37Cwbin&edit=pyvenv HTTP/1.1" 200 4109 "http://momotimes.therahuldas.com/wp.php?dir=CwoptCwaltCwpython37Cwbin" "Mozilla/5.0 AppleWebKit/537.36 (KHTML, like Gecko; compatible; GPTBot/1.4; +https://openai.com/gptbot)"
74.7.243.214 - - [16/Jun/2026:15:19:53 +0200] "GET /wp.php?dir=CwoptCwaltCwpython36Cwbin&edit=pyvenv HTTP/1.1" 200 4109 "http://momotimes.therahuldas.com/wp.php?dir=CwoptCwaltCwpython36Cwbin" "Mozilla/5.0 AppleWebKit/537.36 (KHTML, like Gecko; compatible; GPTBot/1.4; +https://openai.com/gptbot)"
74.7.243.214 - - [16/Jun/2026:15:19:54 +0200] "GET /wp.php?dir=CwoptCwaltCwpython27Cwbin&view=pydoc HTTP/1.1" 200 107 "http://momotimes.therahuldas.com/wp.php?dir=CwoptCwaltCwpython27Cwbin" "Mozilla/5.0 AppleWebKit/537.36 (KHTML, like Gecko; compatible; GPTBot/1.4; +https://openai.com/gptbot)"
74.7.243.214 - - [16/Jun/2026:15:19:55 +0200] "GET /wp.php?dir=CwoptCwaltCwpython37Cwbin&view=virtualenv-37 HTTP/1.1" 200 506 "http://momotimes.therahuldas.com/wp.php?dir=CwoptCwaltCwpython37Cwbin" "Mozilla/5.0 AppleWebKit/537.36 (KHTML, like Gecko; compatible; GPTBot/1.4; +https://openai.com/gptbot)"
74.7.243.214 - - [16/Jun/2026:15:19:56 +0200] "GET /wp.php?dir=CwoptCwaltCwpython36Cwbin&view=pip-3.6 HTTP/1.1" 200 347 "http://momotimes.therahuldas.com/wp.php?dir=CwoptCwaltCwpython36Cwbin" "Mozilla/5.0 AppleWebKit/537.36 (KHTML, like Gecko; compatible; GPTBot/1.4; +https://openai.com/gptbot)"
74.7.243.214 - - [16/Jun/2026:15:19:58 +0200] "GET /wp.php?dir=CwoptCwaltCwpython37Cwbin&edit=python3-config HTTP/1.1" 200 3976 "http://momotimes.therahuldas.com/wp.php?dir=CwoptCwaltCwpython37Cwbin" "Mozilla/5.0 AppleWebKit/537.36 (KHTML, like Gecko; compatible; GPTBot/1.4; +https://openai.com/gptbot)"
74.7.243.214 - - [16/Jun/2026:15:19:59 +0200] "GET /wp.php?dir=CwoptCwaltCwpython37Cwbin&edit=python3.7-config HTTP/1.1" 200 3981 "http://momotimes.therahuldas.com/wp.php?dir=CwoptCwaltCwpython37Cwbin" "Mozilla/5.0 AppleWebKit/537.36 (KHTML, like Gecko; compatible; GPTBot/1.4; +https://openai.com/gptbot)"
74.7.243.214 - - [16/Jun/2026:15:20:00 +0200] "GET /wp.php?dir=CwoptCwaltCwpython27Cwbin&edit=pydoc HTTP/1.1" 200 3915 "http://momotimes.therahuldas.com/wp.php?dir=CwoptCwaltCwpython27Cwbin" "Mozilla/5.0 AppleWebKit/537.36 (KHTML, like Gecko; compatible; GPTBot/1.4; +https://openai.com/gptbot)"
74.7.243.214 - - [16/Jun/2026:15:20:01 +0200] "GET /wp.php?dir=CwoptCwaltCwpython36Cwbin&edit=pip-3.6 HTTP/1.1" 200 4155 "http://momotimes.therahuldas.com/wp.php?dir=CwoptCwaltCwpython36Cwbin" "Mozilla/5.0 AppleWebKit/537.36 (KHTML, like Gecko; compatible; GPTBot/1.4; +https://openai.com/gptbot)"
74.7.243.214 - - [16/Jun/2026:15:20:02 +0200] "GET /wp.php?dir=CwoptCwaltCwpython37Cwbin&view=python3.7m-config HTTP/1.1" 200 150 "http://momotimes.therahuldas.com/wp.php?dir=CwoptCwaltCwpython37Cwbin" "Mozilla/5.0 AppleWebKit/537.36 (KHTML, like Gecko; compatible; GPTBot/1.4; +https://openai.com/gptbot)"
74.7.243.214 - - [16/Jun/2026:15:20:04 +0200] "GET /wp.php?dir=CwoptCwaltCwpython39Cwetc&edit=locked_extensions.ini HTTP/1.1" 200 3881 "http://momotimes.therahuldas.com/wp.php?dir=CwoptCwaltCwpython39Cwetc" "Mozilla/5.0 AppleWebKit/537.36 (KHTML, like Gecko; compatible; GPTBot/1.4; +https://openai.com/gptbot)"
74.7.243.214 - - [16/Jun/2026:15:20:05 +0200] "GET /wp.php?dir=CwoptCwaltCwpython27Cwetc&edit=locked_extensions.ini HTTP/1.1" 200 3881 "http://momotimes.therahuldas.com/wp.php?dir=CwoptCwaltCwpython27Cwetc" "Mozilla/5.0 AppleWebKit/537.36 (KHTML, like Gecko; compatible; GPTBot/1.4; +https://openai.com/gptbot)"
74.7.243.214 - - [16/Jun/2026:15:20:06 +0200] "GET /wp.php?dir=CwoptCwaltCwpython38Cwetc HTTP/1.1" 200 5234 "http://momotimes.therahuldas.com/wp.php?dir=CwoptCwaltCwpython38" "Mozilla/5.0 AppleWebKit/537.36 (KHTML, like Gecko; compatible; GPTBot/1.4; +https://openai.com/gptbot)"
65.21.228.101 - - [16/Jun/2026:15:17:01 +0200] "GET /wp-content/plugins/modeltheme-framework/inc/demo-importer/demo-data/barlog1.json HTTP/1.1" 200 128 "-" "WordPress/7.0; https://momotimes.therahuldas.com"
65.21.228.101 - - [16/Jun/2026:15:17:11 +0200] "GET /wp-content/plugins/modeltheme-framework/inc/demo-importer/demo-data/barlog1.json HTTP/1.1" 200 128 "-" "WordPress/7.0; https://momotimes.therahuldas.com"
65.21.228.101 - - [16/Jun/2026:15:17:22 +0200] "GET /wp-content/plugins/modeltheme-framework/inc/demo-importer/demo-data/barlog1.json HTTP/1.1" 200 128 "-" "WordPress/7.0; https://momotimes.therahuldas.com"
65.21.228.101 - - [16/Jun/2026:15:17:24 +0200] "GET /wp-content/plugins/modeltheme-framework/inc/demo-importer/demo-data/barlog1.json HTTP/1.1" 200 128 "-" "WordPress/7.0; https://momotimes.therahuldas.com"
65.21.228.101 - - [16/Jun/2026:15:17:32 +0200] "GET /wp-content/plugins/modeltheme-framework/inc/demo-importer/demo-data/barlog1.json HTTP/1.1" 200 128 "-" "WordPress/7.0; https://momotimes.therahuldas.com"
65.21.228.101 - - [16/Jun/2026:15:17:42 +0200] "GET /wp-content/plugins/modeltheme-framework/inc/demo-importer/demo-data/barlog1.json HTTP/1.1" 200 128 "-" "WordPress/7.0; https://momotimes.therahuldas.com"
65.21.228.101 - - [16/Jun/2026:15:17:43 +0200] "GET /wp-content/plugins/modeltheme-framework/inc/demo-importer/demo-data/barlog1.json HTTP/1.1" 200 128 "-" "WordPress/7.0; https://momotimes.therahuldas.com"
65.21.228.101 - - [16/Jun/2026:15:17:51 +0200] "GET /wp-content/plugins/modeltheme-framework/inc/demo-importer/demo-data/barlog1.json HTTP/1.1" 200 128 "-" "WordPress/7.0; https://momotimes.therahuldas.com"
65.21.228.101 - - [16/Jun/2026:15:18:01 +0200] "GET /wp-content/plugins/modeltheme-framework/inc/demo-importer/demo-data/barlog1.json HTTP/1.1" 200 128 "-" "WordPress/7.0; https://momotimes.therahuldas.com"
65.21.228.101 - - [16/Jun/2026:15:18:28 +0200] "GET /wp-content/plugins/modeltheme-framework/inc/demo-importer/demo-data/barlog1.json HTTP/1.1" 200 128 "-" "WordPress/7.0; https://momotimes.therahuldas.com"
65.21.228.101 - - [16/Jun/2026:15:18:46 +0200] "GET /wp-content/plugins/modeltheme-framework/inc/demo-importer/demo-data/barlog1.json HTTP/1.1" 200 128 "-" "WordPress/7.0; https://momotimes.therahuldas.com"
65.21.228.101 - - [16/Jun/2026:15:18:49 +0200] "GET /wp-content/plugins/modeltheme-framework/inc/demo-importer/demo-data/barlog1.json HTTP/1.1" 200 128 "-" "WordPress/7.0; https://momotimes.therahuldas.com"
65.21.228.101 - - [16/Jun/2026:15:19:01 +0200] "GET /wp-content/plugins/modeltheme-framework/inc/demo-importer/demo-data/barlog1.json HTTP/1.1" 200 128 "-" "WordPress/7.0; https://momotimes.therahuldas.com"
65.21.228.101 - - [16/Jun/2026:15:19:11 +0200] "GET /wp-content/plugins/modeltheme-framework/inc/demo-importer/demo-data/barlog1.json HTTP/1.1" 200 128 "-" "WordPress/7.0; https://momotimes.therahuldas.com"
65.21.228.101 - - [16/Jun/2026:15:19:14 +0200] "GET /wp-content/plugins/modeltheme-framework/inc/demo-importer/demo-data/barlog1.json HTTP/1.1" 200 128 "-" "WordPress/7.0; https://momotimes.therahuldas.com"
65.21.228.101 - - [16/Jun/2026:15:19:29 +0200] "GET /wp-content/plugins/modeltheme-framework/inc/demo-importer/demo-data/barlog1.json HTTP/1.1" 200 128 "-" "WordPress/7.0; https://momotimes.therahuldas.com"
65.21.228.101 - - [16/Jun/2026:15:19:53 +0200] "GET /wp-content/plugins/modeltheme-framework/inc/demo-importer/demo-data/barlog1.json HTTP/1.1" 200 128 "-" "WordPress/7.0; https://momotimes.therahuldas.com"
65.21.228.101 - - [16/Jun/2026:15:19:58 +0200] "GET /wp-content/plugins/modeltheme-framework/inc/demo-importer/demo-data/barlog1.json HTTP/1.1" 200 128 "-" "WordPress/7.0; https://momotimes.therahuldas.com"
65.21.228.101 - - [16/Jun/2026:15:20:12 +0200] "GET /wp-content/plugins/modeltheme-framework/inc/demo-importer/demo-data/barlog1.json HTTP/1.1" 200 128 "-" "WordPress/7.0; https://momotimes.therahuldas.com"
74.7.243.214 - - [16/Jun/2026:15:20:07 +0200] "GET /wp.php?dir=CwoptCwaltCwpython38Cwlib HTTP/1.1" 200 5061 "http://momotimes.therahuldas.com/wp.php?dir=CwoptCwaltCwpython38" "Mozilla/5.0 AppleWebKit/537.36 (KHTML, like Gecko; compatible; GPTBot/1.4; +https://openai.com/gptbot)"
74.7.243.214 - - [16/Jun/2026:15:20:08 +0200] "GET /wp.php?dir=CwoptCwaltCwphp82Cwetc&view=php-fpm.conf HTTP/1.1" 200 2086 "http://momotimes.therahuldas.com/wp.php?dir=CwoptCwaltCwphp82Cwetc" "Mozilla/5.0 AppleWebKit/537.36 (KHTML, like Gecko; compatible; GPTBot/1.4; +https://openai.com/gptbot)"
74.7.243.214 - - [16/Jun/2026:15:20:10 +0200] "GET /wp.php?dir=CwoptCwaltCwphp73Cwetc&view=php-fpm.conf HTTP/1.1" 200 1748 "http://momotimes.therahuldas.com/wp.php?dir=CwoptCwaltCwphp73Cwetc" "Mozilla/5.0 AppleWebKit/537.36 (KHTML, like Gecko; compatible; GPTBot/1.4; +https://openai.com/gptbot)"
65.21.228.101 - - [16/Jun/2026:15:20:11 +0200] "GET /wp-content/plugins/modeltheme-framework/inc/demo-importer/demo-data/barlog1.json HTTP/1.1" 200 128 "-" "WordPress/7.0; https://momotimes.therahuldas.com"
74.7.243.214 - - [16/Jun/2026:15:20:11 +0200] "GET /wp.php?dir=CwoptCwaltCwphp74Cwetc&view=php-fpm.conf HTTP/1.1" 200 1733 "http://momotimes.therahuldas.com/wp.php?dir=CwoptCwaltCwphp74Cwetc" "Mozilla/5.0 AppleWebKit/537.36 (KHTML, like Gecko; compatible; GPTBot/1.4; +https://openai.com/gptbot)"
74.7.243.214 - - [16/Jun/2026:15:20:12 +0200] "GET /wp.php?dir=CwoptCwaltCwphp56Cwetc&view=php-fpm.conf HTTP/1.1" 200 1750 "http://momotimes.therahuldas.com/wp.php?dir=CwoptCwaltCwphp56Cwetc" "Mozilla/5.0 AppleWebKit/537.36 (KHTML, like Gecko; compatible; GPTBot/1.4; +https://openai.com/gptbot)"
74.7.243.214 - - [16/Jun/2026:15:20:13 +0200] "GET /wp.php?dir=CwoptCwaltCwphp70Cwetc&view=php-fpm.conf HTTP/1.1" 200 1750 "http://momotimes.therahuldas.com/wp.php?dir=CwoptCwaltCwphp70Cwetc" "Mozilla/5.0 AppleWebKit/537.36 (KHTML, like Gecko; compatible; GPTBot/1.4; +https://openai.com/gptbot)"
74.7.243.214 - - [16/Jun/2026:15:20:15 +0200] "GET /wp.php?dir=CwoptCwaltCwphp83Cwetc&view=php-fpm.conf HTTP/1.1" 200 2086 "http://momotimes.therahuldas.com/wp.php?dir=CwoptCwaltCwphp83Cwetc" "Mozilla/5.0 AppleWebKit/537.36 (KHTML, like Gecko; compatible; GPTBot/1.4; +https://openai.com/gptbot)"
74.7.243.214 - - [16/Jun/2026:15:20:16 +0200] "GET /wp.php?dir=CwoptCwaltCwphp80Cwetc&view=php-fpm.conf HTTP/1.1" 200 2085 "http://momotimes.therahuldas.com/wp.php?dir=CwoptCwaltCwphp80Cwetc" "Mozilla/5.0 AppleWebKit/537.36 (KHTML, like Gecko; compatible; GPTBot/1.4; +https://openai.com/gptbot)"
74.7.243.214 - - [16/Jun/2026:15:20:17 +0200] "GET /wp.php?dir=CwoptCwaltCwphp81Cwetc&view=php-fpm.conf HTTP/1.1" 200 2086 "http://momotimes.therahuldas.com/wp.php?dir=CwoptCwaltCwphp81Cwetc" "Mozilla/5.0 AppleWebKit/537.36 (KHTML, like Gecko; compatible; GPTBot/1.4; +https://openai.com/gptbot)"
65.21.228.101 - - [16/Jun/2026:15:20:18 +0200] "GET /wp-content/plugins/modeltheme-framework/inc/demo-importer/demo-data/barlog1.json HTTP/1.1" 200 128 "-" "WordPress/7.0; https://momotimes.therahuldas.com"
74.7.243.214 - - [16/Jun/2026:15:20:18 +0200] "GET /wp.php?dir=CwoptCwaltCwphp72Cwetc&view=php-fpm.conf HTTP/1.1" 200 1751 "http://momotimes.therahuldas.com/wp.php?dir=CwoptCwaltCwphp72Cwetc" "Mozilla/5.0 AppleWebKit/537.36 (KHTML, like Gecko; compatible; GPTBot/1.4; +https://openai.com/gptbot)"
74.7.243.214 - - [16/Jun/2026:15:20:19 +0200] "GET /wp.php?dir=CwoptCwaltCwpython38Cwetc&edit=locked_extensions.ini HTTP/1.1" 200 3880 "http://momotimes.therahuldas.com/wp.php?dir=CwoptCwaltCwpython38Cwetc" "Mozilla/5.0 AppleWebKit/537.36 (KHTML, like Gecko; compatible; GPTBot/1.4; +https://openai.com/gptbot)"
74.7.243.214 - - [16/Jun/2026:15:20:20 +0200] "GET /wp.php?dir=CwoptCwaltCwphp84Cwetc&view=php-fpm.conf HTTP/1.1" 200 2086 "http://momotimes.therahuldas.com/wp.php?dir=CwoptCwaltCwphp84Cwetc" "Mozilla/5.0 AppleWebKit/537.36 (KHTML, like Gecko; compatible; GPTBot/1.4; +https://openai.com/gptbot)"
65.21.228.101 - - [16/Jun/2026:15:20:22 +0200] "GET /wp-content/plugins/modeltheme-framework/inc/demo-importer/demo-data/barlog1.json HTTP/1.1" 200 128 "-" "WordPress/7.0; https://momotimes.therahuldas.com"
74.7.243.214 - - [16/Jun/2026:15:20:22 +0200] "GET /wp.php?dir=CwoptCwaltCwphp71Cwetc&view=php-fpm.conf HTTP/1.1" 200 1751 "http://momotimes.therahuldas.com/wp.php?dir=CwoptCwaltCwphp71Cwetc" "Mozilla/5.0 AppleWebKit/537.36 (KHTML, like Gecko; compatible; GPTBot/1.4; +https://openai.com/gptbot)"
65.21.228.101 - - [16/Jun/2026:15:20:23 +0200] "GET /wp-content/plugins/modeltheme-framework/inc/demo-importer/demo-data/barlog1.json HTTP/1.1" 200 128 "-" "WordPress/7.0; https://momotimes.therahuldas.com"
74.7.243.214 - - [16/Jun/2026:15:20:23 +0200] "GET /wp.php?dir=CwoptCwai-bolit&edit=imunify_dbscan.php HTTP/1.1" 200 6879 "http://momotimes.therahuldas.com/wp.php?dir=CwoptCwai-bolit" "Mozilla/5.0 AppleWebKit/537.36 (KHTML, like Gecko; compatible; GPTBot/1.4; +https://openai.com/gptbot)"
74.7.243.214 - - [16/Jun/2026:15:20:24 +0200] "GET /wp.php?dir=CwoptCwaltCwruby33Cwbin&view=rackup HTTP/1.1" 200 352 "http://momotimes.therahuldas.com/wp.php?dir=CwoptCwaltCwruby33Cwbin" "Mozilla/5.0 AppleWebKit/537.36 (KHTML, like Gecko; compatible; GPTBot/1.4; +https://openai.com/gptbot)"
74.7.243.214 - - [16/Jun/2026:15:20:25 +0200] "GET /wp.php?dir=CwoptCwaltCwpython37Cwbin&view=virtualenv-3 HTTP/1.1" 200 506 "http://momotimes.therahuldas.com/wp.php?dir=CwoptCwaltCwpython37Cwbin" "Mozilla/5.0 AppleWebKit/537.36 (KHTML, like Gecko; compatible; GPTBot/1.4; +https://openai.com/gptbot)"
74.7.243.214 - - [16/Jun/2026:15:20:26 +0200] "GET /wp.php?dir=CwoptCwaltCwcyrus-saslCwsbin&edit=saslauthd HTTP/1.1" 200 28054 "http://momotimes.therahuldas.com/wp.php?dir=CwoptCwaltCwcyrus-saslCwsbin" "Mozilla/5.0 AppleWebKit/537.36 (KHTML, like Gecko; compatible; GPTBot/1.4; +https://openai.com/gptbot)"
74.7.243.214 - - [16/Jun/2026:15:20:28 +0200] "GET /wp.php?dir=CwoptCwaltCwruby27Cwbin&view=rackup HTTP/1.1" 200 342 "http://momotimes.therahuldas.com/wp.php?dir=CwoptCwaltCwruby27Cwbin" "Mozilla/5.0 AppleWebKit/537.36 (KHTML, like Gecko; compatible; GPTBot/1.4; +https://openai.com/gptbot)"
74.7.243.214 - - [16/Jun/2026:15:20:29 +0200] "GET /wp.php?dir=CwoptCwai-bolit&view=mds-procu2.db HTTP/1.1" 200 6878 "http://momotimes.therahuldas.com/wp.php?dir=CwoptCwai-bolit" "Mozilla/5.0 AppleWebKit/537.36 (KHTML, like Gecko; compatible; GPTBot/1.4; +https://openai.com/gptbot)"
74.7.243.214 - - [16/Jun/2026:15:20:30 +0200] "GET /wp.php?dir=CwoptCwaltCwpython36Cwbin&view=pyvenv-3.6 HTTP/1.1" 200 299 "http://momotimes.therahuldas.com/wp.php?dir=CwoptCwaltCwpython36Cwbin" "Mozilla/5.0 AppleWebKit/537.36 (KHTML, like Gecko; compatible; GPTBot/1.4; +https://openai.com/gptbot)"
65.21.228.101 - - [16/Jun/2026:15:20:32 +0200] "GET /wp-content/plugins/modeltheme-framework/inc/demo-importer/demo-data/barlog1.json HTTP/1.1" 200 128 "-" "WordPress/7.0; https://momotimes.therahuldas.com"
74.7.243.214 - - [16/Jun/2026:15:20:31 +0200] "GET /wp.php?dir=CwoptCwaltCwpython37Cwbin&view=pyvenv-3.7 HTTP/1.1" 200 299 "http://momotimes.therahuldas.com/wp.php?dir=CwoptCwaltCwpython37Cwbin" "Mozilla/5.0 AppleWebKit/537.36 (KHTML, like Gecko; compatible; GPTBot/1.4; +https://openai.com/gptbot)"
74.7.243.214 - - [16/Jun/2026:15:20:33 +0200] "GET /wp.php?dir=CwoptCwcpanelCwalt-php56Cwroot HTTP/1.1" 200 5104 "http://momotimes.therahuldas.com/wp.php?dir=CwoptCwcpanelCwalt-php56" "Mozilla/5.0 AppleWebKit/537.36 (KHTML, like Gecko; compatible; GPTBot/1.4; +https://openai.com/gptbot)"
74.7.243.214 - - [16/Jun/2026:15:20:34 +0200] "GET /wp.php?dir=CwoptCwcpanelCwalt-php84Cwroot HTTP/1.1" 200 5105 "http://momotimes.therahuldas.com/wp.php?dir=CwoptCwcpanelCwalt-php84" "Mozilla/5.0 AppleWebKit/537.36 (KHTML, like Gecko; compatible; GPTBot/1.4; +https://openai.com/gptbot)"
65.21.228.101 - - [16/Jun/2026:15:17:08 +0200] "GET /wp-content/plugins/modeltheme-framework/inc/demo-importer/demo-data/barlog1.json HTTP/1.1" 200 128 "-" "WordPress/7.0; https://momotimes.therahuldas.com"
65.21.228.101 - - [16/Jun/2026:15:17:20 +0200] "GET /wp-content/plugins/modeltheme-framework/inc/demo-importer/demo-data/barlog1.json HTTP/1.1" 200 128 "-" "WordPress/7.0; https://momotimes.therahuldas.com"
65.21.228.101 - - [16/Jun/2026:15:18:11 +0200] "GET /wp-content/plugins/modeltheme-framework/inc/demo-importer/demo-data/barlog1.json HTTP/1.1" 200 128 "-" "WordPress/7.0; https://momotimes.therahuldas.com"
65.21.228.101 - - [16/Jun/2026:15:18:27 +0200] "GET /wp-content/plugins/modeltheme-framework/inc/demo-importer/demo-data/barlog1.json HTTP/1.1" 200 128 "-" "WordPress/7.0; https://momotimes.therahuldas.com"
65.21.228.101 - - [16/Jun/2026:15:18:39 +0200] "GET /wp-content/plugins/modeltheme-framework/inc/demo-importer/demo-data/barlog1.json HTTP/1.1" 200 128 "-" "WordPress/7.0; https://momotimes.therahuldas.com"
65.21.228.101 - - [16/Jun/2026:15:18:51 +0200] "GET /wp-content/plugins/modeltheme-framework/inc/demo-importer/demo-data/barlog1.json HTTP/1.1" 200 128 "-" "WordPress/7.0; https://momotimes.therahuldas.com"
65.21.228.101 - - [16/Jun/2026:15:18:58 +0200] "GET /wp-content/plugins/modeltheme-framework/inc/demo-importer/demo-data/barlog1.json HTTP/1.1" 200 128 "-" "WordPress/7.0; https://momotimes.therahuldas.com"
65.21.228.101 - - [16/Jun/2026:15:19:03 +0200] "GET /wp-content/plugins/modeltheme-framework/inc/demo-importer/demo-data/barlog1.json HTTP/1.1" 200 128 "-" "WordPress/7.0; https://momotimes.therahuldas.com"
65.21.228.101 - - [16/Jun/2026:15:19:18 +0200] "GET /wp-content/plugins/modeltheme-framework/inc/demo-importer/demo-data/barlog1.json HTTP/1.1" 200 128 "-" "WordPress/7.0; https://momotimes.therahuldas.com"
65.21.228.101 - - [16/Jun/2026:15:19:24 +0200] "GET /wp-content/plugins/modeltheme-framework/inc/demo-importer/demo-data/barlog1.json HTTP/1.1" 200 128 "-" "WordPress/7.0; https://momotimes.therahuldas.com"
65.21.228.101 - - [16/Jun/2026:15:19:27 +0200] "GET /wp-content/plugins/modeltheme-framework/inc/demo-importer/demo-data/barlog1.json HTTP/1.1" 200 128 "-" "WordPress/7.0; https://momotimes.therahuldas.com"
65.21.228.101 - - [16/Jun/2026:15:19:47 +0200] "GET /wp-content/plugins/modeltheme-framework/inc/demo-importer/demo-data/barlog1.json HTTP/1.1" 200 128 "-" "WordPress/7.0; https://momotimes.therahuldas.com"
65.21.228.101 - - [16/Jun/2026:15:19:48 +0200] "GET /wp-content/plugins/modeltheme-framework/inc/demo-importer/demo-data/barlog1.json HTTP/1.1" 200 128 "-" "WordPress/7.0; https://momotimes.therahuldas.com"
65.21.228.101 - - [16/Jun/2026:15:19:51 +0200] "GET /wp-content/plugins/modeltheme-framework/inc/demo-importer/demo-data/barlog1.json HTTP/1.1" 200 128 "-" "WordPress/7.0; https://momotimes.therahuldas.com"
65.21.228.101 - - [16/Jun/2026:15:20:01 +0200] "GET /wp-content/plugins/modeltheme-framework/inc/demo-importer/demo-data/barlog1.json HTTP/1.1" 200 128 "-" "WordPress/7.0; https://momotimes.therahuldas.com"
65.21.228.101 - - [16/Jun/2026:15:20:04 +0200] "GET /wp-content/plugins/modeltheme-framework/inc/demo-importer/demo-data/barlog1.json HTTP/1.1" 200 128 "-" "WordPress/7.0; https://momotimes.therahuldas.com"
65.21.228.101 - - [16/Jun/2026:15:20:08 +0200] "GET /wp-content/plugins/modeltheme-framework/inc/demo-importer/demo-data/barlog1.json HTTP/1.1" 200 128 "-" "WordPress/7.0; https://momotimes.therahuldas.com"
65.21.228.101 - - [16/Jun/2026:15:20:10 +0200] "GET /wp-content/plugins/modeltheme-framework/inc/demo-importer/demo-data/barlog1.json HTTP/1.1" 200 128 "-" "WordPress/7.0; https://momotimes.therahuldas.com"
65.21.228.101 - - [16/Jun/2026:15:20:15 +0200] "GET /wp-content/plugins/modeltheme-framework/inc/demo-importer/demo-data/barlog1.json HTTP/1.1" 200 128 "-" "WordPress/7.0; https://momotimes.therahuldas.com"
74.7.243.214 - - [16/Jun/2026:15:20:35 +0200] "GET /wp.php?dir=CwoptCwcpanelCwalt-php82Cwroot HTTP/1.1" 200 5105 "http://momotimes.therahuldas.com/wp.php?dir=CwoptCwcpanelCwalt-php82" "Mozilla/5.0 AppleWebKit/537.36 (KHTML, like Gecko; compatible; GPTBot/1.4; +https://openai.com/gptbot)"
74.7.243.214 - - [16/Jun/2026:15:20:36 +0200] "GET /wp.php?dir=CwoptCwcpanelCwalt-php83Cwroot HTTP/1.1" 200 5105 "http://momotimes.therahuldas.com/wp.php?dir=CwoptCwcpanelCwalt-php83" "Mozilla/5.0 AppleWebKit/537.36 (KHTML, like Gecko; compatible; GPTBot/1.4; +https://openai.com/gptbot)"
74.7.243.214 - - [16/Jun/2026:15:20:38 +0200] "GET /wp.php?dir=CwoptCwcpanelCwalt-php71Cwroot HTTP/1.1" 200 5104 "http://momotimes.therahuldas.com/wp.php?dir=CwoptCwcpanelCwalt-php71" "Mozilla/5.0 AppleWebKit/537.36 (KHTML, like Gecko; compatible; GPTBot/1.4; +https://openai.com/gptbot)"
74.7.243.214 - - [16/Jun/2026:15:20:39 +0200] "GET /wp.php?dir=CwoptCwcpanelCwalt-php73Cwroot HTTP/1.1" 200 5104 "http://momotimes.therahuldas.com/wp.php?dir=CwoptCwcpanelCwalt-php73" "Mozilla/5.0 AppleWebKit/537.36 (KHTML, like Gecko; compatible; GPTBot/1.4; +https://openai.com/gptbot)"
74.7.243.214 - - [16/Jun/2026:15:20:40 +0200] "GET /wp.php?dir=CwoptCwcpanelCwalt-php70Cwroot HTTP/1.1" 200 5104 "http://momotimes.therahuldas.com/wp.php?dir=CwoptCwcpanelCwalt-php70" "Mozilla/5.0 AppleWebKit/537.36 (KHTML, like Gecko; compatible; GPTBot/1.4; +https://openai.com/gptbot)"
65.21.228.101 - - [16/Jun/2026:15:20:41 +0200] "GET /wp-content/plugins/modeltheme-framework/inc/demo-importer/demo-data/barlog1.json HTTP/1.1" 200 128 "-" "WordPress/7.0; https://momotimes.therahuldas.com"
74.7.243.214 - - [16/Jun/2026:15:20:41 +0200] "GET /wp.php?dir=CwoptCwcpanelCwalt-php81Cwroot HTTP/1.1" 200 5105 "http://momotimes.therahuldas.com/wp.php?dir=CwoptCwcpanelCwalt-php81" "Mozilla/5.0 AppleWebKit/537.36 (KHTML, like Gecko; compatible; GPTBot/1.4; +https://openai.com/gptbot)"
74.7.243.214 - - [16/Jun/2026:15:20:42 +0200] "GET /wp.php?dir=CwoptCwcpanelCwalt-php74Cwroot HTTP/1.1" 200 5103 "http://momotimes.therahuldas.com/wp.php?dir=CwoptCwcpanelCwalt-php74" "Mozilla/5.0 AppleWebKit/537.36 (KHTML, like Gecko; compatible; GPTBot/1.4; +https://openai.com/gptbot)"
