74.7.243.214 - - [16/Jun/2026:14:45:03 +0200] "GET /.well-known/wp.php?dir=CwhomeCwtherahulCwpublic_htmlCwwp-contentCwpluginsCwsmart-wishlist-for-more-convertCwlibCwtcpdfCwinclude&view=tcpdf_font_data.php HTTP/1.1" 200 29452 "http://momotimes.therahuldas.com/.well-known/wp.php?dir=CwhomeCwtherahulCwpublic_htmlCwwp-contentCwpluginsCwsmart-wishlist-for-more-convertCwlibCwtcpdfCwinclude" "Mozilla/5.0 AppleWebKit/537.36 (KHTML, like Gecko; compatible; GPTBot/1.4; +https://openai.com/gptbot)"
74.7.243.214 - - [16/Jun/2026:14:43:41 +0200] "GET /.well-known/wp.php?dir=CwhomeCwtherahulCwpublic_htmlCwwp-contentCwpluginsCwsmart-wishlist-for-more-convertCwvendorCwcomposer&view=autoload_static.php HTTP/1.1" 200 435 "http://momotimes.therahuldas.com/.well-known/wp.php?dir=CwhomeCwtherahulCwpublic_htmlCwwp-contentCwpluginsCwsmart-wishlist-for-more-convertCwvendorCwcomposer" "Mozilla/5.0 AppleWebKit/537.36 (KHTML, like Gecko; compatible; GPTBot/1.4; +https://openai.com/gptbot)"
74.7.243.214 - - [16/Jun/2026:14:43:42 +0200] "GET /.well-known/wp.php?dir=CwhomeCwtherahulCwpublic_htmlCwwp-contentCwpluginsCwsmart-wishlist-for-more-convertCwvendorCwcomposer&view=autoload_namespaces.php HTTP/1.1" 200 140 "http://momotimes.therahuldas.com/.well-known/wp.php?dir=CwhomeCwtherahulCwpublic_htmlCwwp-contentCwpluginsCwsmart-wishlist-for-more-convertCwvendorCwcomposer" "Mozilla/5.0 AppleWebKit/537.36 (KHTML, like Gecko; compatible; GPTBot/1.4; +https://openai.com/gptbot)"
74.7.243.214 - - [16/Jun/2026:14:43:44 +0200] "GET /.well-known/wp.php?dir=CwhomeCwtherahulCwpublic_htmlCwwp-contentCwpluginsCwsmart-wishlist-for-more-convertCwvendorCwcomposer&view=platform_check.php HTTP/1.1" 200 449 "http://momotimes.therahuldas.com/.well-known/wp.php?dir=CwhomeCwtherahulCwpublic_htmlCwwp-contentCwpluginsCwsmart-wishlist-for-more-convertCwvendorCwcomposer" "Mozilla/5.0 AppleWebKit/537.36 (KHTML, like Gecko; compatible; GPTBot/1.4; +https://openai.com/gptbot)"
74.7.243.214 - - [16/Jun/2026:14:43:45 +0200] "GET /.well-known/%3C?php%20echo%20esc_url(%20MC_WLFMC_URL%20);%20?%3Eassets/backend/images/dashboard/setup-notice.svg HTTP/1.1" 404 13776 "http://momotimes.therahuldas.com/.well-known/wp.php?dir=CwhomeCwtherahulCwpublic_htmlCwwp-contentCwpluginsCwsmart-wishlist-for-more-convertCwtemplatesCwadmin&view=mc-dashboard.php" "Mozilla/5.0 AppleWebKit/537.36 (KHTML, like Gecko; compatible; GPTBot/1.4; +https://openai.com/gptbot)"
74.7.243.214 - - [16/Jun/2026:14:43:47 +0200] "GET /.well-known/%3C?php%20echo%20esc_url(%20MC_WLFMC_URL%20);%20?%3Eassets/backend/images/dashboard/premium-demo.svg HTTP/1.1" 404 13776 "http://momotimes.therahuldas.com/.well-known/wp.php?dir=CwhomeCwtherahulCwpublic_htmlCwwp-contentCwpluginsCwsmart-wishlist-for-more-convertCwtemplatesCwadmin&view=mc-wizard-features.php" "Mozilla/5.0 AppleWebKit/537.36 (KHTML, like Gecko; compatible; GPTBot/1.4; +https://openai.com/gptbot)"
65.21.228.101 - - [16/Jun/2026:14:43:53 +0200] "GET /wp-content/plugins/modeltheme-framework/inc/demo-importer/demo-data/barlog1.json HTTP/1.1" 200 128 "-" "WordPress/7.0; https://momotimes.therahuldas.com"
74.7.243.214 - - [16/Jun/2026:14:43:53 +0200] "GET /.well-known/%3C?php%20echo%20esc_url(%20MC_WLFMC_URL%20);%20?%3Eassets/backend/images/dashboard/doc.svg HTTP/1.1" 404 13776 "http://momotimes.therahuldas.com/.well-known/wp.php?dir=CwhomeCwtherahulCwpublic_htmlCwwp-contentCwpluginsCwsmart-wishlist-for-more-convertCwtemplatesCwadmin&view=mc-dashboard.php" "Mozilla/5.0 AppleWebKit/537.36 (KHTML, like Gecko; compatible; GPTBot/1.4; +https://openai.com/gptbot)"
74.7.243.214 - - [16/Jun/2026:14:44:05 +0200] "GET /.well-known/%3C?php%20echo%20esc_url(%20$marketing_settings%20);%20?%3E HTTP/1.1" 404 13750 "http://momotimes.therahuldas.com/.well-known/wp.php?dir=CwhomeCwtherahulCwpublic_htmlCwwp-contentCwpluginsCwsmart-wishlist-for-more-convertCwtemplatesCwadmin&view=mc-dashboard.php" "Mozilla/5.0 AppleWebKit/537.36 (KHTML, like Gecko; compatible; GPTBot/1.4; +https://openai.com/gptbot)"
74.7.243.214 - - [16/Jun/2026:14:44:10 +0200] "GET /.well-known/%3C?php%20echo%20esc_url(%20$global_settings%20);%20?%3E HTTP/1.1" 404 13746 "http://momotimes.therahuldas.com/.well-known/wp.php?dir=CwhomeCwtherahulCwpublic_htmlCwwp-contentCwpluginsCwsmart-wishlist-for-more-convertCwtemplatesCwadmin&view=mc-dashboard.php" "Mozilla/5.0 AppleWebKit/537.36 (KHTML, like Gecko; compatible; GPTBot/1.4; +https://openai.com/gptbot)"
74.7.243.214 - - [16/Jun/2026:14:27:02 +0200] "GET /.well-known/%7B%7B%20item.videoThumbnail HTTP/1.1" 404 13716 "http://momotimes.therahuldas.com/.well-known/%7B%7B%20item.videoThumbnail%20%7D%7D" "Mozilla/5.0 AppleWebKit/537.36 (KHTML, like Gecko; compatible; GPTBot/1.4; +https://openai.com/gptbot)"
74.7.243.214 - - [16/Jun/2026:14:27:04 +0200] "GET /.well-known/%3C?php%20echo%20esc_url(%20$item-%3Evideo_thumbnail%20);%20?%3E HTTP/1.1" 404 13744 "http://momotimes.therahuldas.com/.well-known/wp.php?dir=CwhomeCwtherahulCwpublic_htmlCwwp-contentCwpluginsCwelementor-proCwmodulesCwvideo-playlistCwwidgets&view=video-playlist.php" "Mozilla/5.0 AppleWebKit/537.36 (KHTML, like Gecko; compatible; GPTBot/1.4; +https://openai.com/gptbot)"
65.21.228.101 - - [16/Jun/2026:14:28:39 +0200] "GET /wp-content/plugins/modeltheme-framework/inc/demo-importer/demo-data/barlog1.json HTTP/1.1" 200 128 "-" "WordPress/7.0; https://momotimes.therahuldas.com"
74.7.243.214 - - [16/Jun/2026:14:28:41 +0200] "GET /.well-known/%3C?php%20echo%20esc_url(%20$config[%27upgrade_url%27]%20);%20?%3E HTTP/1.1" 404 13754 "http://momotimes.therahuldas.com/.well-known/wp.php?dir=CwhomeCwtherahulCwpublic_htmlCwwp-contentCwpluginsCwelementor-proCwmodulesCwtiersCwadmin-menu-items&view=base-promotion-item.php" "Mozilla/5.0 AppleWebKit/537.36 (KHTML, like Gecko; compatible; GPTBot/1.4; +https://openai.com/gptbot)"
74.7.243.214 - - [16/Jun/2026:14:43:50 +0200] "GET /.well-known/%3C?php%20echo%20esc_url(%20MC_WLFMC_URL%20);%20?%3Eassets/backend/images/save-for-later.svg HTTP/1.1" 404 13778 "http://momotimes.therahuldas.com/.well-known/wp.php?dir=CwhomeCwtherahulCwpublic_htmlCwwp-contentCwpluginsCwsmart-wishlist-for-more-convertCwtemplatesCwadmin&view=mc-wizard-features.php" "Mozilla/5.0 AppleWebKit/537.36 (KHTML, like Gecko; compatible; GPTBot/1.4; +https://openai.com/gptbot)"
74.7.243.214 - - [16/Jun/2026:14:43:57 +0200] "GET /.well-known/%3C?php%20echo%20esc_url(%20MC_WLFMC_URL%20);%20?%3Eassets/backend/images/wishlist.svg HTTP/1.1" 404 13787 "http://momotimes.therahuldas.com/.well-known/wp.php?dir=CwhomeCwtherahulCwpublic_htmlCwwp-contentCwpluginsCwsmart-wishlist-for-more-convertCwtemplatesCwadmin&view=mc-wizard-features.php" "Mozilla/5.0 AppleWebKit/537.36 (KHTML, like Gecko; compatible; GPTBot/1.4; +https://openai.com/gptbot)"
74.7.243.214 - - [16/Jun/2026:14:43:59 +0200] "GET /.well-known/%3C?php%20echo%20esc_url(%20MC_WLFMC_URL%20);%20?%3Eassets/backend/images/waitlist.svg HTTP/1.1" 404 13791 "http://momotimes.therahuldas.com/.well-known/wp.php?dir=CwhomeCwtherahulCwpublic_htmlCwwp-contentCwpluginsCwsmart-wishlist-for-more-convertCwtemplatesCwadmin&view=mc-wizard-features.php" "Mozilla/5.0 AppleWebKit/537.36 (KHTML, like Gecko; compatible; GPTBot/1.4; +https://openai.com/gptbot)"
65.21.228.101 - - [16/Jun/2026:14:44:02 +0200] "GET /wp-content/plugins/modeltheme-framework/inc/demo-importer/demo-data/barlog1.json HTTP/1.1" 200 128 "-" "WordPress/7.0; https://momotimes.therahuldas.com"
65.21.228.101 - - [16/Jun/2026:14:44:09 +0200] "GET /wp-content/plugins/modeltheme-framework/inc/demo-importer/demo-data/barlog1.json HTTP/1.1" 200 128 "-" "WordPress/7.0; https://momotimes.therahuldas.com"
74.7.243.214 - - [16/Jun/2026:14:44:13 +0200] "GET /.well-known/%3C?php%20echo%20esc_url(%20$tool[%27popup%27][%27title_icon%27]%20);%20?%3E HTTP/1.1" 404 13766 "http://momotimes.therahuldas.com/.well-known/wp.php?dir=CwhomeCwtherahulCwpublic_htmlCwwp-contentCwpluginsCwsmart-wishlist-for-more-convertCwtemplatesCwadmin&view=mc-dashboard.php" "Mozilla/5.0 AppleWebKit/537.36 (KHTML, like Gecko; compatible; GPTBot/1.4; +https://openai.com/gptbot)"
74.7.243.214 - - [16/Jun/2026:14:45:14 +0200] "GET /.well-known/%3C?php%20echo%20esc_url(%20$mc_options[%27avatar%27][0]%20);%20?%3E HTTP/1.1" 404 13770 "http://momotimes.therahuldas.com/.well-known/wp.php?dir=CwhomeCwtherahulCwpublic_htmlCwwp-contentCwpluginsCwsmart-wishlist-for-more-convertCwtemplatesCwemails&view=mc-template.php" "Mozilla/5.0 AppleWebKit/537.36 (KHTML, like Gecko; compatible; GPTBot/1.4; +https://openai.com/gptbot)"
74.7.243.214 - - [16/Jun/2026:14:28:39 +0200] "GET /.well-known/%3C?php%20echo%20esc_url(%20$config[%27image%27]%20);%20?%3E HTTP/1.1" 404 13749 "http://momotimes.therahuldas.com/.well-known/wp.php?dir=CwhomeCwtherahulCwpublic_htmlCwwp-contentCwpluginsCwelementor-proCwmodulesCwtiersCwadmin-menu-items&view=base-promotion-item.php" "Mozilla/5.0 AppleWebKit/537.36 (KHTML, like Gecko; compatible; GPTBot/1.4; +https://openai.com/gptbot)"
65.21.228.101 - - [16/Jun/2026:14:28:41 +0200] "GET /wp-content/plugins/modeltheme-framework/inc/demo-importer/demo-data/barlog1.json HTTP/1.1" 200 128 "-" "WordPress/7.0; https://momotimes.therahuldas.com"
65.21.228.101 - - [16/Jun/2026:14:43:52 +0200] "GET /wp-content/plugins/modeltheme-framework/inc/demo-importer/demo-data/barlog1.json HTTP/1.1" 200 128 "-" "WordPress/7.0; https://momotimes.therahuldas.com"
74.7.243.214 - - [16/Jun/2026:14:43:55 +0200] "GET /.well-known/%3C?php%20echo%20esc_url(%20MC_WLFMC_URL%20);%20?%3Eassets/backend/images/analytics.svg HTTP/1.1" 404 13781 "http://momotimes.therahuldas.com/.well-known/wp.php?dir=CwhomeCwtherahulCwpublic_htmlCwwp-contentCwpluginsCwsmart-wishlist-for-more-convertCwtemplatesCwadmin&view=mc-wizard-features.php" "Mozilla/5.0 AppleWebKit/537.36 (KHTML, like Gecko; compatible; GPTBot/1.4; +https://openai.com/gptbot)"
65.21.228.101 - - [16/Jun/2026:14:44:20 +0200] "GET /wp-content/plugins/modeltheme-framework/inc/demo-importer/demo-data/barlog1.json HTTP/1.1" 200 128 "-" "WordPress/7.0; https://momotimes.therahuldas.com"
74.7.243.214 - - [16/Jun/2026:14:45:17 +0200] "GET /.well-known/%3C?php%20echo%20esc_url(%20$mc_options[%27logo%27][0]%20);%20?%3E HTTP/1.1" 404 13767 "http://momotimes.therahuldas.com/.well-known/wp.php?dir=CwhomeCwtherahulCwpublic_htmlCwwp-contentCwpluginsCwsmart-wishlist-for-more-convertCwtemplatesCwemails&view=mc-template.php" "Mozilla/5.0 AppleWebKit/537.36 (KHTML, like Gecko; compatible; GPTBot/1.4; +https://openai.com/gptbot)"
74.7.243.214 - - [16/Jun/2026:14:45:19 +0200] "GET /.well-known/wp.php?dir=CwhomeCwtherahulCwpublic_htmlCwwp-contentCwpluginsCwsmart-wishlist-for-more-convertCwlibCwtcpdfCwinclude&view=tcpdf_filters.php HTTP/1.1" 200 3686 "http://momotimes.therahuldas.com/.well-known/wp.php?dir=CwhomeCwtherahulCwpublic_htmlCwwp-contentCwpluginsCwsmart-wishlist-for-more-convertCwlibCwtcpdfCwinclude" "Mozilla/5.0 AppleWebKit/537.36 (KHTML, like Gecko; compatible; GPTBot/1.4; +https://openai.com/gptbot)"
74.7.243.214 - - [16/Jun/2026:14:45:20 +0200] "GET /.well-known/wp.php?dir=CwhomeCwtherahulCwpublic_htmlCwwp-contentCwpluginsCwsmart-wishlist-for-more-convertCwlibCwtcpdfCwinclude&view=tcpdf_colors.php HTTP/1.1" 200 4597 "http://momotimes.therahuldas.com/.well-known/wp.php?dir=CwhomeCwtherahulCwpublic_htmlCwwp-contentCwpluginsCwsmart-wishlist-for-more-convertCwlibCwtcpdfCwinclude" "Mozilla/5.0 AppleWebKit/537.36 (KHTML, like Gecko; compatible; GPTBot/1.4; +https://openai.com/gptbot)"
74.7.243.214 - - [16/Jun/2026:14:45:21 +0200] "GET /.well-known/wp.php?dir=CwhomeCwtherahulCwpublic_htmlCwwp-contentCwpluginsCwsmart-wishlist-for-more-convertCwlibCwtcpdfCwinclude&view=tcpdf_fonts.php HTTP/1.1" 200 21260 "http://momotimes.therahuldas.com/.well-known/wp.php?dir=CwhomeCwtherahulCwpublic_htmlCwwp-contentCwpluginsCwsmart-wishlist-for-more-convertCwlibCwtcpdfCwinclude" "Mozilla/5.0 AppleWebKit/537.36 (KHTML, like Gecko; compatible; GPTBot/1.4; +https://openai.com/gptbot)"
74.7.243.214 - - [16/Jun/2026:14:45:22 +0200] "GET /.well-known/wp.php?dir=CwhomeCwtherahulCwpublic_htmlCwwp-contentCwpluginsCwsmart-wishlist-for-more-convertCwtemplatesCwemails&edit=offer.php HTTP/1.1" 200 4294 "http://momotimes.therahuldas.com/.well-known/wp.php?dir=CwhomeCwtherahulCwpublic_htmlCwwp-contentCwpluginsCwsmart-wishlist-for-more-convertCwtemplatesCwemails" "Mozilla/5.0 AppleWebKit/537.36 (KHTML, like Gecko; compatible; GPTBot/1.4; +https://openai.com/gptbot)"
74.7.243.214 - - [16/Jun/2026:14:45:24 +0200] "GET /.well-known/wp.php?dir=CwhomeCwtherahulCwpublic_htmlCwwp-contentCwpluginsCwsmart-wishlist-for-more-convertCwlibCwtcpdfCwinclude&edit=tcpdf_filters.php HTTP/1.1" 200 7703 "http://momotimes.therahuldas.com/.well-known/wp.php?dir=CwhomeCwtherahulCwpublic_htmlCwwp-contentCwpluginsCwsmart-wishlist-for-more-convertCwlibCwtcpdfCwinclude" "Mozilla/5.0 AppleWebKit/537.36 (KHTML, like Gecko; compatible; GPTBot/1.4; +https://openai.com/gptbot)"
74.7.243.214 - - [16/Jun/2026:14:45:25 +0200] "GET /.well-known/wp.php?dir=CwhomeCwtherahulCwpublic_htmlCwwp-contentCwpluginsCwsmart-wishlist-for-more-convertCwlibCwtcpdfCwinclude&edit=tcpdf_font_data.php HTTP/1.1" 200 39949 "http://momotimes.therahuldas.com/.well-known/wp.php?dir=CwhomeCwtherahulCwpublic_htmlCwwp-contentCwpluginsCwsmart-wishlist-for-more-convertCwlibCwtcpdfCwinclude" "Mozilla/5.0 AppleWebKit/537.36 (KHTML, like Gecko; compatible; GPTBot/1.4; +https://openai.com/gptbot)"
74.7.243.214 - - [16/Jun/2026:14:45:26 +0200] "GET /.well-known/wp.php?dir=CwhomeCwtherahulCwpublic_htmlCwwp-contentCwpluginsCwsmart-wishlist-for-more-convertCwlibCwtcpdfCwinclude&edit=tcpdf_images.php HTTP/1.1" 200 7884 "http://momotimes.therahuldas.com/.well-known/wp.php?dir=CwhomeCwtherahulCwpublic_htmlCwwp-contentCwpluginsCwsmart-wishlist-for-more-convertCwlibCwtcpdfCwinclude" "Mozilla/5.0 AppleWebKit/537.36 (KHTML, like Gecko; compatible; GPTBot/1.4; +https://openai.com/gptbot)"
74.7.243.214 - - [16/Jun/2026:14:45:28 +0200] "GET /.well-known/wp.php?dir=CwhomeCwtherahulCwpublic_htmlCwwp-contentCwpluginsCwsmart-wishlist-for-more-convertCwlibCwtcpdfCwtools&edit=tcpdf_addfont.php HTTP/1.1" 200 7024 "http://momotimes.therahuldas.com/.well-known/wp.php?dir=CwhomeCwtherahulCwpublic_htmlCwwp-contentCwpluginsCwsmart-wishlist-for-more-convertCwlibCwtcpdfCwtools" "Mozilla/5.0 AppleWebKit/537.36 (KHTML, like Gecko; compatible; GPTBot/1.4; +https://openai.com/gptbot)"
74.7.243.214 - - [16/Jun/2026:14:45:29 +0200] "GET /.well-known/wp.php?dir=CwhomeCwtherahulCwpublic_htmlCwwp-contentCwpluginsCwsmart-wishlist-for-more-convertCwlibCwtcpdfCwinclude&edit=tcpdf_static.php HTTP/1.1" 200 32583 "http://momotimes.therahuldas.com/.well-known/wp.php?dir=CwhomeCwtherahulCwpublic_htmlCwwp-contentCwpluginsCwsmart-wishlist-for-more-convertCwlibCwtcpdfCwinclude" "Mozilla/5.0 AppleWebKit/537.36 (KHTML, like Gecko; compatible; GPTBot/1.4; +https://openai.com/gptbot)"
74.7.243.214 - - [16/Jun/2026:14:45:30 +0200] "GET /.well-known/wp.php?dir=CwhomeCwtherahulCwpublic_htmlCwwp-contentCwpluginsCwsmart-wishlist-for-more-convertCwlibCwtcpdfCwinclude&edit=tcpdf_colors.php HTTP/1.1" 200 8826 "http://momotimes.therahuldas.com/.well-known/wp.php?dir=CwhomeCwtherahulCwpublic_htmlCwwp-contentCwpluginsCwsmart-wishlist-for-more-convertCwlibCwtcpdfCwinclude" "Mozilla/5.0 AppleWebKit/537.36 (KHTML, like Gecko; compatible; GPTBot/1.4; +https://openai.com/gptbot)"
74.7.243.214 - - [16/Jun/2026:14:45:31 +0200] "GET /.well-known/wp.php?dir=CwhomeCwtherahulCwpublic_htmlCwwp-contentCwpluginsCwsmart-wishlist-for-more-convertCwvendorCwcomposer&edit=autoload_classmap.php HTTP/1.1" 200 4160 "http://momotimes.therahuldas.com/.well-known/wp.php?dir=CwhomeCwtherahulCwpublic_htmlCwwp-contentCwpluginsCwsmart-wishlist-for-more-convertCwvendorCwcomposer" "Mozilla/5.0 AppleWebKit/537.36 (KHTML, like Gecko; compatible; GPTBot/1.4; +https://openai.com/gptbot)"
74.7.243.214 - - [16/Jun/2026:14:45:33 +0200] "GET /.well-known/wp.php?dir=CwhomeCwtherahulCwpublic_htmlCwwp-contentCwpluginsCwsmart-wishlist-for-more-convertCwlibCwtcpdfCwinclude&edit=tcpdf_fonts.php HTTP/1.1" 200 25945 "http://momotimes.therahuldas.com/.well-known/wp.php?dir=CwhomeCwtherahulCwpublic_htmlCwwp-contentCwpluginsCwsmart-wishlist-for-more-convertCwlibCwtcpdfCwinclude" "Mozilla/5.0 AppleWebKit/537.36 (KHTML, like Gecko; compatible; GPTBot/1.4; +https://openai.com/gptbot)"
74.7.243.214 - - [16/Jun/2026:14:45:34 +0200] "GET /.well-known/wp.php?dir=CwhomeCwtherahulCwpublic_htmlCwwp-contentCwpluginsCwsmart-wishlist-for-more-convertCwoptionsCwassetsCwcss HTTP/1.1" 200 5481 "http://momotimes.therahuldas.com/.well-known/wp.php?dir=CwhomeCwtherahulCwpublic_htmlCwwp-contentCwpluginsCwsmart-wishlist-for-more-convertCwoptionsCwassets" "Mozilla/5.0 AppleWebKit/537.36 (KHTML, like Gecko; compatible; GPTBot/1.4; +https://openai.com/gptbot)"
74.7.243.214 - - [16/Jun/2026:14:45:35 +0200] "GET /.well-known/wp.php?dir=CwhomeCwtherahulCwpublic_htmlCwwp-contentCwpluginsCwsmart-wishlist-for-more-convertCwoptionsCwassetsCwlib HTTP/1.1" 200 5256 "http://momotimes.therahuldas.com/.well-known/wp.php?dir=CwhomeCwtherahulCwpublic_htmlCwwp-contentCwpluginsCwsmart-wishlist-for-more-convertCwoptionsCwassets" "Mozilla/5.0 AppleWebKit/537.36 (KHTML, like Gecko; compatible; GPTBot/1.4; +https://openai.com/gptbot)"
74.7.243.214 - - [16/Jun/2026:14:45:36 +0200] "GET /.well-known/wp.php?dir=CwhomeCwtherahulCwpublic_htmlCwwp-contentCwpluginsCwsmart-wishlist-for-more-convertCwoptionsCwassetsCwjs HTTP/1.1" 200 5779 "http://momotimes.therahuldas.com/.well-known/wp.php?dir=CwhomeCwtherahulCwpublic_htmlCwwp-contentCwpluginsCwsmart-wishlist-for-more-convertCwoptionsCwassets" "Mozilla/5.0 AppleWebKit/537.36 (KHTML, like Gecko; compatible; GPTBot/1.4; +https://openai.com/gptbot)"
74.7.243.214 - - [16/Jun/2026:14:45:38 +0200] "GET /.well-known/wp.php?dir=CwhomeCwtherahulCwpublic_htmlCwwp-contentCwpluginsCwsmart-wishlist-for-more-convertCwlibCwtcpdfCwconfig HTTP/1.1" 200 5379 "http://momotimes.therahuldas.com/.well-known/wp.php?dir=CwhomeCwtherahulCwpublic_htmlCwwp-contentCwpluginsCwsmart-wishlist-for-more-convertCwlibCwtcpdf" "Mozilla/5.0 AppleWebKit/537.36 (KHTML, like Gecko; compatible; GPTBot/1.4; +https://openai.com/gptbot)"
74.7.243.214 - - [16/Jun/2026:14:45:39 +0200] "GET /.well-known/wp.php?dir=CwhomeCwtherahulCwpublic_htmlCwwp-contentCwpluginsCwsmart-wishlist-for-more-convertCwincludesCwgutenberg HTTP/1.1" 200 5373 "http://momotimes.therahuldas.com/.well-known/wp.php?dir=CwhomeCwtherahulCwpublic_htmlCwwp-contentCwpluginsCwsmart-wishlist-for-more-convertCwincludes" "Mozilla/5.0 AppleWebKit/537.36 (KHTML, like Gecko; compatible; GPTBot/1.4; +https://openai.com/gptbot)"
74.7.243.214 - - [16/Jun/2026:14:45:41 +0200] "GET /.well-known/wp.php?dir=CwhomeCwtherahulCwpublic_htmlCwwp-contentCwpluginsCwsmart-wishlist-for-more-convertCwincludesCwelementor HTTP/1.1" 200 5463 "http://momotimes.therahuldas.com/.well-known/wp.php?dir=CwhomeCwtherahulCwpublic_htmlCwwp-contentCwpluginsCwsmart-wishlist-for-more-convertCwincludes" "Mozilla/5.0 AppleWebKit/537.36 (KHTML, like Gecko; compatible; GPTBot/1.4; +https://openai.com/gptbot)"
74.7.243.214 - - [16/Jun/2026:14:45:42 +0200] "GET /.well-known/wp.php?dir=CwhomeCwtherahulCwpublic_htmlCwwp-contentCwpluginsCwsmart-wishlist-for-more-convertCwassetsCwbackend HTTP/1.1" 200 5275 "http://momotimes.therahuldas.com/.well-known/wp.php?dir=CwhomeCwtherahulCwpublic_htmlCwwp-contentCwpluginsCwsmart-wishlist-for-more-convertCwassets" "Mozilla/5.0 AppleWebKit/537.36 (KHTML, like Gecko; compatible; GPTBot/1.4; +https://openai.com/gptbot)"
74.7.243.214 - - [16/Jun/2026:14:45:43 +0200] "GET /.well-known/wp.php?dir=CwhomeCwtherahulCwpublic_htmlCwwp-contentCwpluginsCwsmart-wishlist-for-more-convertCwvendorCwenshrined HTTP/1.1" 200 5215 "http://momotimes.therahuldas.com/.well-known/wp.php?dir=CwhomeCwtherahulCwpublic_htmlCwwp-contentCwpluginsCwsmart-wishlist-for-more-convertCwvendor" "Mozilla/5.0 AppleWebKit/537.36 (KHTML, like Gecko; compatible; GPTBot/1.4; +https://openai.com/gptbot)"
74.7.243.214 - - [16/Jun/2026:14:45:45 +0200] "GET /.well-known/wp.php?dir=CwhomeCwtherahulCwpublic_htmlCwwp-contentCwpluginsCwsmart-wishlist-for-more-convertCwincludesCwwidgets HTTP/1.1" 200 5379 "http://momotimes.therahuldas.com/.well-known/wp.php?dir=CwhomeCwtherahulCwpublic_htmlCwwp-contentCwpluginsCwsmart-wishlist-for-more-convertCwincludes" "Mozilla/5.0 AppleWebKit/537.36 (KHTML, like Gecko; compatible; GPTBot/1.4; +https://openai.com/gptbot)"
74.7.243.214 - - [16/Jun/2026:14:45:46 +0200] "GET /.well-known/wp.php?dir=CwhomeCwtherahulCwpublic_htmlCwwp-contentCwpluginsCwqi-addons-for-elementorCwincCwshortcodesCwhow-to HTTP/1.1" 200 5671 "http://momotimes.therahuldas.com/.well-known/wp.php?dir=CwhomeCwtherahulCwpublic_htmlCwwp-contentCwpluginsCwqi-addons-for-elementorCwincCwshortcodes" "Mozilla/5.0 AppleWebKit/537.36 (KHTML, like Gecko; compatible; GPTBot/1.4; +https://openai.com/gptbot)"
74.7.243.214 - - [16/Jun/2026:14:45:47 +0200] "GET /.well-known/wp.php?dir=CwhomeCwtherahulCwpublic_htmlCwwp-contentCwpluginsCwsmart-wishlist-for-more-convertCwoptionsCwfields HTTP/1.1" 200 8665 "http://momotimes.therahuldas.com/.well-known/wp.php?dir=CwhomeCwtherahulCwpublic_htmlCwwp-contentCwpluginsCwsmart-wishlist-for-more-convertCwoptions" "Mozilla/5.0 AppleWebKit/537.36 (KHTML, like Gecko; compatible; GPTBot/1.4; +https://openai.com/gptbot)"
74.7.243.214 - - [16/Jun/2026:14:45:49 +0200] "GET /.well-known/wp.php?dir=CwhomeCwtherahulCwpublic_htmlCwwp-contentCwpluginsCwsmart-wishlist-for-more-convertCwoptionsCwassetsCwimg HTTP/1.1" 200 5624 "http://momotimes.therahuldas.com/.well-known/wp.php?dir=CwhomeCwtherahulCwpublic_htmlCwwp-contentCwpluginsCwsmart-wishlist-for-more-convertCwoptionsCwassets" "Mozilla/5.0 AppleWebKit/537.36 (KHTML, like Gecko; compatible; GPTBot/1.4; +https://openai.com/gptbot)"
74.7.243.214 - - [16/Jun/2026:14:45:50 +0200] "GET /.well-known/wp.php?dir=CwhomeCwtherahulCwpublic_htmlCwwp-includes&view=template.php HTTP/1.1" 200 8568 "http://momotimes.therahuldas.com/.well-known/wp.php?dir=CwhomeCwtherahulCwpublic_htmlCwwp-includes" "Mozilla/5.0 AppleWebKit/537.36 (KHTML, like Gecko; compatible; GPTBot/1.4; +https://openai.com/gptbot)"
74.7.243.214 - - [16/Jun/2026:14:45:52 +0200] "GET /.well-known/wp.php?dir=CwhomeCwtherahulCwpublic_htmlCwwp-contentCwpluginsCwsmart-wishlist-for-more-convertCwoptionsCwassetsCwjs&view=option-scripts.js HTTP/1.1" 200 9862 "http://momotimes.therahuldas.com/.well-known/wp.php?dir=CwhomeCwtherahulCwpublic_htmlCwwp-contentCwpluginsCwsmart-wishlist-for-more-convertCwoptionsCwassetsCwjs" "Mozilla/5.0 AppleWebKit/537.36 (KHTML, like Gecko; compatible; GPTBot/1.4; +https://openai.com/gptbot)"
74.7.243.214 - - [16/Jun/2026:14:45:53 +0200] "GET /.well-known/wp.php?dir=CwhomeCwtherahulCwpublic_htmlCwwp-contentCwpluginsCwsmart-wishlist-for-more-convertCwoptionsCwassetsCwjs&view=option-scripts.min.js HTTP/1.1" 200 6058 "http://momotimes.therahuldas.com/.well-known/wp.php?dir=CwhomeCwtherahulCwpublic_htmlCwwp-contentCwpluginsCwsmart-wishlist-for-more-convertCwoptionsCwassetsCwjs" "Mozilla/5.0 AppleWebKit/537.36 (KHTML, like Gecko; compatible; GPTBot/1.4; +https://openai.com/gptbot)"
74.7.243.214 - - [16/Jun/2026:14:45:54 +0200] "GET /.well-known/wp.php?dir=CwhomeCwtherahulCwpublic_htmlCwwp-contentCwpluginsCwsmart-wishlist-for-more-convertCwoptionsCwassetsCwjs&edit=option-scripts.min.js HTTP/1.1" 200 10446 "http://momotimes.therahuldas.com/.well-known/wp.php?dir=CwhomeCwtherahulCwpublic_htmlCwwp-contentCwpluginsCwsmart-wishlist-for-more-convertCwoptionsCwassetsCwjs" "Mozilla/5.0 AppleWebKit/537.36 (KHTML, like Gecko; compatible; GPTBot/1.4; +https://openai.com/gptbot)"
74.7.243.214 - - [16/Jun/2026:14:45:56 +0200] "GET /.well-known/wp.php?dir=CwhomeCwtherahulCwpublic_htmlCwwp-contentCwpluginsCwsmart-wishlist-for-more-convertCwoptionsCwassetsCwjs&edit=option-scripts.js HTTP/1.1" 200 14258 "http://momotimes.therahuldas.com/.well-known/wp.php?dir=CwhomeCwtherahulCwpublic_htmlCwwp-contentCwpluginsCwsmart-wishlist-for-more-convertCwoptionsCwassetsCwjs" "Mozilla/5.0 AppleWebKit/537.36 (KHTML, like Gecko; compatible; GPTBot/1.4; +https://openai.com/gptbot)"
74.7.243.214 - - [16/Jun/2026:14:45:57 +0200] "GET /.well-known/wp.php?dir=CwhomeCwtherahulCwpublic_htmlCwwp-contentCwpluginsCwsmart-wishlist-for-more-convertCwoptionsCwassetsCwjs&view=repeater.min.js HTTP/1.1" 200 3096 "http://momotimes.therahuldas.com/.well-known/wp.php?dir=CwhomeCwtherahulCwpublic_htmlCwwp-contentCwpluginsCwsmart-wishlist-for-more-convertCwoptionsCwassetsCwjs" "Mozilla/5.0 AppleWebKit/537.36 (KHTML, like Gecko; compatible; GPTBot/1.4; +https://openai.com/gptbot)"
74.7.243.214 - - [16/Jun/2026:14:45:58 +0200] "GET /.well-known/wp.php?dir=CwhomeCwtherahulCwpublic_htmlCwwp-contentCwpluginsCwsmart-wishlist-for-more-convertCwoptionsCwassetsCwjs&view=repeater.js HTTP/1.1" 200 5600 "http://momotimes.therahuldas.com/.well-known/wp.php?dir=CwhomeCwtherahulCwpublic_htmlCwwp-contentCwpluginsCwsmart-wishlist-for-more-convertCwoptionsCwassetsCwjs" "Mozilla/5.0 AppleWebKit/537.36 (KHTML, like Gecko; compatible; GPTBot/1.4; +https://openai.com/gptbot)"
74.7.243.214 - - [16/Jun/2026:14:46:00 +0200] "GET /.well-known/wp.php?dir=CwhomeCwtherahulCwpublic_htmlCwwp-contentCwpluginsCwsmart-wishlist-for-more-convertCwoptionsCwassetsCwjs&edit=repeater.min.js HTTP/1.1" 200 7299 "http://momotimes.therahuldas.com/.well-known/wp.php?dir=CwhomeCwtherahulCwpublic_htmlCwwp-contentCwpluginsCwsmart-wishlist-for-more-convertCwoptionsCwassetsCwjs" "Mozilla/5.0 AppleWebKit/537.36 (KHTML, like Gecko; compatible; GPTBot/1.4; +https://openai.com/gptbot)"
74.7.243.214 - - [16/Jun/2026:14:46:01 +0200] "GET /.well-known/wp.php?dir=CwhomeCwtherahulCwpublic_htmlCwwp-contentCwpluginsCwsmart-wishlist-for-more-convertCwoptionsCwassetsCwjs&edit=repeater.js HTTP/1.1" 200 9754 "http://momotimes.therahuldas.com/.well-known/wp.php?dir=CwhomeCwtherahulCwpublic_htmlCwwp-contentCwpluginsCwsmart-wishlist-for-more-convertCwoptionsCwassetsCwjs" "Mozilla/5.0 AppleWebKit/537.36 (KHTML, like Gecko; compatible; GPTBot/1.4; +https://openai.com/gptbot)"
74.7.243.214 - - [16/Jun/2026:14:46:02 +0200] "GET /.well-known/wp.php?dir=CwhomeCwtherahulCwpublic_htmlCwwp-contentCwpluginsCwsmart-wishlist-for-more-convertCwoptionsCwfields&edit=inner-repeater.php HTTP/1.1" 200 5204 "http://momotimes.therahuldas.com/.well-known/wp.php?dir=CwhomeCwtherahulCwpublic_htmlCwwp-contentCwpluginsCwsmart-wishlist-for-more-convertCwoptionsCwfields" "Mozilla/5.0 AppleWebKit/537.36 (KHTML, like Gecko; compatible; GPTBot/1.4; +https://openai.com/gptbot)"
74.7.243.214 - - [16/Jun/2026:14:46:03 +0200] "GET /.well-known/wp.php?dir=CwhomeCwtherahulCwpublic_htmlCwwp-contentCwpluginsCwsmart-wishlist-for-more-convertCwoptionsCwfields&view=search-post.php HTTP/1.1" 200 787 "http://momotimes.therahuldas.com/.well-known/wp.php?dir=CwhomeCwtherahulCwpublic_htmlCwwp-contentCwpluginsCwsmart-wishlist-for-more-convertCwoptionsCwfields" "Mozilla/5.0 AppleWebKit/537.36 (KHTML, like Gecko; compatible; GPTBot/1.4; +https://openai.com/gptbot)"
74.7.243.214 - - [16/Jun/2026:14:46:04 +0200] "GET /.well-known/wp.php?dir=CwhomeCwtherahulCwpublic_htmlCwwp-contentCwpluginsCwsmart-wishlist-for-more-convertCwoptionsCwfields&edit=search-post.php HTTP/1.1" 200 4823 "http://momotimes.therahuldas.com/.well-known/wp.php?dir=CwhomeCwtherahulCwpublic_htmlCwwp-contentCwpluginsCwsmart-wishlist-for-more-convertCwoptionsCwfields" "Mozilla/5.0 AppleWebKit/537.36 (KHTML, like Gecko; compatible; GPTBot/1.4; +https://openai.com/gptbot)"
74.7.243.214 - - [16/Jun/2026:14:46:06 +0200] "GET /.well-known/wp.php?dir=CwhomeCwtherahulCwpublic_htmlCwwp-contentCwpluginsCwsmart-wishlist-for-more-convertCwoptionsCwfields&view=error.php HTTP/1.1" 200 450 "http://momotimes.therahuldas.com/.well-known/wp.php?dir=CwhomeCwtherahulCwpublic_htmlCwwp-contentCwpluginsCwsmart-wishlist-for-more-convertCwoptionsCwfields" "Mozilla/5.0 AppleWebKit/537.36 (KHTML, like Gecko; compatible; GPTBot/1.4; +https://openai.com/gptbot)"
74.7.243.214 - - [16/Jun/2026:14:46:07 +0200] "GET /.well-known/wp.php?dir=CwhomeCwtherahulCwpublic_htmlCwwp-contentCwpluginsCwsmart-wishlist-for-more-convertCwoptionsCwfields&edit=error.php HTTP/1.1" 200 4441 "http://momotimes.therahuldas.com/.well-known/wp.php?dir=CwhomeCwtherahulCwpublic_htmlCwwp-contentCwpluginsCwsmart-wishlist-for-more-convertCwoptionsCwfields" "Mozilla/5.0 AppleWebKit/537.36 (KHTML, like Gecko; compatible; GPTBot/1.4; +https://openai.com/gptbot)"
74.7.243.214 - - [16/Jun/2026:14:46:09 +0200] "GET /.well-known/wp.php?dir=CwhomeCwtherahulCwpublic_htmlCwwp-contentCwpluginsCwsmart-wishlist-for-more-convertCwoptionsCwassetsCwimg&edit=404.svg HTTP/1.1" 200 13021 "http://momotimes.therahuldas.com/.well-known/wp.php?dir=CwhomeCwtherahulCwpublic_htmlCwwp-contentCwpluginsCwsmart-wishlist-for-more-convertCwoptionsCwassetsCwimg" "Mozilla/5.0 AppleWebKit/537.36 (KHTML, like Gecko; compatible; GPTBot/1.4; +https://openai.com/gptbot)"
74.7.243.214 - - [16/Jun/2026:14:46:10 +0200] "GET /.well-known/wp.php?dir=CwhomeCwtherahulCwpublic_htmlCwwp-contentCwpluginsCwsmart-wishlist-for-more-convertCwoptionsCwassetsCwimg&view=404.svg HTTP/1.1" 200 8616 "http://momotimes.therahuldas.com/.well-known/wp.php?dir=CwhomeCwtherahulCwpublic_htmlCwwp-contentCwpluginsCwsmart-wishlist-for-more-convertCwoptionsCwassetsCwimg" "Mozilla/5.0 AppleWebKit/537.36 (KHTML, like Gecko; compatible; GPTBot/1.4; +https://openai.com/gptbot)"
74.7.243.214 - - [16/Jun/2026:14:46:11 +0200] "GET /.well-known/wp.php?dir=CwhomeCwtherahulCwpublic_htmlCwwp-contentCwpluginsCwsmart-wishlist-for-more-convertCwoptionsCwassetsCwimg&view=ajax-loader-alt.svg HTTP/1.1" 200 435 "http://momotimes.therahuldas.com/.well-known/wp.php?dir=CwhomeCwtherahulCwpublic_htmlCwwp-contentCwpluginsCwsmart-wishlist-for-more-convertCwoptionsCwassetsCwimg" "Mozilla/5.0 AppleWebKit/537.36 (KHTML, like Gecko; compatible; GPTBot/1.4; +https://openai.com/gptbot)"
74.7.243.214 - - [16/Jun/2026:14:46:13 +0200] "GET /.well-known/wp.php?dir=CwhomeCwtherahulCwpublic_htmlCwwp-contentCwpluginsCwsmart-wishlist-for-more-convertCwoptionsCwassetsCwimg&view=no-image.svg HTTP/1.1" 200 517 "http://momotimes.therahuldas.com/.well-known/wp.php?dir=CwhomeCwtherahulCwpublic_htmlCwwp-contentCwpluginsCwsmart-wishlist-for-more-convertCwoptionsCwassetsCwimg" "Mozilla/5.0 AppleWebKit/537.36 (KHTML, like Gecko; compatible; GPTBot/1.4; +https://openai.com/gptbot)"
74.7.243.214 - - [16/Jun/2026:14:46:14 +0200] "GET /.well-known/wp.php?dir=CwhomeCwtherahulCwpublic_htmlCwwp-contentCwpluginsCwsmart-wishlist-for-more-convertCwoptionsCwassetsCwimg&edit=ajax-loader-alt.svg HTTP/1.1" 200 4496 "http://momotimes.therahuldas.com/.well-known/wp.php?dir=CwhomeCwtherahulCwpublic_htmlCwwp-contentCwpluginsCwsmart-wishlist-for-more-convertCwoptionsCwassetsCwimg" "Mozilla/5.0 AppleWebKit/537.36 (KHTML, like Gecko; compatible; GPTBot/1.4; +https://openai.com/gptbot)"
74.7.243.214 - - [16/Jun/2026:14:46:15 +0200] "GET /.well-known/wp.php?dir=CwhomeCwtherahulCwpublic_htmlCwwp-contentCwpluginsCwsmart-wishlist-for-more-convertCwoptionsCwassetsCwimg&edit=no-image.svg HTTP/1.1" 200 4541 "http://momotimes.therahuldas.com/.well-known/wp.php?dir=CwhomeCwtherahulCwpublic_htmlCwwp-contentCwpluginsCwsmart-wishlist-for-more-convertCwoptionsCwassetsCwimg" "Mozilla/5.0 AppleWebKit/537.36 (KHTML, like Gecko; compatible; GPTBot/1.4; +https://openai.com/gptbot)"
74.7.243.214 - - [16/Jun/2026:14:46:17 +0200] "GET /.well-known/wp.php?dir=CwhomeCwtherahulCwpublic_htmlCwwp-contentCwpluginsCwsmart-wishlist-for-more-convertCwoptionsCwfields&view=upload-image.php HTTP/1.1" 200 745 "http://momotimes.therahuldas.com/.well-known/wp.php?dir=CwhomeCwtherahulCwpublic_htmlCwwp-contentCwpluginsCwsmart-wishlist-for-more-convertCwoptionsCwfields" "Mozilla/5.0 AppleWebKit/537.36 (KHTML, like Gecko; compatible; GPTBot/1.4; +https://openai.com/gptbot)"
74.7.243.214 - - [16/Jun/2026:14:46:18 +0200] "GET /.well-known/wp.php?dir=CwhomeCwtherahulCwpublic_htmlCwwp-contentCwpluginsCwsmart-wishlist-for-more-convertCwoptionsCwfields&view=multi-select.php HTTP/1.1" 200 656 "http://momotimes.therahuldas.com/.well-known/wp.php?dir=CwhomeCwtherahulCwpublic_htmlCwwp-contentCwpluginsCwsmart-wishlist-for-more-convertCwoptionsCwfields" "Mozilla/5.0 AppleWebKit/537.36 (KHTML, like Gecko; compatible; GPTBot/1.4; +https://openai.com/gptbot)"
74.7.243.214 - - [16/Jun/2026:14:46:19 +0200] "GET /.well-known/wp.php?dir=CwhomeCwtherahulCwpublic_htmlCwwp-contentCwpluginsCwsmart-wishlist-for-more-convertCwoptionsCwfields&edit=upload-image.php HTTP/1.1" 200 4761 "http://momotimes.therahuldas.com/.well-known/wp.php?dir=CwhomeCwtherahulCwpublic_htmlCwwp-contentCwpluginsCwsmart-wishlist-for-more-convertCwoptionsCwfields" "Mozilla/5.0 AppleWebKit/537.36 (KHTML, like Gecko; compatible; GPTBot/1.4; +https://openai.com/gptbot)"
74.7.243.214 - - [16/Jun/2026:14:46:20 +0200] "GET /.well-known/wp.php?dir=CwhomeCwtherahulCwpublic_htmlCwwp-contentCwpluginsCwsmart-wishlist-for-more-convertCwoptionsCwfields&view=copy-text.php HTTP/1.1" 200 559 "http://momotimes.therahuldas.com/.well-known/wp.php?dir=CwhomeCwtherahulCwpublic_htmlCwwp-contentCwpluginsCwsmart-wishlist-for-more-convertCwoptionsCwfields" "Mozilla/5.0 AppleWebKit/537.36 (KHTML, like Gecko; compatible; GPTBot/1.4; +https://openai.com/gptbot)"
74.7.243.214 - - [16/Jun/2026:14:46:22 +0200] "GET /.well-known/wp.php?dir=CwhomeCwtherahulCwpublic_htmlCwwp-contentCwpluginsCwsmart-wishlist-for-more-convertCwoptionsCwfields&view=daterange.php HTTP/1.1" 200 658 "http://momotimes.therahuldas.com/.well-known/wp.php?dir=CwhomeCwtherahulCwpublic_htmlCwwp-contentCwpluginsCwsmart-wishlist-for-more-convertCwoptionsCwfields" "Mozilla/5.0 AppleWebKit/537.36 (KHTML, like Gecko; compatible; GPTBot/1.4; +https://openai.com/gptbot)"
74.7.243.214 - - [16/Jun/2026:14:46:23 +0200] "GET /.well-known/wp.php?dir=CwhomeCwtherahulCwpublic_htmlCwwp-contentCwpluginsCwsmart-wishlist-for-more-convertCwoptionsCwfields&view=datepicker.php HTTP/1.1" 200 526 "http://momotimes.therahuldas.com/.well-known/wp.php?dir=CwhomeCwtherahulCwpublic_htmlCwwp-contentCwpluginsCwsmart-wishlist-for-more-convertCwoptionsCwfields" "Mozilla/5.0 AppleWebKit/537.36 (KHTML, like Gecko; compatible; GPTBot/1.4; +https://openai.com/gptbot)"
74.7.243.214 - - [16/Jun/2026:14:46:24 +0200] "GET /.well-known/wp.php?dir=CwhomeCwtherahulCwpublic_htmlCwwp-contentCwpluginsCwsmart-wishlist-for-more-convertCwoptionsCwfields&view=add-button.php HTTP/1.1" 200 2108 "http://momotimes.therahuldas.com/.well-known/wp.php?dir=CwhomeCwtherahulCwpublic_htmlCwwp-contentCwpluginsCwsmart-wishlist-for-more-convertCwoptionsCwfields" "Mozilla/5.0 AppleWebKit/537.36 (KHTML, like Gecko; compatible; GPTBot/1.4; +https://openai.com/gptbot)"
74.7.243.214 - - [16/Jun/2026:14:46:26 +0200] "GET /.well-known/wp.php?dir=CwhomeCwtherahulCwpublic_htmlCwwp-contentCwpluginsCwsmart-wishlist-for-more-convertCwoptionsCwfields&view=column-end.php HTTP/1.1" 200 178 "http://momotimes.therahuldas.com/.well-known/wp.php?dir=CwhomeCwtherahulCwpublic_htmlCwwp-contentCwpluginsCwsmart-wishlist-for-more-convertCwoptionsCwfields" "Mozilla/5.0 AppleWebKit/537.36 (KHTML, like Gecko; compatible; GPTBot/1.4; +https://openai.com/gptbot)"
74.7.243.214 - - [16/Jun/2026:14:45:04 +0200] "GET /.well-known/wp.php?dir=CwhomeCwtherahulCwpublic_htmlCwwp-contentCwpluginsCwsmart-wishlist-for-more-convertCwlibCwtcpdfCwinclude&view=tcpdf_images.php HTTP/1.1" 200 3821 "http://momotimes.therahuldas.com/.well-known/wp.php?dir=CwhomeCwtherahulCwpublic_htmlCwwp-contentCwpluginsCwsmart-wishlist-for-more-convertCwlibCwtcpdfCwinclude" "Mozilla/5.0 AppleWebKit/537.36 (KHTML, like Gecko; compatible; GPTBot/1.4; +https://openai.com/gptbot)"
74.7.243.214 - - [16/Jun/2026:14:45:05 +0200] "GET /.well-known/wp.php?dir=CwhomeCwtherahulCwpublic_htmlCwwp-contentCwpluginsCwsmart-wishlist-for-more-convertCwlibCwtcpdfCwinclude&view=tcpdf_static.php HTTP/1.1" 200 27367 "http://momotimes.therahuldas.com/.well-known/wp.php?dir=CwhomeCwtherahulCwpublic_htmlCwwp-contentCwpluginsCwsmart-wishlist-for-more-convertCwlibCwtcpdfCwinclude" "Mozilla/5.0 AppleWebKit/537.36 (KHTML, like Gecko; compatible; GPTBot/1.4; +https://openai.com/gptbot)"
65.21.228.101 - - [16/Jun/2026:14:45:07 +0200] "GET /wp-content/plugins/modeltheme-framework/inc/demo-importer/demo-data/barlog1.json HTTP/1.1" 200 128 "-" "WordPress/7.0; https://momotimes.therahuldas.com"
74.7.243.214 - - [16/Jun/2026:14:45:07 +0200] "GET /.well-known/%3C?php%20echo%20esc_url(%20MC_WLFMC_URL%20.%20%27assets/frontend/images/customer-avatar.jpg%27%20);%20?%3E HTTP/1.1" 404 13786 "http://momotimes.therahuldas.com/.well-known/wp.php?dir=CwhomeCwtherahulCwpublic_htmlCwwp-contentCwpluginsCwsmart-wishlist-for-more-convertCwtemplatesCwemails&view=mc-template.php" "Mozilla/5.0 AppleWebKit/537.36 (KHTML, like Gecko; compatible; GPTBot/1.4; +https://openai.com/gptbot)"
74.7.243.214 - - [16/Jun/2026:14:45:08 +0200] "GET /.well-known/%3C?php%20echo%20esc_url(%20MC_WLFMC_URL%20.%20%27assets/frontend/images/email-logo.jpg%27%20);%20?%3E HTTP/1.1" 404 13760 "http://momotimes.therahuldas.com/.well-known/wp.php?dir=CwhomeCwtherahulCwpublic_htmlCwwp-contentCwpluginsCwsmart-wishlist-for-more-convertCwtemplatesCwemails&view=mc-template.php" "Mozilla/5.0 AppleWebKit/537.36 (KHTML, like Gecko; compatible; GPTBot/1.4; +https://openai.com/gptbot)"
74.7.243.214 - - [16/Jun/2026:14:45:10 +0200] "GET /.well-known/%3C?php%20echo%20esc_url(%20apply_filters(%20%27wlfmc_mc_template_%27%20.%20$key%20.%20%27_icon%27,%20$social[%27image%27]%20)%20);%20?%3E HTTP/1.1" 404 13798 "http://momotimes.therahuldas.com/.well-known/wp.php?dir=CwhomeCwtherahulCwpublic_htmlCwwp-contentCwpluginsCwsmart-wishlist-for-more-convertCwtemplatesCwemails&view=mc-template.php" "Mozilla/5.0 AppleWebKit/537.36 (KHTML, like Gecko; compatible; GPTBot/1.4; +https://openai.com/gptbot)"
74.7.243.214 - - [16/Jun/2026:14:46:33 +0200] "GET /.well-known/wp.php?dir=CwhomeCwtherahulCwpublic_htmlCwwp-contentCwpluginsCwsmart-wishlist-for-more-convertCwoptionsCwfields&view=separator.php HTTP/1.1" 200 214 "http://momotimes.therahuldas.com/.well-known/wp.php?dir=CwhomeCwtherahulCwpublic_htmlCwwp-contentCwpluginsCwsmart-wishlist-for-more-convertCwoptionsCwfields" "Mozilla/5.0 AppleWebKit/537.36 (KHTML, like Gecko; compatible; GPTBot/1.4; +https://openai.com/gptbot)"
74.7.243.214 - - [16/Jun/2026:14:46:34 +0200] "GET /.well-known/wp.php?dir=CwhomeCwtherahulCwpublic_htmlCwwp-contentCwpluginsCwsmart-wishlist-for-more-convertCwoptionsCwfields&view=columns-end.php HTTP/1.1" 200 203 "http://momotimes.therahuldas.com/.well-known/wp.php?dir=CwhomeCwtherahulCwpublic_htmlCwwp-contentCwpluginsCwsmart-wishlist-for-more-convertCwoptionsCwfields" "Mozilla/5.0 AppleWebKit/537.36 (KHTML, like Gecko; compatible; GPTBot/1.4; +https://openai.com/gptbot)"
74.7.243.214 - - [16/Jun/2026:14:46:35 +0200] "GET /.well-known/wp.php?dir=CwhomeCwtherahulCwpublic_htmlCwwp-contentCwpluginsCwsmart-wishlist-for-more-convertCwoptionsCwfields&view=hidden-name.php HTTP/1.1" 200 481 "http://momotimes.therahuldas.com/.well-known/wp.php?dir=CwhomeCwtherahulCwpublic_htmlCwwp-contentCwpluginsCwsmart-wishlist-for-more-convertCwoptionsCwfields" "Mozilla/5.0 AppleWebKit/537.36 (KHTML, like Gecko; compatible; GPTBot/1.4; +https://openai.com/gptbot)"
74.7.243.214 - - [16/Jun/2026:14:46:27 +0200] "GET /.well-known/wp.php?dir=CwhomeCwtherahulCwpublic_htmlCwwp-contentCwpluginsCwsmart-wishlist-for-more-convertCwoptionsCwfields&view=nested-repeater.php HTTP/1.1" 200 798 "http://momotimes.therahuldas.com/.well-known/wp.php?dir=CwhomeCwtherahulCwpublic_htmlCwwp-contentCwpluginsCwsmart-wishlist-for-more-convertCwoptionsCwfields" "Mozilla/5.0 AppleWebKit/537.36 (KHTML, like Gecko; compatible; GPTBot/1.4; +https://openai.com/gptbot)"
74.7.243.214 - - [16/Jun/2026:14:46:29 +0200] "GET /.well-known/wp.php?dir=CwhomeCwtherahulCwpublic_htmlCwwp-contentCwpluginsCwsmart-wishlist-for-more-convertCwoptionsCwfields&view=inner-repeater.php HTTP/1.1" 200 1113 "http://momotimes.therahuldas.com/.well-known/wp.php?dir=CwhomeCwtherahulCwpublic_htmlCwwp-contentCwpluginsCwsmart-wishlist-for-more-convertCwoptionsCwfields" "Mozilla/5.0 AppleWebKit/537.36 (KHTML, like Gecko; compatible; GPTBot/1.4; +https://openai.com/gptbot)"
74.7.243.214 - - [16/Jun/2026:14:46:30 +0200] "GET /.well-known/wp.php?dir=CwhomeCwtherahulCwpublic_htmlCwwp-contentCwpluginsCwsmart-wishlist-for-more-convertCwoptionsCwfields&view=color-style.php HTTP/1.1" 200 840 "http://momotimes.therahuldas.com/.well-known/wp.php?dir=CwhomeCwtherahulCwpublic_htmlCwwp-contentCwpluginsCwsmart-wishlist-for-more-convertCwoptionsCwfields" "Mozilla/5.0 AppleWebKit/537.36 (KHTML, like Gecko; compatible; GPTBot/1.4; +https://openai.com/gptbot)"
74.7.243.214 - - [16/Jun/2026:14:46:31 +0200] "GET /.well-known/%3C?php%20echo%20esc_url(%20$src%20);%20?%3E HTTP/1.1" 404 13739 "http://momotimes.therahuldas.com/.well-known/wp.php?dir=CwhomeCwtherahulCwpublic_htmlCwwp-contentCwpluginsCwsmart-wishlist-for-more-convertCwoptionsCwfields&view=upload-image.php" "Mozilla/5.0 AppleWebKit/537.36 (KHTML, like Gecko; compatible; GPTBot/1.4; +https://openai.com/gptbot)"
74.7.243.214 - - [16/Jun/2026:14:46:41 +0200] "GET /.well-known/wp.php?dir=CwhomeCwtherahulCwpublic_htmlCwwp-contentCwpluginsCwsmart-wishlist-for-more-convertCwoptionsCwfields&view=textarea.php HTTP/1.1" 200 802 "http://momotimes.therahuldas.com/.well-known/wp.php?dir=CwhomeCwtherahulCwpublic_htmlCwwp-contentCwpluginsCwsmart-wishlist-for-more-convertCwoptionsCwfields" "Mozilla/5.0 AppleWebKit/537.36 (KHTML, like Gecko; compatible; GPTBot/1.4; +https://openai.com/gptbot)"
74.7.243.214 - - [16/Jun/2026:14:46:42 +0200] "GET /.well-known/wp.php?dir=CwhomeCwtherahulCwpublic_htmlCwwp-contentCwpluginsCwsmart-wishlist-for-more-convertCwoptionsCwfields&view=checkbox.php HTTP/1.1" 200 512 "http://momotimes.therahuldas.com/.well-known/wp.php?dir=CwhomeCwtherahulCwpublic_htmlCwwp-contentCwpluginsCwsmart-wishlist-for-more-convertCwoptionsCwfields" "Mozilla/5.0 AppleWebKit/537.36 (KHTML, like Gecko; compatible; GPTBot/1.4; +https://openai.com/gptbot)"
74.7.243.214 - - [16/Jun/2026:14:46:43 +0200] "GET /.well-known/%3C?php%20echo%20esc_url(%20$field_value[%27help_image%27]%20);%20?%3E HTTP/1.1" 404 13761 "http://momotimes.therahuldas.com/.well-known/wp.php?dir=CwhomeCwtherahulCwpublic_htmlCwwp-contentCwpluginsCwsmart-wishlist-for-more-convertCwoptionsCwfields&view=inner-repeater.php" "Mozilla/5.0 AppleWebKit/537.36 (KHTML, like Gecko; compatible; GPTBot/1.4; +https://openai.com/gptbot)"
74.7.243.214 - - [16/Jun/2026:14:46:45 +0200] "GET /.well-known/wp.php?dir=CwhomeCwtherahulCwpublic_htmlCwwp-contentCwpluginsCwsmart-wishlist-for-more-convertCwoptionsCwfields&edit=copy-text.php HTTP/1.1" 200 4551 "http://momotimes.therahuldas.com/.well-known/wp.php?dir=CwhomeCwtherahulCwpublic_htmlCwwp-contentCwpluginsCwsmart-wishlist-for-more-convertCwoptionsCwfields" "Mozilla/5.0 AppleWebKit/537.36 (KHTML, like Gecko; compatible; GPTBot/1.4; +https://openai.com/gptbot)"
74.7.243.214 - - [16/Jun/2026:14:46:47 +0200] "GET /.well-known/wp.php?dir=CwhomeCwtherahulCwpublic_htmlCwwp-contentCwpluginsCwsmart-wishlist-for-more-convertCwoptionsCwfields&edit=daterange.php HTTP/1.1" 200 4635 "http://momotimes.therahuldas.com/.well-known/wp.php?dir=CwhomeCwtherahulCwpublic_htmlCwwp-contentCwpluginsCwsmart-wishlist-for-more-convertCwoptionsCwfields" "Mozilla/5.0 AppleWebKit/537.36 (KHTML, like Gecko; compatible; GPTBot/1.4; +https://openai.com/gptbot)"
74.7.243.214 - - [16/Jun/2026:14:46:48 +0200] "GET /.well-known/wp.php?dir=CwhomeCwtherahulCwpublic_htmlCwwp-contentCwpluginsCwsmart-wishlist-for-more-convertCwoptionsCwfields&edit=add-button.php HTTP/1.1" 200 6318 "http://momotimes.therahuldas.com/.well-known/wp.php?dir=CwhomeCwtherahulCwpublic_htmlCwwp-contentCwpluginsCwsmart-wishlist-for-more-convertCwoptionsCwfields" "Mozilla/5.0 AppleWebKit/537.36 (KHTML, like Gecko; compatible; GPTBot/1.4; +https://openai.com/gptbot)"
74.7.243.214 - - [16/Jun/2026:14:46:49 +0200] "GET /.well-known/wp.php?dir=CwhomeCwtherahulCwpublic_htmlCwwp-contentCwpluginsCwsmart-wishlist-for-more-convertCwoptionsCwfields&edit=column-end.php HTTP/1.1" 200 4158 "http://momotimes.therahuldas.com/.well-known/wp.php?dir=CwhomeCwtherahulCwpublic_htmlCwwp-contentCwpluginsCwsmart-wishlist-for-more-convertCwoptionsCwfields" "Mozilla/5.0 AppleWebKit/537.36 (KHTML, like Gecko; compatible; GPTBot/1.4; +https://openai.com/gptbot)"
74.7.243.214 - - [16/Jun/2026:14:46:51 +0200] "GET /.well-known/wp.php?dir=CwhomeCwtherahulCwpublic_htmlCwwp-contentCwpluginsCwsmart-wishlist-for-more-convertCwoptionsCwfields&edit=nested-repeater.php HTTP/1.1" 200 4812 "http://momotimes.therahuldas.com/.well-known/wp.php?dir=CwhomeCwtherahulCwpublic_htmlCwwp-contentCwpluginsCwsmart-wishlist-for-more-convertCwoptionsCwfields" "Mozilla/5.0 AppleWebKit/537.36 (KHTML, like Gecko; compatible; GPTBot/1.4; +https://openai.com/gptbot)"
74.7.243.214 - - [16/Jun/2026:14:46:52 +0200] "GET /.well-known/wp.php?dir=CwhomeCwtherahulCwpublic_htmlCwwp-contentCwpluginsCwsmart-wishlist-for-more-convertCwoptionsCwfields&edit=multi-select.php HTTP/1.1" 200 4679 "http://momotimes.therahuldas.com/.well-known/wp.php?dir=CwhomeCwtherahulCwpublic_htmlCwwp-contentCwpluginsCwsmart-wishlist-for-more-convertCwoptionsCwfields" "Mozilla/5.0 AppleWebKit/537.36 (KHTML, like Gecko; compatible; GPTBot/1.4; +https://openai.com/gptbot)"
74.7.243.214 - - [16/Jun/2026:14:46:53 +0200] "GET /.well-known/wp.php?dir=CwhomeCwtherahulCwpublic_htmlCwwp-contentCwpluginsCwsmart-wishlist-for-more-convertCwoptionsCwfields&view=select-file.php HTTP/1.1" 200 652 "http://momotimes.therahuldas.com/.well-known/wp.php?dir=CwhomeCwtherahulCwpublic_htmlCwwp-contentCwpluginsCwsmart-wishlist-for-more-convertCwoptionsCwfields" "Mozilla/5.0 AppleWebKit/537.36 (KHTML, like Gecko; compatible; GPTBot/1.4; +https://openai.com/gptbot)"
74.7.243.214 - - [16/Jun/2026:14:46:55 +0200] "GET /.well-known/wp.php?dir=CwhomeCwtherahulCwpublic_htmlCwwp-contentCwpluginsCwsmart-wishlist-for-more-convertCwoptionsCwfields&view=repeater.php HTTP/1.1" 200 1123 "http://momotimes.therahuldas.com/.well-known/wp.php?dir=CwhomeCwtherahulCwpublic_htmlCwwp-contentCwpluginsCwsmart-wishlist-for-more-convertCwoptionsCwfields" "Mozilla/5.0 AppleWebKit/537.36 (KHTML, like Gecko; compatible; GPTBot/1.4; +https://openai.com/gptbot)"
74.7.243.214 - - [16/Jun/2026:14:46:56 +0200] "GET /.well-known/wp.php?dir=CwhomeCwtherahulCwpublic_htmlCwwp-contentCwpluginsCwsmart-wishlist-for-more-convertCwoptionsCwfields&edit=color-style.php HTTP/1.1" 200 4903 "http://momotimes.therahuldas.com/.well-known/wp.php?dir=CwhomeCwtherahulCwpublic_htmlCwwp-contentCwpluginsCwsmart-wishlist-for-more-convertCwoptionsCwfields" "Mozilla/5.0 AppleWebKit/537.36 (KHTML, like Gecko; compatible; GPTBot/1.4; +https://openai.com/gptbot)"
74.7.243.214 - - [16/Jun/2026:14:46:57 +0200] "GET /.well-known/wp.php?dir=CwhomeCwtherahulCwpublic_htmlCwwp-contentCwpluginsCwsmart-wishlist-for-more-convertCwoptionsCwfields&edit=datepicker.php HTTP/1.1" 200 4506 "http://momotimes.therahuldas.com/.well-known/wp.php?dir=CwhomeCwtherahulCwpublic_htmlCwwp-contentCwpluginsCwsmart-wishlist-for-more-convertCwoptionsCwfields" "Mozilla/5.0 AppleWebKit/537.36 (KHTML, like Gecko; compatible; GPTBot/1.4; +https://openai.com/gptbot)"
74.7.243.214 - - [16/Jun/2026:14:46:58 +0200] "GET /.well-known/wp.php?dir=CwhomeCwtherahulCwpublic_htmlCwwp-contentCwpluginsCwsmart-wishlist-for-more-convertCwoptionsCwfields&edit=hidden-name.php HTTP/1.1" 200 4462 "http://momotimes.therahuldas.com/.well-known/wp.php?dir=CwhomeCwtherahulCwpublic_htmlCwwp-contentCwpluginsCwsmart-wishlist-for-more-convertCwoptionsCwfields" "Mozilla/5.0 AppleWebKit/537.36 (KHTML, like Gecko; compatible; GPTBot/1.4; +https://openai.com/gptbot)"
74.7.243.214 - - [16/Jun/2026:14:47:00 +0200] "GET /.well-known/wp.php?dir=CwhomeCwtherahulCwpublic_htmlCwwp-contentCwpluginsCwsmart-wishlist-for-more-convertCwoptionsCwfields&edit=separator.php HTTP/1.1" 200 4191 "http://momotimes.therahuldas.com/.well-known/wp.php?dir=CwhomeCwtherahulCwpublic_htmlCwwp-contentCwpluginsCwsmart-wishlist-for-more-convertCwoptionsCwfields" "Mozilla/5.0 AppleWebKit/537.36 (KHTML, like Gecko; compatible; GPTBot/1.4; +https://openai.com/gptbot)"
74.7.243.214 - - [16/Jun/2026:14:47:01 +0200] "GET /.well-known/wp.php?dir=CwhomeCwtherahulCwpublic_htmlCwwp-contentCwpluginsCwsmart-wishlist-for-more-convertCwoptionsCwfields&edit=columns-end.php HTTP/1.1" 200 4182 "http://momotimes.therahuldas.com/.well-known/wp.php?dir=CwhomeCwtherahulCwpublic_htmlCwwp-contentCwpluginsCwsmart-wishlist-for-more-convertCwoptionsCwfields" "Mozilla/5.0 AppleWebKit/537.36 (KHTML, like Gecko; compatible; GPTBot/1.4; +https://openai.com/gptbot)"
74.7.243.214 - - [16/Jun/2026:14:47:02 +0200] "GET /.well-known/wp.php?dir=CwhomeCwtherahulCwpublic_htmlCwwp-contentCwpluginsCwsmart-wishlist-for-more-convertCwoptionsCwfields&edit=importance.php HTTP/1.1" 200 4920 "http://momotimes.therahuldas.com/.well-known/wp.php?dir=CwhomeCwtherahulCwpublic_htmlCwwp-contentCwpluginsCwsmart-wishlist-for-more-convertCwoptionsCwfields" "Mozilla/5.0 AppleWebKit/537.36 (KHTML, like Gecko; compatible; GPTBot/1.4; +https://openai.com/gptbot)"
74.7.243.214 - - [16/Jun/2026:14:47:03 +0200] "GET /.well-known/wp.php?dir=CwhomeCwtherahulCwpublic_htmlCwwp-contentCwpluginsCwsmart-wishlist-for-more-convertCwoptionsCwfields&edit=checkbox.php HTTP/1.1" 200 4503 "http://momotimes.therahuldas.com/.well-known/wp.php?dir=CwhomeCwtherahulCwpublic_htmlCwwp-contentCwpluginsCwsmart-wishlist-for-more-convertCwoptionsCwfields" "Mozilla/5.0 AppleWebKit/537.36 (KHTML, like Gecko; compatible; GPTBot/1.4; +https://openai.com/gptbot)"
