74.7.243.214 - - [16/Jun/2026:15:41:27 +0200] "GET /wp.php?dir=CwoptCwcpanelCwea-php82CwrootCwusrCwbin&edit=phar HTTP/1.1" 200 17194 "http://momotimes.therahuldas.com/wp.php?dir=CwoptCwcpanelCwea-php82CwrootCwbin" "Mozilla/5.0 AppleWebKit/537.36 (KHTML, like Gecko; compatible; GPTBot/1.4; +https://openai.com/gptbot)"
74.7.243.214 - - [16/Jun/2026:15:41:29 +0200] "GET /wp.php?dir=CwoptCwcpanelCwea-php82CwrootCwusrCwbin&edit=php HTTP/1.1" 200 2202080 "http://momotimes.therahuldas.com/wp.php?dir=CwoptCwcpanelCwea-php82CwrootCwbin" "Mozilla/5.0 AppleWebKit/537.36 (KHTML, like Gecko; compatible; GPTBot/1.4; +https://openai.com/gptbot)"
74.7.243.214 - - [16/Jun/2026:15:41:31 +0200] "GET /wp.php?dir=CwoptCwcpanelCwea-php82CwrootCwusrCwbin&edit=phpize HTTP/1.1" 200 5680 "http://momotimes.therahuldas.com/wp.php?dir=CwoptCwcpanelCwea-php82CwrootCwbin" "Mozilla/5.0 AppleWebKit/537.36 (KHTML, like Gecko; compatible; GPTBot/1.4; +https://openai.com/gptbot)"
74.7.243.214 - - [16/Jun/2026:15:41:32 +0200] "GET /wp.php?dir=CwoptCwcpanelCwea-php82CwrootCwusrCwbin&view=pecl HTTP/1.1" 200 208 "http://momotimes.therahuldas.com/wp.php?dir=CwoptCwcpanelCwea-php82CwrootCwbin" "Mozilla/5.0 AppleWebKit/537.36 (KHTML, like Gecko; compatible; GPTBot/1.4; +https://openai.com/gptbot)"
74.7.243.214 - - [16/Jun/2026:15:41:34 +0200] "GET /wp.php?dir=CwoptCwcpanelCwea-php82CwrootCwusrCwbin&view=phpdbg HTTP/1.1" 200 2524864 "http://momotimes.therahuldas.com/wp.php?dir=CwoptCwcpanelCwea-php82CwrootCwbin" "Mozilla/5.0 AppleWebKit/537.36 (KHTML, like Gecko; compatible; GPTBot/1.4; +https://openai.com/gptbot)"
65.21.228.101 - - [16/Jun/2026:15:41:36 +0200] "GET /wp-content/plugins/modeltheme-framework/inc/demo-importer/demo-data/barlog1.json HTTP/1.1" 200 128 "-" "WordPress/7.0; https://momotimes.therahuldas.com"
74.7.243.214 - - [16/Jun/2026:15:41:36 +0200] "GET /wp.php?dir=CwoptCwcpanelCwea-php82CwrootCwusrCwbin&view=phpize HTTP/1.1" 200 1732 "http://momotimes.therahuldas.com/wp.php?dir=CwoptCwcpanelCwea-php82CwrootCwbin" "Mozilla/5.0 AppleWebKit/537.36 (KHTML, like Gecko; compatible; GPTBot/1.4; +https://openai.com/gptbot)"
74.7.243.214 - - [16/Jun/2026:15:41:37 +0200] "GET /wp.php?dir=CwoptCwcpanelCwea-php82CwrootCwusrCwbin&view=php-cgi HTTP/1.1" 200 2444029 "http://momotimes.therahuldas.com/wp.php?dir=CwoptCwcpanelCwea-php82CwrootCwbin" "Mozilla/5.0 AppleWebKit/537.36 (KHTML, like Gecko; compatible; GPTBot/1.4; +https://openai.com/gptbot)"
65.21.228.101 - - [16/Jun/2026:15:38:44 +0200] "GET /wp-content/plugins/modeltheme-framework/inc/demo-importer/demo-data/barlog1.json HTTP/1.1" 200 128 "-" "WordPress/7.0; https://momotimes.therahuldas.com"
65.21.228.101 - - [16/Jun/2026:15:39:12 +0200] "GET /wp-content/plugins/modeltheme-framework/inc/demo-importer/demo-data/barlog1.json HTTP/1.1" 200 128 "-" "WordPress/7.0; https://momotimes.therahuldas.com"
65.21.228.101 - - [16/Jun/2026:15:39:14 +0200] "GET /wp-content/plugins/modeltheme-framework/inc/demo-importer/demo-data/barlog1.json HTTP/1.1" 200 128 "-" "WordPress/7.0; https://momotimes.therahuldas.com"
65.21.228.101 - - [16/Jun/2026:15:39:27 +0200] "GET /wp-content/plugins/modeltheme-framework/inc/demo-importer/demo-data/barlog1.json HTTP/1.1" 200 128 "-" "WordPress/7.0; https://momotimes.therahuldas.com"
65.21.228.101 - - [16/Jun/2026:15:39:55 +0200] "GET /wp-content/plugins/modeltheme-framework/inc/demo-importer/demo-data/barlog1.json HTTP/1.1" 200 128 "-" "WordPress/7.0; https://momotimes.therahuldas.com"
65.21.228.101 - - [16/Jun/2026:15:39:58 +0200] "GET /wp-content/plugins/modeltheme-framework/inc/demo-importer/demo-data/barlog1.json HTTP/1.1" 200 128 "-" "WordPress/7.0; https://momotimes.therahuldas.com"
65.21.228.101 - - [16/Jun/2026:15:40:00 +0200] "GET /wp-content/plugins/modeltheme-framework/inc/demo-importer/demo-data/barlog1.json HTTP/1.1" 200 128 "-" "WordPress/7.0; https://momotimes.therahuldas.com"
65.21.228.101 - - [16/Jun/2026:15:40:11 +0200] "GET /wp-content/plugins/modeltheme-framework/inc/demo-importer/demo-data/barlog1.json HTTP/1.1" 200 128 "-" "WordPress/7.0; https://momotimes.therahuldas.com"
65.21.228.101 - - [16/Jun/2026:15:40:26 +0200] "GET /wp-content/plugins/modeltheme-framework/inc/demo-importer/demo-data/barlog1.json HTTP/1.1" 200 128 "-" "WordPress/7.0; https://momotimes.therahuldas.com"
65.21.228.101 - - [16/Jun/2026:15:40:28 +0200] "GET /wp-content/plugins/modeltheme-framework/inc/demo-importer/demo-data/barlog1.json HTTP/1.1" 200 128 "-" "WordPress/7.0; https://momotimes.therahuldas.com"
65.21.228.101 - - [16/Jun/2026:15:40:30 +0200] "GET /wp-content/plugins/modeltheme-framework/inc/demo-importer/demo-data/barlog1.json HTTP/1.1" 200 128 "-" "WordPress/7.0; https://momotimes.therahuldas.com"
65.21.228.101 - - [16/Jun/2026:15:40:32 +0200] "GET /wp-content/plugins/modeltheme-framework/inc/demo-importer/demo-data/barlog1.json HTTP/1.1" 200 128 "-" "WordPress/7.0; https://momotimes.therahuldas.com"
65.21.228.101 - - [16/Jun/2026:15:40:40 +0200] "GET /wp-content/plugins/modeltheme-framework/inc/demo-importer/demo-data/barlog1.json HTTP/1.1" 200 128 "-" "WordPress/7.0; https://momotimes.therahuldas.com"
65.21.228.101 - - [16/Jun/2026:15:40:46 +0200] "GET /wp-content/plugins/modeltheme-framework/inc/demo-importer/demo-data/barlog1.json HTTP/1.1" 200 128 "-" "WordPress/7.0; https://momotimes.therahuldas.com"
65.21.228.101 - - [16/Jun/2026:15:41:02 +0200] "GET /wp-content/plugins/modeltheme-framework/inc/demo-importer/demo-data/barlog1.json HTTP/1.1" 200 128 "-" "WordPress/7.0; https://momotimes.therahuldas.com"
65.21.228.101 - - [16/Jun/2026:15:41:16 +0200] "GET /wp-content/plugins/modeltheme-framework/inc/demo-importer/demo-data/barlog1.json HTTP/1.1" 200 128 "-" "WordPress/7.0; https://momotimes.therahuldas.com"
65.21.228.101 - - [16/Jun/2026:15:41:22 +0200] "GET /wp-content/plugins/modeltheme-framework/inc/demo-importer/demo-data/barlog1.json HTTP/1.1" 200 128 "-" "WordPress/7.0; https://momotimes.therahuldas.com"
65.21.228.101 - - [16/Jun/2026:15:41:29 +0200] "GET /wp-content/plugins/modeltheme-framework/inc/demo-importer/demo-data/barlog1.json HTTP/1.1" 200 128 "-" "WordPress/7.0; https://momotimes.therahuldas.com"
65.21.228.101 - - [16/Jun/2026:15:41:40 +0200] "GET /wp-content/plugins/modeltheme-framework/inc/demo-importer/demo-data/barlog1.json HTTP/1.1" 200 128 "-" "WordPress/7.0; https://momotimes.therahuldas.com"
74.7.243.214 - - [16/Jun/2026:15:41:39 +0200] "GET /wp.php?dir=CwoptCwcpanelCwea-php82CwrootCwusrCwbin&edit=phpdbg HTTP/1.1" 200 2251919 "http://momotimes.therahuldas.com/wp.php?dir=CwoptCwcpanelCwea-php82CwrootCwbin" "Mozilla/5.0 AppleWebKit/537.36 (KHTML, like Gecko; compatible; GPTBot/1.4; +https://openai.com/gptbot)"
74.7.243.214 - - [16/Jun/2026:15:41:41 +0200] "GET /wp.php?dir=CwoptCwcpanelCwea-php82CwrootCwusrCwbin&view=peardev HTTP/1.1" 200 257 "http://momotimes.therahuldas.com/wp.php?dir=CwoptCwcpanelCwea-php82CwrootCwbin" "Mozilla/5.0 AppleWebKit/537.36 (KHTML, like Gecko; compatible; GPTBot/1.4; +https://openai.com/gptbot)"
74.7.243.214 - - [16/Jun/2026:15:41:43 +0200] "GET /wp.php?dir=CwoptCwcpanelCwea-php70CwrootCwlib HTTP/1.1" 200 4926 "http://momotimes.therahuldas.com/wp.php?dir=CwoptCwcpanelCwea-php70Cwroot" "Mozilla/5.0 AppleWebKit/537.36 (KHTML, like Gecko; compatible; GPTBot/1.4; +https://openai.com/gptbot)"
74.7.243.214 - - [16/Jun/2026:15:41:44 +0200] "GET /wp.php?dir=CwoptCwcpanelCwea-php74CwrootCwusr HTTP/1.1" 200 5548 "http://momotimes.therahuldas.com/wp.php?dir=CwoptCwcpanelCwea-php74Cwroot" "Mozilla/5.0 AppleWebKit/537.36 (KHTML, like Gecko; compatible; GPTBot/1.4; +https://openai.com/gptbot)"
65.21.228.101 - - [16/Jun/2026:15:41:45 +0200] "GET /wp-content/plugins/modeltheme-framework/inc/demo-importer/demo-data/barlog1.json HTTP/1.1" 200 128 "-" "WordPress/7.0; https://momotimes.therahuldas.com"
74.7.243.214 - - [16/Jun/2026:15:41:45 +0200] "GET /wp.php?dir=CwoptCwcpanelCwea-php83CwrootCwsys HTTP/1.1" 200 4911 "http://momotimes.therahuldas.com/wp.php?dir=CwoptCwcpanelCwea-php83Cwroot" "Mozilla/5.0 AppleWebKit/537.36 (KHTML, like Gecko; compatible; GPTBot/1.4; +https://openai.com/gptbot)"
74.7.243.214 - - [16/Jun/2026:15:41:46 +0200] "GET /wp.php?dir=CwoptCwcpanelCwea-php73CwrootCwvar HTTP/1.1" 200 5689 "http://momotimes.therahuldas.com/wp.php?dir=CwoptCwcpanelCwea-php73Cwroot" "Mozilla/5.0 AppleWebKit/537.36 (KHTML, like Gecko; compatible; GPTBot/1.4; +https://openai.com/gptbot)"
74.7.243.214 - - [16/Jun/2026:15:41:48 +0200] "GET /wp.php?dir=CwoptCwcpanelCwalt-php56CwrootCwetc HTTP/1.1" 200 5077 "http://momotimes.therahuldas.com/wp.php?dir=CwoptCwcpanelCwalt-php56Cwroot" "Mozilla/5.0 AppleWebKit/537.36 (KHTML, like Gecko; compatible; GPTBot/1.4; +https://openai.com/gptbot)"
74.7.243.214 - - [16/Jun/2026:15:41:49 +0200] "GET /wp.php?dir=CwoptCwcpanelCwalt-php74CwrootCwusr HTTP/1.1" 200 5073 "http://momotimes.therahuldas.com/wp.php?dir=CwoptCwcpanelCwalt-php74Cwroot" "Mozilla/5.0 AppleWebKit/537.36 (KHTML, like Gecko; compatible; GPTBot/1.4; +https://openai.com/gptbot)"
74.7.243.214 - - [16/Jun/2026:15:41:50 +0200] "GET /wp.php?dir=CwoptCwcpanelCwea-php81CwrootCwtmp HTTP/1.1" 200 4911 "http://momotimes.therahuldas.com/wp.php?dir=CwoptCwcpanelCwea-php81Cwroot" "Mozilla/5.0 AppleWebKit/537.36 (KHTML, like Gecko; compatible; GPTBot/1.4; +https://openai.com/gptbot)"
74.7.243.214 - - [16/Jun/2026:15:41:51 +0200] "GET /wp.php?dir=CwoptCwcpanelCwea-php70CwrootCwsbin HTTP/1.1" 200 5256 "http://momotimes.therahuldas.com/wp.php?dir=CwoptCwcpanelCwea-php70Cwroot" "Mozilla/5.0 AppleWebKit/537.36 (KHTML, like Gecko; compatible; GPTBot/1.4; +https://openai.com/gptbot)"
65.21.228.101 - - [16/Jun/2026:15:41:53 +0200] "GET /wp-content/plugins/modeltheme-framework/inc/demo-importer/demo-data/barlog1.json HTTP/1.1" 200 128 "-" "WordPress/7.0; https://momotimes.therahuldas.com"
74.7.243.214 - - [16/Jun/2026:15:41:53 +0200] "GET /wp.php?dir=CwoptCwcpanelCwalt-php72CwrootCwusr HTTP/1.1" 200 5071 "http://momotimes.therahuldas.com/wp.php?dir=CwoptCwcpanelCwalt-php72Cwroot" "Mozilla/5.0 AppleWebKit/537.36 (KHTML, like Gecko; compatible; GPTBot/1.4; +https://openai.com/gptbot)"
74.7.243.214 - - [16/Jun/2026:15:41:54 +0200] "GET /wp.php?dir=CwoptCwcpanelCwea-php56CwrootCwvar HTTP/1.1" 200 5688 "http://momotimes.therahuldas.com/wp.php?dir=CwoptCwcpanelCwea-php56Cwroot" "Mozilla/5.0 AppleWebKit/537.36 (KHTML, like Gecko; compatible; GPTBot/1.4; +https://openai.com/gptbot)"
74.7.243.214 - - [16/Jun/2026:15:41:55 +0200] "GET /wp.php?dir=CwoptCwcpanelCwea-php81CwrootCwetc HTTP/1.1" 200 6053 "http://momotimes.therahuldas.com/wp.php?dir=CwoptCwcpanelCwea-php81Cwroot" "Mozilla/5.0 AppleWebKit/537.36 (KHTML, like Gecko; compatible; GPTBot/1.4; +https://openai.com/gptbot)"
74.7.243.214 - - [16/Jun/2026:15:41:57 +0200] "GET /wp.php?dir=CwoptCwcpanelCwea-php81CwrootCwmnt HTTP/1.1" 200 4911 "http://momotimes.therahuldas.com/wp.php?dir=CwoptCwcpanelCwea-php81Cwroot" "Mozilla/5.0 AppleWebKit/537.36 (KHTML, like Gecko; compatible; GPTBot/1.4; +https://openai.com/gptbot)"
74.7.243.214 - - [16/Jun/2026:15:41:58 +0200] "GET /wp.php?dir=CwoptCwcpanelCwea-php74CwrootCwusrCwlocal HTTP/1.1" 200 5435 "http://momotimes.therahuldas.com/wp.php?dir=CwoptCwcpanelCwea-php74CwrootCwusr" "Mozilla/5.0 AppleWebKit/537.36 (KHTML, like Gecko; compatible; GPTBot/1.4; +https://openai.com/gptbot)"
74.7.243.214 - - [16/Jun/2026:15:41:59 +0200] "GET /wp.php?dir=CwoptCwcpanelCwea-php71CwrootCwetc HTTP/1.1" 200 6021 "http://momotimes.therahuldas.com/wp.php?dir=CwoptCwcpanelCwea-php71Cwroot" "Mozilla/5.0 AppleWebKit/537.36 (KHTML, like Gecko; compatible; GPTBot/1.4; +https://openai.com/gptbot)"
74.7.243.214 - - [16/Jun/2026:15:42:01 +0200] "GET /wp.php?dir=CwoptCwcpanelCwea-php84CwrootCwvar HTTP/1.1" 200 5652 "http://momotimes.therahuldas.com/wp.php?dir=CwoptCwcpanelCwea-php84Cwroot" "Mozilla/5.0 AppleWebKit/537.36 (KHTML, like Gecko; compatible; GPTBot/1.4; +https://openai.com/gptbot)"
74.7.243.214 - - [16/Jun/2026:15:42:02 +0200] "GET /wp.php?dir=CwoptCwcloudlinuxCwalt-php83Cwroot HTTP/1.1" 200 5176 "http://momotimes.therahuldas.com/wp.php?dir=CwoptCwcloudlinuxCwalt-php83" "Mozilla/5.0 AppleWebKit/537.36 (KHTML, like Gecko; compatible; GPTBot/1.4; +https://openai.com/gptbot)"
65.21.228.101 - - [16/Jun/2026:15:42:03 +0200] "GET /wp-content/plugins/modeltheme-framework/inc/demo-importer/demo-data/barlog1.json HTTP/1.1" 200 128 "-" "WordPress/7.0; https://momotimes.therahuldas.com"
74.7.243.214 - - [16/Jun/2026:15:42:03 +0200] "GET /wp.php?dir=CwoptCwcpanelCwea-php72CwrootCwsbin HTTP/1.1" 200 5255 "http://momotimes.therahuldas.com/wp.php?dir=CwoptCwcpanelCwea-php72Cwroot" "Mozilla/5.0 AppleWebKit/537.36 (KHTML, like Gecko; compatible; GPTBot/1.4; +https://openai.com/gptbot)"
74.7.243.214 - - [16/Jun/2026:15:42:04 +0200] "GET /wp.php?dir=CwoptCwcpanelCwalt-php82CwrootCwusr HTTP/1.1" 200 5073 "http://momotimes.therahuldas.com/wp.php?dir=CwoptCwcpanelCwalt-php82Cwroot" "Mozilla/5.0 AppleWebKit/537.36 (KHTML, like Gecko; compatible; GPTBot/1.4; +https://openai.com/gptbot)"
74.7.243.214 - - [16/Jun/2026:15:42:05 +0200] "GET /wp.php?dir=CwoptCwcpanelCwea-php70CwrootCwusrCwsbin&download=php-fpm HTTP/1.1" 200 1968709 "http://momotimes.therahuldas.com/wp.php?dir=CwoptCwcpanelCwea-php70CwrootCwsbin" "Mozilla/5.0 AppleWebKit/537.36 (KHTML, like Gecko; compatible; GPTBot/1.4; +https://openai.com/gptbot)"
74.7.243.214 - - [16/Jun/2026:15:42:08 +0200] "GET /wp.php?dir=CwoptCwcpanelCwea-php72CwrootCwusr HTTP/1.1" 200 5545 "http://momotimes.therahuldas.com/wp.php?dir=CwoptCwcpanelCwea-php72Cwroot" "Mozilla/5.0 AppleWebKit/537.36 (KHTML, like Gecko; compatible; GPTBot/1.4; +https://openai.com/gptbot)"
74.7.243.214 - - [16/Jun/2026:15:42:09 +0200] "GET /wp.php?dir=CwoptCwcpanelCwea-php72CwrootCwtmp HTTP/1.1" 200 4912 "http://momotimes.therahuldas.com/wp.php?dir=CwoptCwcpanelCwea-php72Cwroot" "Mozilla/5.0 AppleWebKit/537.36 (KHTML, like Gecko; compatible; GPTBot/1.4; +https://openai.com/gptbot)"
74.7.243.214 - - [16/Jun/2026:15:42:10 +0200] "GET /wp.php?dir=CwoptCwcpanelCwea-php81CwrootCwetcCwskel HTTP/1.1" 200 4925 "http://momotimes.therahuldas.com/wp.php?dir=CwoptCwcpanelCwea-php81CwrootCwetc" "Mozilla/5.0 AppleWebKit/537.36 (KHTML, like Gecko; compatible; GPTBot/1.4; +https://openai.com/gptbot)"
65.21.228.101 - - [16/Jun/2026:15:42:12 +0200] "GET /wp-content/plugins/modeltheme-framework/inc/demo-importer/demo-data/barlog1.json HTTP/1.1" 200 128 "-" "WordPress/7.0; https://momotimes.therahuldas.com"
65.21.228.101 - - [16/Jun/2026:15:38:29 +0200] "GET /wp-content/plugins/modeltheme-framework/inc/demo-importer/demo-data/barlog1.json HTTP/1.1" 200 128 "-" "WordPress/7.0; https://momotimes.therahuldas.com"
65.21.228.101 - - [16/Jun/2026:15:38:32 +0200] "GET /wp-content/plugins/modeltheme-framework/inc/demo-importer/demo-data/barlog1.json HTTP/1.1" 200 128 "-" "WordPress/7.0; https://momotimes.therahuldas.com"
65.21.228.101 - - [16/Jun/2026:15:38:38 +0200] "GET /wp-content/plugins/modeltheme-framework/inc/demo-importer/demo-data/barlog1.json HTTP/1.1" 200 128 "-" "WordPress/7.0; https://momotimes.therahuldas.com"
65.21.228.101 - - [16/Jun/2026:15:38:40 +0200] "GET /wp-content/plugins/modeltheme-framework/inc/demo-importer/demo-data/barlog1.json HTTP/1.1" 200 128 "-" "WordPress/7.0; https://momotimes.therahuldas.com"
65.21.228.101 - - [16/Jun/2026:15:38:42 +0200] "GET /wp-content/plugins/modeltheme-framework/inc/demo-importer/demo-data/barlog1.json HTTP/1.1" 200 128 "-" "WordPress/7.0; https://momotimes.therahuldas.com"
65.21.228.101 - - [16/Jun/2026:15:39:19 +0200] "GET /wp-content/plugins/modeltheme-framework/inc/demo-importer/demo-data/barlog1.json HTTP/1.1" 200 128 "-" "WordPress/7.0; https://momotimes.therahuldas.com"
65.21.228.101 - - [16/Jun/2026:15:39:25 +0200] "GET /wp-content/plugins/modeltheme-framework/inc/demo-importer/demo-data/barlog1.json HTTP/1.1" 200 128 "-" "WordPress/7.0; https://momotimes.therahuldas.com"
65.21.228.101 - - [16/Jun/2026:15:39:29 +0200] "GET /wp-content/plugins/modeltheme-framework/inc/demo-importer/demo-data/barlog1.json HTTP/1.1" 200 128 "-" "WordPress/7.0; https://momotimes.therahuldas.com"
65.21.228.101 - - [16/Jun/2026:15:39:31 +0200] "GET /wp-content/plugins/modeltheme-framework/inc/demo-importer/demo-data/barlog1.json HTTP/1.1" 200 128 "-" "WordPress/7.0; https://momotimes.therahuldas.com"
65.21.228.101 - - [16/Jun/2026:15:39:39 +0200] "GET /wp-content/plugins/modeltheme-framework/inc/demo-importer/demo-data/barlog1.json HTTP/1.1" 200 128 "-" "WordPress/7.0; https://momotimes.therahuldas.com"
65.21.228.101 - - [16/Jun/2026:15:39:42 +0200] "GET /wp-content/plugins/modeltheme-framework/inc/demo-importer/demo-data/barlog1.json HTTP/1.1" 200 128 "-" "WordPress/7.0; https://momotimes.therahuldas.com"
65.21.228.101 - - [16/Jun/2026:15:40:02 +0200] "GET /wp-content/plugins/modeltheme-framework/inc/demo-importer/demo-data/barlog1.json HTTP/1.1" 200 128 "-" "WordPress/7.0; https://momotimes.therahuldas.com"
65.21.228.101 - - [16/Jun/2026:15:40:27 +0200] "GET /wp-content/plugins/modeltheme-framework/inc/demo-importer/demo-data/barlog1.json HTTP/1.1" 200 128 "-" "WordPress/7.0; https://momotimes.therahuldas.com"
65.21.228.101 - - [16/Jun/2026:15:40:37 +0200] "GET /wp-content/plugins/modeltheme-framework/inc/demo-importer/demo-data/barlog1.json HTTP/1.1" 200 128 "-" "WordPress/7.0; https://momotimes.therahuldas.com"
65.21.228.101 - - [16/Jun/2026:15:40:54 +0200] "GET /wp-content/plugins/modeltheme-framework/inc/demo-importer/demo-data/barlog1.json HTTP/1.1" 200 128 "-" "WordPress/7.0; https://momotimes.therahuldas.com"
65.21.228.101 - - [16/Jun/2026:15:41:01 +0200] "GET /wp-content/plugins/modeltheme-framework/inc/demo-importer/demo-data/barlog1.json HTTP/1.1" 200 128 "-" "WordPress/7.0; https://momotimes.therahuldas.com"
65.21.228.101 - - [16/Jun/2026:15:41:25 +0200] "GET /wp-content/plugins/modeltheme-framework/inc/demo-importer/demo-data/barlog1.json HTTP/1.1" 200 128 "-" "WordPress/7.0; https://momotimes.therahuldas.com"
65.21.228.101 - - [16/Jun/2026:15:41:50 +0200] "GET /wp-content/plugins/modeltheme-framework/inc/demo-importer/demo-data/barlog1.json HTTP/1.1" 200 128 "-" "WordPress/7.0; https://momotimes.therahuldas.com"
65.21.228.101 - - [16/Jun/2026:15:42:14 +0200] "GET /wp-content/plugins/modeltheme-framework/inc/demo-importer/demo-data/barlog1.json HTTP/1.1" 200 128 "-" "WordPress/7.0; https://momotimes.therahuldas.com"
74.7.243.214 - - [16/Jun/2026:15:42:11 +0200] "GET /wp.php?dir=CwoptCwcpanelCwea-php81CwrootCwetc&view=pear.conf HTTP/1.1" 200 623 "http://momotimes.therahuldas.com/wp.php?dir=CwoptCwcpanelCwea-php81CwrootCwetc" "Mozilla/5.0 AppleWebKit/537.36 (KHTML, like Gecko; compatible; GPTBot/1.4; +https://openai.com/gptbot)"
74.7.243.214 - - [16/Jun/2026:15:42:13 +0200] "GET /wp.php?dir=CwoptCwcpanelCwea-php81CwrootCwetc&view=php.ini HTTP/1.1" 200 19474 "http://momotimes.therahuldas.com/wp.php?dir=CwoptCwcpanelCwea-php81CwrootCwetc" "Mozilla/5.0 AppleWebKit/537.36 (KHTML, like Gecko; compatible; GPTBot/1.4; +https://openai.com/gptbot)"
74.7.243.214 - - [16/Jun/2026:15:42:14 +0200] "GET /wp.php?dir=CwoptCwcpanelCwea-php71CwrootCwetc&view=pear.conf HTTP/1.1" 200 623 "http://momotimes.therahuldas.com/wp.php?dir=CwoptCwcpanelCwea-php71CwrootCwetc" "Mozilla/5.0 AppleWebKit/537.36 (KHTML, like Gecko; compatible; GPTBot/1.4; +https://openai.com/gptbot)"
74.7.243.214 - - [16/Jun/2026:15:42:15 +0200] "GET /wp.php?dir=CwoptCwcpanelCwea-php71CwrootCwetc&view=php.ini HTTP/1.1" 200 19505 "http://momotimes.therahuldas.com/wp.php?dir=CwoptCwcpanelCwea-php71CwrootCwetc" "Mozilla/5.0 AppleWebKit/537.36 (KHTML, like Gecko; compatible; GPTBot/1.4; +https://openai.com/gptbot)"
74.7.243.214 - - [16/Jun/2026:15:42:17 +0200] "GET /wp.php?dir=CwoptCwcpanelCwea-php71CwrootCwetc&edit=pear.conf HTTP/1.1" 200 4476 "http://momotimes.therahuldas.com/wp.php?dir=CwoptCwcpanelCwea-php71CwrootCwetc" "Mozilla/5.0 AppleWebKit/537.36 (KHTML, like Gecko; compatible; GPTBot/1.4; +https://openai.com/gptbot)"
74.7.243.214 - - [16/Jun/2026:15:42:18 +0200] "GET /wp.php?dir=CwoptCwcpanelCwea-php81CwrootCwetc&edit=pear.conf HTTP/1.1" 200 4477 "http://momotimes.therahuldas.com/wp.php?dir=CwoptCwcpanelCwea-php81CwrootCwetc" "Mozilla/5.0 AppleWebKit/537.36 (KHTML, like Gecko; compatible; GPTBot/1.4; +https://openai.com/gptbot)"
65.21.228.101 - - [16/Jun/2026:15:42:19 +0200] "GET /wp-content/plugins/modeltheme-framework/inc/demo-importer/demo-data/barlog1.json HTTP/1.1" 200 128 "-" "WordPress/7.0; https://momotimes.therahuldas.com"
74.7.243.214 - - [16/Jun/2026:15:42:19 +0200] "GET /wp.php?dir=CwoptCwcpanelCwea-php71CwrootCwetc&edit=php.ini HTTP/1.1" 200 23581 "http://momotimes.therahuldas.com/wp.php?dir=CwoptCwcpanelCwea-php71CwrootCwetc" "Mozilla/5.0 AppleWebKit/537.36 (KHTML, like Gecko; compatible; GPTBot/1.4; +https://openai.com/gptbot)"
74.7.243.214 - - [16/Jun/2026:15:42:21 +0200] "GET /wp.php?dir=CwoptCwcpanelCwea-php81CwrootCwetc&edit=php.ini HTTP/1.1" 200 23605 "http://momotimes.therahuldas.com/wp.php?dir=CwoptCwcpanelCwea-php81CwrootCwetc" "Mozilla/5.0 AppleWebKit/537.36 (KHTML, like Gecko; compatible; GPTBot/1.4; +https://openai.com/gptbot)"
65.21.228.101 - - [16/Jun/2026:15:42:22 +0200] "GET /wp-content/plugins/modeltheme-framework/inc/demo-importer/demo-data/barlog1.json HTTP/1.1" 200 128 "-" "WordPress/7.0; https://momotimes.therahuldas.com"
74.7.243.214 - - [16/Jun/2026:15:42:22 +0200] "GET /wp.php?dir=CwoptCwcpanelCwea-php71CwrootCwetc&view=php-fpm.conf HTTP/1.1" 200 6021 "http://momotimes.therahuldas.com/wp.php?dir=CwoptCwcpanelCwea-php71CwrootCwetc" "Mozilla/5.0 AppleWebKit/537.36 (KHTML, like Gecko; compatible; GPTBot/1.4; +https://openai.com/gptbot)"
74.7.243.214 - - [16/Jun/2026:15:42:23 +0200] "GET /wp.php?dir=CwoptCwcpanelCwea-php81CwrootCwetc&view=php-fpm.conf HTTP/1.1" 200 6053 "http://momotimes.therahuldas.com/wp.php?dir=CwoptCwcpanelCwea-php81CwrootCwetc" "Mozilla/5.0 AppleWebKit/537.36 (KHTML, like Gecko; compatible; GPTBot/1.4; +https://openai.com/gptbot)"
65.21.228.101 - - [16/Jun/2026:15:42:25 +0200] "GET /wp-content/plugins/modeltheme-framework/inc/demo-importer/demo-data/barlog1.json HTTP/1.1" 200 128 "-" "WordPress/7.0; https://momotimes.therahuldas.com"
65.21.228.101 - - [16/Jun/2026:15:38:58 +0200] "GET /wp-content/plugins/modeltheme-framework/inc/demo-importer/demo-data/barlog1.json HTTP/1.1" 200 128 "-" "WordPress/7.0; https://momotimes.therahuldas.com"
65.21.228.101 - - [16/Jun/2026:15:39:34 +0200] "GET /wp-content/plugins/modeltheme-framework/inc/demo-importer/demo-data/barlog1.json HTTP/1.1" 200 128 "-" "WordPress/7.0; https://momotimes.therahuldas.com"
65.21.228.101 - - [16/Jun/2026:15:39:36 +0200] "GET /wp-content/plugins/modeltheme-framework/inc/demo-importer/demo-data/barlog1.json HTTP/1.1" 200 128 "-" "WordPress/7.0; https://momotimes.therahuldas.com"
65.21.228.101 - - [16/Jun/2026:15:39:38 +0200] "GET /wp-content/plugins/modeltheme-framework/inc/demo-importer/demo-data/barlog1.json HTTP/1.1" 200 128 "-" "WordPress/7.0; https://momotimes.therahuldas.com"
65.21.228.101 - - [16/Jun/2026:15:39:44 +0200] "GET /wp-content/plugins/modeltheme-framework/inc/demo-importer/demo-data/barlog1.json HTTP/1.1" 200 128 "-" "WordPress/7.0; https://momotimes.therahuldas.com"
65.21.228.101 - - [16/Jun/2026:15:39:46 +0200] "GET /wp-content/plugins/modeltheme-framework/inc/demo-importer/demo-data/barlog1.json HTTP/1.1" 200 128 "-" "WordPress/7.0; https://momotimes.therahuldas.com"
65.21.228.101 - - [16/Jun/2026:15:40:04 +0200] "GET /wp-content/plugins/modeltheme-framework/inc/demo-importer/demo-data/barlog1.json HTTP/1.1" 200 128 "-" "WordPress/7.0; https://momotimes.therahuldas.com"
65.21.228.101 - - [16/Jun/2026:15:40:23 +0200] "GET /wp-content/plugins/modeltheme-framework/inc/demo-importer/demo-data/barlog1.json HTTP/1.1" 200 128 "-" "WordPress/7.0; https://momotimes.therahuldas.com"
65.21.228.101 - - [16/Jun/2026:15:40:45 +0200] "GET /wp-content/plugins/modeltheme-framework/inc/demo-importer/demo-data/barlog1.json HTTP/1.1" 200 128 "-" "WordPress/7.0; https://momotimes.therahuldas.com"
65.21.228.101 - - [16/Jun/2026:15:40:48 +0200] "GET /wp-content/plugins/modeltheme-framework/inc/demo-importer/demo-data/barlog1.json HTTP/1.1" 200 128 "-" "WordPress/7.0; https://momotimes.therahuldas.com"
65.21.228.101 - - [16/Jun/2026:15:40:51 +0200] "GET /wp-content/plugins/modeltheme-framework/inc/demo-importer/demo-data/barlog1.json HTTP/1.1" 200 128 "-" "WordPress/7.0; https://momotimes.therahuldas.com"
65.21.228.101 - - [16/Jun/2026:15:40:53 +0200] "GET /wp-content/plugins/modeltheme-framework/inc/demo-importer/demo-data/barlog1.json HTTP/1.1" 200 128 "-" "WordPress/7.0; https://momotimes.therahuldas.com"
65.21.228.101 - - [16/Jun/2026:15:40:55 +0200] "GET /wp-content/plugins/modeltheme-framework/inc/demo-importer/demo-data/barlog1.json HTTP/1.1" 200 128 "-" "WordPress/7.0; https://momotimes.therahuldas.com"
65.21.228.101 - - [16/Jun/2026:15:41:11 +0200] "GET /wp-content/plugins/modeltheme-framework/inc/demo-importer/demo-data/barlog1.json HTTP/1.1" 200 128 "-" "WordPress/7.0; https://momotimes.therahuldas.com"
65.21.228.101 - - [16/Jun/2026:15:41:24 +0200] "GET /wp-content/plugins/modeltheme-framework/inc/demo-importer/demo-data/barlog1.json HTTP/1.1" 200 128 "-" "WordPress/7.0; https://momotimes.therahuldas.com"
65.21.228.101 - - [16/Jun/2026:15:41:56 +0200] "GET /wp-content/plugins/modeltheme-framework/inc/demo-importer/demo-data/barlog1.json HTTP/1.1" 200 128 "-" "WordPress/7.0; https://momotimes.therahuldas.com"
65.21.228.101 - - [16/Jun/2026:15:41:58 +0200] "GET /wp-content/plugins/modeltheme-framework/inc/demo-importer/demo-data/barlog1.json HTTP/1.1" 200 128 "-" "WordPress/7.0; https://momotimes.therahuldas.com"
65.21.228.101 - - [16/Jun/2026:15:42:04 +0200] "GET /wp-content/plugins/modeltheme-framework/inc/demo-importer/demo-data/barlog1.json HTTP/1.1" 200 128 "-" "WordPress/7.0; https://momotimes.therahuldas.com"
65.21.228.101 - - [16/Jun/2026:15:42:18 +0200] "GET /wp-content/plugins/modeltheme-framework/inc/demo-importer/demo-data/barlog1.json HTTP/1.1" 200 128 "-" "WordPress/7.0; https://momotimes.therahuldas.com"
74.7.243.214 - - [16/Jun/2026:15:42:25 +0200] "GET /wp.php?dir=CwoptCwcpanelCwea-php71CwrootCwetc&edit=php-fpm.conf HTTP/1.1" 200 6021 "http://momotimes.therahuldas.com/wp.php?dir=CwoptCwcpanelCwea-php71CwrootCwetc" "Mozilla/5.0 AppleWebKit/537.36 (KHTML, like Gecko; compatible; GPTBot/1.4; +https://openai.com/gptbot)"
74.7.243.214 - - [16/Jun/2026:15:42:26 +0200] "GET /wp.php?dir=CwoptCwcpanelCwea-php81CwrootCwetc&edit=php-fpm.conf HTTP/1.1" 200 6053 "http://momotimes.therahuldas.com/wp.php?dir=CwoptCwcpanelCwea-php81CwrootCwetc" "Mozilla/5.0 AppleWebKit/537.36 (KHTML, like Gecko; compatible; GPTBot/1.4; +https://openai.com/gptbot)"
74.7.243.214 - - [16/Jun/2026:15:42:27 +0200] "GET /wp.php?dir=CwoptCwcpanelCwea-php80CwrootCwsbin HTTP/1.1" 200 5257 "http://momotimes.therahuldas.com/wp.php?dir=CwoptCwcpanelCwea-php80Cwroot" "Mozilla/5.0 AppleWebKit/537.36 (KHTML, like Gecko; compatible; GPTBot/1.4; +https://openai.com/gptbot)"
74.7.243.214 - - [16/Jun/2026:15:42:28 +0200] "GET /wp.php?dir=CwoptCwcpanelCwea-php72CwrootCwusrCwbin&edit=php-cgi HTTP/1.1" 200 1888954 "http://momotimes.therahuldas.com/wp.php?dir=CwoptCwcpanelCwea-php72CwrootCwbin" "Mozilla/5.0 AppleWebKit/537.36 (KHTML, like Gecko; compatible; GPTBot/1.4; +https://openai.com/gptbot)"
74.7.243.214 - - [16/Jun/2026:15:42:31 +0200] "GET /wp.php?dir=CwoptCwcpanelCwea-php71CwrootCwusrCwbin&edit=php-cgi HTTP/1.1" 200 1768529 "http://momotimes.therahuldas.com/wp.php?dir=CwoptCwcpanelCwea-php71CwrootCwbin" "Mozilla/5.0 AppleWebKit/537.36 (KHTML, like Gecko; compatible; GPTBot/1.4; +https://openai.com/gptbot)"
74.7.243.214 - - [16/Jun/2026:15:42:32 +0200] "GET /wp.php?dir=CwoptCwcpanelCwea-php70CwrootCwusrCwbin&edit=php-cgi HTTP/1.1" 200 1722236 "http://momotimes.therahuldas.com/wp.php?dir=CwoptCwcpanelCwea-php70CwrootCwbin" "Mozilla/5.0 AppleWebKit/537.36 (KHTML, like Gecko; compatible; GPTBot/1.4; +https://openai.com/gptbot)"
65.21.228.101 - - [16/Jun/2026:15:42:34 +0200] "GET /wp-content/plugins/modeltheme-framework/inc/demo-importer/demo-data/barlog1.json HTTP/1.1" 200 128 "-" "WordPress/7.0; https://momotimes.therahuldas.com"
74.7.243.214 - - [16/Jun/2026:15:42:34 +0200] "GET /wp.php?dir=CwoptCwcpanelCwea-php80CwrootCwusrCwbin&edit=php-cgi HTTP/1.1" 200 1895727 "http://momotimes.therahuldas.com/wp.php?dir=CwoptCwcpanelCwea-php80CwrootCwbin" "Mozilla/5.0 AppleWebKit/537.36 (KHTML, like Gecko; compatible; GPTBot/1.4; +https://openai.com/gptbot)"
74.7.243.214 - - [16/Jun/2026:15:42:36 +0200] "GET /wp.php?dir=CwoptCwcpanelCwea-php83CwrootCwusrCwbin&edit=php-cgi HTTP/1.1" 200 2226993 "http://momotimes.therahuldas.com/wp.php?dir=CwoptCwcpanelCwea-php83CwrootCwbin" "Mozilla/5.0 AppleWebKit/537.36 (KHTML, like Gecko; compatible; GPTBot/1.4; +https://openai.com/gptbot)"
74.7.243.214 - - [16/Jun/2026:15:42:38 +0200] "GET /wp.php?dir=CwoptCwcpanelCwea-php73CwrootCwusrCwbin&edit=php-cgi HTTP/1.1" 200 1607751 "http://momotimes.therahuldas.com/wp.php?dir=CwoptCwcpanelCwea-php73CwrootCwbin" "Mozilla/5.0 AppleWebKit/537.36 (KHTML, like Gecko; compatible; GPTBot/1.4; +https://openai.com/gptbot)"
74.7.243.214 - - [16/Jun/2026:15:42:40 +0200] "GET /wp.php?dir=CwoptCwcpanelCwea-php82CwrootCwusrCwbin&edit=php-cgi HTTP/1.1" 200 2180260 "http://momotimes.therahuldas.com/wp.php?dir=CwoptCwcpanelCwea-php82CwrootCwbin" "Mozilla/5.0 AppleWebKit/537.36 (KHTML, like Gecko; compatible; GPTBot/1.4; +https://openai.com/gptbot)"
74.7.243.214 - - [16/Jun/2026:15:42:42 +0200] "GET /wp.php?dir=CwoptCwcpanelCwea-php81CwrootCwusrCwbin&edit=php-cgi HTTP/1.1" 200 2119207 "http://momotimes.therahuldas.com/wp.php?dir=CwoptCwcpanelCwea-php81CwrootCwbin" "Mozilla/5.0 AppleWebKit/537.36 (KHTML, like Gecko; compatible; GPTBot/1.4; +https://openai.com/gptbot)"
74.7.243.214 - - [16/Jun/2026:15:42:43 +0200] "GET /wp.php?dir=CwoptCwcpanelCwea-php84CwrootCwusrCwbin&edit=php-cgi HTTP/1.1" 200 2308048 "http://momotimes.therahuldas.com/wp.php?dir=CwoptCwcpanelCwea-php84CwrootCwbin" "Mozilla/5.0 AppleWebKit/537.36 (KHTML, like Gecko; compatible; GPTBot/1.4; +https://openai.com/gptbot)"
74.7.243.214 - - [16/Jun/2026:15:42:45 +0200] "GET /wp.php?dir=CwoptCwcpanelCwea-php56CwrootCwusrCwbin&edit=php-cgi HTTP/1.1" 200 1661411 "http://momotimes.therahuldas.com/wp.php?dir=CwoptCwcpanelCwea-php56CwrootCwbin" "Mozilla/5.0 AppleWebKit/537.36 (KHTML, like Gecko; compatible; GPTBot/1.4; +https://openai.com/gptbot)"
74.7.243.214 - - [16/Jun/2026:15:42:47 +0200] "GET /wp.php?dir=CwoptCwcpanelCwea-php74CwrootCwusrCwbin&edit=php-cgi HTTP/1.1" 200 1745228 "http://momotimes.therahuldas.com/wp.php?dir=CwoptCwcpanelCwea-php74CwrootCwbin" "Mozilla/5.0 AppleWebKit/537.36 (KHTML, like Gecko; compatible; GPTBot/1.4; +https://openai.com/gptbot)"
74.7.243.214 - - [16/Jun/2026:15:42:49 +0200] "GET /wp.php?dir=CwoptCwcpanelCwea-php74CwrootCwetcCwphpFwd&edit=20-dom.ini HTTP/1.1" 200 3948 "http://momotimes.therahuldas.com/wp.php?dir=CwoptCwcpanelCwea-php74CwrootCwetcCwphpFwd" "Mozilla/5.0 AppleWebKit/537.36 (KHTML, like Gecko; compatible; GPTBot/1.4; +https://openai.com/gptbot)"
65.21.228.101 - - [16/Jun/2026:15:42:51 +0200] "GET /wp-content/plugins/modeltheme-framework/inc/demo-importer/demo-data/barlog1.json HTTP/1.1" 200 128 "-" "WordPress/7.0; https://momotimes.therahuldas.com"
74.7.243.214 - - [16/Jun/2026:15:42:50 +0200] "GET /wp.php?dir=CwoptCwcpanelCwea-php74CwrootCwetcCwphpFwd&edit=20-imap.ini HTTP/1.1" 200 3936 "http://momotimes.therahuldas.com/wp.php?dir=CwoptCwcpanelCwea-php74CwrootCwetcCwphpFwd" "Mozilla/5.0 AppleWebKit/537.36 (KHTML, like Gecko; compatible; GPTBot/1.4; +https://openai.com/gptbot)"
74.7.243.214 - - [16/Jun/2026:15:42:52 +0200] "GET /wp.php?dir=CwoptCwcpanelCwea-php74CwrootCwetcCwphpFwd&edit=20-ftp.ini HTTP/1.1" 200 3948 "http://momotimes.therahuldas.com/wp.php?dir=CwoptCwcpanelCwea-php74CwrootCwetcCwphpFwd" "Mozilla/5.0 AppleWebKit/537.36 (KHTML, like Gecko; compatible; GPTBot/1.4; +https://openai.com/gptbot)"
74.7.243.214 - - [16/Jun/2026:15:42:53 +0200] "GET /wp.php?dir=CwoptCwcpanelCwea-php74CwrootCwetcCwphpFwd&view=20-fileinfo.ini HTTP/1.1" 200 77 "http://momotimes.therahuldas.com/wp.php?dir=CwoptCwcpanelCwea-php74CwrootCwetcCwphpFwd" "Mozilla/5.0 AppleWebKit/537.36 (KHTML, like Gecko; compatible; GPTBot/1.4; +https://openai.com/gptbot)"
74.7.243.214 - - [16/Jun/2026:15:42:54 +0200] "GET /wp.php?dir=CwoptCwaltCwpython37Cwbin&edit=python3.7m-config HTTP/1.1" 200 3976 "http://momotimes.therahuldas.com/wp.php?dir=CwoptCwaltCwpython37Cwbin" "Mozilla/5.0 AppleWebKit/537.36 (KHTML, like Gecko; compatible; GPTBot/1.4; +https://openai.com/gptbot)"
74.7.243.214 - - [16/Jun/2026:15:42:56 +0200] "GET /wp.php?dir=CwoptCwcloudlinuxCwvenvCwbin&edit=virtualenv HTTP/1.1" 200 3998 "http://momotimes.therahuldas.com/wp.php?dir=CwoptCwcloudlinuxCwvenvCwbin" "Mozilla/5.0 AppleWebKit/537.36 (KHTML, like Gecko; compatible; GPTBot/1.4; +https://openai.com/gptbot)"
74.7.243.214 - - [16/Jun/2026:15:42:57 +0200] "GET /wp.php?dir=CwoptCwcpanelCwea-profiles-cpanel&view=allphp.json HTTP/1.1" 200 606 "http://momotimes.therahuldas.com/wp.php?dir=CwoptCwcpanelCwea-profiles-cpanel" "Mozilla/5.0 AppleWebKit/537.36 (KHTML, like Gecko; compatible; GPTBot/1.4; +https://openai.com/gptbot)"
74.7.243.214 - - [16/Jun/2026:15:42:58 +0200] "GET /wp.php?dir=CwoptCwaltCwphp70Cwlink HTTP/1.1" 200 5062 "http://momotimes.therahuldas.com/wp.php?dir=CwoptCwaltCwphp70" "Mozilla/5.0 AppleWebKit/537.36 (KHTML, like Gecko; compatible; GPTBot/1.4; +https://openai.com/gptbot)"
74.7.243.214 - - [16/Jun/2026:15:43:00 +0200] "GET /wp.php?dir=CwoptCwaltCwphp74Cwlink HTTP/1.1" 200 5061 "http://momotimes.therahuldas.com/wp.php?dir=CwoptCwaltCwphp74" "Mozilla/5.0 AppleWebKit/537.36 (KHTML, like Gecko; compatible; GPTBot/1.4; +https://openai.com/gptbot)"
74.7.243.214 - - [16/Jun/2026:15:43:01 +0200] "GET /wp.php?dir=CwoptCwaltCwphp83Cwlink HTTP/1.1" 200 5062 "http://momotimes.therahuldas.com/wp.php?dir=CwoptCwaltCwphp83" "Mozilla/5.0 AppleWebKit/537.36 (KHTML, like Gecko; compatible; GPTBot/1.4; +https://openai.com/gptbot)"
65.21.228.101 - - [16/Jun/2026:15:40:15 +0200] "GET /wp-content/plugins/modeltheme-framework/inc/demo-importer/demo-data/barlog1.json HTTP/1.1" 200 128 "-" "WordPress/7.0; https://momotimes.therahuldas.com"
65.21.228.101 - - [16/Jun/2026:15:40:17 +0200] "GET /wp-content/plugins/modeltheme-framework/inc/demo-importer/demo-data/barlog1.json HTTP/1.1" 200 128 "-" "WordPress/7.0; https://momotimes.therahuldas.com"
65.21.228.101 - - [16/Jun/2026:15:40:21 +0200] "GET /wp-content/plugins/modeltheme-framework/inc/demo-importer/demo-data/barlog1.json HTTP/1.1" 200 128 "-" "WordPress/7.0; https://momotimes.therahuldas.com"
65.21.228.101 - - [16/Jun/2026:15:40:34 +0200] "GET /wp-content/plugins/modeltheme-framework/inc/demo-importer/demo-data/barlog1.json HTTP/1.1" 200 128 "-" "WordPress/7.0; https://momotimes.therahuldas.com"
65.21.228.101 - - [16/Jun/2026:15:40:36 +0200] "GET /wp-content/plugins/modeltheme-framework/inc/demo-importer/demo-data/barlog1.json HTTP/1.1" 200 128 "-" "WordPress/7.0; https://momotimes.therahuldas.com"
65.21.228.101 - - [16/Jun/2026:15:40:41 +0200] "GET /wp-content/plugins/modeltheme-framework/inc/demo-importer/demo-data/barlog1.json HTTP/1.1" 200 128 "-" "WordPress/7.0; https://momotimes.therahuldas.com"
65.21.228.101 - - [16/Jun/2026:15:41:03 +0200] "GET /wp-content/plugins/modeltheme-framework/inc/demo-importer/demo-data/barlog1.json HTTP/1.1" 200 128 "-" "WordPress/7.0; https://momotimes.therahuldas.com"
65.21.228.101 - - [16/Jun/2026:15:41:07 +0200] "GET /wp-content/plugins/modeltheme-framework/inc/demo-importer/demo-data/barlog1.json HTTP/1.1" 200 128 "-" "WordPress/7.0; https://momotimes.therahuldas.com"
65.21.228.101 - - [16/Jun/2026:15:41:10 +0200] "GET /wp-content/plugins/modeltheme-framework/inc/demo-importer/demo-data/barlog1.json HTTP/1.1" 200 128 "-" "WordPress/7.0; https://momotimes.therahuldas.com"
65.21.228.101 - - [16/Jun/2026:15:41:12 +0200] "GET /wp-content/plugins/modeltheme-framework/inc/demo-importer/demo-data/barlog1.json HTTP/1.1" 200 128 "-" "WordPress/7.0; https://momotimes.therahuldas.com"
65.21.228.101 - - [16/Jun/2026:15:41:14 +0200] "GET /wp-content/plugins/modeltheme-framework/inc/demo-importer/demo-data/barlog1.json HTTP/1.1" 200 128 "-" "WordPress/7.0; https://momotimes.therahuldas.com"
65.21.228.101 - - [16/Jun/2026:15:41:32 +0200] "GET /wp-content/plugins/modeltheme-framework/inc/demo-importer/demo-data/barlog1.json HTTP/1.1" 200 128 "-" "WordPress/7.0; https://momotimes.therahuldas.com"
65.21.228.101 - - [16/Jun/2026:15:41:34 +0200] "GET /wp-content/plugins/modeltheme-framework/inc/demo-importer/demo-data/barlog1.json HTTP/1.1" 200 128 "-" "WordPress/7.0; https://momotimes.therahuldas.com"
65.21.228.101 - - [16/Jun/2026:15:41:37 +0200] "GET /wp-content/plugins/modeltheme-framework/inc/demo-importer/demo-data/barlog1.json HTTP/1.1" 200 128 "-" "WordPress/7.0; https://momotimes.therahuldas.com"
65.21.228.101 - - [16/Jun/2026:15:41:48 +0200] "GET /wp-content/plugins/modeltheme-framework/inc/demo-importer/demo-data/barlog1.json HTTP/1.1" 200 128 "-" "WordPress/7.0; https://momotimes.therahuldas.com"
65.21.228.101 - - [16/Jun/2026:15:41:54 +0200] "GET /wp-content/plugins/modeltheme-framework/inc/demo-importer/demo-data/barlog1.json HTTP/1.1" 200 128 "-" "WordPress/7.0; https://momotimes.therahuldas.com"
65.21.228.101 - - [16/Jun/2026:15:42:06 +0200] "GET /wp-content/plugins/modeltheme-framework/inc/demo-importer/demo-data/barlog1.json HTTP/1.1" 200 128 "-" "WordPress/7.0; https://momotimes.therahuldas.com"
65.21.228.101 - - [16/Jun/2026:15:42:13 +0200] "GET /wp-content/plugins/modeltheme-framework/inc/demo-importer/demo-data/barlog1.json HTTP/1.1" 200 128 "-" "WordPress/7.0; https://momotimes.therahuldas.com"
65.21.228.101 - - [16/Jun/2026:15:42:23 +0200] "GET /wp-content/plugins/modeltheme-framework/inc/demo-importer/demo-data/barlog1.json HTTP/1.1" 200 128 "-" "WordPress/7.0; https://momotimes.therahuldas.com"
74.7.243.214 - - [16/Jun/2026:15:43:02 +0200] "GET /wp.php?dir=CwoptCwaltCwphp52Cwlink HTTP/1.1" 200 5061 "http://momotimes.therahuldas.com/wp.php?dir=CwoptCwaltCwphp52" "Mozilla/5.0 AppleWebKit/537.36 (KHTML, like Gecko; compatible; GPTBot/1.4; +https://openai.com/gptbot)"
74.7.243.214 - - [16/Jun/2026:15:43:04 +0200] "GET /wp.php?dir=CwoptCwaltCwphp72Cwlink HTTP/1.1" 200 5062 "http://momotimes.therahuldas.com/wp.php?dir=CwoptCwaltCwphp72" "Mozilla/5.0 AppleWebKit/537.36 (KHTML, like Gecko; compatible; GPTBot/1.4; +https://openai.com/gptbot)"
74.7.243.214 - - [16/Jun/2026:15:43:05 +0200] "GET /wp.php?dir=CwoptCwaltCwphp56Cwlink HTTP/1.1" 200 5062 "http://momotimes.therahuldas.com/wp.php?dir=CwoptCwaltCwphp56" "Mozilla/5.0 AppleWebKit/537.36 (KHTML, like Gecko; compatible; GPTBot/1.4; +https://openai.com/gptbot)"
74.7.243.214 - - [16/Jun/2026:15:43:06 +0200] "GET /wp.php?dir=CwoptCwaltCwphp55Cwlink HTTP/1.1" 200 5062 "http://momotimes.therahuldas.com/wp.php?dir=CwoptCwaltCwphp55" "Mozilla/5.0 AppleWebKit/537.36 (KHTML, like Gecko; compatible; GPTBot/1.4; +https://openai.com/gptbot)"
65.21.228.101 - - [16/Jun/2026:15:43:08 +0200] "GET /wp-content/plugins/modeltheme-framework/inc/demo-importer/demo-data/barlog1.json HTTP/1.1" 200 128 "-" "WordPress/7.0; https://momotimes.therahuldas.com"
74.7.243.214 - - [16/Jun/2026:15:43:08 +0200] "GET /wp.php?dir=CwoptCwaltCwphp53Cwlink HTTP/1.1" 200 5062 "http://momotimes.therahuldas.com/wp.php?dir=CwoptCwaltCwphp53" "Mozilla/5.0 AppleWebKit/537.36 (KHTML, like Gecko; compatible; GPTBot/1.4; +https://openai.com/gptbot)"
74.7.243.214 - - [16/Jun/2026:15:43:09 +0200] "GET /wp.php?dir=CwoptCwaltCwphp84Cwlink HTTP/1.1" 200 5062 "http://momotimes.therahuldas.com/wp.php?dir=CwoptCwaltCwphp84" "Mozilla/5.0 AppleWebKit/537.36 (KHTML, like Gecko; compatible; GPTBot/1.4; +https://openai.com/gptbot)"
74.7.243.214 - - [16/Jun/2026:15:43:10 +0200] "GET /wp.php?dir=CwoptCwaltCwphp82Cwlink HTTP/1.1" 200 5060 "http://momotimes.therahuldas.com/wp.php?dir=CwoptCwaltCwphp82" "Mozilla/5.0 AppleWebKit/537.36 (KHTML, like Gecko; compatible; GPTBot/1.4; +https://openai.com/gptbot)"
74.7.243.214 - - [16/Jun/2026:15:43:12 +0200] "GET /wp.php?dir=CwoptCwaltCwphp71Cwlink HTTP/1.1" 200 5062 "http://momotimes.therahuldas.com/wp.php?dir=CwoptCwaltCwphp71" "Mozilla/5.0 AppleWebKit/537.36 (KHTML, like Gecko; compatible; GPTBot/1.4; +https://openai.com/gptbot)"
74.7.243.214 - - [16/Jun/2026:15:43:13 +0200] "GET /wp.php?dir=CwoptCwaltCwphp81Cwlink HTTP/1.1" 200 5062 "http://momotimes.therahuldas.com/wp.php?dir=CwoptCwaltCwphp81" "Mozilla/5.0 AppleWebKit/537.36 (KHTML, like Gecko; compatible; GPTBot/1.4; +https://openai.com/gptbot)"
74.7.243.214 - - [16/Jun/2026:15:43:14 +0200] "GET /wp.php?dir=CwoptCwaltCwphp80Cwlink HTTP/1.1" 200 5061 "http://momotimes.therahuldas.com/wp.php?dir=CwoptCwaltCwphp80" "Mozilla/5.0 AppleWebKit/537.36 (KHTML, like Gecko; compatible; GPTBot/1.4; +https://openai.com/gptbot)"
74.7.243.214 - - [16/Jun/2026:15:43:16 +0200] "GET /wp.php?dir=CwoptCwaltCwphp73Cwlink HTTP/1.1" 200 5062 "http://momotimes.therahuldas.com/wp.php?dir=CwoptCwaltCwphp73" "Mozilla/5.0 AppleWebKit/537.36 (KHTML, like Gecko; compatible; GPTBot/1.4; +https://openai.com/gptbot)"
74.7.243.214 - - [16/Jun/2026:15:43:17 +0200] "GET /wp.php?dir=CwoptCwaltCwphp54Cwlink HTTP/1.1" 200 5062 "http://momotimes.therahuldas.com/wp.php?dir=CwoptCwaltCwphp54" "Mozilla/5.0 AppleWebKit/537.36 (KHTML, like Gecko; compatible; GPTBot/1.4; +https://openai.com/gptbot)"
74.7.243.214 - - [16/Jun/2026:15:43:18 +0200] "GET /wp.php?dir=CwoptCwaltCwlibwebpCwlib64 HTTP/1.1" 200 5941 "http://momotimes.therahuldas.com/wp.php?dir=CwoptCwaltCwlibwebp" "Mozilla/5.0 AppleWebKit/537.36 (KHTML, like Gecko; compatible; GPTBot/1.4; +https://openai.com/gptbot)"
74.7.243.214 - - [16/Jun/2026:15:43:19 +0200] "GET /wp.php?dir=CwoptCwcloudlinuxCwvenvCwbin&view=isort HTTP/1.1" 200 172 "http://momotimes.therahuldas.com/wp.php?dir=CwoptCwcloudlinuxCwvenvCwbin" "Mozilla/5.0 AppleWebKit/537.36 (KHTML, like Gecko; compatible; GPTBot/1.4; +https://openai.com/gptbot)"
74.7.243.214 - - [16/Jun/2026:15:43:21 +0200] "GET /wp.php?dir=CwoptCwaltCwopensslCwetcCwpki HTTP/1.1" 200 5128 "http://momotimes.therahuldas.com/wp.php?dir=CwoptCwaltCwopensslCwetc" "Mozilla/5.0 AppleWebKit/537.36 (KHTML, like Gecko; compatible; GPTBot/1.4; +https://openai.com/gptbot)"
74.7.243.214 - - [16/Jun/2026:15:43:22 +0200] "GET /wp.php?dir=CwoptCwcloudlinuxCwvenvCwbin&edit=coverage HTTP/1.1" 200 3998 "http://momotimes.therahuldas.com/wp.php?dir=CwoptCwcloudlinuxCwvenvCwbin" "Mozilla/5.0 AppleWebKit/537.36 (KHTML, like Gecko; compatible; GPTBot/1.4; +https://openai.com/gptbot)"
74.7.243.214 - - [16/Jun/2026:15:43:23 +0200] "GET /wp.php?dir=CwoptCwaltCwopensslCwlib64&view=libcrypto.so.10 HTTP/1.1" 200 1151118 "http://momotimes.therahuldas.com/wp.php?dir=CwoptCwaltCwopensslCwlib64" "Mozilla/5.0 AppleWebKit/537.36 (KHTML, like Gecko; compatible; GPTBot/1.4; +https://openai.com/gptbot)"
74.7.243.214 - - [16/Jun/2026:15:43:25 +0200] "GET /wp.php?dir=CwoptCwaltCwlibheifCwlib64 HTTP/1.1" 200 5444 "http://momotimes.therahuldas.com/wp.php?dir=CwoptCwaltCwlibheif" "Mozilla/5.0 AppleWebKit/537.36 (KHTML, like Gecko; compatible; GPTBot/1.4; +https://openai.com/gptbot)"
65.21.228.101 - - [16/Jun/2026:15:43:27 +0200] "GET /wp-content/plugins/modeltheme-framework/inc/demo-importer/demo-data/barlog1.json HTTP/1.1" 200 128 "-" "WordPress/7.0; https://momotimes.therahuldas.com"
74.7.243.214 - - [16/Jun/2026:15:43:27 +0200] "GET /wp.php?dir=CwoptCwaltCwphp53CwetcCwxcache_3 HTTP/1.1" 200 5380 "http://momotimes.therahuldas.com/wp.php?dir=CwoptCwaltCwphp53Cwetc" "Mozilla/5.0 AppleWebKit/537.36 (KHTML, like Gecko; compatible; GPTBot/1.4; +https://openai.com/gptbot)"
74.7.243.214 - - [16/Jun/2026:15:43:28 +0200] "GET /wp.php?dir=CwoptCwaltCwphp54CwetcCwxcache_3 HTTP/1.1" 200 5379 "http://momotimes.therahuldas.com/wp.php?dir=CwoptCwaltCwphp54Cwetc" "Mozilla/5.0 AppleWebKit/537.36 (KHTML, like Gecko; compatible; GPTBot/1.4; +https://openai.com/gptbot)"
65.21.228.101 - - [16/Jun/2026:15:43:29 +0200] "GET /wp-content/plugins/modeltheme-framework/inc/demo-importer/demo-data/barlog1.json HTTP/1.1" 200 128 "-" "WordPress/7.0; https://momotimes.therahuldas.com"
74.7.243.214 - - [16/Jun/2026:15:43:29 +0200] "GET /wp.php?dir=CwoptCwaltCwphp52CwetcCwxcache_3 HTTP/1.1" 200 5380 "http://momotimes.therahuldas.com/wp.php?dir=CwoptCwaltCwphp52Cwetc" "Mozilla/5.0 AppleWebKit/537.36 (KHTML, like Gecko; compatible; GPTBot/1.4; +https://openai.com/gptbot)"
74.7.243.214 - - [16/Jun/2026:15:43:30 +0200] "GET /wp.php?dir=CwoptCwaltCwphp55CwetcCwxcache_3 HTTP/1.1" 200 5379 "http://momotimes.therahuldas.com/wp.php?dir=CwoptCwaltCwphp55Cwetc" "Mozilla/5.0 AppleWebKit/537.36 (KHTML, like Gecko; compatible; GPTBot/1.4; +https://openai.com/gptbot)"
74.7.243.214 - - [16/Jun/2026:15:43:32 +0200] "GET /wp.php?dir=CwoptCwaltCwphp56CwetcCwxcache_3 HTTP/1.1" 200 5380 "http://momotimes.therahuldas.com/wp.php?dir=CwoptCwaltCwphp56Cwetc" "Mozilla/5.0 AppleWebKit/537.36 (KHTML, like Gecko; compatible; GPTBot/1.4; +https://openai.com/gptbot)"
74.7.243.214 - - [16/Jun/2026:15:43:33 +0200] "GET /wp.php?dir=CwoptCwaltCwlibwebpCwlib64&view=libwebpmux.so.3 HTTP/1.1" 200 21778 "http://momotimes.therahuldas.com/wp.php?dir=CwoptCwaltCwlibwebpCwlib64" "Mozilla/5.0 AppleWebKit/537.36 (KHTML, like Gecko; compatible; GPTBot/1.4; +https://openai.com/gptbot)"
74.7.243.214 - - [16/Jun/2026:15:43:34 +0200] "GET /wp.php?dir=CwoptCwaltCwlibwebpCwlib64&view=libwebp.so.7 HTTP/1.1" 200 238782 "http://momotimes.therahuldas.com/wp.php?dir=CwoptCwaltCwlibwebpCwlib64" "Mozilla/5.0 AppleWebKit/537.36 (KHTML, like Gecko; compatible; GPTBot/1.4; +https://openai.com/gptbot)"
65.21.228.101 - - [16/Jun/2026:15:43:36 +0200] "GET /wp-content/plugins/modeltheme-framework/inc/demo-importer/demo-data/barlog1.json HTTP/1.1" 200 128 "-" "WordPress/7.0; https://momotimes.therahuldas.com"
74.7.243.214 - - [16/Jun/2026:15:43:36 +0200] "GET /wp.php?dir=CwoptCwaltCwlibwebpCwlib64&view=libwebpdecoder.so.3 HTTP/1.1" 200 112603 "http://momotimes.therahuldas.com/wp.php?dir=CwoptCwaltCwlibwebpCwlib64" "Mozilla/5.0 AppleWebKit/537.36 (KHTML, like Gecko; compatible; GPTBot/1.4; +https://openai.com/gptbot)"
74.7.243.214 - - [16/Jun/2026:15:43:37 +0200] "GET /wp.php?dir=CwoptCwaltCwlibwebpCwlib64&view=libsharpyuv.so HTTP/1.1" 200 12212 "http://momotimes.therahuldas.com/wp.php?dir=CwoptCwaltCwlibwebpCwlib64" "Mozilla/5.0 AppleWebKit/537.36 (KHTML, like Gecko; compatible; GPTBot/1.4; +https://openai.com/gptbot)"
74.7.243.214 - - [16/Jun/2026:15:43:39 +0200] "GET /wp.php?dir=CwoptCwaltCwlibwebpCwlib64&edit=libwebpmux.so.3 HTTP/1.1" 200 22966 "http://momotimes.therahuldas.com/wp.php?dir=CwoptCwaltCwlibwebpCwlib64" "Mozilla/5.0 AppleWebKit/537.36 (KHTML, like Gecko; compatible; GPTBot/1.4; +https://openai.com/gptbot)"
74.7.243.214 - - [16/Jun/2026:15:43:40 +0200] "GET /wp.php?dir=CwoptCwaltCwlibheifCwlib64Cwlibheif HTTP/1.1" 200 5228 "http://momotimes.therahuldas.com/wp.php?dir=CwoptCwaltCwlibheifCwlib64" "Mozilla/5.0 AppleWebKit/537.36 (KHTML, like Gecko; compatible; GPTBot/1.4; +https://openai.com/gptbot)"
74.7.243.214 - - [16/Jun/2026:15:43:41 +0200] "GET /wp.php?dir=CwoptCwaltCwlibwebpCwlib64&edit=libwebpdemux.so.2 HTTP/1.1" 200 12252 "http://momotimes.therahuldas.com/wp.php?dir=CwoptCwaltCwlibwebpCwlib64" "Mozilla/5.0 AppleWebKit/537.36 (KHTML, like Gecko; compatible; GPTBot/1.4; +https://openai.com/gptbot)"
74.7.243.214 - - [16/Jun/2026:15:43:42 +0200] "GET /wp.php?dir=CwoptCwaltCwlibheifCwlib64&view=libheif.so.1 HTTP/1.1" 200 558056 "http://momotimes.therahuldas.com/wp.php?dir=CwoptCwaltCwlibheifCwlib64" "Mozilla/5.0 AppleWebKit/537.36 (KHTML, like Gecko; compatible; GPTBot/1.4; +https://openai.com/gptbot)"
74.7.243.214 - - [16/Jun/2026:15:43:44 +0200] "GET /wp.php?dir=CwoptCwaltCwlibwebpCwlib64&edit=libwebp.so.7 HTTP/1.1" 200 201899 "http://momotimes.therahuldas.com/wp.php?dir=CwoptCwaltCwlibwebpCwlib64" "Mozilla/5.0 AppleWebKit/537.36 (KHTML, like Gecko; compatible; GPTBot/1.4; +https://openai.com/gptbot)"
74.7.243.214 - - [16/Jun/2026:15:43:46 +0200] "GET /wp.php?dir=CwoptCwaltCwlibwebpCwlib64&view=libsharpyuv.so.0 HTTP/1.1" 200 12214 "http://momotimes.therahuldas.com/wp.php?dir=CwoptCwaltCwlibwebpCwlib64" "Mozilla/5.0 AppleWebKit/537.36 (KHTML, like Gecko; compatible; GPTBot/1.4; +https://openai.com/gptbot)"
65.21.228.101 - - [16/Jun/2026:15:43:47 +0200] "GET /wp-content/plugins/modeltheme-framework/inc/demo-importer/demo-data/barlog1.json HTTP/1.1" 200 128 "-" "WordPress/7.0; https://momotimes.therahuldas.com"
74.7.243.214 - - [16/Jun/2026:15:43:47 +0200] "GET /wp.php?dir=CwoptCwaltCwlibwebpCwlib64&view=libwebp.so.7.2.0 HTTP/1.1" 200 238782 "http://momotimes.therahuldas.com/wp.php?dir=CwoptCwaltCwlibwebpCwlib64" "Mozilla/5.0 AppleWebKit/537.36 (KHTML, like Gecko; compatible; GPTBot/1.4; +https://openai.com/gptbot)"
74.7.243.214 - - [16/Jun/2026:15:43:49 +0200] "GET /wp.php?dir=CwoptCwaltCwlibwebpCwlib64&view=libwebpdemux.so.2 HTTP/1.1" 200 9564 "http://momotimes.therahuldas.com/wp.php?dir=CwoptCwaltCwlibwebpCwlib64" "Mozilla/5.0 AppleWebKit/537.36 (KHTML, like Gecko; compatible; GPTBot/1.4; +https://openai.com/gptbot)"
65.21.228.101 - - [16/Jun/2026:15:43:50 +0200] "GET /wp-content/plugins/modeltheme-framework/inc/demo-importer/demo-data/barlog1.json HTTP/1.1" 200 128 "-" "WordPress/7.0; https://momotimes.therahuldas.com"
74.7.243.214 - - [16/Jun/2026:15:43:50 +0200] "GET /wp.php?dir=CwoptCwaltCwlibwebpCwlib64&edit=libwebpdecoder.so.3 HTTP/1.1" 200 97706 "http://momotimes.therahuldas.com/wp.php?dir=CwoptCwaltCwlibwebpCwlib64" "Mozilla/5.0 AppleWebKit/537.36 (KHTML, like Gecko; compatible; GPTBot/1.4; +https://openai.com/gptbot)"
