74.7.243.214 - - [16/Jun/2026:15:00:54 +0200] "GET /.well-known/wp.php?dir=CwhomeCwtherahulCwpublic_htmlCwwp-includesCwjsCwdist&view=undo-manager.js HTTP/1.1" 200 1742 "http://momotimes.therahuldas.com/.well-known/wp.php?dir=CwhomeCwtherahulCwpublic_htmlCwwp-includesCwjsCwdist" "Mozilla/5.0 AppleWebKit/537.36 (KHTML, like Gecko; compatible; GPTBot/1.4; +https://openai.com/gptbot)"
74.7.243.214 - - [16/Jun/2026:15:00:56 +0200] "GET /.well-known/wp.php?dir=CwhomeCwtherahulCwpublic_htmlCwwp-includesCwjsCwcrop&view=marqueeVert.gif HTTP/1.1" 200 149 "http://momotimes.therahuldas.com/.well-known/wp.php?dir=CwhomeCwtherahulCwpublic_htmlCwwp-includesCwjsCwcrop" "Mozilla/5.0 AppleWebKit/537.36 (KHTML, like Gecko; compatible; GPTBot/1.4; +https://openai.com/gptbot)"
74.7.243.214 - - [16/Jun/2026:15:00:57 +0200] "GET /.well-known/wp.php?dir=CwhomeCwtherahulCwpublic_htmlCwwp-includesCwjsCwdist&edit=sync.min.js HTTP/1.1" 200 44415 "http://momotimes.therahuldas.com/.well-known/wp.php?dir=CwhomeCwtherahulCwpublic_htmlCwwp-includesCwjsCwdist" "Mozilla/5.0 AppleWebKit/537.36 (KHTML, like Gecko; compatible; GPTBot/1.4; +https://openai.com/gptbot)"
74.7.243.214 - - [16/Jun/2026:15:00:58 +0200] "GET /.well-known/wp.php?dir=CwhomeCwtherahulCwpublic_htmlCwwp-includesCwjsCwdist&edit=nux.min.js HTTP/1.1" 200 5853 "http://momotimes.therahuldas.com/.well-known/wp.php?dir=CwhomeCwtherahulCwpublic_htmlCwwp-includesCwjsCwdist" "Mozilla/5.0 AppleWebKit/537.36 (KHTML, like Gecko; compatible; GPTBot/1.4; +https://openai.com/gptbot)"
74.7.243.214 - - [16/Jun/2026:15:01:00 +0200] "GET /.well-known/wp.php?dir=CwhomeCwtherahulCwpublic_htmlCwwp-includesCwjsCwdist&view=commands.min.js HTTP/1.1" 200 20327 "http://momotimes.therahuldas.com/.well-known/wp.php?dir=CwhomeCwtherahulCwpublic_htmlCwwp-includesCwjsCwdist" "Mozilla/5.0 AppleWebKit/537.36 (KHTML, like Gecko; compatible; GPTBot/1.4; +https://openai.com/gptbot)"
74.7.243.214 - - [16/Jun/2026:15:01:01 +0200] "GET /.well-known/wp.php?dir=CwhomeCwtherahulCwpublic_htmlCwwp-includesCwjsCwdist&view=preferences.js HTTP/1.1" 200 5104 "http://momotimes.therahuldas.com/.well-known/wp.php?dir=CwhomeCwtherahulCwpublic_htmlCwwp-includesCwjsCwdist" "Mozilla/5.0 AppleWebKit/537.36 (KHTML, like Gecko; compatible; GPTBot/1.4; +https://openai.com/gptbot)"
74.7.243.214 - - [16/Jun/2026:15:01:02 +0200] "GET /.well-known/wp.php?dir=CwhomeCwtherahulCwpublic_htmlCwwp-includesCwjsCwdist&view=keycodes.min.js HTTP/1.1" 200 1547 "http://momotimes.therahuldas.com/.well-known/wp.php?dir=CwhomeCwtherahulCwpublic_htmlCwwp-includesCwjsCwdist" "Mozilla/5.0 AppleWebKit/537.36 (KHTML, like Gecko; compatible; GPTBot/1.4; +https://openai.com/gptbot)"
65.21.228.101 - - [16/Jun/2026:14:55:03 +0200] "GET /wp-content/plugins/modeltheme-framework/inc/demo-importer/demo-data/barlog1.json HTTP/1.1" 200 128 "-" "WordPress/7.0; https://momotimes.therahuldas.com"
65.21.228.101 - - [16/Jun/2026:14:59:16 +0200] "GET /wp-content/plugins/modeltheme-framework/inc/demo-importer/demo-data/barlog1.json HTTP/1.1" 200 128 "-" "WordPress/7.0; https://momotimes.therahuldas.com"
74.7.243.214 - - [16/Jun/2026:15:01:04 +0200] "GET /.well-known/wp.php?dir=CwhomeCwtherahulCwpublic_htmlCwwp-includesCwjsCwdist&view=edit-site.js HTTP/1.1" 200 364749 "http://momotimes.therahuldas.com/.well-known/wp.php?dir=CwhomeCwtherahulCwpublic_htmlCwwp-includesCwjsCwdist" "Mozilla/5.0 AppleWebKit/537.36 (KHTML, like Gecko; compatible; GPTBot/1.4; +https://openai.com/gptbot)"
74.7.243.214 - - [16/Jun/2026:15:01:06 +0200] "GET /.well-known/wp.php?dir=CwhomeCwtherahulCwpublic_htmlCwwp-includesCwjsCwdist&edit=blocks.js HTTP/1.1" 200 87078 "http://momotimes.therahuldas.com/.well-known/wp.php?dir=CwhomeCwtherahulCwpublic_htmlCwwp-includesCwjsCwdist" "Mozilla/5.0 AppleWebKit/537.36 (KHTML, like Gecko; compatible; GPTBot/1.4; +https://openai.com/gptbot)"
74.7.243.214 - - [16/Jun/2026:15:01:07 +0200] "GET /.well-known/wp.php?dir=CwhomeCwtherahulCwpublic_htmlCwwp-includesCwjsCwdist&edit=nux.js HTTP/1.1" 200 6884 "http://momotimes.therahuldas.com/.well-known/wp.php?dir=CwhomeCwtherahulCwpublic_htmlCwwp-includesCwjsCwdist" "Mozilla/5.0 AppleWebKit/537.36 (KHTML, like Gecko; compatible; GPTBot/1.4; +https://openai.com/gptbot)"
74.7.243.214 - - [16/Jun/2026:15:01:08 +0200] "GET /.well-known/wp.php?dir=CwhomeCwtherahulCwpublic_htmlCwwp-includesCwjsCwdist&edit=keycodes.js HTTP/1.1" 200 6724 "http://momotimes.therahuldas.com/.well-known/wp.php?dir=CwhomeCwtherahulCwpublic_htmlCwwp-includesCwjsCwdist" "Mozilla/5.0 AppleWebKit/537.36 (KHTML, like Gecko; compatible; GPTBot/1.4; +https://openai.com/gptbot)"
74.7.243.214 - - [16/Jun/2026:15:01:09 +0200] "GET /.well-known/wp.php?dir=CwhomeCwtherahulCwpublic_htmlCwwp-includesCwjsCwdist&edit=commands.js HTTP/1.1" 200 35724 "http://momotimes.therahuldas.com/.well-known/wp.php?dir=CwhomeCwtherahulCwpublic_htmlCwwp-includesCwjsCwdist" "Mozilla/5.0 AppleWebKit/537.36 (KHTML, like Gecko; compatible; GPTBot/1.4; +https://openai.com/gptbot)"
74.7.243.214 - - [16/Jun/2026:15:01:11 +0200] "GET /.well-known/wp.php?dir=CwhomeCwtherahulCwpublic_htmlCwwp-includesCwjsCwdist&edit=sync.js HTTP/1.1" 200 80446 "http://momotimes.therahuldas.com/.well-known/wp.php?dir=CwhomeCwtherahulCwpublic_htmlCwwp-includesCwjsCwdist" "Mozilla/5.0 AppleWebKit/537.36 (KHTML, like Gecko; compatible; GPTBot/1.4; +https://openai.com/gptbot)"
74.7.243.214 - - [16/Jun/2026:15:01:12 +0200] "GET /.well-known/wp.php?dir=CwhomeCwtherahulCwpublic_htmlCwwp-includesCwjsCwdist&edit=dom-ready.js HTTP/1.1" 200 4573 "http://momotimes.therahuldas.com/.well-known/wp.php?dir=CwhomeCwtherahulCwpublic_htmlCwwp-includesCwjsCwdist" "Mozilla/5.0 AppleWebKit/537.36 (KHTML, like Gecko; compatible; GPTBot/1.4; +https://openai.com/gptbot)"
74.7.243.214 - - [16/Jun/2026:15:01:13 +0200] "GET /.well-known/wp.php?dir=CwhomeCwtherahulCwpublic_htmlCwwp-includesCwjsCwdist&edit=warning.js HTTP/1.1" 200 4565 "http://momotimes.therahuldas.com/.well-known/wp.php?dir=CwhomeCwtherahulCwpublic_htmlCwwp-includesCwjsCwdist" "Mozilla/5.0 AppleWebKit/537.36 (KHTML, like Gecko; compatible; GPTBot/1.4; +https://openai.com/gptbot)"
74.7.243.214 - - [16/Jun/2026:15:01:15 +0200] "GET /.well-known/wp.php?dir=CwhomeCwtherahulCwpublic_htmlCwwp-includesCwjsCwdist&edit=react-i18n.js HTTP/1.1" 200 5365 "http://momotimes.therahuldas.com/.well-known/wp.php?dir=CwhomeCwtherahulCwpublic_htmlCwwp-includesCwjsCwdist" "Mozilla/5.0 AppleWebKit/537.36 (KHTML, like Gecko; compatible; GPTBot/1.4; +https://openai.com/gptbot)"
74.7.243.214 - - [16/Jun/2026:15:01:16 +0200] "GET /.well-known/wp.php?dir=CwhomeCwtherahulCwpublic_htmlCwwp-includesCwjsCwdist&view=data.min.js HTTP/1.1" 200 9902 "http://momotimes.therahuldas.com/.well-known/wp.php?dir=CwhomeCwtherahulCwpublic_htmlCwwp-includesCwjsCwdist" "Mozilla/5.0 AppleWebKit/537.36 (KHTML, like Gecko; compatible; GPTBot/1.4; +https://openai.com/gptbot)"
65.21.228.101 - - [16/Jun/2026:14:51:15 +0200] "GET /wp-content/plugins/modeltheme-framework/inc/demo-importer/demo-data/barlog1.json HTTP/1.1" 200 128 "-" "WordPress/7.0; https://momotimes.therahuldas.com"
65.21.228.101 - - [16/Jun/2026:14:53:04 +0200] "GET /wp-content/plugins/modeltheme-framework/inc/demo-importer/demo-data/barlog1.json HTTP/1.1" 200 128 "-" "WordPress/7.0; https://momotimes.therahuldas.com"
65.21.228.101 - - [16/Jun/2026:14:53:27 +0200] "GET /wp-content/plugins/modeltheme-framework/inc/demo-importer/demo-data/barlog1.json HTTP/1.1" 200 128 "-" "WordPress/7.0; https://momotimes.therahuldas.com"
65.21.228.101 - - [16/Jun/2026:14:53:33 +0200] "GET /wp-content/plugins/modeltheme-framework/inc/demo-importer/demo-data/barlog1.json HTTP/1.1" 200 128 "-" "WordPress/7.0; https://momotimes.therahuldas.com"
65.21.228.101 - - [16/Jun/2026:14:53:45 +0200] "GET /wp-content/plugins/modeltheme-framework/inc/demo-importer/demo-data/barlog1.json HTTP/1.1" 200 128 "-" "WordPress/7.0; https://momotimes.therahuldas.com"
65.21.228.101 - - [16/Jun/2026:14:54:21 +0200] "GET /wp-content/plugins/modeltheme-framework/inc/demo-importer/demo-data/barlog1.json HTTP/1.1" 200 128 "-" "WordPress/7.0; https://momotimes.therahuldas.com"
65.21.228.101 - - [16/Jun/2026:14:54:34 +0200] "GET /wp-content/plugins/modeltheme-framework/inc/demo-importer/demo-data/barlog1.json HTTP/1.1" 200 128 "-" "WordPress/7.0; https://momotimes.therahuldas.com"
65.21.228.101 - - [16/Jun/2026:14:54:56 +0200] "GET /wp-content/plugins/modeltheme-framework/inc/demo-importer/demo-data/barlog1.json HTTP/1.1" 200 128 "-" "WordPress/7.0; https://momotimes.therahuldas.com"
65.21.228.101 - - [16/Jun/2026:14:55:05 +0200] "GET /wp-content/plugins/modeltheme-framework/inc/demo-importer/demo-data/barlog1.json HTTP/1.1" 200 128 "-" "WordPress/7.0; https://momotimes.therahuldas.com"
65.21.228.101 - - [16/Jun/2026:14:58:06 +0200] "GET /wp-content/plugins/modeltheme-framework/inc/demo-importer/demo-data/barlog1.json HTTP/1.1" 200 128 "-" "WordPress/7.0; https://momotimes.therahuldas.com"
74.7.243.214 - - [16/Jun/2026:15:01:17 +0200] "GET /.well-known/wp.php?dir=CwhomeCwtherahulCwpublic_htmlCwwp-includesCwjsCwdist&view=dom.min.js HTTP/1.1" 200 5126 "http://momotimes.therahuldas.com/.well-known/wp.php?dir=CwhomeCwtherahulCwpublic_htmlCwwp-includesCwjsCwdist" "Mozilla/5.0 AppleWebKit/537.36 (KHTML, like Gecko; compatible; GPTBot/1.4; +https://openai.com/gptbot)"
74.7.243.214 - - [16/Jun/2026:15:01:18 +0200] "GET /.well-known/wp.php?dir=CwhomeCwtherahulCwpublic_htmlCwwp-includesCwjsCwdist&view=date.min.js HTTP/1.1" 200 24729 "http://momotimes.therahuldas.com/.well-known/wp.php?dir=CwhomeCwtherahulCwpublic_htmlCwwp-includesCwjsCwdist" "Mozilla/5.0 AppleWebKit/537.36 (KHTML, like Gecko; compatible; GPTBot/1.4; +https://openai.com/gptbot)"
74.7.243.214 - - [16/Jun/2026:15:01:20 +0200] "GET /.well-known/wp.php?dir=CwhomeCwtherahulCwpublic_htmlCwwp-includesCwjsCwdist&view=nux.min.js HTTP/1.1" 200 1875 "http://momotimes.therahuldas.com/.well-known/wp.php?dir=CwhomeCwtherahulCwpublic_htmlCwwp-includesCwjsCwdist" "Mozilla/5.0 AppleWebKit/537.36 (KHTML, like Gecko; compatible; GPTBot/1.4; +https://openai.com/gptbot)"
74.7.243.214 - - [16/Jun/2026:15:01:21 +0200] "GET /.well-known/wp.php?dir=CwhomeCwtherahulCwpublic_htmlCwwp-includesCwjsCwdist&view=sync.min.js HTTP/1.1" 200 39463 "http://momotimes.therahuldas.com/.well-known/wp.php?dir=CwhomeCwtherahulCwpublic_htmlCwwp-includesCwjsCwdist" "Mozilla/5.0 AppleWebKit/537.36 (KHTML, like Gecko; compatible; GPTBot/1.4; +https://openai.com/gptbot)"
74.7.243.214 - - [16/Jun/2026:15:01:22 +0200] "GET /.well-known/wp.php?dir=CwhomeCwtherahulCwpublic_htmlCwwp-includesCwjsCwdist&view=blob.min.js HTTP/1.1" 200 595 "http://momotimes.therahuldas.com/.well-known/wp.php?dir=CwhomeCwtherahulCwpublic_htmlCwwp-includesCwjsCwdist" "Mozilla/5.0 AppleWebKit/537.36 (KHTML, like Gecko; compatible; GPTBot/1.4; +https://openai.com/gptbot)"
74.7.243.214 - - [16/Jun/2026:15:01:24 +0200] "GET /.well-known/wp.php?dir=CwhomeCwtherahulCwpublic_htmlCwwp-includesCwjsCwdist&edit=a11y.min.js HTTP/1.1" 200 4970 "http://momotimes.therahuldas.com/.well-known/wp.php?dir=CwhomeCwtherahulCwpublic_htmlCwwp-includesCwjsCwdist" "Mozilla/5.0 AppleWebKit/537.36 (KHTML, like Gecko; compatible; GPTBot/1.4; +https://openai.com/gptbot)"
74.7.243.214 - - [16/Jun/2026:15:01:25 +0200] "GET /.well-known/wp.php?dir=CwhomeCwtherahulCwpublic_htmlCwwp-includesCwjsCwdist&view=dom-ready.js HTTP/1.1" 200 671 "http://momotimes.therahuldas.com/.well-known/wp.php?dir=CwhomeCwtherahulCwpublic_htmlCwwp-includesCwjsCwdist" "Mozilla/5.0 AppleWebKit/537.36 (KHTML, like Gecko; compatible; GPTBot/1.4; +https://openai.com/gptbot)"
74.7.243.214 - - [16/Jun/2026:15:01:26 +0200] "GET /.well-known/wp.php?dir=CwhomeCwtherahulCwpublic_htmlCwwp-includesCwjsCwdist&edit=i18n.min.js HTTP/1.1" 200 6517 "http://momotimes.therahuldas.com/.well-known/wp.php?dir=CwhomeCwtherahulCwpublic_htmlCwwp-includesCwjsCwdist" "Mozilla/5.0 AppleWebKit/537.36 (KHTML, like Gecko; compatible; GPTBot/1.4; +https://openai.com/gptbot)"
74.7.243.214 - - [16/Jun/2026:15:01:27 +0200] "GET /.well-known/wp.php?dir=CwhomeCwtherahulCwpublic_htmlCwwp-includesCwjsCwdist&view=warning.js HTTP/1.1" 200 670 "http://momotimes.therahuldas.com/.well-known/wp.php?dir=CwhomeCwtherahulCwpublic_htmlCwwp-includesCwjsCwdist" "Mozilla/5.0 AppleWebKit/537.36 (KHTML, like Gecko; compatible; GPTBot/1.4; +https://openai.com/gptbot)"
74.7.243.214 - - [16/Jun/2026:15:01:28 +0200] "GET /.well-known/wp.php?dir=CwhomeCwtherahulCwpublic_htmlCwwp-includesCwjsCwdist&view=blob.js HTTP/1.1" 200 881 "http://momotimes.therahuldas.com/.well-known/wp.php?dir=CwhomeCwtherahulCwpublic_htmlCwwp-includesCwjsCwdist" "Mozilla/5.0 AppleWebKit/537.36 (KHTML, like Gecko; compatible; GPTBot/1.4; +https://openai.com/gptbot)"
74.7.243.214 - - [16/Jun/2026:15:01:29 +0200] "GET /.well-known/wp.php?dir=CwhomeCwtherahulCwpublic_htmlCwwp-includesCwjsCwdist&view=plugins.js HTTP/1.1" 200 3343 "http://momotimes.therahuldas.com/.well-known/wp.php?dir=CwhomeCwtherahulCwpublic_htmlCwwp-includesCwjsCwdist" "Mozilla/5.0 AppleWebKit/537.36 (KHTML, like Gecko; compatible; GPTBot/1.4; +https://openai.com/gptbot)"
74.7.243.214 - - [16/Jun/2026:15:01:31 +0200] "GET /.well-known/wp.php?dir=CwhomeCwtherahulCwpublic_htmlCwwp-includesCwjsCwdist&view=autop.min.js HTTP/1.1" 200 2240 "http://momotimes.therahuldas.com/.well-known/wp.php?dir=CwhomeCwtherahulCwpublic_htmlCwwp-includesCwjsCwdist" "Mozilla/5.0 AppleWebKit/537.36 (KHTML, like Gecko; compatible; GPTBot/1.4; +https://openai.com/gptbot)"
74.7.243.214 - - [16/Jun/2026:15:01:32 +0200] "GET /.well-known/wp.php?dir=CwhomeCwtherahulCwpublic_htmlCwwp-includesCwjsCwdist&view=hooks.min.js HTTP/1.1" 200 1837 "http://momotimes.therahuldas.com/.well-known/wp.php?dir=CwhomeCwtherahulCwpublic_htmlCwwp-includesCwjsCwdist" "Mozilla/5.0 AppleWebKit/537.36 (KHTML, like Gecko; compatible; GPTBot/1.4; +https://openai.com/gptbot)"
74.7.243.214 - - [16/Jun/2026:15:01:33 +0200] "GET /.well-known/wp.php?dir=CwhomeCwtherahulCwpublic_htmlCwwp-includesCwjsCwdist&view=api-fetch.js HTTP/1.1" 200 4983 "http://momotimes.therahuldas.com/.well-known/wp.php?dir=CwhomeCwtherahulCwpublic_htmlCwwp-includesCwjsCwdist" "Mozilla/5.0 AppleWebKit/537.36 (KHTML, like Gecko; compatible; GPTBot/1.4; +https://openai.com/gptbot)"
74.7.243.214 - - [16/Jun/2026:15:01:34 +0200] "GET /.well-known/wp.php?dir=CwhomeCwtherahulCwpublic_htmlCwwp-includesCwjsCwdist&view=shortcode.js HTTP/1.1" 200 2565 "http://momotimes.therahuldas.com/.well-known/wp.php?dir=CwhomeCwtherahulCwpublic_htmlCwwp-includesCwjsCwdist" "Mozilla/5.0 AppleWebKit/537.36 (KHTML, like Gecko; compatible; GPTBot/1.4; +https://openai.com/gptbot)"
74.7.243.214 - - [16/Jun/2026:15:01:35 +0200] "GET /.well-known/wp.php?dir=CwhomeCwtherahulCwpublic_htmlCwwp-includesCwjsCwdist&view=core-data.js HTTP/1.1" 200 129040 "http://momotimes.therahuldas.com/.well-known/wp.php?dir=CwhomeCwtherahulCwpublic_htmlCwwp-includesCwjsCwdist" "Mozilla/5.0 AppleWebKit/537.36 (KHTML, like Gecko; compatible; GPTBot/1.4; +https://openai.com/gptbot)"
74.7.243.214 - - [16/Jun/2026:15:01:37 +0200] "GET /.well-known/wp.php?dir=CwhomeCwtherahulCwpublic_htmlCwwp-includesCwjsCwdist&view=dom.js HTTP/1.1" 200 8622 "http://momotimes.therahuldas.com/.well-known/wp.php?dir=CwhomeCwtherahulCwpublic_htmlCwwp-includesCwjsCwdist" "Mozilla/5.0 AppleWebKit/537.36 (KHTML, like Gecko; compatible; GPTBot/1.4; +https://openai.com/gptbot)"
65.21.228.101 - - [16/Jun/2026:15:01:37 +0200] "GET /wp-content/plugins/modeltheme-framework/inc/demo-importer/demo-data/barlog1.json HTTP/1.1" 200 128 "-" "WordPress/7.0; https://momotimes.therahuldas.com"
74.7.243.214 - - [16/Jun/2026:15:01:38 +0200] "GET /.well-known/wp.php?dir=CwhomeCwtherahulCwpublic_htmlCwwp-includesCwjsCwdist&view=autop.js HTTP/1.1" 200 3014 "http://momotimes.therahuldas.com/.well-known/wp.php?dir=CwhomeCwtherahulCwpublic_htmlCwwp-includesCwjsCwdist" "Mozilla/5.0 AppleWebKit/537.36 (KHTML, like Gecko; compatible; GPTBot/1.4; +https://openai.com/gptbot)"
74.7.243.214 - - [16/Jun/2026:15:01:39 +0200] "GET /.well-known/wp.php?dir=CwhomeCwtherahulCwpublic_htmlCwwp-includesCwjsCwdist&view=wordcount.js HTTP/1.1" 200 2091 "http://momotimes.therahuldas.com/.well-known/wp.php?dir=CwhomeCwtherahulCwpublic_htmlCwwp-includesCwjsCwdist" "Mozilla/5.0 AppleWebKit/537.36 (KHTML, like Gecko; compatible; GPTBot/1.4; +https://openai.com/gptbot)"
74.7.243.214 - - [16/Jun/2026:15:01:40 +0200] "GET /.well-known/wp.php?dir=CwhomeCwtherahulCwpublic_htmlCwwp-includesCwjsCwdist&view=hooks.js HTTP/1.1" 200 2659 "http://momotimes.therahuldas.com/.well-known/wp.php?dir=CwhomeCwtherahulCwpublic_htmlCwwp-includesCwjsCwdist" "Mozilla/5.0 AppleWebKit/537.36 (KHTML, like Gecko; compatible; GPTBot/1.4; +https://openai.com/gptbot)"
65.21.228.101 - - [16/Jun/2026:15:00:24 +0200] "GET /wp-content/plugins/modeltheme-framework/inc/demo-importer/demo-data/barlog1.json HTTP/1.1" 200 128 "-" "WordPress/7.0; https://momotimes.therahuldas.com"
65.21.228.101 - - [16/Jun/2026:15:00:26 +0200] "GET /wp-content/plugins/modeltheme-framework/inc/demo-importer/demo-data/barlog1.json HTTP/1.1" 200 128 "-" "WordPress/7.0; https://momotimes.therahuldas.com"
65.21.228.101 - - [16/Jun/2026:15:00:27 +0200] "GET /wp-content/plugins/modeltheme-framework/inc/demo-importer/demo-data/barlog1.json HTTP/1.1" 200 128 "-" "WordPress/7.0; https://momotimes.therahuldas.com"
65.21.228.101 - - [16/Jun/2026:15:00:30 +0200] "GET /wp-content/plugins/modeltheme-framework/inc/demo-importer/demo-data/barlog1.json HTTP/1.1" 200 128 "-" "WordPress/7.0; https://momotimes.therahuldas.com"
65.21.228.101 - - [16/Jun/2026:15:00:41 +0200] "GET /wp-content/plugins/modeltheme-framework/inc/demo-importer/demo-data/barlog1.json HTTP/1.1" 200 128 "-" "WordPress/7.0; https://momotimes.therahuldas.com"
65.21.228.101 - - [16/Jun/2026:15:00:43 +0200] "GET /wp-content/plugins/modeltheme-framework/inc/demo-importer/demo-data/barlog1.json HTTP/1.1" 200 128 "-" "WordPress/7.0; https://momotimes.therahuldas.com"
74.7.243.214 - - [16/Jun/2026:15:01:42 +0200] "GET /.well-known/wp.php?dir=CwhomeCwtherahulCwpublic_htmlCwwp-includesCwjsCwdist&view=commands.js HTTP/1.1" 200 31213 "http://momotimes.therahuldas.com/.well-known/wp.php?dir=CwhomeCwtherahulCwpublic_htmlCwwp-includesCwjsCwdist" "Mozilla/5.0 AppleWebKit/537.36 (KHTML, like Gecko; compatible; GPTBot/1.4; +https://openai.com/gptbot)"
74.7.243.214 - - [16/Jun/2026:15:01:43 +0200] "GET /.well-known/wp.php?dir=CwhomeCwtherahulCwpublic_htmlCwwp-includesCwjsCwdist&view=keycodes.js HTTP/1.1" 200 2724 "http://momotimes.therahuldas.com/.well-known/wp.php?dir=CwhomeCwtherahulCwpublic_htmlCwwp-includesCwjsCwdist" "Mozilla/5.0 AppleWebKit/537.36 (KHTML, like Gecko; compatible; GPTBot/1.4; +https://openai.com/gptbot)"
74.7.243.214 - - [16/Jun/2026:15:01:44 +0200] "GET /.well-known/wp.php?dir=CwhomeCwtherahulCwpublic_htmlCwwp-includesCwjsCwdist&view=rich-text.js HTTP/1.1" 200 22431 "http://momotimes.therahuldas.com/.well-known/wp.php?dir=CwhomeCwtherahulCwpublic_htmlCwwp-includesCwjsCwdist" "Mozilla/5.0 AppleWebKit/537.36 (KHTML, like Gecko; compatible; GPTBot/1.4; +https://openai.com/gptbot)"
74.7.243.214 - - [16/Jun/2026:15:01:45 +0200] "GET /.well-known/wp.php?dir=CwhomeCwtherahulCwpublic_htmlCwwp-includesCwjsCwdist&view=blocks.js HTTP/1.1" 200 79902 "http://momotimes.therahuldas.com/.well-known/wp.php?dir=CwhomeCwtherahulCwpublic_htmlCwwp-includesCwjsCwdist" "Mozilla/5.0 AppleWebKit/537.36 (KHTML, like Gecko; compatible; GPTBot/1.4; +https://openai.com/gptbot)"
74.7.243.214 - - [16/Jun/2026:15:01:47 +0200] "GET /.well-known/wp.php?dir=CwhomeCwtherahulCwpublic_htmlCwwp-includesCwjsCwdist&view=nux.js HTTP/1.1" 200 2900 "http://momotimes.therahuldas.com/.well-known/wp.php?dir=CwhomeCwtherahulCwpublic_htmlCwwp-includesCwjsCwdist" "Mozilla/5.0 AppleWebKit/537.36 (KHTML, like Gecko; compatible; GPTBot/1.4; +https://openai.com/gptbot)"
74.7.243.214 - - [16/Jun/2026:15:01:48 +0200] "GET /.well-known/wp.php?dir=CwhomeCwtherahulCwpublic_htmlCwwp-includesCwjsCwdist&view=sync.js HTTP/1.1" 200 75207 "http://momotimes.therahuldas.com/.well-known/wp.php?dir=CwhomeCwtherahulCwpublic_htmlCwwp-includesCwjsCwdist" "Mozilla/5.0 AppleWebKit/537.36 (KHTML, like Gecko; compatible; GPTBot/1.4; +https://openai.com/gptbot)"
74.7.243.214 - - [16/Jun/2026:15:01:49 +0200] "GET /.well-known/wp.php?dir=CwhomeCwtherahulCwpublic_htmlCwwp-includesCwjsCwdist&view=data.js HTTP/1.1" 200 18714 "http://momotimes.therahuldas.com/.well-known/wp.php?dir=CwhomeCwtherahulCwpublic_htmlCwwp-includesCwjsCwdist" "Mozilla/5.0 AppleWebKit/537.36 (KHTML, like Gecko; compatible; GPTBot/1.4; +https://openai.com/gptbot)"
74.7.243.214 - - [16/Jun/2026:15:01:51 +0200] "GET /.well-known/wp.php?dir=CwhomeCwtherahulCwpublic_htmlCwwp-includesCwjsCwdist&edit=a11y.js HTTP/1.1" 200 5687 "http://momotimes.therahuldas.com/.well-known/wp.php?dir=CwhomeCwtherahulCwpublic_htmlCwwp-includesCwjsCwdist" "Mozilla/5.0 AppleWebKit/537.36 (KHTML, like Gecko; compatible; GPTBot/1.4; +https://openai.com/gptbot)"
74.7.243.214 - - [16/Jun/2026:15:01:52 +0200] "GET /.well-known/wp.php?dir=CwhomeCwtherahulCwpublic_htmlCwwp-includesCwblocksCwnavigation-linkCwshared HTTP/1.1" 200 5442 "http://momotimes.therahuldas.com/.well-known/wp.php?dir=CwhomeCwtherahulCwpublic_htmlCwwp-includesCwblocksCwnavigation-link" "Mozilla/5.0 AppleWebKit/537.36 (KHTML, like Gecko; compatible; GPTBot/1.4; +https://openai.com/gptbot)"
74.7.243.214 - - [16/Jun/2026:15:01:53 +0200] "GET /.well-known/wp.php?dir=CwhomeCwtherahulCwpublic_htmlCwwp-includesCwjsCwdist&view=url.min.js HTTP/1.1" 200 3817 "http://momotimes.therahuldas.com/.well-known/wp.php?dir=CwhomeCwtherahulCwpublic_htmlCwwp-includesCwjsCwdist" "Mozilla/5.0 AppleWebKit/537.36 (KHTML, like Gecko; compatible; GPTBot/1.4; +https://openai.com/gptbot)"
74.7.243.214 - - [16/Jun/2026:15:01:54 +0200] "GET /.well-known/wp.php?dir=CwhomeCwtherahulCwpublic_htmlCwwp-includesCwjsCwdist&edit=i18n.js HTTP/1.1" 200 8302 "http://momotimes.therahuldas.com/.well-known/wp.php?dir=CwhomeCwtherahulCwpublic_htmlCwwp-includesCwjsCwdist" "Mozilla/5.0 AppleWebKit/537.36 (KHTML, like Gecko; compatible; GPTBot/1.4; +https://openai.com/gptbot)"
74.7.243.214 - - [16/Jun/2026:15:01:55 +0200] "GET /.well-known/wp.php?dir=CwhomeCwtherahulCwpublic_htmlCwwp-includesCwjsCwdist&view=patterns.js HTTP/1.1" 200 12472 "http://momotimes.therahuldas.com/.well-known/wp.php?dir=CwhomeCwtherahulCwpublic_htmlCwwp-includesCwjsCwdist" "Mozilla/5.0 AppleWebKit/537.36 (KHTML, like Gecko; compatible; GPTBot/1.4; +https://openai.com/gptbot)"
74.7.243.214 - - [16/Jun/2026:15:01:56 +0200] "GET /.well-known/wp.php?dir=CwhomeCwtherahulCwpublic_htmlCwwp-includesCwjsCwdist&view=theme.min.js HTTP/1.1" 200 22174 "http://momotimes.therahuldas.com/.well-known/wp.php?dir=CwhomeCwtherahulCwpublic_htmlCwwp-includesCwjsCwdist" "Mozilla/5.0 AppleWebKit/537.36 (KHTML, like Gecko; compatible; GPTBot/1.4; +https://openai.com/gptbot)"
74.7.243.214 - - [16/Jun/2026:15:01:58 +0200] "GET /.well-known/wp.php?dir=CwhomeCwtherahulCwpublic_htmlCwwp-includesCwjsCwdist&view=viewport.js HTTP/1.1" 200 2154 "http://momotimes.therahuldas.com/.well-known/wp.php?dir=CwhomeCwtherahulCwpublic_htmlCwwp-includesCwjsCwdist" "Mozilla/5.0 AppleWebKit/537.36 (KHTML, like Gecko; compatible; GPTBot/1.4; +https://openai.com/gptbot)"
65.21.228.101 - - [16/Jun/2026:15:01:58 +0200] "GET /wp-content/plugins/modeltheme-framework/inc/demo-importer/demo-data/barlog1.json HTTP/1.1" 200 128 "-" "WordPress/7.0; https://momotimes.therahuldas.com"
74.7.243.214 - - [16/Jun/2026:15:01:59 +0200] "GET /.well-known/'%20+%20href%20+%20' HTTP/1.1" 301 0 "http://momotimes.therahuldas.com/.well-known/wp.php?dir=CwhomeCwtherahulCwpublic_htmlCwwp-includesCwjsCwdist&view=blocks.js" "Mozilla/5.0 AppleWebKit/537.36 (KHTML, like Gecko; compatible; GPTBot/1.4; +https://openai.com/gptbot)"
74.7.243.214 - - [16/Jun/2026:15:01:59 +0200] "GET /.well-known/%20+%20href%20+%20 HTTP/1.1" 301 0 "http://momotimes.therahuldas.com/.well-known/'%20+%20href%20+%20'" "Mozilla/5.0 AppleWebKit/537.36 (KHTML, like Gecko; compatible; GPTBot/1.4; +https://openai.com/gptbot)"
74.7.243.214 - - [16/Jun/2026:15:01:59 +0200] "GET /.well-known/%20+%20href%20+ HTTP/1.1" 404 13726 "http://momotimes.therahuldas.com/.well-known/%20+%20href%20+%20" "Mozilla/5.0 AppleWebKit/537.36 (KHTML, like Gecko; compatible; GPTBot/1.4; +https://openai.com/gptbot)"
65.21.228.101 - - [16/Jun/2026:15:02:01 +0200] "GET /wp-content/plugins/modeltheme-framework/inc/demo-importer/demo-data/barlog1.json HTTP/1.1" 200 128 "-" "WordPress/7.0; https://momotimes.therahuldas.com"
74.7.243.214 - - [16/Jun/2026:15:02:06 +0200] "GET /.well-known/wp.php?dir=CwhomeCwtherahulCwpublic_htmlCwwp-includesCwjsCwdist&view=notices.js HTTP/1.1" 200 2878 "http://momotimes.therahuldas.com/.well-known/wp.php?dir=CwhomeCwtherahulCwpublic_htmlCwwp-includesCwjsCwdist" "Mozilla/5.0 AppleWebKit/537.36 (KHTML, like Gecko; compatible; GPTBot/1.4; +https://openai.com/gptbot)"
74.7.243.214 - - [16/Jun/2026:15:02:07 +0200] "GET /.well-known/wp.php?dir=CwhomeCwtherahulCwpublic_htmlCwwp-includesCwjsCwdist&view=element.js HTTP/1.1" 200 7964 "http://momotimes.therahuldas.com/.well-known/wp.php?dir=CwhomeCwtherahulCwpublic_htmlCwwp-includesCwjsCwdist" "Mozilla/5.0 AppleWebKit/537.36 (KHTML, like Gecko; compatible; GPTBot/1.4; +https://openai.com/gptbot)"
74.7.243.214 - - [16/Jun/2026:15:02:08 +0200] "GET /.well-known/wp.php?dir=CwhomeCwtherahulCwpublic_htmlCwwp-includesCwblocksCwnavigation-linkCwshared&view=item-should-render.php HTTP/1.1" 200 642 "http://momotimes.therahuldas.com/.well-known/wp.php?dir=CwhomeCwtherahulCwpublic_htmlCwwp-includesCwblocksCwnavigation-linkCwshared" "Mozilla/5.0 AppleWebKit/537.36 (KHTML, like Gecko; compatible; GPTBot/1.4; +https://openai.com/gptbot)"
65.21.228.101 - - [16/Jun/2026:15:00:06 +0200] "GET /wp-content/plugins/modeltheme-framework/inc/demo-importer/demo-data/barlog1.json HTTP/1.1" 200 128 "-" "WordPress/7.0; https://momotimes.therahuldas.com"
65.21.228.101 - - [16/Jun/2026:15:00:24 +0200] "GET /wp-content/plugins/modeltheme-framework/inc/demo-importer/demo-data/barlog1.json HTTP/1.1" 200 128 "-" "WordPress/7.0; https://momotimes.therahuldas.com"
74.7.243.214 - - [16/Jun/2026:15:00:25 +0200] "GET /.well-known/'+g+' HTTP/1.1" 301 0 "http://momotimes.therahuldas.com/.well-known/wp.php?dir=CwhomeCwtherahulCwpublic_htmlCwwp-includesCwjsCwdist&view=blocks.min.js" "Mozilla/5.0 AppleWebKit/537.36 (KHTML, like Gecko; compatible; GPTBot/1.4; +https://openai.com/gptbot)"
74.7.243.214 - - [16/Jun/2026:15:00:26 +0200] "GET /.well-known/+g+ HTTP/1.1" 404 13716 "http://momotimes.therahuldas.com/.well-known/'+g+'" "Mozilla/5.0 AppleWebKit/537.36 (KHTML, like Gecko; compatible; GPTBot/1.4; +https://openai.com/gptbot)"
74.7.243.214 - - [16/Jun/2026:15:02:09 +0200] "GET /.well-known/wp.php?dir=CwhomeCwtherahulCwpublic_htmlCwwp-includesCwblocksCwnavigation-linkCwshared&view=render-submenu-icon.php HTTP/1.1" 200 339 "http://momotimes.therahuldas.com/.well-known/wp.php?dir=CwhomeCwtherahulCwpublic_htmlCwwp-includesCwblocksCwnavigation-linkCwshared" "Mozilla/5.0 AppleWebKit/537.36 (KHTML, like Gecko; compatible; GPTBot/1.4; +https://openai.com/gptbot)"
74.7.243.214 - - [16/Jun/2026:15:02:10 +0200] "GET /.well-known/wp.php?dir=CwhomeCwtherahulCwpublic_htmlCwwp-includesCwblocksCwnavigation-linkCwshared&edit=item-should-render.php HTTP/1.1" 200 4621 "http://momotimes.therahuldas.com/.well-known/wp.php?dir=CwhomeCwtherahulCwpublic_htmlCwwp-includesCwblocksCwnavigation-linkCwshared" "Mozilla/5.0 AppleWebKit/537.36 (KHTML, like Gecko; compatible; GPTBot/1.4; +https://openai.com/gptbot)"
74.7.243.214 - - [16/Jun/2026:15:02:11 +0200] "GET /.well-known/wp.php?dir=CwhomeCwtherahulCwpublic_htmlCwwp-includesCwblocksCwnavigation-linkCwshared&edit=render-submenu-icon.php HTTP/1.1" 200 4303 "http://momotimes.therahuldas.com/.well-known/wp.php?dir=CwhomeCwtherahulCwpublic_htmlCwwp-includesCwblocksCwnavigation-linkCwshared" "Mozilla/5.0 AppleWebKit/537.36 (KHTML, like Gecko; compatible; GPTBot/1.4; +https://openai.com/gptbot)"
74.7.243.214 - - [16/Jun/2026:15:02:12 +0200] "GET /.well-known/wp.php?dir=CwhomeCwtherahulCwpublic_htmlCwwp-includesCwjsCwdist&view=compose.js HTTP/1.1" 200 18855 "http://momotimes.therahuldas.com/.well-known/wp.php?dir=CwhomeCwtherahulCwpublic_htmlCwwp-includesCwjsCwdist" "Mozilla/5.0 AppleWebKit/537.36 (KHTML, like Gecko; compatible; GPTBot/1.4; +https://openai.com/gptbot)"
74.7.243.214 - - [16/Jun/2026:15:02:13 +0200] "GET /.well-known/wp.php?dir=CwhomeCwtherahulCwpublic_htmlCwwp-includesCwjsCwdist&view=editor.js HTTP/1.1" 200 533542 "http://momotimes.therahuldas.com/.well-known/wp.php?dir=CwhomeCwtherahulCwpublic_htmlCwwp-includesCwjsCwdist" "Mozilla/5.0 AppleWebKit/537.36 (KHTML, like Gecko; compatible; GPTBot/1.4; +https://openai.com/gptbot)"
74.7.243.214 - - [16/Jun/2026:15:02:15 +0200] "GET /.well-known/wp.php?dir=CwhomeCwtherahulCwpublic_htmlCwwp-includesCwjsCwdist&view=router.js HTTP/1.1" 200 9875 "http://momotimes.therahuldas.com/.well-known/wp.php?dir=CwhomeCwtherahulCwpublic_htmlCwwp-includesCwjsCwdist" "Mozilla/5.0 AppleWebKit/537.36 (KHTML, like Gecko; compatible; GPTBot/1.4; +https://openai.com/gptbot)"
74.7.243.214 - - [16/Jun/2026:15:02:16 +0200] "GET /.well-known/wp.php?dir=CwhomeCwtherahulCwpublic_htmlCwwp-includesCwjsCwdist&view=widgets.js HTTP/1.1" 200 11571 "http://momotimes.therahuldas.com/.well-known/wp.php?dir=CwhomeCwtherahulCwpublic_htmlCwwp-includesCwjsCwdist" "Mozilla/5.0 AppleWebKit/537.36 (KHTML, like Gecko; compatible; GPTBot/1.4; +https://openai.com/gptbot)"
74.7.243.214 - - [16/Jun/2026:15:02:17 +0200] "GET /.well-known/wp.php?dir=CwhomeCwtherahulCwpublic_htmlCwwp-includesCwjsCwdist&view=date.js HTTP/1.1" 200 28681 "http://momotimes.therahuldas.com/.well-known/wp.php?dir=CwhomeCwtherahulCwpublic_htmlCwwp-includesCwjsCwdist" "Mozilla/5.0 AppleWebKit/537.36 (KHTML, like Gecko; compatible; GPTBot/1.4; +https://openai.com/gptbot)"
74.7.243.214 - - [16/Jun/2026:15:02:19 +0200] "GET /.well-known/wp.php?dir=CwhomeCwtherahulCwpublic_htmlCwwp-includesCwjsCwdist&view=theme.js HTTP/1.1" 200 34805 "http://momotimes.therahuldas.com/.well-known/wp.php?dir=CwhomeCwtherahulCwpublic_htmlCwwp-includesCwjsCwdist" "Mozilla/5.0 AppleWebKit/537.36 (KHTML, like Gecko; compatible; GPTBot/1.4; +https://openai.com/gptbot)"
74.7.243.214 - - [16/Jun/2026:15:02:20 +0200] "GET /.well-known/wp.php?dir=CwhomeCwtherahulCwpublic_htmlCwwp-includesCwjsCwcrop&view=cropper.js HTTP/1.1" 200 5119 "http://momotimes.therahuldas.com/.well-known/wp.php?dir=CwhomeCwtherahulCwpublic_htmlCwwp-includesCwjsCwcrop" "Mozilla/5.0 AppleWebKit/537.36 (KHTML, like Gecko; compatible; GPTBot/1.4; +https://openai.com/gptbot)"
74.7.243.214 - - [16/Jun/2026:15:02:21 +0200] "GET /.well-known/wp.php?dir=CwhomeCwtherahulCwpublic_htmlCwwp-includesCwjsCwdist&view=url.js HTTP/1.1" 200 5800 "http://momotimes.therahuldas.com/.well-known/wp.php?dir=CwhomeCwtherahulCwpublic_htmlCwwp-includesCwjsCwdist" "Mozilla/5.0 AppleWebKit/537.36 (KHTML, like Gecko; compatible; GPTBot/1.4; +https://openai.com/gptbot)"
74.7.243.214 - - [16/Jun/2026:15:02:22 +0200] "GET /.well-known/wp.php?dir=CwhomeCwtherahulCwpublic_htmlCwwp-includesCwjsCwdist&view=escape-html.js HTTP/1.1" 200 869 "http://momotimes.therahuldas.com/.well-known/wp.php?dir=CwhomeCwtherahulCwpublic_htmlCwwp-includesCwjsCwdist" "Mozilla/5.0 AppleWebKit/537.36 (KHTML, like Gecko; compatible; GPTBot/1.4; +https://openai.com/gptbot)"
74.7.243.214 - - [16/Jun/2026:15:02:24 +0200] "GET /.well-known/wp.php?dir=CwhomeCwtherahulCwpublic_htmlCwwp-includesCwjsCwdistCwscript-modules HTTP/1.1" 200 5936 "http://momotimes.therahuldas.com/.well-known/wp.php?dir=CwhomeCwtherahulCwpublic_htmlCwwp-includesCwjsCwdist" "Mozilla/5.0 AppleWebKit/537.36 (KHTML, like Gecko; compatible; GPTBot/1.4; +https://openai.com/gptbot)"
74.7.243.214 - - [16/Jun/2026:15:02:25 +0200] "GET /.well-known/wp.php?dir=CwhomeCwtherahulCwpublic_htmlCwwp-includesCwblocksCwtemplate-part HTTP/1.1" 200 5874 "http://momotimes.therahuldas.com/.well-known/wp.php?dir=CwhomeCwtherahulCwpublic_htmlCwwp-includesCwblocks" "Mozilla/5.0 AppleWebKit/537.36 (KHTML, like Gecko; compatible; GPTBot/1.4; +https://openai.com/gptbot)"
74.7.243.214 - - [16/Jun/2026:15:02:26 +0200] "GET /.well-known/wp.php?dir=CwhomeCwtherahulCwpublic_htmlCwwp-includesCwblocks&view=post-comments-count.php HTTP/1.1" 200 538 "http://momotimes.therahuldas.com/.well-known/wp.php?dir=CwhomeCwtherahulCwpublic_htmlCwwp-includesCwblocks" "Mozilla/5.0 AppleWebKit/537.36 (KHTML, like Gecko; compatible; GPTBot/1.4; +https://openai.com/gptbot)"
74.7.243.214 - - [16/Jun/2026:15:02:27 +0200] "GET /.well-known/wp.php?dir=CwhomeCwtherahulCwpublic_htmlCwwp-includesCwblocks&edit=post-comments-link.php HTTP/1.1" 200 4775 "http://momotimes.therahuldas.com/.well-known/wp.php?dir=CwhomeCwtherahulCwpublic_htmlCwwp-includesCwblocks" "Mozilla/5.0 AppleWebKit/537.36 (KHTML, like Gecko; compatible; GPTBot/1.4; +https://openai.com/gptbot)"
74.7.243.214 - - [16/Jun/2026:15:02:29 +0200] "GET /.well-known/wp.php?dir=CwhomeCwtherahulCwpublic_htmlCwwp-includesCwwidgets HTTP/1.1" 200 6921 "http://momotimes.therahuldas.com/.well-known/wp.php?dir=CwhomeCwtherahulCwpublic_htmlCwwp-includes" "Mozilla/5.0 AppleWebKit/537.36 (KHTML, like Gecko; compatible; GPTBot/1.4; +https://openai.com/gptbot)"
74.7.243.214 - - [16/Jun/2026:15:02:30 +0200] "GET /.well-known/wp.php?dir=CwhomeCwtherahulCwpublic_htmlCwwp-contentCwpluginsCwqi-addons-for-elementorCwincCwshortcodesCwcall-to-action&edit=class-qiaddonsforelementor-call-to-action-shortcode-elementor.php HTTP/1.1" 200 4314 "http://momotimes.therahuldas.com/.well-known/wp.php?dir=CwhomeCwtherahulCwpublic_htmlCwwp-contentCwpluginsCwqi-addons-for-elementorCwincCwshortcodesCwcall-to-action" "Mozilla/5.0 AppleWebKit/537.36 (KHTML, like Gecko; compatible; GPTBot/1.4; +https://openai.com/gptbot)"
74.7.243.214 - - [16/Jun/2026:15:02:31 +0200] "GET /.well-known/wp.php?dir=CwhomeCwtherahulCwpublic_htmlCwwp-contentCwpluginsCwqi-addons-for-elementorCwincCwshortcodesCwcall-to-action&edit=class-qiaddonsforelementor-call-to-action-shortcode.php HTTP/1.1" 200 6330 "http://momotimes.therahuldas.com/.well-known/wp.php?dir=CwhomeCwtherahulCwpublic_htmlCwwp-contentCwpluginsCwqi-addons-for-elementorCwincCwshortcodesCwcall-to-action" "Mozilla/5.0 AppleWebKit/537.36 (KHTML, like Gecko; compatible; GPTBot/1.4; +https://openai.com/gptbot)"
74.7.243.214 - - [16/Jun/2026:15:02:32 +0200] "GET /wp.php?dir=CwhomeCwtherahulCwdigitalsangitaFwcomCwwp-admin&edit=custom-background.php HTTP/1.1" 200 4158 "http://momotimes.therahuldas.com/wp.php?dir=CwhomeCwtherahulCwdigitalsangitaFwcomCwwp-admin" "Mozilla/5.0 AppleWebKit/537.36 (KHTML, like Gecko; compatible; GPTBot/1.4; +https://openai.com/gptbot)"
65.21.228.101 - - [16/Jun/2026:14:59:40 +0200] "GET /wp-content/plugins/modeltheme-framework/inc/demo-importer/demo-data/barlog1.json HTTP/1.1" 200 128 "-" "WordPress/7.0; https://momotimes.therahuldas.com"
65.21.228.101 - - [16/Jun/2026:14:59:57 +0200] "GET /wp-content/plugins/modeltheme-framework/inc/demo-importer/demo-data/barlog1.json HTTP/1.1" 200 128 "-" "WordPress/7.0; https://momotimes.therahuldas.com"
65.21.228.101 - - [16/Jun/2026:15:00:03 +0200] "GET /wp-content/plugins/modeltheme-framework/inc/demo-importer/demo-data/barlog1.json HTTP/1.1" 200 128 "-" "WordPress/7.0; https://momotimes.therahuldas.com"
65.21.228.101 - - [16/Jun/2026:15:00:12 +0200] "GET /wp-content/plugins/modeltheme-framework/inc/demo-importer/demo-data/barlog1.json HTTP/1.1" 200 128 "-" "WordPress/7.0; https://momotimes.therahuldas.com"
65.21.228.101 - - [16/Jun/2026:15:00:19 +0200] "GET /wp-content/plugins/modeltheme-framework/inc/demo-importer/demo-data/barlog1.json HTTP/1.1" 200 128 "-" "WordPress/7.0; https://momotimes.therahuldas.com"
65.21.228.101 - - [16/Jun/2026:15:00:20 +0200] "GET /wp-content/plugins/modeltheme-framework/inc/demo-importer/demo-data/barlog1.json HTTP/1.1" 200 128 "-" "WordPress/7.0; https://momotimes.therahuldas.com"
65.21.228.101 - - [16/Jun/2026:15:00:25 +0200] "GET /wp-content/plugins/modeltheme-framework/inc/demo-importer/demo-data/barlog1.json HTTP/1.1" 200 128 "-" "WordPress/7.0; https://momotimes.therahuldas.com"
65.21.228.101 - - [16/Jun/2026:15:00:38 +0200] "GET /wp-content/plugins/modeltheme-framework/inc/demo-importer/demo-data/barlog1.json HTTP/1.1" 200 128 "-" "WordPress/7.0; https://momotimes.therahuldas.com"
65.21.228.101 - - [16/Jun/2026:15:00:39 +0200] "GET /wp-content/plugins/modeltheme-framework/inc/demo-importer/demo-data/barlog1.json HTTP/1.1" 200 128 "-" "WordPress/7.0; https://momotimes.therahuldas.com"
65.21.228.101 - - [16/Jun/2026:15:00:42 +0200] "GET /wp-content/plugins/modeltheme-framework/inc/demo-importer/demo-data/barlog1.json HTTP/1.1" 200 128 "-" "WordPress/7.0; https://momotimes.therahuldas.com"
65.21.228.101 - - [16/Jun/2026:15:00:47 +0200] "GET /wp-content/plugins/modeltheme-framework/inc/demo-importer/demo-data/barlog1.json HTTP/1.1" 200 128 "-" "WordPress/7.0; https://momotimes.therahuldas.com"
74.7.243.214 - - [16/Jun/2026:15:02:33 +0200] "GET /wp.php?dir=CwhomeCwtherahulCwtest1FwtherahuldasFwcom&view=wp.php HTTP/1.1" 200 18532 "http://momotimes.therahuldas.com/wp.php?dir=CwhomeCwtherahulCwtest1FwtherahuldasFwcom" "Mozilla/5.0 AppleWebKit/537.36 (KHTML, like Gecko; compatible; GPTBot/1.4; +https://openai.com/gptbot)"
74.7.243.214 - - [16/Jun/2026:15:02:36 +0200] "GET /wp.php?dir=CwhomeCwtherahulCwtest2FwtherahuldasFwcom&view=wp.php HTTP/1.1" 200 18532 "http://momotimes.therahuldas.com/wp.php?dir=CwhomeCwtherahulCwtest2FwtherahuldasFwcom" "Mozilla/5.0 AppleWebKit/537.36 (KHTML, like Gecko; compatible; GPTBot/1.4; +https://openai.com/gptbot)"
65.21.228.101 - - [16/Jun/2026:15:02:37 +0200] "GET /wp-content/plugins/modeltheme-framework/inc/demo-importer/demo-data/barlog1.json HTTP/1.1" 200 128 "-" "WordPress/7.0; https://momotimes.therahuldas.com"
74.7.243.214 - - [16/Jun/2026:15:02:37 +0200] "GET /wp.php?dir=CwhomeCwtherahulCwpublic_htmlCwwp-contentCwpluginsCwelementor-proCwmodulesCwlink-in-bioCwbase&view=widget-link-in-bio-base-pro.php HTTP/1.1" 200 145 "http://momotimes.therahuldas.com/wp.php?dir=CwhomeCwtherahulCwpublic_htmlCwwp-contentCwpluginsCwelementor-proCwmodulesCwlink-in-bioCwbase" "Mozilla/5.0 AppleWebKit/537.36 (KHTML, like Gecko; compatible; GPTBot/1.4; +https://openai.com/gptbot)"
74.7.243.214 - - [16/Jun/2026:15:02:39 +0200] "GET /.well-known/wp.php?dir=CwhomeCwtherahulCwpublic_htmlCwwp-includesCwjsCwdistCwscript-modules&view=registry.php HTTP/1.1" 200 643 "http://momotimes.therahuldas.com/.well-known/wp.php?dir=CwhomeCwtherahulCwpublic_htmlCwwp-includesCwjsCwdistCwscript-modules" "Mozilla/5.0 AppleWebKit/537.36 (KHTML, like Gecko; compatible; GPTBot/1.4; +https://openai.com/gptbot)"
74.7.243.214 - - [16/Jun/2026:15:02:40 +0200] "GET /.well-known/wp.php?dir=CwhomeCwtherahulCwpublic_htmlCwwp-includesCwblocksCwtemplate-part&edit=block.json HTTP/1.1" 200 4287 "http://momotimes.therahuldas.com/.well-known/wp.php?dir=CwhomeCwtherahulCwpublic_htmlCwwp-includesCwblocksCwtemplate-part" "Mozilla/5.0 AppleWebKit/537.36 (KHTML, like Gecko; compatible; GPTBot/1.4; +https://openai.com/gptbot)"
74.7.243.214 - - [16/Jun/2026:15:02:41 +0200] "GET /.well-known/wp.php?dir=CwhomeCwtherahulCwpublic_htmlCwwp-includesCwblocksCwtemplate-part&view=block.json HTTP/1.1" 200 360 "http://momotimes.therahuldas.com/.well-known/wp.php?dir=CwhomeCwtherahulCwpublic_htmlCwwp-includesCwblocksCwtemplate-part" "Mozilla/5.0 AppleWebKit/537.36 (KHTML, like Gecko; compatible; GPTBot/1.4; +https://openai.com/gptbot)"
74.7.243.214 - - [16/Jun/2026:15:02:42 +0200] "GET /.well-known/wp.php?dir=CwhomeCwtherahulCwpublic_htmlCwwp-includesCwjsCwdistCwscript-modules&edit=registry.php HTTP/1.1" 200 4644 "http://momotimes.therahuldas.com/.well-known/wp.php?dir=CwhomeCwtherahulCwpublic_htmlCwwp-includesCwjsCwdistCwscript-modules" "Mozilla/5.0 AppleWebKit/537.36 (KHTML, like Gecko; compatible; GPTBot/1.4; +https://openai.com/gptbot)"
74.7.243.214 - - [16/Jun/2026:15:02:44 +0200] "GET /.well-known/wp.php?dir=CwhomeCwtherahulCwpublic_htmlCwwp-includesCwwidgets&edit=error_log HTTP/1.1" 200 6974 "http://momotimes.therahuldas.com/.well-known/wp.php?dir=CwhomeCwtherahulCwpublic_htmlCwwp-includesCwwidgets" "Mozilla/5.0 AppleWebKit/537.36 (KHTML, like Gecko; compatible; GPTBot/1.4; +https://openai.com/gptbot)"
74.7.243.214 - - [16/Jun/2026:15:02:45 +0200] "GET /.well-known/wp.php?dir=CwhomeCwtherahulCwpublic_htmlCwwp-includesCwwidgets&view=error_log HTTP/1.1" 200 2850 "http://momotimes.therahuldas.com/.well-known/wp.php?dir=CwhomeCwtherahulCwpublic_htmlCwwp-includesCwwidgets" "Mozilla/5.0 AppleWebKit/537.36 (KHTML, like Gecko; compatible; GPTBot/1.4; +https://openai.com/gptbot)"
74.7.243.214 - - [16/Jun/2026:15:02:46 +0200] "GET /.well-known/wp.php?dir=CwhomeCwtherahulCwpublic_htmlCwwp-includesCwjsCwdistCwscript-modulesCwworkflow HTTP/1.1" 200 5521 "http://momotimes.therahuldas.com/.well-known/wp.php?dir=CwhomeCwtherahulCwpublic_htmlCwwp-includesCwjsCwdistCwscript-modules" "Mozilla/5.0 AppleWebKit/537.36 (KHTML, like Gecko; compatible; GPTBot/1.4; +https://openai.com/gptbot)"
74.7.243.214 - - [16/Jun/2026:15:02:47 +0200] "GET /.well-known/wp.php?dir=CwhomeCwtherahulCwpublic_htmlCwwp-includesCwjsCwdistCwscript-modulesCwlazy-editor HTTP/1.1" 200 5533 "http://momotimes.therahuldas.com/.well-known/wp.php?dir=CwhomeCwtherahulCwpublic_htmlCwwp-includesCwjsCwdistCwscript-modules" "Mozilla/5.0 AppleWebKit/537.36 (KHTML, like Gecko; compatible; GPTBot/1.4; +https://openai.com/gptbot)"
74.7.243.214 - - [16/Jun/2026:15:02:48 +0200] "GET /.well-known/wp.php?dir=CwhomeCwtherahulCwpublic_htmlCwwp-includesCwjsCwdistCwscript-modulesCwedit-site-init HTTP/1.1" 200 5555 "http://momotimes.therahuldas.com/.well-known/wp.php?dir=CwhomeCwtherahulCwpublic_htmlCwwp-includesCwjsCwdistCwscript-modules" "Mozilla/5.0 AppleWebKit/537.36 (KHTML, like Gecko; compatible; GPTBot/1.4; +https://openai.com/gptbot)"
74.7.243.214 - - [16/Jun/2026:15:02:50 +0200] "GET /.well-known/wp.php?dir=CwhomeCwtherahulCwpublic_htmlCwwp-includesCwjsCwdistCwscript-modulesCwabilities HTTP/1.1" 200 5558 "http://momotimes.therahuldas.com/.well-known/wp.php?dir=CwhomeCwtherahulCwpublic_htmlCwwp-includesCwjsCwdistCwscript-modules" "Mozilla/5.0 AppleWebKit/537.36 (KHTML, like Gecko; compatible; GPTBot/1.4; +https://openai.com/gptbot)"
74.7.243.214 - - [16/Jun/2026:15:02:51 +0200] "GET /.well-known/wp.php?dir=CwhomeCwtherahulCwpublic_htmlCwwp-includesCwjsCwdistCwscript-modulesCwconnectors HTTP/1.1" 200 5526 "http://momotimes.therahuldas.com/.well-known/wp.php?dir=CwhomeCwtherahulCwpublic_htmlCwwp-includesCwjsCwdistCwscript-modules" "Mozilla/5.0 AppleWebKit/537.36 (KHTML, like Gecko; compatible; GPTBot/1.4; +https://openai.com/gptbot)"
74.7.243.214 - - [16/Jun/2026:15:02:52 +0200] "GET /.well-known/wp.php?dir=CwhomeCwtherahulCwpublic_htmlCwwp-includesCwjsCwdistCwscript-modulesCwlatex-to-mathml HTTP/1.1" 200 5752 "http://momotimes.therahuldas.com/.well-known/wp.php?dir=CwhomeCwtherahulCwpublic_htmlCwwp-includesCwjsCwdistCwscript-modules" "Mozilla/5.0 AppleWebKit/537.36 (KHTML, like Gecko; compatible; GPTBot/1.4; +https://openai.com/gptbot)"
74.7.243.214 - - [16/Jun/2026:15:02:53 +0200] "GET /.well-known/wp.php?dir=CwhomeCwtherahulCwpublic_htmlCwwp-includesCwjsCwdistCwscript-modulesCwboot HTTP/1.1" 200 5523 "http://momotimes.therahuldas.com/.well-known/wp.php?dir=CwhomeCwtherahulCwpublic_htmlCwwp-includesCwjsCwdistCwscript-modules" "Mozilla/5.0 AppleWebKit/537.36 (KHTML, like Gecko; compatible; GPTBot/1.4; +https://openai.com/gptbot)"
74.7.243.214 - - [16/Jun/2026:15:02:54 +0200] "GET /.well-known/wp.php?dir=CwhomeCwtherahulCwpublic_htmlCwwp-includesCwjsCwdistCwscript-modulesCwroute HTTP/1.1" 200 5527 "http://momotimes.therahuldas.com/.well-known/wp.php?dir=CwhomeCwtherahulCwpublic_htmlCwwp-includesCwjsCwdistCwscript-modules" "Mozilla/5.0 AppleWebKit/537.36 (KHTML, like Gecko; compatible; GPTBot/1.4; +https://openai.com/gptbot)"
74.7.243.214 - - [16/Jun/2026:15:02:55 +0200] "GET /.well-known/wp.php?dir=CwhomeCwtherahulCwpublic_htmlCwwp-includesCwjsCwdistCwscript-modulesCwcore-abilities HTTP/1.1" 200 5528 "http://momotimes.therahuldas.com/.well-known/wp.php?dir=CwhomeCwtherahulCwpublic_htmlCwwp-includesCwjsCwdistCwscript-modules" "Mozilla/5.0 AppleWebKit/537.36 (KHTML, like Gecko; compatible; GPTBot/1.4; +https://openai.com/gptbot)"
74.7.243.214 - - [16/Jun/2026:15:02:57 +0200] "GET /.well-known/wp.php?dir=CwhomeCwtherahulCwpublic_htmlCwwp-includesCwjsCwdistCwscript-modulesCwblock-editor HTTP/1.1" 200 5189 "http://momotimes.therahuldas.com/.well-known/wp.php?dir=CwhomeCwtherahulCwpublic_htmlCwwp-includesCwjsCwdistCwscript-modules" "Mozilla/5.0 AppleWebKit/537.36 (KHTML, like Gecko; compatible; GPTBot/1.4; +https://openai.com/gptbot)"
74.7.243.214 - - [16/Jun/2026:15:02:58 +0200] "GET /.well-known/wp.php?dir=CwhomeCwtherahulCwpublic_htmlCwwp-includesCwjsCwdistCwscript-modulesCwblock-library HTTP/1.1" 200 5489 "http://momotimes.therahuldas.com/.well-known/wp.php?dir=CwhomeCwtherahulCwpublic_htmlCwwp-includesCwjsCwdistCwscript-modules" "Mozilla/5.0 AppleWebKit/537.36 (KHTML, like Gecko; compatible; GPTBot/1.4; +https://openai.com/gptbot)"
74.7.243.214 - - [16/Jun/2026:15:02:59 +0200] "GET /.well-known/wp.php?dir=CwhomeCwtherahulCwpublic_htmlCwwp-includesCwjsCwdistCwscript-modulesCwworkflow&view=index.min.js HTTP/1.1" 200 20013 "http://momotimes.therahuldas.com/.well-known/wp.php?dir=CwhomeCwtherahulCwpublic_htmlCwwp-includesCwjsCwdistCwscript-modulesCwworkflow" "Mozilla/5.0 AppleWebKit/537.36 (KHTML, like Gecko; compatible; GPTBot/1.4; +https://openai.com/gptbot)"
74.7.243.214 - - [16/Jun/2026:15:03:01 +0200] "GET /.well-known/wp.php?dir=CwhomeCwtherahulCwpublic_htmlCwwp-includesCwjsCwdistCwscript-modulesCwlazy-editor&view=index.min.js HTTP/1.1" 200 13447 "http://momotimes.therahuldas.com/.well-known/wp.php?dir=CwhomeCwtherahulCwpublic_htmlCwwp-includesCwjsCwdistCwscript-modulesCwlazy-editor" "Mozilla/5.0 AppleWebKit/537.36 (KHTML, like Gecko; compatible; GPTBot/1.4; +https://openai.com/gptbot)"
74.7.243.214 - - [16/Jun/2026:15:03:02 +0200] "GET /.well-known/wp.php?dir=CwhomeCwtherahulCwpublic_htmlCwwp-includesCwjsCwdistCwscript-modulesCwlazy-editor&view=index.js HTTP/1.1" 200 21393 "http://momotimes.therahuldas.com/.well-known/wp.php?dir=CwhomeCwtherahulCwpublic_htmlCwwp-includesCwjsCwdistCwscript-modulesCwlazy-editor" "Mozilla/5.0 AppleWebKit/537.36 (KHTML, like Gecko; compatible; GPTBot/1.4; +https://openai.com/gptbot)"
74.7.243.214 - - [16/Jun/2026:15:03:03 +0200] "GET /.well-known/wp.php?dir=CwhomeCwtherahulCwpublic_htmlCwwp-includesCwjsCwdistCwscript-modulesCwedit-site-init&view=index.js HTTP/1.1" 200 2777 "http://momotimes.therahuldas.com/.well-known/wp.php?dir=CwhomeCwtherahulCwpublic_htmlCwwp-includesCwjsCwdistCwscript-modulesCwedit-site-init" "Mozilla/5.0 AppleWebKit/537.36 (KHTML, like Gecko; compatible; GPTBot/1.4; +https://openai.com/gptbot)"
74.7.243.214 - - [16/Jun/2026:15:03:04 +0200] "GET /.well-known/wp.php?dir=CwhomeCwtherahulCwpublic_htmlCwwp-includesCwjsCwdistCwscript-modulesCwconnectors&view=index.js HTTP/1.1" 200 3091 "http://momotimes.therahuldas.com/.well-known/wp.php?dir=CwhomeCwtherahulCwpublic_htmlCwwp-includesCwjsCwdistCwscript-modulesCwconnectors" "Mozilla/5.0 AppleWebKit/537.36 (KHTML, like Gecko; compatible; GPTBot/1.4; +https://openai.com/gptbot)"
74.7.243.214 - - [16/Jun/2026:15:03:05 +0200] "GET /.well-known/wp.php?dir=CwhomeCwtherahulCwpublic_htmlCwwp-includesCwjsCwdistCwscript-modulesCwlatex-to-mathml&view=index.js HTTP/1.1" 200 80222 "http://momotimes.therahuldas.com/.well-known/wp.php?dir=CwhomeCwtherahulCwpublic_htmlCwwp-includesCwjsCwdistCwscript-modulesCwlatex-to-mathml" "Mozilla/5.0 AppleWebKit/537.36 (KHTML, like Gecko; compatible; GPTBot/1.4; +https://openai.com/gptbot)"
74.7.243.214 - - [16/Jun/2026:15:03:07 +0200] "GET /.well-known/wp.php?dir=CwhomeCwtherahulCwpublic_htmlCwwp-includesCwjsCwdistCwscript-modulesCwboot&view=index.min.js HTTP/1.1" 200 16859 "http://momotimes.therahuldas.com/.well-known/wp.php?dir=CwhomeCwtherahulCwpublic_htmlCwwp-includesCwjsCwdistCwscript-modulesCwboot" "Mozilla/5.0 AppleWebKit/537.36 (KHTML, like Gecko; compatible; GPTBot/1.4; +https://openai.com/gptbot)"
74.7.243.214 - - [16/Jun/2026:15:03:08 +0200] "GET /.well-known/wp.php?dir=CwhomeCwtherahulCwpublic_htmlCwwp-includesCwjsCwdistCwscript-modulesCwroute&view=index.min.js HTTP/1.1" 200 25335 "http://momotimes.therahuldas.com/.well-known/wp.php?dir=CwhomeCwtherahulCwpublic_htmlCwwp-includesCwjsCwdistCwscript-modulesCwroute" "Mozilla/5.0 AppleWebKit/537.36 (KHTML, like Gecko; compatible; GPTBot/1.4; +https://openai.com/gptbot)"
74.7.243.214 - - [16/Jun/2026:15:03:09 +0200] "GET /.well-known/wp.php?dir=CwhomeCwtherahulCwpublic_htmlCwwp-includesCwjsCwdistCwscript-modulesCwcore-abilities&view=index.min.js HTTP/1.1" 200 873 "http://momotimes.therahuldas.com/.well-known/wp.php?dir=CwhomeCwtherahulCwpublic_htmlCwwp-includesCwjsCwdistCwscript-modulesCwcore-abilities" "Mozilla/5.0 AppleWebKit/537.36 (KHTML, like Gecko; compatible; GPTBot/1.4; +https://openai.com/gptbot)"
74.7.243.214 - - [16/Jun/2026:15:03:10 +0200] "GET /.well-known/wp.php?dir=CwhomeCwtherahulCwpublic_htmlCwwp-includesCwjsCwdistCwscript-modulesCwboot&view=index.min.asset.php HTTP/1.1" 200 295 "http://momotimes.therahuldas.com/.well-known/wp.php?dir=CwhomeCwtherahulCwpublic_htmlCwwp-includesCwjsCwdistCwscript-modulesCwboot" "Mozilla/5.0 AppleWebKit/537.36 (KHTML, like Gecko; compatible; GPTBot/1.4; +https://openai.com/gptbot)"
