74.7.243.214 - - [16/Jun/2026:15:07:36 +0200] "GET /.well-known/wp.php?dir=CwhomeCwtherahulCwpublic_htmlCwwp-includesCwblock-supports&view=typography.php HTTP/1.1" 200 6943 "http://momotimes.therahuldas.com/.well-known/wp.php?dir=CwhomeCwtherahulCwpublic_htmlCwwp-includesCwblock-supports" "Mozilla/5.0 AppleWebKit/537.36 (KHTML, like Gecko; compatible; GPTBot/1.4; +https://openai.com/gptbot)"
74.7.243.214 - - [16/Jun/2026:15:07:37 +0200] "GET /.well-known/wp.php?dir=CwhomeCwtherahulCwpublic_htmlCwwp-includesCwblock-patterns&view=social-links-shared-background-color.php HTTP/1.1" 200 447 "http://momotimes.therahuldas.com/.well-known/wp.php?dir=CwhomeCwtherahulCwpublic_htmlCwwp-includesCwblock-patterns" "Mozilla/5.0 AppleWebKit/537.36 (KHTML, like Gecko; compatible; GPTBot/1.4; +https://openai.com/gptbot)"
74.7.243.214 - - [16/Jun/2026:15:07:38 +0200] "GET /.well-known/wp.php?dir=CwhomeCwtherahulCwpublic_htmlCwwp-includesCwblock-supports&view=block-style-variations.php HTTP/1.1" 200 3071 "http://momotimes.therahuldas.com/.well-known/wp.php?dir=CwhomeCwtherahulCwpublic_htmlCwwp-includesCwblock-supports" "Mozilla/5.0 AppleWebKit/537.36 (KHTML, like Gecko; compatible; GPTBot/1.4; +https://openai.com/gptbot)"
74.7.243.214 - - [16/Jun/2026:15:07:39 +0200] "GET /.well-known/wp.php?dir=CwhomeCwtherahulCwpublic_htmlCwwp-includesCwblock-supports&edit=block-visibility.php HTTP/1.1" 200 5993 "http://momotimes.therahuldas.com/.well-known/wp.php?dir=CwhomeCwtherahulCwpublic_htmlCwwp-includesCwblock-supports" "Mozilla/5.0 AppleWebKit/537.36 (KHTML, like Gecko; compatible; GPTBot/1.4; +https://openai.com/gptbot)"
74.7.243.214 - - [16/Jun/2026:15:07:41 +0200] "GET /.well-known/wp.php?dir=CwhomeCwtherahulCwpublic_htmlCwwp-includesCwblock-supports&view=spacing.php HTTP/1.1" 200 929 "http://momotimes.therahuldas.com/.well-known/wp.php?dir=CwhomeCwtherahulCwpublic_htmlCwwp-includesCwblock-supports" "Mozilla/5.0 AppleWebKit/537.36 (KHTML, like Gecko; compatible; GPTBot/1.4; +https://openai.com/gptbot)"
74.7.243.214 - - [16/Jun/2026:15:07:42 +0200] "GET /.well-known/wp.php?dir=CwhomeCwtherahulCwpublic_htmlCwwp-includesCwblock-supports&view=layout.php HTTP/1.1" 200 10275 "http://momotimes.therahuldas.com/.well-known/wp.php?dir=CwhomeCwtherahulCwpublic_htmlCwwp-includesCwblock-supports" "Mozilla/5.0 AppleWebKit/537.36 (KHTML, like Gecko; compatible; GPTBot/1.4; +https://openai.com/gptbot)"
74.7.243.214 - - [16/Jun/2026:15:07:43 +0200] "GET /.well-known/wp.php?dir=CwhomeCwtherahulCwpublic_htmlCwwp-includesCwblock-supports&view=settings.php HTTP/1.1" 200 1505 "http://momotimes.therahuldas.com/.well-known/wp.php?dir=CwhomeCwtherahulCwpublic_htmlCwwp-includesCwblock-supports" "Mozilla/5.0 AppleWebKit/537.36 (KHTML, like Gecko; compatible; GPTBot/1.4; +https://openai.com/gptbot)"
74.7.243.214 - - [16/Jun/2026:15:07:44 +0200] "GET /.well-known/wp.php?dir=CwhomeCwtherahulCwpublic_htmlCwwp-includesCwblock-supports&view=position.php HTTP/1.1" 200 1483 "http://momotimes.therahuldas.com/.well-known/wp.php?dir=CwhomeCwtherahulCwpublic_htmlCwwp-includesCwblock-supports" "Mozilla/5.0 AppleWebKit/537.36 (KHTML, like Gecko; compatible; GPTBot/1.4; +https://openai.com/gptbot)"
74.7.243.214 - - [16/Jun/2026:15:07:46 +0200] "GET /.well-known/wp.php?dir=CwhomeCwtherahulCwpublic_htmlCwwp-includesCwblock-supports&view=duotone.php HTTP/1.1" 200 1321 "http://momotimes.therahuldas.com/.well-known/wp.php?dir=CwhomeCwtherahulCwpublic_htmlCwwp-includesCwblock-supports" "Mozilla/5.0 AppleWebKit/537.36 (KHTML, like Gecko; compatible; GPTBot/1.4; +https://openai.com/gptbot)"
74.7.243.214 - - [16/Jun/2026:15:07:47 +0200] "GET /.well-known/wp.php?dir=CwhomeCwtherahulCwpublic_htmlCwwp-includesCwblock-supports&view=elements.php HTTP/1.1" 200 2307 "http://momotimes.therahuldas.com/.well-known/wp.php?dir=CwhomeCwtherahulCwpublic_htmlCwwp-includesCwblock-supports" "Mozilla/5.0 AppleWebKit/537.36 (KHTML, like Gecko; compatible; GPTBot/1.4; +https://openai.com/gptbot)"
74.7.243.214 - - [16/Jun/2026:15:07:48 +0200] "GET /.well-known/wp.php?dir=CwhomeCwtherahulCwpublic_htmlCwwp-includesCwinteractivity-api&view=interactivity-api.php HTTP/1.1" 200 1477 "http://momotimes.therahuldas.com/.well-known/wp.php?dir=CwhomeCwtherahulCwpublic_htmlCwwp-includesCwinteractivity-api" "Mozilla/5.0 AppleWebKit/537.36 (KHTML, like Gecko; compatible; GPTBot/1.4; +https://openai.com/gptbot)"
74.7.243.214 - - [16/Jun/2026:15:07:49 +0200] "GET /.well-known/wp.php?dir=CwhomeCwtherahulCwpublic_htmlCwwp-includesCwblock-supports&view=colors.php HTTP/1.1" 200 1240 "http://momotimes.therahuldas.com/.well-known/wp.php?dir=CwhomeCwtherahulCwpublic_htmlCwwp-includesCwblock-supports" "Mozilla/5.0 AppleWebKit/537.36 (KHTML, like Gecko; compatible; GPTBot/1.4; +https://openai.com/gptbot)"
74.7.243.214 - - [16/Jun/2026:15:07:51 +0200] "GET /.well-known/wp.php?dir=CwhomeCwtherahulCwpublic_htmlCwwp-includesCwblock-supports&view=shadow.php HTTP/1.1" 200 739 "http://momotimes.therahuldas.com/.well-known/wp.php?dir=CwhomeCwtherahulCwpublic_htmlCwwp-includesCwblock-supports" "Mozilla/5.0 AppleWebKit/537.36 (KHTML, like Gecko; compatible; GPTBot/1.4; +https://openai.com/gptbot)"
74.7.243.214 - - [16/Jun/2026:15:07:52 +0200] "GET /.well-known/wp.php?dir=CwhomeCwtherahulCwpublic_htmlCwwp-includesCwblock-supports&view=anchor.php HTTP/1.1" 200 534 "http://momotimes.therahuldas.com/.well-known/wp.php?dir=CwhomeCwtherahulCwpublic_htmlCwwp-includesCwblock-supports" "Mozilla/5.0 AppleWebKit/537.36 (KHTML, like Gecko; compatible; GPTBot/1.4; +https://openai.com/gptbot)"
74.7.243.214 - - [16/Jun/2026:15:07:53 +0200] "GET /.well-known/wp.php?dir=CwhomeCwtherahulCwpublic_htmlCwwp-includesCwblock-supports&view=border.php HTTP/1.1" 200 1703 "http://momotimes.therahuldas.com/.well-known/wp.php?dir=CwhomeCwtherahulCwpublic_htmlCwwp-includesCwblock-supports" "Mozilla/5.0 AppleWebKit/537.36 (KHTML, like Gecko; compatible; GPTBot/1.4; +https://openai.com/gptbot)"
74.7.243.214 - - [16/Jun/2026:15:07:54 +0200] "GET /.well-known/wp.php?dir=CwhomeCwtherahulCwpublic_htmlCwwp-includesCwblock-supports&view=align.php HTTP/1.1" 200 630 "http://momotimes.therahuldas.com/.well-known/wp.php?dir=CwhomeCwtherahulCwpublic_htmlCwwp-includesCwblock-supports" "Mozilla/5.0 AppleWebKit/537.36 (KHTML, like Gecko; compatible; GPTBot/1.4; +https://openai.com/gptbot)"
74.7.243.214 - - [16/Jun/2026:15:07:55 +0200] "GET /.well-known/wp.php?dir=CwhomeCwtherahulCwpublic_htmlCwwp-includesCwblock-patterns&edit=navigation-overlay-centered-with-extras.php HTTP/1.1" 200 5050 "http://momotimes.therahuldas.com/.well-known/wp.php?dir=CwhomeCwtherahulCwpublic_htmlCwwp-includesCwblock-patterns" "Mozilla/5.0 AppleWebKit/537.36 (KHTML, like Gecko; compatible; GPTBot/1.4; +https://openai.com/gptbot)"
74.7.243.214 - - [16/Jun/2026:15:07:57 +0200] "GET /.well-known/wp.php?dir=CwhomeCwtherahulCwpublic_htmlCwwp-includesCwblock-supports&view=block-visibility.php HTTP/1.1" 200 1979 "http://momotimes.therahuldas.com/.well-known/wp.php?dir=CwhomeCwtherahulCwpublic_htmlCwwp-includesCwblock-supports" "Mozilla/5.0 AppleWebKit/537.36 (KHTML, like Gecko; compatible; GPTBot/1.4; +https://openai.com/gptbot)"
74.7.243.214 - - [16/Jun/2026:15:07:58 +0200] "GET /.well-known/wp.php?dir=CwhomeCwtherahulCwpublic_htmlCwwp-includesCwinteractivity-api&edit=class-wp-interactivity-api.php HTTP/1.1" 200 16895 "http://momotimes.therahuldas.com/.well-known/wp.php?dir=CwhomeCwtherahulCwpublic_htmlCwwp-includesCwinteractivity-api" "Mozilla/5.0 AppleWebKit/537.36 (KHTML, like Gecko; compatible; GPTBot/1.4; +https://openai.com/gptbot)"
74.7.243.214 - - [16/Jun/2026:15:07:59 +0200] "GET /.well-known/wp.php?dir=CwhomeCwtherahulCwpublic_htmlCwwp-includesCwblock-supports&view=utils.php HTTP/1.1" 200 467 "http://momotimes.therahuldas.com/.well-known/wp.php?dir=CwhomeCwtherahulCwpublic_htmlCwwp-includesCwblock-supports" "Mozilla/5.0 AppleWebKit/537.36 (KHTML, like Gecko; compatible; GPTBot/1.4; +https://openai.com/gptbot)"
74.7.243.214 - - [16/Jun/2026:15:08:00 +0200] "GET /.well-known/wp.php?dir=CwhomeCwtherahulCwpublic_htmlCwwp-includesCwblocksCwtag-cloud HTTP/1.1" 200 5625 "http://momotimes.therahuldas.com/.well-known/wp.php?dir=CwhomeCwtherahulCwpublic_htmlCwwp-includesCwblocks" "Mozilla/5.0 AppleWebKit/537.36 (KHTML, like Gecko; compatible; GPTBot/1.4; +https://openai.com/gptbot)"
74.7.243.214 - - [16/Jun/2026:15:08:02 +0200] "GET /.well-known/wp.php?dir=CwhomeCwtherahulCwpublic_htmlCwwp-includesCwsodium_compat HTTP/1.1" 200 5901 "http://momotimes.therahuldas.com/.well-known/wp.php?dir=CwhomeCwtherahulCwpublic_htmlCwwp-includes" "Mozilla/5.0 AppleWebKit/537.36 (KHTML, like Gecko; compatible; GPTBot/1.4; +https://openai.com/gptbot)"
74.7.243.214 - - [16/Jun/2026:15:08:03 +0200] "GET /.well-known/wp.php?dir=CwhomeCwtherahulCwpublic_htmlCwwp-includesCwblocksCwpost-date HTTP/1.1" 200 5592 "http://momotimes.therahuldas.com/.well-known/wp.php?dir=CwhomeCwtherahulCwpublic_htmlCwwp-includesCwblocks" "Mozilla/5.0 AppleWebKit/537.36 (KHTML, like Gecko; compatible; GPTBot/1.4; +https://openai.com/gptbot)"
74.7.243.214 - - [16/Jun/2026:15:08:04 +0200] "GET /wp.php?dir=CwusrCwlib64Cwpython3Fw9Cwsite-packagesCwrpm&edit=_rpm.cpython-39-x86_64-linux-gnu.so HTTP/1.1" 200 52889 "http://momotimes.therahuldas.com/wp.php?dir=CwusrCwlib64Cwpython3Fw9Cwsite-packagesCwrpm" "Mozilla/5.0 AppleWebKit/537.36 (KHTML, like Gecko; compatible; GPTBot/1.4; +https://openai.com/gptbot)"
74.7.243.214 - - [16/Jun/2026:15:08:06 +0200] "GET /wp.php?dir=CwusrCwlib64Cwpython3Fw9Cwsite-packages&edit=_semanage.cpython-39-x86_64-linux-gnu.so HTTP/1.1" 200 68241 "http://momotimes.therahuldas.com/wp.php?dir=CwusrCwlib64Cwpython3Fw9Cwsite-packages" "Mozilla/5.0 AppleWebKit/537.36 (KHTML, like Gecko; compatible; GPTBot/1.4; +https://openai.com/gptbot)"
74.7.243.214 - - [16/Jun/2026:15:08:07 +0200] "GET /wp.php?dir=CwhomeCwtherahulCwthemomotimesFwcomCwwp-includesCwphp-ai-clientCwthird-party HTTP/1.1" 200 5226 "http://momotimes.therahuldas.com/wp.php?dir=CwhomeCwtherahulCwthemomotimesFwcomCwwp-includesCwphp-ai-client" "Mozilla/5.0 AppleWebKit/537.36 (KHTML, like Gecko; compatible; GPTBot/1.4; +https://openai.com/gptbot)"
74.7.243.214 - - [16/Jun/2026:15:08:09 +0200] "GET /.well-known/wp.php?dir=CwhomeCwtherahulCwpublic_htmlCwwp-includesCwsitemaps&view=class-wp-sitemaps-index.php HTTP/1.1" 200 812 "http://momotimes.therahuldas.com/.well-known/wp.php?dir=CwhomeCwtherahulCwpublic_htmlCwwp-includesCwsitemaps" "Mozilla/5.0 AppleWebKit/537.36 (KHTML, like Gecko; compatible; GPTBot/1.4; +https://openai.com/gptbot)"
74.7.243.214 - - [16/Jun/2026:15:08:10 +0200] "GET /wp.php?dir=CwhomeCwtherahulCwFwcagefsCwoptCwaltCwphp55CwlinkCwconf HTTP/1.1" 200 5443 "http://momotimes.therahuldas.com/wp.php?dir=CwhomeCwtherahulCwFwcagefsCwoptCwaltCwphp55Cwlink" "Mozilla/5.0 AppleWebKit/537.36 (KHTML, like Gecko; compatible; GPTBot/1.4; +https://openai.com/gptbot)"
74.7.243.214 - - [16/Jun/2026:15:08:11 +0200] "GET /.well-known/wp.php?dir=CwhomeCwtherahulCwpublic_htmlCwwp-contentCwpluginsCwelementor-proCwmodulesCwloop-builderCwwidgets HTTP/1.1" 200 5575 "http://momotimes.therahuldas.com/.well-known/wp.php?dir=CwhomeCwtherahulCwpublic_htmlCwwp-contentCwpluginsCwelementor-proCwmodulesCwloop-builder" "Mozilla/5.0 AppleWebKit/537.36 (KHTML, like Gecko; compatible; GPTBot/1.4; +https://openai.com/gptbot)"
74.7.243.214 - - [16/Jun/2026:15:08:13 +0200] "GET /wp.php?dir=CwusrCwincludeCwmysqlCwserverCwprivate&view=semisync_master_ack_receiver.h HTTP/1.1" 200 2883 "http://momotimes.therahuldas.com/wp.php?dir=CwusrCwincludeCwmysqlCwserverCwprivate" "Mozilla/5.0 AppleWebKit/537.36 (KHTML, like Gecko; compatible; GPTBot/1.4; +https://openai.com/gptbot)"
74.7.243.214 - - [16/Jun/2026:15:08:14 +0200] "GET /wp.php?dir=CwusrCwshareCwmanCwukCwman8&download=sssd-kcm.8.gz HTTP/1.1" 200 5421 "http://momotimes.therahuldas.com/wp.php?dir=CwusrCwshareCwmanCwukCwman8" "Mozilla/5.0 AppleWebKit/537.36 (KHTML, like Gecko; compatible; GPTBot/1.4; +https://openai.com/gptbot)"
74.7.243.214 - - [16/Jun/2026:15:08:15 +0200] "GET /.well-known/wp.php?dir=CwhomeCwtherahulCwpublic_htmlCwwp-includesCwblocksCwtag-cloud&edit=block.json HTTP/1.1" 200 4521 "http://momotimes.therahuldas.com/.well-known/wp.php?dir=CwhomeCwtherahulCwpublic_htmlCwwp-includesCwblocksCwtag-cloud" "Mozilla/5.0 AppleWebKit/537.36 (KHTML, like Gecko; compatible; GPTBot/1.4; +https://openai.com/gptbot)"
74.7.243.214 - - [16/Jun/2026:15:08:16 +0200] "GET /.well-known/wp.php?dir=CwhomeCwtherahulCwpublic_htmlCwwp-includesCwsodium_compat&view=LICENSE HTTP/1.1" 200 569 "http://momotimes.therahuldas.com/.well-known/wp.php?dir=CwhomeCwtherahulCwpublic_htmlCwwp-includesCwsodium_compat" "Mozilla/5.0 AppleWebKit/537.36 (KHTML, like Gecko; compatible; GPTBot/1.4; +https://openai.com/gptbot)"
74.7.243.214 - - [16/Jun/2026:15:08:18 +0200] "GET /.well-known/wp.php?dir=CwhomeCwtherahulCwpublic_htmlCwwp-includesCwblocksCwpost-date&download=style-rtl.css HTTP/1.1" 200 77 "http://momotimes.therahuldas.com/.well-known/wp.php?dir=CwhomeCwtherahulCwpublic_htmlCwwp-includesCwblocksCwpost-date" "Mozilla/5.0 AppleWebKit/537.36 (KHTML, like Gecko; compatible; GPTBot/1.4; +https://openai.com/gptbot)"
74.7.243.214 - - [16/Jun/2026:15:08:19 +0200] "GET /.well-known/wp.php?dir=CwhomeCwtherahulCwpublic_htmlCwwp-includesCwblocksCwpost-date&edit=block.json HTTP/1.1" 200 4498 "http://momotimes.therahuldas.com/.well-known/wp.php?dir=CwhomeCwtherahulCwpublic_htmlCwwp-includesCwblocksCwpost-date" "Mozilla/5.0 AppleWebKit/537.36 (KHTML, like Gecko; compatible; GPTBot/1.4; +https://openai.com/gptbot)"
74.7.243.214 - - [16/Jun/2026:15:08:20 +0200] "GET /.well-known/wp.php?dir=CwhomeCwtherahulCwpublic_htmlCwwp-includesCwblocksCwtag-cloud&view=block.json HTTP/1.1" 200 585 "http://momotimes.therahuldas.com/.well-known/wp.php?dir=CwhomeCwtherahulCwpublic_htmlCwwp-includesCwblocksCwtag-cloud" "Mozilla/5.0 AppleWebKit/537.36 (KHTML, like Gecko; compatible; GPTBot/1.4; +https://openai.com/gptbot)"
74.7.243.214 - - [16/Jun/2026:15:08:22 +0200] "GET /.well-known/wp.php?dir=CwhomeCwtherahulCwpublic_htmlCwwp-includesCwblocksCwpost-date&view=block.json HTTP/1.1" 200 573 "http://momotimes.therahuldas.com/.well-known/wp.php?dir=CwhomeCwtherahulCwpublic_htmlCwwp-includesCwblocksCwpost-date" "Mozilla/5.0 AppleWebKit/537.36 (KHTML, like Gecko; compatible; GPTBot/1.4; +https://openai.com/gptbot)"
74.7.243.214 - - [16/Jun/2026:15:08:23 +0200] "GET /.well-known/wp.php?dir=CwhomeCwtherahulCwpublic_htmlCwwp-includesCwsodium_compat&edit=composer.json HTTP/1.1" 200 4645 "http://momotimes.therahuldas.com/.well-known/wp.php?dir=CwhomeCwtherahulCwpublic_htmlCwwp-includesCwsodium_compat" "Mozilla/5.0 AppleWebKit/537.36 (KHTML, like Gecko; compatible; GPTBot/1.4; +https://openai.com/gptbot)"
65.21.228.101 - - [16/Jun/2026:15:08:24 +0200] "GET /wp-content/plugins/modeltheme-framework/inc/demo-importer/demo-data/barlog1.json HTTP/1.1" 200 128 "-" "WordPress/7.0; https://momotimes.therahuldas.com"
74.7.243.214 - - [16/Jun/2026:15:08:24 +0200] "GET /wp.php?dir=Cwopt HTTP/1.1" 200 5776 "http://momotimes.therahuldas.com/wp.php?dir=CwhomeCwtherahulCwFwcagefsCwoptCwaltCwphp55CwlinkCwconf" "Mozilla/5.0 AppleWebKit/537.36 (KHTML, like Gecko; compatible; GPTBot/1.4; +https://openai.com/gptbot)"
74.7.243.214 - - [16/Jun/2026:15:08:25 +0200] "GET /wp.php?dir=CwoptCwalt HTTP/1.1" 200 7215 "http://momotimes.therahuldas.com/wp.php?dir=CwhomeCwtherahulCwFwcagefsCwoptCwaltCwphp55CwlinkCwconf" "Mozilla/5.0 AppleWebKit/537.36 (KHTML, like Gecko; compatible; GPTBot/1.4; +https://openai.com/gptbot)"
74.7.243.214 - - [16/Jun/2026:15:08:27 +0200] "GET /wp.php?dir=CwoptCwaltCwphp55 HTTP/1.1" 200 5172 "http://momotimes.therahuldas.com/wp.php?dir=CwhomeCwtherahulCwFwcagefsCwoptCwaltCwphp55CwlinkCwconf" "Mozilla/5.0 AppleWebKit/537.36 (KHTML, like Gecko; compatible; GPTBot/1.4; +https://openai.com/gptbot)"
74.7.243.214 - - [16/Jun/2026:15:08:28 +0200] "GET /wp.php?dir=CwoptCwaltCwphp55CwetcCwphpFwd&view=zzzzzzz-pecl.ini HTTP/1.1" 200 36 "http://momotimes.therahuldas.com/wp.php?dir=CwhomeCwtherahulCwFwcagefsCwoptCwaltCwphp55CwlinkCwconf" "Mozilla/5.0 AppleWebKit/537.36 (KHTML, like Gecko; compatible; GPTBot/1.4; +https://openai.com/gptbot)"
74.7.243.214 - - [16/Jun/2026:15:08:29 +0200] "GET /wp.php?dir=CwoptCwaltCwphp55Cwetc HTTP/1.1" 200 6027 "http://momotimes.therahuldas.com/wp.php?dir=CwhomeCwtherahulCwFwcagefsCwoptCwaltCwphp55CwlinkCwconf" "Mozilla/5.0 AppleWebKit/537.36 (KHTML, like Gecko; compatible; GPTBot/1.4; +https://openai.com/gptbot)"
74.7.243.214 - - [16/Jun/2026:15:08:31 +0200] "GET /wp.php?dir=CwoptCwaltCwphp55CwetcCwphpFwd&edit=zzzzzzz-pecl.ini HTTP/1.1" 200 3886 "http://momotimes.therahuldas.com/wp.php?dir=CwhomeCwtherahulCwFwcagefsCwoptCwaltCwphp55CwlinkCwconf" "Mozilla/5.0 AppleWebKit/537.36 (KHTML, like Gecko; compatible; GPTBot/1.4; +https://openai.com/gptbot)"
74.7.243.214 - - [16/Jun/2026:15:08:32 +0200] "GET /wp.php?dir=CwoptCwaltCwphp55CwetcCwphpFwd&edit=default.ini HTTP/1.1" 200 4171 "http://momotimes.therahuldas.com/wp.php?dir=CwhomeCwtherahulCwFwcagefsCwoptCwaltCwphp55CwlinkCwconf" "Mozilla/5.0 AppleWebKit/537.36 (KHTML, like Gecko; compatible; GPTBot/1.4; +https://openai.com/gptbot)"
74.7.243.214 - - [16/Jun/2026:15:08:33 +0200] "GET /wp.php?dir=CwoptCwaltCwphp55CwetcCwphpFwd&view=default.ini HTTP/1.1" 200 303 "http://momotimes.therahuldas.com/wp.php?dir=CwhomeCwtherahulCwFwcagefsCwoptCwaltCwphp55CwlinkCwconf" "Mozilla/5.0 AppleWebKit/537.36 (KHTML, like Gecko; compatible; GPTBot/1.4; +https://openai.com/gptbot)"
65.21.228.101 - - [16/Jun/2026:15:08:35 +0200] "GET /wp-content/plugins/modeltheme-framework/inc/demo-importer/demo-data/barlog1.json HTTP/1.1" 200 128 "-" "WordPress/7.0; https://momotimes.therahuldas.com"
74.7.243.214 - - [16/Jun/2026:15:08:35 +0200] "GET /wp.php?dir=CwoptCwaltCwphp55CwetcCwphpFwd&view=mysqli.ini HTTP/1.1" 200 76 "http://momotimes.therahuldas.com/wp.php?dir=CwhomeCwtherahulCwFwcagefsCwoptCwaltCwphp55CwlinkCwconf" "Mozilla/5.0 AppleWebKit/537.36 (KHTML, like Gecko; compatible; GPTBot/1.4; +https://openai.com/gptbot)"
74.7.243.214 - - [16/Jun/2026:15:08:36 +0200] "GET /wp.php?dir=CwoptCwaltCwphp55CwetcCwphpFwd&edit=mysqli.ini HTTP/1.1" 200 3911 "http://momotimes.therahuldas.com/wp.php?dir=CwhomeCwtherahulCwFwcagefsCwoptCwaltCwphp55CwlinkCwconf" "Mozilla/5.0 AppleWebKit/537.36 (KHTML, like Gecko; compatible; GPTBot/1.4; +https://openai.com/gptbot)"
74.7.243.214 - - [16/Jun/2026:15:08:37 +0200] "GET /wp.php?dir=CwoptCwaltCwphp55CwetcCwphpFwd HTTP/1.1" 200 5444 "http://momotimes.therahuldas.com/wp.php?dir=CwhomeCwtherahulCwFwcagefsCwoptCwaltCwphp55CwlinkCwconf" "Mozilla/5.0 AppleWebKit/537.36 (KHTML, like Gecko; compatible; GPTBot/1.4; +https://openai.com/gptbot)"
74.7.243.214 - - [16/Jun/2026:15:08:38 +0200] "GET /wp.php?dir=CwoptCwplesk HTTP/1.1" 200 5037 "http://momotimes.therahuldas.com/wp.php?dir=Cwopt" "Mozilla/5.0 AppleWebKit/537.36 (KHTML, like Gecko; compatible; GPTBot/1.4; +https://openai.com/gptbot)"
74.7.243.214 - - [16/Jun/2026:15:08:40 +0200] "GET /wp.php?dir=CwoptCwaltCwphp70 HTTP/1.1" 200 5171 "http://momotimes.therahuldas.com/wp.php?dir=CwoptCwalt" "Mozilla/5.0 AppleWebKit/537.36 (KHTML, like Gecko; compatible; GPTBot/1.4; +https://openai.com/gptbot)"
74.7.243.214 - - [16/Jun/2026:15:08:41 +0200] "GET /wp.php?dir=CwoptCwsuphp HTTP/1.1" 200 5043 "http://momotimes.therahuldas.com/wp.php?dir=Cwopt" "Mozilla/5.0 AppleWebKit/537.36 (KHTML, like Gecko; compatible; GPTBot/1.4; +https://openai.com/gptbot)"
74.7.243.214 - - [16/Jun/2026:15:08:42 +0200] "GET /wp.php?dir=CwoptCwclwpos HTTP/1.1" 200 5648 "http://momotimes.therahuldas.com/wp.php?dir=Cwopt" "Mozilla/5.0 AppleWebKit/537.36 (KHTML, like Gecko; compatible; GPTBot/1.4; +https://openai.com/gptbot)"
74.7.243.214 - - [16/Jun/2026:15:08:44 +0200] "GET /wp.php?dir=CwoptCwliblve HTTP/1.1" 200 5526 "http://momotimes.therahuldas.com/wp.php?dir=Cwopt" "Mozilla/5.0 AppleWebKit/537.36 (KHTML, like Gecko; compatible; GPTBot/1.4; +https://openai.com/gptbot)"
74.7.243.214 - - [16/Jun/2026:15:08:45 +0200] "GET /wp.php?dir=CwoptCwcpanel HTTP/1.1" 200 6215 "http://momotimes.therahuldas.com/wp.php?dir=Cwopt" "Mozilla/5.0 AppleWebKit/537.36 (KHTML, like Gecko; compatible; GPTBot/1.4; +https://openai.com/gptbot)"
74.7.243.214 - - [16/Jun/2026:15:08:46 +0200] "GET /wp.php?dir=CwoptCwaltCwpcre802 HTTP/1.1" 200 5039 "http://momotimes.therahuldas.com/wp.php?dir=CwoptCwalt" "Mozilla/5.0 AppleWebKit/537.36 (KHTML, like Gecko; compatible; GPTBot/1.4; +https://openai.com/gptbot)"
74.7.243.214 - - [16/Jun/2026:15:08:47 +0200] "GET /wp.php?dir=CwoptCwimunify360 HTTP/1.1" 200 5151 "http://momotimes.therahuldas.com/wp.php?dir=Cwopt" "Mozilla/5.0 AppleWebKit/537.36 (KHTML, like Gecko; compatible; GPTBot/1.4; +https://openai.com/gptbot)"
74.7.243.214 - - [16/Jun/2026:15:08:49 +0200] "GET /wp.php?dir=CwoptCwaltCwdav1d HTTP/1.1" 200 5103 "http://momotimes.therahuldas.com/wp.php?dir=CwoptCwalt" "Mozilla/5.0 AppleWebKit/537.36 (KHTML, like Gecko; compatible; GPTBot/1.4; +https://openai.com/gptbot)"
74.7.243.214 - - [16/Jun/2026:15:08:50 +0200] "GET /wp.php?dir=CwoptCwaltCwkrb5 HTTP/1.1" 200 5058 "http://momotimes.therahuldas.com/wp.php?dir=CwoptCwalt" "Mozilla/5.0 AppleWebKit/537.36 (KHTML, like Gecko; compatible; GPTBot/1.4; +https://openai.com/gptbot)"
74.7.243.214 - - [16/Jun/2026:15:08:51 +0200] "GET /wp.php?dir=CwoptCwaltCwlibde265 HTTP/1.1" 200 5085 "http://momotimes.therahuldas.com/wp.php?dir=CwoptCwalt" "Mozilla/5.0 AppleWebKit/537.36 (KHTML, like Gecko; compatible; GPTBot/1.4; +https://openai.com/gptbot)"
74.7.243.214 - - [16/Jun/2026:15:08:53 +0200] "GET /wp.php?dir=CwoptCwaltCwphp56 HTTP/1.1" 200 5176 "http://momotimes.therahuldas.com/wp.php?dir=CwoptCwalt" "Mozilla/5.0 AppleWebKit/537.36 (KHTML, like Gecko; compatible; GPTBot/1.4; +https://openai.com/gptbot)"
74.7.243.214 - - [16/Jun/2026:15:08:54 +0200] "GET /wp.php?dir=CwoptCwaltCwphp80 HTTP/1.1" 200 5173 "http://momotimes.therahuldas.com/wp.php?dir=CwoptCwalt" "Mozilla/5.0 AppleWebKit/537.36 (KHTML, like Gecko; compatible; GPTBot/1.4; +https://openai.com/gptbot)"
74.7.243.214 - - [16/Jun/2026:15:08:55 +0200] "GET /wp.php?dir=CwoptCwaltCwphp71 HTTP/1.1" 200 5167 "http://momotimes.therahuldas.com/wp.php?dir=CwoptCwalt" "Mozilla/5.0 AppleWebKit/537.36 (KHTML, like Gecko; compatible; GPTBot/1.4; +https://openai.com/gptbot)"
74.7.243.214 - - [16/Jun/2026:15:08:57 +0200] "GET /wp.php?dir=CwoptCwaltCwphp54 HTTP/1.1" 200 5169 "http://momotimes.therahuldas.com/wp.php?dir=CwoptCwalt" "Mozilla/5.0 AppleWebKit/537.36 (KHTML, like Gecko; compatible; GPTBot/1.4; +https://openai.com/gptbot)"
74.7.243.214 - - [16/Jun/2026:15:08:58 +0200] "GET /wp.php?dir=CwoptCwliblve&edit=liblve.so HTTP/1.1" 200 60327 "http://momotimes.therahuldas.com/wp.php?dir=CwoptCwliblve" "Mozilla/5.0 AppleWebKit/537.36 (KHTML, like Gecko; compatible; GPTBot/1.4; +https://openai.com/gptbot)"
74.7.243.214 - - [16/Jun/2026:15:08:59 +0200] "GET /wp.php?dir=CwoptCwliblve&edit=liblve.so.0 HTTP/1.1" 200 60465 "http://momotimes.therahuldas.com/wp.php?dir=CwoptCwliblve" "Mozilla/5.0 AppleWebKit/537.36 (KHTML, like Gecko; compatible; GPTBot/1.4; +https://openai.com/gptbot)"
74.7.243.214 - - [16/Jun/2026:15:09:01 +0200] "GET /wp.php?dir=CwoptCwaltCwphp82 HTTP/1.1" 200 5176 "http://momotimes.therahuldas.com/wp.php?dir=CwoptCwalt" "Mozilla/5.0 AppleWebKit/537.36 (KHTML, like Gecko; compatible; GPTBot/1.4; +https://openai.com/gptbot)"
74.7.243.214 - - [16/Jun/2026:15:09:02 +0200] "GET /wp.php?dir=CwoptCwaltCwphp74 HTTP/1.1" 200 5171 "http://momotimes.therahuldas.com/wp.php?dir=CwoptCwalt" "Mozilla/5.0 AppleWebKit/537.36 (KHTML, like Gecko; compatible; GPTBot/1.4; +https://openai.com/gptbot)"
65.21.228.101 - - [16/Jun/2026:15:09:04 +0200] "GET /wp-content/plugins/modeltheme-framework/inc/demo-importer/demo-data/barlog1.json HTTP/1.1" 200 128 "-" "WordPress/7.0; https://momotimes.therahuldas.com"
74.7.243.214 - - [16/Jun/2026:15:09:04 +0200] "GET /wp.php?dir=CwoptCwaltCwphp83 HTTP/1.1" 200 5176 "http://momotimes.therahuldas.com/wp.php?dir=CwoptCwalt" "Mozilla/5.0 AppleWebKit/537.36 (KHTML, like Gecko; compatible; GPTBot/1.4; +https://openai.com/gptbot)"
74.7.243.214 - - [16/Jun/2026:15:09:05 +0200] "GET /wp.php?dir=CwoptCwaltCwphp84 HTTP/1.1" 200 5176 "http://momotimes.therahuldas.com/wp.php?dir=CwoptCwalt" "Mozilla/5.0 AppleWebKit/537.36 (KHTML, like Gecko; compatible; GPTBot/1.4; +https://openai.com/gptbot)"
74.7.243.214 - - [16/Jun/2026:15:09:06 +0200] "GET /wp.php?dir=CwoptCwaltCwphp72 HTTP/1.1" 200 5172 "http://momotimes.therahuldas.com/wp.php?dir=CwoptCwalt" "Mozilla/5.0 AppleWebKit/537.36 (KHTML, like Gecko; compatible; GPTBot/1.4; +https://openai.com/gptbot)"
74.7.243.214 - - [16/Jun/2026:15:09:08 +0200] "GET /wp.php?dir=CwoptCwaltCwphp85 HTTP/1.1" 200 5073 "http://momotimes.therahuldas.com/wp.php?dir=CwoptCwalt" "Mozilla/5.0 AppleWebKit/537.36 (KHTML, like Gecko; compatible; GPTBot/1.4; +https://openai.com/gptbot)"
74.7.243.214 - - [16/Jun/2026:15:09:09 +0200] "GET /wp.php?dir=CwoptCwaltCwphp80Cwvar HTTP/1.1" 200 5135 "http://momotimes.therahuldas.com/wp.php?dir=CwoptCwaltCwphp80" "Mozilla/5.0 AppleWebKit/537.36 (KHTML, like Gecko; compatible; GPTBot/1.4; +https://openai.com/gptbot)"
74.7.243.214 - - [16/Jun/2026:15:09:10 +0200] "GET /wp.php?dir=CwoptCwaltCwphp73 HTTP/1.1" 200 5172 "http://momotimes.therahuldas.com/wp.php?dir=CwoptCwalt" "Mozilla/5.0 AppleWebKit/537.36 (KHTML, like Gecko; compatible; GPTBot/1.4; +https://openai.com/gptbot)"
65.21.228.101 - - [16/Jun/2026:15:01:09 +0200] "GET /wp-content/plugins/modeltheme-framework/inc/demo-importer/demo-data/barlog1.json HTTP/1.1" 200 128 "-" "WordPress/7.0; https://momotimes.therahuldas.com"
65.21.228.101 - - [16/Jun/2026:15:01:35 +0200] "GET /wp-content/plugins/modeltheme-framework/inc/demo-importer/demo-data/barlog1.json HTTP/1.1" 200 128 "-" "WordPress/7.0; https://momotimes.therahuldas.com"
65.21.228.101 - - [16/Jun/2026:15:01:39 +0200] "GET /wp-content/plugins/modeltheme-framework/inc/demo-importer/demo-data/barlog1.json HTTP/1.1" 200 128 "-" "WordPress/7.0; https://momotimes.therahuldas.com"
65.21.228.101 - - [16/Jun/2026:15:01:42 +0200] "GET /wp-content/plugins/modeltheme-framework/inc/demo-importer/demo-data/barlog1.json HTTP/1.1" 200 128 "-" "WordPress/7.0; https://momotimes.therahuldas.com"
65.21.228.101 - - [16/Jun/2026:15:01:45 +0200] "GET /wp-content/plugins/modeltheme-framework/inc/demo-importer/demo-data/barlog1.json HTTP/1.1" 200 128 "-" "WordPress/7.0; https://momotimes.therahuldas.com"
65.21.228.101 - - [16/Jun/2026:15:01:55 +0200] "GET /wp-content/plugins/modeltheme-framework/inc/demo-importer/demo-data/barlog1.json HTTP/1.1" 200 128 "-" "WordPress/7.0; https://momotimes.therahuldas.com"
65.21.228.101 - - [16/Jun/2026:15:01:59 +0200] "GET /wp-content/plugins/modeltheme-framework/inc/demo-importer/demo-data/barlog1.json HTTP/1.1" 200 128 "-" "WordPress/7.0; https://momotimes.therahuldas.com"
65.21.228.101 - - [16/Jun/2026:15:01:59 +0200] "GET /wp-content/plugins/modeltheme-framework/inc/demo-importer/demo-data/barlog1.json HTTP/1.1" 200 128 "-" "WordPress/7.0; https://momotimes.therahuldas.com"
74.7.243.214 - - [16/Jun/2026:15:02:03 +0200] "GET /.well-known/'%20+%20lnk%20+%20' HTTP/1.1" 301 0 "http://momotimes.therahuldas.com/.well-known/wp.php?dir=CwhomeCwtherahulCwpublic_htmlCwwp-includesCwjsCwdist&view=blocks.js" "Mozilla/5.0 AppleWebKit/537.36 (KHTML, like Gecko; compatible; GPTBot/1.4; +https://openai.com/gptbot)"
74.7.243.214 - - [16/Jun/2026:15:02:04 +0200] "GET /.well-known/%20+%20lnk%20+%20 HTTP/1.1" 301 0 "http://momotimes.therahuldas.com/.well-known/'%20+%20lnk%20+%20'" "Mozilla/5.0 AppleWebKit/537.36 (KHTML, like Gecko; compatible; GPTBot/1.4; +https://openai.com/gptbot)"
74.7.243.214 - - [16/Jun/2026:15:02:04 +0200] "GET /.well-known/%20+%20lnk%20+ HTTP/1.1" 404 13726 "http://momotimes.therahuldas.com/.well-known/%20+%20lnk%20+%20" "Mozilla/5.0 AppleWebKit/537.36 (KHTML, like Gecko; compatible; GPTBot/1.4; +https://openai.com/gptbot)"
65.21.228.101 - - [16/Jun/2026:15:08:10 +0200] "GET /wp-content/plugins/modeltheme-framework/inc/demo-importer/demo-data/barlog1.json HTTP/1.1" 200 128 "-" "WordPress/7.0; https://momotimes.therahuldas.com"
65.21.228.101 - - [16/Jun/2026:15:08:29 +0200] "GET /wp-content/plugins/modeltheme-framework/inc/demo-importer/demo-data/barlog1.json HTTP/1.1" 200 128 "-" "WordPress/7.0; https://momotimes.therahuldas.com"
65.21.228.101 - - [16/Jun/2026:15:08:40 +0200] "GET /wp-content/plugins/modeltheme-framework/inc/demo-importer/demo-data/barlog1.json HTTP/1.1" 200 128 "-" "WordPress/7.0; https://momotimes.therahuldas.com"
65.21.228.101 - - [16/Jun/2026:15:08:42 +0200] "GET /wp-content/plugins/modeltheme-framework/inc/demo-importer/demo-data/barlog1.json HTTP/1.1" 200 128 "-" "WordPress/7.0; https://momotimes.therahuldas.com"
65.21.228.101 - - [16/Jun/2026:15:08:45 +0200] "GET /wp-content/plugins/modeltheme-framework/inc/demo-importer/demo-data/barlog1.json HTTP/1.1" 200 128 "-" "WordPress/7.0; https://momotimes.therahuldas.com"
65.21.228.101 - - [16/Jun/2026:15:08:57 +0200] "GET /wp-content/plugins/modeltheme-framework/inc/demo-importer/demo-data/barlog1.json HTTP/1.1" 200 128 "-" "WordPress/7.0; https://momotimes.therahuldas.com"
65.21.228.101 - - [16/Jun/2026:15:09:00 +0200] "GET /wp-content/plugins/modeltheme-framework/inc/demo-importer/demo-data/barlog1.json HTTP/1.1" 200 128 "-" "WordPress/7.0; https://momotimes.therahuldas.com"
74.7.243.214 - - [16/Jun/2026:15:09:11 +0200] "GET /wp.php?dir=CwoptCwaltCwphp81 HTTP/1.1" 200 5175 "http://momotimes.therahuldas.com/wp.php?dir=CwoptCwalt" "Mozilla/5.0 AppleWebKit/537.36 (KHTML, like Gecko; compatible; GPTBot/1.4; +https://openai.com/gptbot)"
74.7.243.214 - - [16/Jun/2026:15:09:13 +0200] "GET /wp.php?dir=CwoptCwaltCwphp53 HTTP/1.1" 200 5172 "http://momotimes.therahuldas.com/wp.php?dir=CwoptCwalt" "Mozilla/5.0 AppleWebKit/537.36 (KHTML, like Gecko; compatible; GPTBot/1.4; +https://openai.com/gptbot)"
74.7.243.214 - - [16/Jun/2026:15:09:14 +0200] "GET /wp.php?dir=CwoptCwaltCwphp52 HTTP/1.1" 200 5177 "http://momotimes.therahuldas.com/wp.php?dir=CwoptCwalt" "Mozilla/5.0 AppleWebKit/537.36 (KHTML, like Gecko; compatible; GPTBot/1.4; +https://openai.com/gptbot)"
74.7.243.214 - - [16/Jun/2026:15:09:16 +0200] "GET /wp.php?dir=CwoptCwaltCwruby27 HTTP/1.1" 200 5241 "http://momotimes.therahuldas.com/wp.php?dir=CwoptCwalt" "Mozilla/5.0 AppleWebKit/537.36 (KHTML, like Gecko; compatible; GPTBot/1.4; +https://openai.com/gptbot)"
74.7.243.214 - - [16/Jun/2026:15:09:17 +0200] "GET /wp.php?dir=CwoptCwaltCwruby33 HTTP/1.1" 200 5231 "http://momotimes.therahuldas.com/wp.php?dir=CwoptCwalt" "Mozilla/5.0 AppleWebKit/537.36 (KHTML, like Gecko; compatible; GPTBot/1.4; +https://openai.com/gptbot)"
74.7.243.214 - - [16/Jun/2026:15:09:18 +0200] "GET /wp.php?dir=CwoptCwaltCwlibxml2 HTTP/1.1" 200 5039 "http://momotimes.therahuldas.com/wp.php?dir=CwoptCwalt" "Mozilla/5.0 AppleWebKit/537.36 (KHTML, like Gecko; compatible; GPTBot/1.4; +https://openai.com/gptbot)"
74.7.243.214 - - [16/Jun/2026:15:09:20 +0200] "GET /wp.php?dir=CwoptCwpleskCwphp HTTP/1.1" 200 5273 "http://momotimes.therahuldas.com/wp.php?dir=CwoptCwplesk" "Mozilla/5.0 AppleWebKit/537.36 (KHTML, like Gecko; compatible; GPTBot/1.4; +https://openai.com/gptbot)"
74.7.243.214 - - [16/Jun/2026:15:09:21 +0200] "GET /wp.php?dir=CwoptCwaltCwaom HTTP/1.1" 200 5096 "http://momotimes.therahuldas.com/wp.php?dir=CwoptCwalt" "Mozilla/5.0 AppleWebKit/537.36 (KHTML, like Gecko; compatible; GPTBot/1.4; +https://openai.com/gptbot)"
74.7.243.214 - - [16/Jun/2026:15:09:23 +0200] "GET /wp.php?dir=CwoptCwai-bolit HTTP/1.1" 200 6878 "http://momotimes.therahuldas.com/wp.php?dir=Cwopt" "Mozilla/5.0 AppleWebKit/537.36 (KHTML, like Gecko; compatible; GPTBot/1.4; +https://openai.com/gptbot)"
74.7.243.214 - - [16/Jun/2026:15:09:24 +0200] "GET /wp.php?dir=CwoptCwaltCwlibgd HTTP/1.1" 200 5109 "http://momotimes.therahuldas.com/wp.php?dir=CwoptCwalt" "Mozilla/5.0 AppleWebKit/537.36 (KHTML, like Gecko; compatible; GPTBot/1.4; +https://openai.com/gptbot)"
65.21.228.101 - - [16/Jun/2026:15:09:25 +0200] "GET /wp-content/plugins/modeltheme-framework/inc/demo-importer/demo-data/barlog1.json HTTP/1.1" 200 128 "-" "WordPress/7.0; https://momotimes.therahuldas.com"
74.7.243.214 - - [16/Jun/2026:15:09:25 +0200] "GET /wp.php?dir=CwoptCwaltCwredis HTTP/1.1" 200 5246 "http://momotimes.therahuldas.com/wp.php?dir=CwoptCwalt" "Mozilla/5.0 AppleWebKit/537.36 (KHTML, like Gecko; compatible; GPTBot/1.4; +https://openai.com/gptbot)"
74.7.243.214 - - [16/Jun/2026:15:09:26 +0200] "GET /wp.php?dir=CwoptCwaltCwvips HTTP/1.1" 200 5087 "http://momotimes.therahuldas.com/wp.php?dir=CwoptCwalt" "Mozilla/5.0 AppleWebKit/537.36 (KHTML, like Gecko; compatible; GPTBot/1.4; +https://openai.com/gptbot)"
74.7.243.214 - - [16/Jun/2026:15:09:27 +0200] "GET /wp.php?dir=CwoptCwaltCwlibharu HTTP/1.1" 200 5035 "http://momotimes.therahuldas.com/wp.php?dir=CwoptCwalt" "Mozilla/5.0 AppleWebKit/537.36 (KHTML, like Gecko; compatible; GPTBot/1.4; +https://openai.com/gptbot)"
74.7.243.214 - - [16/Jun/2026:15:09:29 +0200] "GET /wp.php?dir=CwoptCwaltCwsqlite HTTP/1.1" 200 5052 "http://momotimes.therahuldas.com/wp.php?dir=CwoptCwalt" "Mozilla/5.0 AppleWebKit/537.36 (KHTML, like Gecko; compatible; GPTBot/1.4; +https://openai.com/gptbot)"
65.21.228.101 - - [16/Jun/2026:15:01:24 +0200] "GET /wp-content/plugins/modeltheme-framework/inc/demo-importer/demo-data/barlog1.json HTTP/1.1" 200 128 "-" "WordPress/7.0; https://momotimes.therahuldas.com"
65.21.228.101 - - [16/Jun/2026:15:01:30 +0200] "GET /wp-content/plugins/modeltheme-framework/inc/demo-importer/demo-data/barlog1.json HTTP/1.1" 200 128 "-" "WordPress/7.0; https://momotimes.therahuldas.com"
65.21.228.101 - - [16/Jun/2026:15:01:41 +0200] "GET /wp-content/plugins/modeltheme-framework/inc/demo-importer/demo-data/barlog1.json HTTP/1.1" 200 128 "-" "WordPress/7.0; https://momotimes.therahuldas.com"
65.21.228.101 - - [16/Jun/2026:15:01:44 +0200] "GET /wp-content/plugins/modeltheme-framework/inc/demo-importer/demo-data/barlog1.json HTTP/1.1" 200 128 "-" "WordPress/7.0; https://momotimes.therahuldas.com"
74.7.243.214 - - [16/Jun/2026:15:02:01 +0200] "GET /.well-known/'%20+%20link%20+%20' HTTP/1.1" 301 0 "http://momotimes.therahuldas.com/.well-known/wp.php?dir=CwhomeCwtherahulCwpublic_htmlCwwp-includesCwjsCwdist&view=blocks.js" "Mozilla/5.0 AppleWebKit/537.36 (KHTML, like Gecko; compatible; GPTBot/1.4; +https://openai.com/gptbot)"
74.7.243.214 - - [16/Jun/2026:15:02:02 +0200] "GET /.well-known/%20+%20link%20+%20 HTTP/1.1" 301 0 "http://momotimes.therahuldas.com/.well-known/'%20+%20link%20+%20'" "Mozilla/5.0 AppleWebKit/537.36 (KHTML, like Gecko; compatible; GPTBot/1.4; +https://openai.com/gptbot)"
74.7.243.214 - - [16/Jun/2026:15:02:02 +0200] "GET /.well-known/%20+%20link%20+ HTTP/1.1" 404 13726 "http://momotimes.therahuldas.com/.well-known/%20+%20link%20+%20" "Mozilla/5.0 AppleWebKit/537.36 (KHTML, like Gecko; compatible; GPTBot/1.4; +https://openai.com/gptbot)"
65.21.228.101 - - [16/Jun/2026:15:08:25 +0200] "GET /wp-content/plugins/modeltheme-framework/inc/demo-importer/demo-data/barlog1.json HTTP/1.1" 200 128 "-" "WordPress/7.0; https://momotimes.therahuldas.com"
65.21.228.101 - - [16/Jun/2026:15:08:31 +0200] "GET /wp-content/plugins/modeltheme-framework/inc/demo-importer/demo-data/barlog1.json HTTP/1.1" 200 128 "-" "WordPress/7.0; https://momotimes.therahuldas.com"
65.21.228.101 - - [16/Jun/2026:15:08:52 +0200] "GET /wp-content/plugins/modeltheme-framework/inc/demo-importer/demo-data/barlog1.json HTTP/1.1" 200 128 "-" "WordPress/7.0; https://momotimes.therahuldas.com"
65.21.228.101 - - [16/Jun/2026:15:08:58 +0200] "GET /wp-content/plugins/modeltheme-framework/inc/demo-importer/demo-data/barlog1.json HTTP/1.1" 200 128 "-" "WordPress/7.0; https://momotimes.therahuldas.com"
65.21.228.101 - - [16/Jun/2026:15:09:05 +0200] "GET /wp-content/plugins/modeltheme-framework/inc/demo-importer/demo-data/barlog1.json HTTP/1.1" 200 128 "-" "WordPress/7.0; https://momotimes.therahuldas.com"
65.21.228.101 - - [16/Jun/2026:15:09:06 +0200] "GET /wp-content/plugins/modeltheme-framework/inc/demo-importer/demo-data/barlog1.json HTTP/1.1" 200 128 "-" "WordPress/7.0; https://momotimes.therahuldas.com"
65.21.228.101 - - [16/Jun/2026:15:09:08 +0200] "GET /wp-content/plugins/modeltheme-framework/inc/demo-importer/demo-data/barlog1.json HTTP/1.1" 200 128 "-" "WordPress/7.0; https://momotimes.therahuldas.com"
65.21.228.101 - - [16/Jun/2026:15:09:10 +0200] "GET /wp-content/plugins/modeltheme-framework/inc/demo-importer/demo-data/barlog1.json HTTP/1.1" 200 128 "-" "WordPress/7.0; https://momotimes.therahuldas.com"
65.21.228.101 - - [16/Jun/2026:15:09:12 +0200] "GET /wp-content/plugins/modeltheme-framework/inc/demo-importer/demo-data/barlog1.json HTTP/1.1" 200 128 "-" "WordPress/7.0; https://momotimes.therahuldas.com"
65.21.228.101 - - [16/Jun/2026:15:09:26 +0200] "GET /wp-content/plugins/modeltheme-framework/inc/demo-importer/demo-data/barlog1.json HTTP/1.1" 200 128 "-" "WordPress/7.0; https://momotimes.therahuldas.com"
65.21.228.101 - - [16/Jun/2026:15:09:28 +0200] "GET /wp-content/plugins/modeltheme-framework/inc/demo-importer/demo-data/barlog1.json HTTP/1.1" 200 128 "-" "WordPress/7.0; https://momotimes.therahuldas.com"
74.7.243.214 - - [16/Jun/2026:15:09:30 +0200] "GET /wp.php?dir=CwoptCwaltCwlibwebp HTTP/1.1" 200 5089 "http://momotimes.therahuldas.com/wp.php?dir=CwoptCwalt" "Mozilla/5.0 AppleWebKit/537.36 (KHTML, like Gecko; compatible; GPTBot/1.4; +https://openai.com/gptbot)"
74.7.243.214 - - [16/Jun/2026:15:09:31 +0200] "GET /wp.php?dir=CwoptCwcpanelCwcsp HTTP/1.1" 200 5280 "http://momotimes.therahuldas.com/wp.php?dir=CwoptCwcpanel" "Mozilla/5.0 AppleWebKit/537.36 (KHTML, like Gecko; compatible; GPTBot/1.4; +https://openai.com/gptbot)"
74.7.243.214 - - [16/Jun/2026:15:09:33 +0200] "GET /wp.php?dir=CwoptCwaltCwlibicu57 HTTP/1.1" 200 5036 "http://momotimes.therahuldas.com/wp.php?dir=CwoptCwalt" "Mozilla/5.0 AppleWebKit/537.36 (KHTML, like Gecko; compatible; GPTBot/1.4; +https://openai.com/gptbot)"
74.7.243.214 - - [16/Jun/2026:15:09:34 +0200] "GET /wp.php?dir=CwoptCwaltCwpython38 HTTP/1.1" 200 5208 "http://momotimes.therahuldas.com/wp.php?dir=CwoptCwalt" "Mozilla/5.0 AppleWebKit/537.36 (KHTML, like Gecko; compatible; GPTBot/1.4; +https://openai.com/gptbot)"
74.7.243.214 - - [16/Jun/2026:15:09:35 +0200] "GET /wp.php?dir=CwoptCwaltCwpython27 HTTP/1.1" 200 5209 "http://momotimes.therahuldas.com/wp.php?dir=CwoptCwalt" "Mozilla/5.0 AppleWebKit/537.36 (KHTML, like Gecko; compatible; GPTBot/1.4; +https://openai.com/gptbot)"
74.7.243.214 - - [16/Jun/2026:15:09:36 +0200] "GET /wp.php?dir=CwoptCwai-bolit&view=procu2.db HTTP/1.1" 200 6876 "http://momotimes.therahuldas.com/wp.php?dir=CwoptCwai-bolit" "Mozilla/5.0 AppleWebKit/537.36 (KHTML, like Gecko; compatible; GPTBot/1.4; +https://openai.com/gptbot)"
74.7.243.214 - - [16/Jun/2026:15:09:38 +0200] "GET /wp.php?dir=CwoptCwai-bolit&edit=procu2.php HTTP/1.1" 200 6877 "http://momotimes.therahuldas.com/wp.php?dir=CwoptCwai-bolit" "Mozilla/5.0 AppleWebKit/537.36 (KHTML, like Gecko; compatible; GPTBot/1.4; +https://openai.com/gptbot)"
74.7.243.214 - - [16/Jun/2026:15:09:39 +0200] "GET /wp.php?dir=CwoptCwai-bolit&edit=wrapper HTTP/1.1" 200 6878 "http://momotimes.therahuldas.com/wp.php?dir=CwoptCwai-bolit" "Mozilla/5.0 AppleWebKit/537.36 (KHTML, like Gecko; compatible; GPTBot/1.4; +https://openai.com/gptbot)"
74.7.243.214 - - [16/Jun/2026:15:09:40 +0200] "GET /wp.php?dir=CwoptCwaltCwpython37 HTTP/1.1" 200 5216 "http://momotimes.therahuldas.com/wp.php?dir=CwoptCwalt" "Mozilla/5.0 AppleWebKit/537.36 (KHTML, like Gecko; compatible; GPTBot/1.4; +https://openai.com/gptbot)"
74.7.243.214 - - [16/Jun/2026:15:09:41 +0200] "GET /wp.php?dir=CwoptCwaltCwlibicu71 HTTP/1.1" 200 5036 "http://momotimes.therahuldas.com/wp.php?dir=CwoptCwalt" "Mozilla/5.0 AppleWebKit/537.36 (KHTML, like Gecko; compatible; GPTBot/1.4; +https://openai.com/gptbot)"
74.7.243.214 - - [16/Jun/2026:15:09:42 +0200] "GET /wp.php?dir=CwoptCwaltCwpython36 HTTP/1.1" 200 5208 "http://momotimes.therahuldas.com/wp.php?dir=CwoptCwalt" "Mozilla/5.0 AppleWebKit/537.36 (KHTML, like Gecko; compatible; GPTBot/1.4; +https://openai.com/gptbot)"
74.7.243.214 - - [16/Jun/2026:15:09:44 +0200] "GET /wp.php?dir=CwoptCwaltCwpython35 HTTP/1.1" 200 5040 "http://momotimes.therahuldas.com/wp.php?dir=CwoptCwalt" "Mozilla/5.0 AppleWebKit/537.36 (KHTML, like Gecko; compatible; GPTBot/1.4; +https://openai.com/gptbot)"
74.7.243.214 - - [16/Jun/2026:15:09:45 +0200] "GET /wp.php?dir=CwoptCwaltCwpython39 HTTP/1.1" 200 5224 "http://momotimes.therahuldas.com/wp.php?dir=CwoptCwalt" "Mozilla/5.0 AppleWebKit/537.36 (KHTML, like Gecko; compatible; GPTBot/1.4; +https://openai.com/gptbot)"
74.7.243.214 - - [16/Jun/2026:15:09:46 +0200] "GET /wp.php?dir=CwoptCwliblve&view=liblve.so HTTP/1.1" 200 61077 "http://momotimes.therahuldas.com/wp.php?dir=CwoptCwliblve" "Mozilla/5.0 AppleWebKit/537.36 (KHTML, like Gecko; compatible; GPTBot/1.4; +https://openai.com/gptbot)"
74.7.243.214 - - [16/Jun/2026:15:09:47 +0200] "GET /wp.php?dir=CwoptCwaltCwlibheif HTTP/1.1" 200 5126 "http://momotimes.therahuldas.com/wp.php?dir=CwoptCwalt" "Mozilla/5.0 AppleWebKit/537.36 (KHTML, like Gecko; compatible; GPTBot/1.4; +https://openai.com/gptbot)"
65.21.228.101 - - [16/Jun/2026:15:00:50 +0200] "GET /wp-content/plugins/modeltheme-framework/inc/demo-importer/demo-data/barlog1.json HTTP/1.1" 200 128 "-" "WordPress/7.0; https://momotimes.therahuldas.com"
65.21.228.101 - - [16/Jun/2026:15:01:21 +0200] "GET /wp-content/plugins/modeltheme-framework/inc/demo-importer/demo-data/barlog1.json HTTP/1.1" 200 128 "-" "WordPress/7.0; https://momotimes.therahuldas.com"
65.21.228.101 - - [16/Jun/2026:15:01:22 +0200] "GET /wp-content/plugins/modeltheme-framework/inc/demo-importer/demo-data/barlog1.json HTTP/1.1" 200 128 "-" "WordPress/7.0; https://momotimes.therahuldas.com"
65.21.228.101 - - [16/Jun/2026:15:01:54 +0200] "GET /wp-content/plugins/modeltheme-framework/inc/demo-importer/demo-data/barlog1.json HTTP/1.1" 200 128 "-" "WordPress/7.0; https://momotimes.therahuldas.com"
65.21.228.101 - - [16/Jun/2026:15:02:03 +0200] "GET /wp-content/plugins/modeltheme-framework/inc/demo-importer/demo-data/barlog1.json HTTP/1.1" 200 128 "-" "WordPress/7.0; https://momotimes.therahuldas.com"
65.21.228.101 - - [16/Jun/2026:15:03:19 +0200] "GET /wp-content/plugins/modeltheme-framework/inc/demo-importer/demo-data/barlog1.json HTTP/1.1" 200 128 "-" "WordPress/7.0; https://momotimes.therahuldas.com"
65.21.228.101 - - [16/Jun/2026:15:03:22 +0200] "GET /wp-content/plugins/modeltheme-framework/inc/demo-importer/demo-data/barlog1.json HTTP/1.1" 200 128 "-" "WordPress/7.0; https://momotimes.therahuldas.com"
65.21.228.101 - - [16/Jun/2026:15:08:36 +0200] "GET /wp-content/plugins/modeltheme-framework/inc/demo-importer/demo-data/barlog1.json HTTP/1.1" 200 128 "-" "WordPress/7.0; https://momotimes.therahuldas.com"
65.21.228.101 - - [16/Jun/2026:15:08:38 +0200] "GET /wp-content/plugins/modeltheme-framework/inc/demo-importer/demo-data/barlog1.json HTTP/1.1" 200 128 "-" "WordPress/7.0; https://momotimes.therahuldas.com"
65.21.228.101 - - [16/Jun/2026:15:08:41 +0200] "GET /wp-content/plugins/modeltheme-framework/inc/demo-importer/demo-data/barlog1.json HTTP/1.1" 200 128 "-" "WordPress/7.0; https://momotimes.therahuldas.com"
65.21.228.101 - - [16/Jun/2026:15:08:48 +0200] "GET /wp-content/plugins/modeltheme-framework/inc/demo-importer/demo-data/barlog1.json HTTP/1.1" 200 128 "-" "WordPress/7.0; https://momotimes.therahuldas.com"
65.21.228.101 - - [16/Jun/2026:15:09:01 +0200] "GET /wp-content/plugins/modeltheme-framework/inc/demo-importer/demo-data/barlog1.json HTTP/1.1" 200 128 "-" "WordPress/7.0; https://momotimes.therahuldas.com"
65.21.228.101 - - [16/Jun/2026:15:09:14 +0200] "GET /wp-content/plugins/modeltheme-framework/inc/demo-importer/demo-data/barlog1.json HTTP/1.1" 200 128 "-" "WordPress/7.0; https://momotimes.therahuldas.com"
65.21.228.101 - - [16/Jun/2026:15:09:20 +0200] "GET /wp-content/plugins/modeltheme-framework/inc/demo-importer/demo-data/barlog1.json HTTP/1.1" 200 128 "-" "WordPress/7.0; https://momotimes.therahuldas.com"
65.21.228.101 - - [16/Jun/2026:15:09:21 +0200] "GET /wp-content/plugins/modeltheme-framework/inc/demo-importer/demo-data/barlog1.json HTTP/1.1" 200 128 "-" "WordPress/7.0; https://momotimes.therahuldas.com"
65.21.228.101 - - [16/Jun/2026:15:09:35 +0200] "GET /wp-content/plugins/modeltheme-framework/inc/demo-importer/demo-data/barlog1.json HTTP/1.1" 200 128 "-" "WordPress/7.0; https://momotimes.therahuldas.com"
65.21.228.101 - - [16/Jun/2026:15:09:37 +0200] "GET /wp-content/plugins/modeltheme-framework/inc/demo-importer/demo-data/barlog1.json HTTP/1.1" 200 128 "-" "WordPress/7.0; https://momotimes.therahuldas.com"
65.21.228.101 - - [16/Jun/2026:15:09:41 +0200] "GET /wp-content/plugins/modeltheme-framework/inc/demo-importer/demo-data/barlog1.json HTTP/1.1" 200 128 "-" "WordPress/7.0; https://momotimes.therahuldas.com"
65.21.228.101 - - [16/Jun/2026:15:09:45 +0200] "GET /wp-content/plugins/modeltheme-framework/inc/demo-importer/demo-data/barlog1.json HTTP/1.1" 200 128 "-" "WordPress/7.0; https://momotimes.therahuldas.com"
65.21.228.101 - - [16/Jun/2026:15:01:12 +0200] "GET /wp-content/plugins/modeltheme-framework/inc/demo-importer/demo-data/barlog1.json HTTP/1.1" 200 128 "-" "WordPress/7.0; https://momotimes.therahuldas.com"
65.21.228.101 - - [16/Jun/2026:15:01:26 +0200] "GET /wp-content/plugins/modeltheme-framework/inc/demo-importer/demo-data/barlog1.json HTTP/1.1" 200 128 "-" "WordPress/7.0; https://momotimes.therahuldas.com"
65.21.228.101 - - [16/Jun/2026:15:01:47 +0200] "GET /wp-content/plugins/modeltheme-framework/inc/demo-importer/demo-data/barlog1.json HTTP/1.1" 200 128 "-" "WordPress/7.0; https://momotimes.therahuldas.com"
65.21.228.101 - - [16/Jun/2026:15:01:49 +0200] "GET /wp-content/plugins/modeltheme-framework/inc/demo-importer/demo-data/barlog1.json HTTP/1.1" 200 128 "-" "WordPress/7.0; https://momotimes.therahuldas.com"
65.21.228.101 - - [16/Jun/2026:15:02:00 +0200] "GET /wp-content/plugins/modeltheme-framework/inc/demo-importer/demo-data/barlog1.json HTTP/1.1" 200 128 "-" "WordPress/7.0; https://momotimes.therahuldas.com"
65.21.228.101 - - [16/Jun/2026:15:02:01 +0200] "GET /wp-content/plugins/modeltheme-framework/inc/demo-importer/demo-data/barlog1.json HTTP/1.1" 200 128 "-" "WordPress/7.0; https://momotimes.therahuldas.com"
65.21.228.101 - - [16/Jun/2026:15:02:02 +0200] "GET /wp-content/plugins/modeltheme-framework/inc/demo-importer/demo-data/barlog1.json HTTP/1.1" 200 128 "-" "WordPress/7.0; https://momotimes.therahuldas.com"
74.7.243.214 - - [16/Jun/2026:15:03:21 +0200] "GET /.well-known/$%7Bthis.src%7D HTTP/1.1" 301 0 "http://momotimes.therahuldas.com/.well-known/wp.php?dir=CwhomeCwtherahulCwpublic_htmlCwwp-includesCwjsCwdistCwscript-modulesCwlatex-to-mathml&view=index.js" "Mozilla/5.0 AppleWebKit/537.36 (KHTML, like Gecko; compatible; GPTBot/1.4; +https://openai.com/gptbot)"
74.7.243.214 - - [16/Jun/2026:15:03:21 +0200] "GET /.well-known/%7Bthis.src HTTP/1.1" 404 13720 "http://momotimes.therahuldas.com/.well-known/$%7Bthis.src%7D" "Mozilla/5.0 AppleWebKit/537.36 (KHTML, like Gecko; compatible; GPTBot/1.4; +https://openai.com/gptbot)"
65.21.228.101 - - [16/Jun/2026:15:08:44 +0200] "GET /wp-content/plugins/modeltheme-framework/inc/demo-importer/demo-data/barlog1.json HTTP/1.1" 200 128 "-" "WordPress/7.0; https://momotimes.therahuldas.com"
65.21.228.101 - - [16/Jun/2026:15:08:49 +0200] "GET /wp-content/plugins/modeltheme-framework/inc/demo-importer/demo-data/barlog1.json HTTP/1.1" 200 128 "-" "WordPress/7.0; https://momotimes.therahuldas.com"
65.21.228.101 - - [16/Jun/2026:15:09:18 +0200] "GET /wp-content/plugins/modeltheme-framework/inc/demo-importer/demo-data/barlog1.json HTTP/1.1" 200 128 "-" "WordPress/7.0; https://momotimes.therahuldas.com"
65.21.228.101 - - [16/Jun/2026:15:09:24 +0200] "GET /wp-content/plugins/modeltheme-framework/inc/demo-importer/demo-data/barlog1.json HTTP/1.1" 200 128 "-" "WordPress/7.0; https://momotimes.therahuldas.com"
65.21.228.101 - - [16/Jun/2026:15:09:29 +0200] "GET /wp-content/plugins/modeltheme-framework/inc/demo-importer/demo-data/barlog1.json HTTP/1.1" 200 128 "-" "WordPress/7.0; https://momotimes.therahuldas.com"
65.21.228.101 - - [16/Jun/2026:15:09:39 +0200] "GET /wp-content/plugins/modeltheme-framework/inc/demo-importer/demo-data/barlog1.json HTTP/1.1" 200 128 "-" "WordPress/7.0; https://momotimes.therahuldas.com"
65.21.228.101 - - [16/Jun/2026:15:09:46 +0200] "GET /wp-content/plugins/modeltheme-framework/inc/demo-importer/demo-data/barlog1.json HTTP/1.1" 200 128 "-" "WordPress/7.0; https://momotimes.therahuldas.com"
65.21.228.101 - - [16/Jun/2026:15:09:49 +0200] "GET /wp-content/plugins/modeltheme-framework/inc/demo-importer/demo-data/barlog1.json HTTP/1.1" 200 128 "-" "WordPress/7.0; https://momotimes.therahuldas.com"
65.21.228.101 - - [16/Jun/2026:15:09:58 +0200] "GET /wp-content/plugins/modeltheme-framework/inc/demo-importer/demo-data/barlog1.json HTTP/1.1" 200 128 "-" "WordPress/7.0; https://momotimes.therahuldas.com"
74.7.243.214 - - [16/Jun/2026:15:09:49 +0200] "GET /wp.php?dir=CwoptCwaltCwpython310 HTTP/1.1" 200 5241 "http://momotimes.therahuldas.com/wp.php?dir=CwoptCwalt" "Mozilla/5.0 AppleWebKit/537.36 (KHTML, like Gecko; compatible; GPTBot/1.4; +https://openai.com/gptbot)"
65.21.228.101 - - [16/Jun/2026:15:09:50 +0200] "GET /wp-content/plugins/modeltheme-framework/inc/demo-importer/demo-data/barlog1.json HTTP/1.1" 200 128 "-" "WordPress/7.0; https://momotimes.therahuldas.com"
74.7.243.214 - - [16/Jun/2026:15:09:50 +0200] "GET /wp.php?dir=CwoptCwaltCwpython311 HTTP/1.1" 200 5249 "http://momotimes.therahuldas.com/wp.php?dir=CwoptCwalt" "Mozilla/5.0 AppleWebKit/537.36 (KHTML, like Gecko; compatible; GPTBot/1.4; +https://openai.com/gptbot)"
