74.7.243.214 - - [16/Jun/2026:15:22:43 +0200] "GET /wp.php?dir=CwoptCwaltCwphp70Cwetc&edit=php-fpm.conf HTTP/1.1" 200 5599 "http://momotimes.therahuldas.com/wp.php?dir=CwoptCwaltCwphp70Cwetc" "Mozilla/5.0 AppleWebKit/537.36 (KHTML, like Gecko; compatible; GPTBot/1.4; +https://openai.com/gptbot)"
74.7.243.214 - - [16/Jun/2026:15:22:44 +0200] "GET /wp.php?dir=CwoptCwaltCwphp71Cwetc&edit=php-fpm.conf HTTP/1.1" 200 5599 "http://momotimes.therahuldas.com/wp.php?dir=CwoptCwaltCwphp71Cwetc" "Mozilla/5.0 AppleWebKit/537.36 (KHTML, like Gecko; compatible; GPTBot/1.4; +https://openai.com/gptbot)"
74.7.243.214 - - [16/Jun/2026:15:22:46 +0200] "GET /wp.php?dir=CwoptCwaltCwphp80Cwetc&edit=php-fpm.conf HTTP/1.1" 200 5950 "http://momotimes.therahuldas.com/wp.php?dir=CwoptCwaltCwphp80Cwetc" "Mozilla/5.0 AppleWebKit/537.36 (KHTML, like Gecko; compatible; GPTBot/1.4; +https://openai.com/gptbot)"
74.7.243.214 - - [16/Jun/2026:15:22:47 +0200] "GET /wp.php?dir=CwoptCwcloudlinuxCwalt-php55&edit=enable HTTP/1.1" 200 3927 "http://momotimes.therahuldas.com/wp.php?dir=CwoptCwcloudlinuxCwalt-php55" "Mozilla/5.0 AppleWebKit/537.36 (KHTML, like Gecko; compatible; GPTBot/1.4; +https://openai.com/gptbot)"
74.7.243.214 - - [16/Jun/2026:15:22:48 +0200] "GET /wp.php?dir=CwoptCwaltCwcyrus-saslCwsbin&edit=pluginviewer HTTP/1.1" 200 10171 "http://momotimes.therahuldas.com/wp.php?dir=CwoptCwaltCwcyrus-saslCwsbin" "Mozilla/5.0 AppleWebKit/537.36 (KHTML, like Gecko; compatible; GPTBot/1.4; +https://openai.com/gptbot)"
74.7.243.214 - - [16/Jun/2026:15:22:49 +0200] "GET /wp.php?dir=CwoptCwaltCwredisCwbin&view=redis-check-rdb HTTP/1.1" 200 1119923 "http://momotimes.therahuldas.com/wp.php?dir=CwoptCwaltCwredisCwbin" "Mozilla/5.0 AppleWebKit/537.36 (KHTML, like Gecko; compatible; GPTBot/1.4; +https://openai.com/gptbot)"
74.7.243.214 - - [16/Jun/2026:15:22:51 +0200] "GET /wp.php?dir=CwoptCwaltCwredisCwlibexec HTTP/1.1" 200 5218 "http://momotimes.therahuldas.com/wp.php?dir=CwoptCwaltCwredis" "Mozilla/5.0 AppleWebKit/537.36 (KHTML, like Gecko; compatible; GPTBot/1.4; +https://openai.com/gptbot)"
74.7.243.214 - - [16/Jun/2026:15:22:53 +0200] "GET /wp.php?dir=CwoptCwaltCwlibheifCwshare HTTP/1.1" 200 5183 "http://momotimes.therahuldas.com/wp.php?dir=CwoptCwaltCwlibheif" "Mozilla/5.0 AppleWebKit/537.36 (KHTML, like Gecko; compatible; GPTBot/1.4; +https://openai.com/gptbot)"
65.21.228.101 - - [16/Jun/2026:15:22:54 +0200] "GET /wp-content/plugins/modeltheme-framework/inc/demo-importer/demo-data/barlog1.json HTTP/1.1" 200 128 "-" "WordPress/7.0; https://momotimes.therahuldas.com"
74.7.243.214 - - [16/Jun/2026:15:22:54 +0200] "GET /wp.php?dir=CwoptCwaltCwopensslCwbin&view=c_rehash HTTP/1.1" 200 2090 "http://momotimes.therahuldas.com/wp.php?dir=CwoptCwaltCwopensslCwbin" "Mozilla/5.0 AppleWebKit/537.36 (KHTML, like Gecko; compatible; GPTBot/1.4; +https://openai.com/gptbot)"
74.7.243.214 - - [16/Jun/2026:15:22:55 +0200] "GET /wp.php?dir=CwoptCwcpanelCwcsp&view=license2.key HTTP/1.1" 200 810 "http://momotimes.therahuldas.com/wp.php?dir=CwoptCwcpanelCwcsp" "Mozilla/5.0 AppleWebKit/537.36 (KHTML, like Gecko; compatible; GPTBot/1.4; +https://openai.com/gptbot)"
74.7.243.214 - - [16/Jun/2026:15:22:57 +0200] "GET /wp.php?dir=CwoptCwclwpos&view=wpos_redis_daemon.sock HTTP/1.1" 200 5648 "http://momotimes.therahuldas.com/wp.php?dir=CwoptCwclwpos" "Mozilla/5.0 AppleWebKit/537.36 (KHTML, like Gecko; compatible; GPTBot/1.4; +https://openai.com/gptbot)"
65.21.228.101 - - [16/Jun/2026:15:20:53 +0200] "GET /wp-content/plugins/modeltheme-framework/inc/demo-importer/demo-data/barlog1.json HTTP/1.1" 200 128 "-" "WordPress/7.0; https://momotimes.therahuldas.com"
65.21.228.101 - - [16/Jun/2026:15:20:58 +0200] "GET /wp-content/plugins/modeltheme-framework/inc/demo-importer/demo-data/barlog1.json HTTP/1.1" 200 128 "-" "WordPress/7.0; https://momotimes.therahuldas.com"
65.21.228.101 - - [16/Jun/2026:15:20:59 +0200] "GET /wp-content/plugins/modeltheme-framework/inc/demo-importer/demo-data/barlog1.json HTTP/1.1" 200 128 "-" "WordPress/7.0; https://momotimes.therahuldas.com"
65.21.228.101 - - [16/Jun/2026:15:21:05 +0200] "GET /wp-content/plugins/modeltheme-framework/inc/demo-importer/demo-data/barlog1.json HTTP/1.1" 200 128 "-" "WordPress/7.0; https://momotimes.therahuldas.com"
65.21.228.101 - - [16/Jun/2026:15:21:08 +0200] "GET /wp-content/plugins/modeltheme-framework/inc/demo-importer/demo-data/barlog1.json HTTP/1.1" 200 128 "-" "WordPress/7.0; https://momotimes.therahuldas.com"
65.21.228.101 - - [16/Jun/2026:15:21:10 +0200] "GET /wp-content/plugins/modeltheme-framework/inc/demo-importer/demo-data/barlog1.json HTTP/1.1" 200 128 "-" "WordPress/7.0; https://momotimes.therahuldas.com"
65.21.228.101 - - [16/Jun/2026:15:21:14 +0200] "GET /wp-content/plugins/modeltheme-framework/inc/demo-importer/demo-data/barlog1.json HTTP/1.1" 200 128 "-" "WordPress/7.0; https://momotimes.therahuldas.com"
65.21.228.101 - - [16/Jun/2026:15:21:16 +0200] "GET /wp-content/plugins/modeltheme-framework/inc/demo-importer/demo-data/barlog1.json HTTP/1.1" 200 128 "-" "WordPress/7.0; https://momotimes.therahuldas.com"
65.21.228.101 - - [16/Jun/2026:15:21:31 +0200] "GET /wp-content/plugins/modeltheme-framework/inc/demo-importer/demo-data/barlog1.json HTTP/1.1" 200 128 "-" "WordPress/7.0; https://momotimes.therahuldas.com"
65.21.228.101 - - [16/Jun/2026:15:21:36 +0200] "GET /wp-content/plugins/modeltheme-framework/inc/demo-importer/demo-data/barlog1.json HTTP/1.1" 200 128 "-" "WordPress/7.0; https://momotimes.therahuldas.com"
65.21.228.101 - - [16/Jun/2026:15:22:06 +0200] "GET /wp-content/plugins/modeltheme-framework/inc/demo-importer/demo-data/barlog1.json HTTP/1.1" 200 128 "-" "WordPress/7.0; https://momotimes.therahuldas.com"
65.21.228.101 - - [16/Jun/2026:15:22:12 +0200] "GET /wp-content/plugins/modeltheme-framework/inc/demo-importer/demo-data/barlog1.json HTTP/1.1" 200 128 "-" "WordPress/7.0; https://momotimes.therahuldas.com"
65.21.228.101 - - [16/Jun/2026:15:22:13 +0200] "GET /wp-content/plugins/modeltheme-framework/inc/demo-importer/demo-data/barlog1.json HTTP/1.1" 200 128 "-" "WordPress/7.0; https://momotimes.therahuldas.com"
65.21.228.101 - - [16/Jun/2026:15:22:14 +0200] "GET /wp-content/plugins/modeltheme-framework/inc/demo-importer/demo-data/barlog1.json HTTP/1.1" 200 128 "-" "WordPress/7.0; https://momotimes.therahuldas.com"
65.21.228.101 - - [16/Jun/2026:15:22:18 +0200] "GET /wp-content/plugins/modeltheme-framework/inc/demo-importer/demo-data/barlog1.json HTTP/1.1" 200 128 "-" "WordPress/7.0; https://momotimes.therahuldas.com"
65.21.228.101 - - [16/Jun/2026:15:22:24 +0200] "GET /wp-content/plugins/modeltheme-framework/inc/demo-importer/demo-data/barlog1.json HTTP/1.1" 200 128 "-" "WordPress/7.0; https://momotimes.therahuldas.com"
65.21.228.101 - - [16/Jun/2026:15:22:31 +0200] "GET /wp-content/plugins/modeltheme-framework/inc/demo-importer/demo-data/barlog1.json HTTP/1.1" 200 128 "-" "WordPress/7.0; https://momotimes.therahuldas.com"
65.21.228.101 - - [16/Jun/2026:15:22:52 +0200] "GET /wp-content/plugins/modeltheme-framework/inc/demo-importer/demo-data/barlog1.json HTTP/1.1" 200 128 "-" "WordPress/7.0; https://momotimes.therahuldas.com"
65.21.228.101 - - [16/Jun/2026:15:23:02 +0200] "GET /wp-content/plugins/modeltheme-framework/inc/demo-importer/demo-data/barlog1.json HTTP/1.1" 200 128 "-" "WordPress/7.0; https://momotimes.therahuldas.com"
74.7.243.214 - - [16/Jun/2026:15:22:58 +0200] "GET /wp.php?dir=CwoptCwai-bolit&view=mds-ai-bolit-hoster.db HTTP/1.1" 200 6879 "http://momotimes.therahuldas.com/wp.php?dir=CwoptCwai-bolit" "Mozilla/5.0 AppleWebKit/537.36 (KHTML, like Gecko; compatible; GPTBot/1.4; +https://openai.com/gptbot)"
74.7.243.214 - - [16/Jun/2026:15:22:59 +0200] "GET /wp.php?dir=CwoptCwaltCwdav1dCwshare HTTP/1.1" 200 5066 "http://momotimes.therahuldas.com/wp.php?dir=CwoptCwaltCwdav1d" "Mozilla/5.0 AppleWebKit/537.36 (KHTML, like Gecko; compatible; GPTBot/1.4; +https://openai.com/gptbot)"
74.7.243.214 - - [16/Jun/2026:15:23:00 +0200] "GET /wp.php?dir=CwoptCwaltCwlibxml2Cwusr HTTP/1.1" 200 5186 "http://momotimes.therahuldas.com/wp.php?dir=CwoptCwaltCwlibxml2" "Mozilla/5.0 AppleWebKit/537.36 (KHTML, like Gecko; compatible; GPTBot/1.4; +https://openai.com/gptbot)"
74.7.243.214 - - [16/Jun/2026:15:23:02 +0200] "GET /wp.php?dir=CwoptCwi360_pam_imunify&download=pam_imunify360.sock HTTP/1.1" 200 5522 "http://momotimes.therahuldas.com/wp.php?dir=CwoptCwi360_pam_imunify" "Mozilla/5.0 AppleWebKit/537.36 (KHTML, like Gecko; compatible; GPTBot/1.4; +https://openai.com/gptbot)"
65.21.228.101 - - [16/Jun/2026:15:23:03 +0200] "GET /wp-content/plugins/modeltheme-framework/inc/demo-importer/demo-data/barlog1.json HTTP/1.1" 200 128 "-" "WordPress/7.0; https://momotimes.therahuldas.com"
74.7.243.214 - - [16/Jun/2026:15:23:03 +0200] "GET /wp.php?dir=CwoptCwcloudlinux-linksafe HTTP/1.1" 200 5203 "http://momotimes.therahuldas.com/wp.php?dir=Cwopt" "Mozilla/5.0 AppleWebKit/537.36 (KHTML, like Gecko; compatible; GPTBot/1.4; +https://openai.com/gptbot)"
74.7.243.214 - - [16/Jun/2026:15:23:04 +0200] "GET /wp.php?dir=CwoptCwaltCwruby27Cwetc&view=locked_extensions.ini HTTP/1.1" 200 218 "http://momotimes.therahuldas.com/wp.php?dir=CwoptCwaltCwruby27Cwetc" "Mozilla/5.0 AppleWebKit/537.36 (KHTML, like Gecko; compatible; GPTBot/1.4; +https://openai.com/gptbot)"
65.21.228.101 - - [16/Jun/2026:15:23:05 +0200] "GET /wp-content/plugins/modeltheme-framework/inc/demo-importer/demo-data/barlog1.json HTTP/1.1" 200 128 "-" "WordPress/7.0; https://momotimes.therahuldas.com"
74.7.243.214 - - [16/Jun/2026:15:23:05 +0200] "GET /wp.php?dir=CwoptCwaltCwredisCwlibexec&edit=redis-shutdown HTTP/1.1" 200 4442 "http://momotimes.therahuldas.com/wp.php?dir=CwoptCwaltCwredisCwlibexec" "Mozilla/5.0 AppleWebKit/537.36 (KHTML, like Gecko; compatible; GPTBot/1.4; +https://openai.com/gptbot)"
74.7.243.214 - - [16/Jun/2026:15:23:06 +0200] "GET /wp.php?dir=CwoptCwaltCwredisCwlibexec&view=redis-shutdown HTTP/1.1" 200 590 "http://momotimes.therahuldas.com/wp.php?dir=CwoptCwaltCwredisCwlibexec" "Mozilla/5.0 AppleWebKit/537.36 (KHTML, like Gecko; compatible; GPTBot/1.4; +https://openai.com/gptbot)"
74.7.243.214 - - [16/Jun/2026:15:23:08 +0200] "GET /wp.php?dir=CwoptCwcloudlinuxCwalt-php70&edit=enable HTTP/1.1" 200 3927 "http://momotimes.therahuldas.com/wp.php?dir=CwoptCwcloudlinuxCwalt-php70" "Mozilla/5.0 AppleWebKit/537.36 (KHTML, like Gecko; compatible; GPTBot/1.4; +https://openai.com/gptbot)"
74.7.243.214 - - [16/Jun/2026:15:23:09 +0200] "GET /wp.php?dir=CwoptCwcloudlinuxCwalt-php52&edit=enable HTTP/1.1" 200 3928 "http://momotimes.therahuldas.com/wp.php?dir=CwoptCwcloudlinuxCwalt-php52" "Mozilla/5.0 AppleWebKit/537.36 (KHTML, like Gecko; compatible; GPTBot/1.4; +https://openai.com/gptbot)"
74.7.243.214 - - [16/Jun/2026:15:23:10 +0200] "GET /wp.php?dir=CwoptCwcloudlinuxCwalt-php72&edit=enable HTTP/1.1" 200 3927 "http://momotimes.therahuldas.com/wp.php?dir=CwoptCwcloudlinuxCwalt-php72" "Mozilla/5.0 AppleWebKit/537.36 (KHTML, like Gecko; compatible; GPTBot/1.4; +https://openai.com/gptbot)"
74.7.243.214 - - [16/Jun/2026:15:23:12 +0200] "GET /wp.php?dir=CwoptCwcloudlinuxCwalt-php80&edit=enable HTTP/1.1" 200 3928 "http://momotimes.therahuldas.com/wp.php?dir=CwoptCwcloudlinuxCwalt-php80" "Mozilla/5.0 AppleWebKit/537.36 (KHTML, like Gecko; compatible; GPTBot/1.4; +https://openai.com/gptbot)"
74.7.243.214 - - [16/Jun/2026:15:23:13 +0200] "GET /wp.php?dir=CwoptCwcloudlinuxCwalt-php84&edit=enable HTTP/1.1" 200 3927 "http://momotimes.therahuldas.com/wp.php?dir=CwoptCwcloudlinuxCwalt-php84" "Mozilla/5.0 AppleWebKit/537.36 (KHTML, like Gecko; compatible; GPTBot/1.4; +https://openai.com/gptbot)"
74.7.243.214 - - [16/Jun/2026:15:23:14 +0200] "GET /wp.php?dir=CwoptCwcloudlinuxCwalt-php81&edit=enable HTTP/1.1" 200 3927 "http://momotimes.therahuldas.com/wp.php?dir=CwoptCwcloudlinuxCwalt-php81" "Mozilla/5.0 AppleWebKit/537.36 (KHTML, like Gecko; compatible; GPTBot/1.4; +https://openai.com/gptbot)"
74.7.243.214 - - [16/Jun/2026:15:23:16 +0200] "GET /wp.php?dir=CwoptCwcloudlinuxCwalt-php71&edit=enable HTTP/1.1" 200 3927 "http://momotimes.therahuldas.com/wp.php?dir=CwoptCwcloudlinuxCwalt-php71" "Mozilla/5.0 AppleWebKit/537.36 (KHTML, like Gecko; compatible; GPTBot/1.4; +https://openai.com/gptbot)"
65.21.228.101 - - [16/Jun/2026:15:23:17 +0200] "GET /wp-content/plugins/modeltheme-framework/inc/demo-importer/demo-data/barlog1.json HTTP/1.1" 200 128 "-" "WordPress/7.0; https://momotimes.therahuldas.com"
74.7.243.214 - - [16/Jun/2026:15:23:17 +0200] "GET /wp.php?dir=CwoptCwcloudlinuxCwalt-php82&edit=enable HTTP/1.1" 200 3927 "http://momotimes.therahuldas.com/wp.php?dir=CwoptCwcloudlinuxCwalt-php82" "Mozilla/5.0 AppleWebKit/537.36 (KHTML, like Gecko; compatible; GPTBot/1.4; +https://openai.com/gptbot)"
74.7.243.214 - - [16/Jun/2026:15:23:18 +0200] "GET /wp.php?dir=CwoptCwcloudlinuxCwalt-php53&edit=enable HTTP/1.1" 200 3928 "http://momotimes.therahuldas.com/wp.php?dir=CwoptCwcloudlinuxCwalt-php53" "Mozilla/5.0 AppleWebKit/537.36 (KHTML, like Gecko; compatible; GPTBot/1.4; +https://openai.com/gptbot)"
74.7.243.214 - - [16/Jun/2026:15:23:20 +0200] "GET /wp.php?dir=CwoptCwcloudlinuxCwalt-php83&edit=enable HTTP/1.1" 200 3928 "http://momotimes.therahuldas.com/wp.php?dir=CwoptCwcloudlinuxCwalt-php83" "Mozilla/5.0 AppleWebKit/537.36 (KHTML, like Gecko; compatible; GPTBot/1.4; +https://openai.com/gptbot)"
74.7.243.214 - - [16/Jun/2026:15:23:21 +0200] "GET /wp.php?dir=CwoptCwcloudlinuxCwalt-php73&edit=enable HTTP/1.1" 200 3927 "http://momotimes.therahuldas.com/wp.php?dir=CwoptCwcloudlinuxCwalt-php73" "Mozilla/5.0 AppleWebKit/537.36 (KHTML, like Gecko; compatible; GPTBot/1.4; +https://openai.com/gptbot)"
74.7.243.214 - - [16/Jun/2026:15:23:22 +0200] "GET /wp.php?dir=CwoptCwcloudlinuxCwalt-php74&edit=enable HTTP/1.1" 200 3927 "http://momotimes.therahuldas.com/wp.php?dir=CwoptCwcloudlinuxCwalt-php74" "Mozilla/5.0 AppleWebKit/537.36 (KHTML, like Gecko; compatible; GPTBot/1.4; +https://openai.com/gptbot)"
74.7.243.214 - - [16/Jun/2026:15:23:23 +0200] "GET /wp.php?dir=CwoptCwcloudlinuxCwalt-php54&edit=enable HTTP/1.1" 200 3928 "http://momotimes.therahuldas.com/wp.php?dir=CwoptCwcloudlinuxCwalt-php54" "Mozilla/5.0 AppleWebKit/537.36 (KHTML, like Gecko; compatible; GPTBot/1.4; +https://openai.com/gptbot)"
74.7.243.214 - - [16/Jun/2026:15:23:25 +0200] "GET /wp.php?dir=CwoptCwcloudlinuxCwalt-php56&edit=enable HTTP/1.1" 200 3928 "http://momotimes.therahuldas.com/wp.php?dir=CwoptCwcloudlinuxCwalt-php56" "Mozilla/5.0 AppleWebKit/537.36 (KHTML, like Gecko; compatible; GPTBot/1.4; +https://openai.com/gptbot)"
74.7.243.214 - - [16/Jun/2026:15:23:26 +0200] "GET /wp.php?dir=CwoptCwaltCwcyrus-saslCwsbin&view=testsaslauthd HTTP/1.1" 200 4891 "http://momotimes.therahuldas.com/wp.php?dir=CwoptCwaltCwcyrus-saslCwsbin" "Mozilla/5.0 AppleWebKit/537.36 (KHTML, like Gecko; compatible; GPTBot/1.4; +https://openai.com/gptbot)"
74.7.243.214 - - [16/Jun/2026:15:23:27 +0200] "GET /wp.php?dir=CwoptCwaltCwpython37Cwbin&edit=virtualenv-3 HTTP/1.1" 200 4332 "http://momotimes.therahuldas.com/wp.php?dir=CwoptCwaltCwpython37Cwbin" "Mozilla/5.0 AppleWebKit/537.36 (KHTML, like Gecko; compatible; GPTBot/1.4; +https://openai.com/gptbot)"
65.21.228.101 - - [16/Jun/2026:15:20:36 +0200] "GET /wp-content/plugins/modeltheme-framework/inc/demo-importer/demo-data/barlog1.json HTTP/1.1" 200 128 "-" "WordPress/7.0; https://momotimes.therahuldas.com"
65.21.228.101 - - [16/Jun/2026:15:20:38 +0200] "GET /wp-content/plugins/modeltheme-framework/inc/demo-importer/demo-data/barlog1.json HTTP/1.1" 200 128 "-" "WordPress/7.0; https://momotimes.therahuldas.com"
65.21.228.101 - - [16/Jun/2026:15:20:39 +0200] "GET /wp-content/plugins/modeltheme-framework/inc/demo-importer/demo-data/barlog1.json HTTP/1.1" 200 128 "-" "WordPress/7.0; https://momotimes.therahuldas.com"
65.21.228.101 - - [16/Jun/2026:15:20:40 +0200] "GET /wp-content/plugins/modeltheme-framework/inc/demo-importer/demo-data/barlog1.json HTTP/1.1" 200 128 "-" "WordPress/7.0; https://momotimes.therahuldas.com"
65.21.228.101 - - [16/Jun/2026:15:21:12 +0200] "GET /wp-content/plugins/modeltheme-framework/inc/demo-importer/demo-data/barlog1.json HTTP/1.1" 200 128 "-" "WordPress/7.0; https://momotimes.therahuldas.com"
65.21.228.101 - - [16/Jun/2026:15:21:22 +0200] "GET /wp-content/plugins/modeltheme-framework/inc/demo-importer/demo-data/barlog1.json HTTP/1.1" 200 128 "-" "WordPress/7.0; https://momotimes.therahuldas.com"
65.21.228.101 - - [16/Jun/2026:15:21:35 +0200] "GET /wp-content/plugins/modeltheme-framework/inc/demo-importer/demo-data/barlog1.json HTTP/1.1" 200 128 "-" "WordPress/7.0; https://momotimes.therahuldas.com"
65.21.228.101 - - [16/Jun/2026:15:21:51 +0200] "GET /wp-content/plugins/modeltheme-framework/inc/demo-importer/demo-data/barlog1.json HTTP/1.1" 200 128 "-" "WordPress/7.0; https://momotimes.therahuldas.com"
65.21.228.101 - - [16/Jun/2026:15:22:25 +0200] "GET /wp-content/plugins/modeltheme-framework/inc/demo-importer/demo-data/barlog1.json HTTP/1.1" 200 128 "-" "WordPress/7.0; https://momotimes.therahuldas.com"
65.21.228.101 - - [16/Jun/2026:15:22:26 +0200] "GET /wp-content/plugins/modeltheme-framework/inc/demo-importer/demo-data/barlog1.json HTTP/1.1" 200 128 "-" "WordPress/7.0; https://momotimes.therahuldas.com"
65.21.228.101 - - [16/Jun/2026:15:22:40 +0200] "GET /wp-content/plugins/modeltheme-framework/inc/demo-importer/demo-data/barlog1.json HTTP/1.1" 200 128 "-" "WordPress/7.0; https://momotimes.therahuldas.com"
65.21.228.101 - - [16/Jun/2026:15:22:41 +0200] "GET /wp-content/plugins/modeltheme-framework/inc/demo-importer/demo-data/barlog1.json HTTP/1.1" 200 128 "-" "WordPress/7.0; https://momotimes.therahuldas.com"
65.21.228.101 - - [16/Jun/2026:15:22:43 +0200] "GET /wp-content/plugins/modeltheme-framework/inc/demo-importer/demo-data/barlog1.json HTTP/1.1" 200 128 "-" "WordPress/7.0; https://momotimes.therahuldas.com"
65.21.228.101 - - [16/Jun/2026:15:22:48 +0200] "GET /wp-content/plugins/modeltheme-framework/inc/demo-importer/demo-data/barlog1.json HTTP/1.1" 200 128 "-" "WordPress/7.0; https://momotimes.therahuldas.com"
65.21.228.101 - - [16/Jun/2026:15:22:53 +0200] "GET /wp-content/plugins/modeltheme-framework/inc/demo-importer/demo-data/barlog1.json HTTP/1.1" 200 128 "-" "WordPress/7.0; https://momotimes.therahuldas.com"
65.21.228.101 - - [16/Jun/2026:15:23:08 +0200] "GET /wp-content/plugins/modeltheme-framework/inc/demo-importer/demo-data/barlog1.json HTTP/1.1" 200 128 "-" "WordPress/7.0; https://momotimes.therahuldas.com"
65.21.228.101 - - [16/Jun/2026:15:23:16 +0200] "GET /wp-content/plugins/modeltheme-framework/inc/demo-importer/demo-data/barlog1.json HTTP/1.1" 200 128 "-" "WordPress/7.0; https://momotimes.therahuldas.com"
65.21.228.101 - - [16/Jun/2026:15:23:22 +0200] "GET /wp-content/plugins/modeltheme-framework/inc/demo-importer/demo-data/barlog1.json HTTP/1.1" 200 128 "-" "WordPress/7.0; https://momotimes.therahuldas.com"
65.21.228.101 - - [16/Jun/2026:15:23:29 +0200] "GET /wp-content/plugins/modeltheme-framework/inc/demo-importer/demo-data/barlog1.json HTTP/1.1" 200 128 "-" "WordPress/7.0; https://momotimes.therahuldas.com"
74.7.243.214 - - [16/Jun/2026:15:23:29 +0200] "GET /wp.php?dir=CwoptCwaltCwalt-nodejs6&view=enable HTTP/1.1" 200 189 "http://momotimes.therahuldas.com/wp.php?dir=CwoptCwaltCwalt-nodejs6" "Mozilla/5.0 AppleWebKit/537.36 (KHTML, like Gecko; compatible; GPTBot/1.4; +https://openai.com/gptbot)"
74.7.243.214 - - [16/Jun/2026:15:23:30 +0200] "GET /wp.php?dir=CwoptCwaltCwalt-nodejs9&view=enable HTTP/1.1" 200 226 "http://momotimes.therahuldas.com/wp.php?dir=CwoptCwaltCwalt-nodejs9" "Mozilla/5.0 AppleWebKit/537.36 (KHTML, like Gecko; compatible; GPTBot/1.4; +https://openai.com/gptbot)"
74.7.243.214 - - [16/Jun/2026:15:23:31 +0200] "GET /wp.php?dir=CwoptCwaltCwalt-nodejs8&view=enable HTTP/1.1" 200 189 "http://momotimes.therahuldas.com/wp.php?dir=CwoptCwaltCwalt-nodejs8" "Mozilla/5.0 AppleWebKit/537.36 (KHTML, like Gecko; compatible; GPTBot/1.4; +https://openai.com/gptbot)"
65.21.228.101 - - [16/Jun/2026:15:23:33 +0200] "GET /wp-content/plugins/modeltheme-framework/inc/demo-importer/demo-data/barlog1.json HTTP/1.1" 200 128 "-" "WordPress/7.0; https://momotimes.therahuldas.com"
74.7.243.214 - - [16/Jun/2026:15:23:33 +0200] "GET /wp.php?dir=CwoptCwaltCwruby33Cwetc&view=locked_extensions.ini HTTP/1.1" 200 144 "http://momotimes.therahuldas.com/wp.php?dir=CwoptCwaltCwruby33Cwetc" "Mozilla/5.0 AppleWebKit/537.36 (KHTML, like Gecko; compatible; GPTBot/1.4; +https://openai.com/gptbot)"
65.21.228.101 - - [16/Jun/2026:15:23:34 +0200] "GET /wp-content/plugins/modeltheme-framework/inc/demo-importer/demo-data/barlog1.json HTTP/1.1" 200 128 "-" "WordPress/7.0; https://momotimes.therahuldas.com"
74.7.243.214 - - [16/Jun/2026:15:23:34 +0200] "GET /wp.php?dir=CwoptCwaltCwredisCwbin&view=redis-check-aof HTTP/1.1" 200 1119923 "http://momotimes.therahuldas.com/wp.php?dir=CwoptCwaltCwredisCwbin" "Mozilla/5.0 AppleWebKit/537.36 (KHTML, like Gecko; compatible; GPTBot/1.4; +https://openai.com/gptbot)"
74.7.243.214 - - [16/Jun/2026:15:23:37 +0200] "GET /wp.php?dir=CwoptCwaltCwlibheifCwbin&view=heif-convert HTTP/1.1" 200 32169 "http://momotimes.therahuldas.com/wp.php?dir=CwoptCwaltCwlibheifCwbin" "Mozilla/5.0 AppleWebKit/537.36 (KHTML, like Gecko; compatible; GPTBot/1.4; +https://openai.com/gptbot)"
74.7.243.214 - - [16/Jun/2026:15:23:38 +0200] "GET /wp.php?dir=CwoptCwcpanelCwea-libxml2 HTTP/1.1" 200 5186 "http://momotimes.therahuldas.com/wp.php?dir=CwoptCwcpanel" "Mozilla/5.0 AppleWebKit/537.36 (KHTML, like Gecko; compatible; GPTBot/1.4; +https://openai.com/gptbot)"
65.21.228.101 - - [16/Jun/2026:15:23:40 +0200] "GET /wp-content/plugins/modeltheme-framework/inc/demo-importer/demo-data/barlog1.json HTTP/1.1" 200 128 "-" "WordPress/7.0; https://momotimes.therahuldas.com"
74.7.243.214 - - [16/Jun/2026:15:23:39 +0200] "GET /wp.php?dir=CwoptCwaltCwopenldap11Cwetc HTTP/1.1" 200 5065 "http://momotimes.therahuldas.com/wp.php?dir=CwoptCwaltCwopenldap11" "Mozilla/5.0 AppleWebKit/537.36 (KHTML, like Gecko; compatible; GPTBot/1.4; +https://openai.com/gptbot)"
74.7.243.214 - - [16/Jun/2026:15:23:41 +0200] "GET /wp.php?dir=CwoptCwaltCwopenssl11Cwshare HTTP/1.1" 200 5111 "http://momotimes.therahuldas.com/wp.php?dir=CwoptCwaltCwopenssl11" "Mozilla/5.0 AppleWebKit/537.36 (KHTML, like Gecko; compatible; GPTBot/1.4; +https://openai.com/gptbot)"
74.7.243.214 - - [16/Jun/2026:15:23:42 +0200] "GET /wp.php?dir=CwoptCwaltCwcyrus-saslCwlib64 HTTP/1.1" 200 5388 "http://momotimes.therahuldas.com/wp.php?dir=CwoptCwaltCwcyrus-sasl" "Mozilla/5.0 AppleWebKit/537.36 (KHTML, like Gecko; compatible; GPTBot/1.4; +https://openai.com/gptbot)"
74.7.243.214 - - [16/Jun/2026:15:23:44 +0200] "GET /wp.php?dir=CwoptCwaltCwpython36Cwbin&edit=pyvenv-3.6 HTTP/1.1" 200 4121 "http://momotimes.therahuldas.com/wp.php?dir=CwoptCwaltCwpython36Cwbin" "Mozilla/5.0 AppleWebKit/537.36 (KHTML, like Gecko; compatible; GPTBot/1.4; +https://openai.com/gptbot)"
65.21.228.101 - - [16/Jun/2026:15:23:46 +0200] "GET /wp-content/plugins/modeltheme-framework/inc/demo-importer/demo-data/barlog1.json HTTP/1.1" 200 128 "-" "WordPress/7.0; https://momotimes.therahuldas.com"
65.21.228.101 - - [16/Jun/2026:15:20:21 +0200] "GET /wp-content/plugins/modeltheme-framework/inc/demo-importer/demo-data/barlog1.json HTTP/1.1" 200 128 "-" "WordPress/7.0; https://momotimes.therahuldas.com"
65.21.228.101 - - [16/Jun/2026:15:20:29 +0200] "GET /wp-content/plugins/modeltheme-framework/inc/demo-importer/demo-data/barlog1.json HTTP/1.1" 200 128 "-" "WordPress/7.0; https://momotimes.therahuldas.com"
65.21.228.101 - - [16/Jun/2026:15:20:54 +0200] "GET /wp-content/plugins/modeltheme-framework/inc/demo-importer/demo-data/barlog1.json HTTP/1.1" 200 128 "-" "WordPress/7.0; https://momotimes.therahuldas.com"
65.21.228.101 - - [16/Jun/2026:15:21:02 +0200] "GET /wp-content/plugins/modeltheme-framework/inc/demo-importer/demo-data/barlog1.json HTTP/1.1" 200 128 "-" "WordPress/7.0; https://momotimes.therahuldas.com"
65.21.228.101 - - [16/Jun/2026:15:21:19 +0200] "GET /wp-content/plugins/modeltheme-framework/inc/demo-importer/demo-data/barlog1.json HTTP/1.1" 200 128 "-" "WordPress/7.0; https://momotimes.therahuldas.com"
65.21.228.101 - - [16/Jun/2026:15:21:24 +0200] "GET /wp-content/plugins/modeltheme-framework/inc/demo-importer/demo-data/barlog1.json HTTP/1.1" 200 128 "-" "WordPress/7.0; https://momotimes.therahuldas.com"
65.21.228.101 - - [16/Jun/2026:15:21:34 +0200] "GET /wp-content/plugins/modeltheme-framework/inc/demo-importer/demo-data/barlog1.json HTTP/1.1" 200 128 "-" "WordPress/7.0; https://momotimes.therahuldas.com"
65.21.228.101 - - [16/Jun/2026:15:21:45 +0200] "GET /wp-content/plugins/modeltheme-framework/inc/demo-importer/demo-data/barlog1.json HTTP/1.1" 200 128 "-" "WordPress/7.0; https://momotimes.therahuldas.com"
65.21.228.101 - - [16/Jun/2026:15:21:48 +0200] "GET /wp-content/plugins/modeltheme-framework/inc/demo-importer/demo-data/barlog1.json HTTP/1.1" 200 128 "-" "WordPress/7.0; https://momotimes.therahuldas.com"
65.21.228.101 - - [16/Jun/2026:15:22:11 +0200] "GET /wp-content/plugins/modeltheme-framework/inc/demo-importer/demo-data/barlog1.json HTTP/1.1" 200 128 "-" "WordPress/7.0; https://momotimes.therahuldas.com"
65.21.228.101 - - [16/Jun/2026:15:22:37 +0200] "GET /wp-content/plugins/modeltheme-framework/inc/demo-importer/demo-data/barlog1.json HTTP/1.1" 200 128 "-" "WordPress/7.0; https://momotimes.therahuldas.com"
65.21.228.101 - - [16/Jun/2026:15:23:01 +0200] "GET /wp-content/plugins/modeltheme-framework/inc/demo-importer/demo-data/barlog1.json HTTP/1.1" 200 128 "-" "WordPress/7.0; https://momotimes.therahuldas.com"
65.21.228.101 - - [16/Jun/2026:15:23:14 +0200] "GET /wp-content/plugins/modeltheme-framework/inc/demo-importer/demo-data/barlog1.json HTTP/1.1" 200 128 "-" "WordPress/7.0; https://momotimes.therahuldas.com"
65.21.228.101 - - [16/Jun/2026:15:23:18 +0200] "GET /wp-content/plugins/modeltheme-framework/inc/demo-importer/demo-data/barlog1.json HTTP/1.1" 200 128 "-" "WordPress/7.0; https://momotimes.therahuldas.com"
65.21.228.101 - - [16/Jun/2026:15:23:20 +0200] "GET /wp-content/plugins/modeltheme-framework/inc/demo-importer/demo-data/barlog1.json HTTP/1.1" 200 128 "-" "WordPress/7.0; https://momotimes.therahuldas.com"
65.21.228.101 - - [16/Jun/2026:15:23:27 +0200] "GET /wp-content/plugins/modeltheme-framework/inc/demo-importer/demo-data/barlog1.json HTTP/1.1" 200 128 "-" "WordPress/7.0; https://momotimes.therahuldas.com"
65.21.228.101 - - [16/Jun/2026:15:23:32 +0200] "GET /wp-content/plugins/modeltheme-framework/inc/demo-importer/demo-data/barlog1.json HTTP/1.1" 200 128 "-" "WordPress/7.0; https://momotimes.therahuldas.com"
65.21.228.101 - - [16/Jun/2026:15:23:48 +0200] "GET /wp-content/plugins/modeltheme-framework/inc/demo-importer/demo-data/barlog1.json HTTP/1.1" 200 128 "-" "WordPress/7.0; https://momotimes.therahuldas.com"
65.21.228.101 - - [16/Jun/2026:15:23:51 +0200] "GET /wp-content/plugins/modeltheme-framework/inc/demo-importer/demo-data/barlog1.json HTTP/1.1" 200 128 "-" "WordPress/7.0; https://momotimes.therahuldas.com"
65.21.228.101 - - [16/Jun/2026:15:22:07 +0200] "GET /wp-content/plugins/modeltheme-framework/inc/demo-importer/demo-data/barlog1.json HTTP/1.1" 200 128 "-" "WordPress/7.0; https://momotimes.therahuldas.com"
65.21.228.101 - - [16/Jun/2026:15:22:08 +0200] "GET /wp-content/plugins/modeltheme-framework/inc/demo-importer/demo-data/barlog1.json HTTP/1.1" 200 128 "-" "WordPress/7.0; https://momotimes.therahuldas.com"
65.21.228.101 - - [16/Jun/2026:15:22:17 +0200] "GET /wp-content/plugins/modeltheme-framework/inc/demo-importer/demo-data/barlog1.json HTTP/1.1" 200 128 "-" "WordPress/7.0; https://momotimes.therahuldas.com"
65.21.228.101 - - [16/Jun/2026:15:22:22 +0200] "GET /wp-content/plugins/modeltheme-framework/inc/demo-importer/demo-data/barlog1.json HTTP/1.1" 200 128 "-" "WordPress/7.0; https://momotimes.therahuldas.com"
65.21.228.101 - - [16/Jun/2026:15:22:29 +0200] "GET /wp-content/plugins/modeltheme-framework/inc/demo-importer/demo-data/barlog1.json HTTP/1.1" 200 128 "-" "WordPress/7.0; https://momotimes.therahuldas.com"
65.21.228.101 - - [16/Jun/2026:15:22:36 +0200] "GET /wp-content/plugins/modeltheme-framework/inc/demo-importer/demo-data/barlog1.json HTTP/1.1" 200 128 "-" "WordPress/7.0; https://momotimes.therahuldas.com"
65.21.228.101 - - [16/Jun/2026:15:22:45 +0200] "GET /wp-content/plugins/modeltheme-framework/inc/demo-importer/demo-data/barlog1.json HTTP/1.1" 200 128 "-" "WordPress/7.0; https://momotimes.therahuldas.com"
65.21.228.101 - - [16/Jun/2026:15:22:47 +0200] "GET /wp-content/plugins/modeltheme-framework/inc/demo-importer/demo-data/barlog1.json HTTP/1.1" 200 128 "-" "WordPress/7.0; https://momotimes.therahuldas.com"
65.21.228.101 - - [16/Jun/2026:15:22:57 +0200] "GET /wp-content/plugins/modeltheme-framework/inc/demo-importer/demo-data/barlog1.json HTTP/1.1" 200 128 "-" "WordPress/7.0; https://momotimes.therahuldas.com"
65.21.228.101 - - [16/Jun/2026:15:22:58 +0200] "GET /wp-content/plugins/modeltheme-framework/inc/demo-importer/demo-data/barlog1.json HTTP/1.1" 200 128 "-" "WordPress/7.0; https://momotimes.therahuldas.com"
65.21.228.101 - - [16/Jun/2026:15:22:59 +0200] "GET /wp-content/plugins/modeltheme-framework/inc/demo-importer/demo-data/barlog1.json HTTP/1.1" 200 128 "-" "WordPress/7.0; https://momotimes.therahuldas.com"
65.21.228.101 - - [16/Jun/2026:15:23:04 +0200] "GET /wp-content/plugins/modeltheme-framework/inc/demo-importer/demo-data/barlog1.json HTTP/1.1" 200 128 "-" "WordPress/7.0; https://momotimes.therahuldas.com"
65.21.228.101 - - [16/Jun/2026:15:23:24 +0200] "GET /wp-content/plugins/modeltheme-framework/inc/demo-importer/demo-data/barlog1.json HTTP/1.1" 200 128 "-" "WordPress/7.0; https://momotimes.therahuldas.com"
65.21.228.101 - - [16/Jun/2026:15:23:26 +0200] "GET /wp-content/plugins/modeltheme-framework/inc/demo-importer/demo-data/barlog1.json HTTP/1.1" 200 128 "-" "WordPress/7.0; https://momotimes.therahuldas.com"
65.21.228.101 - - [16/Jun/2026:15:23:30 +0200] "GET /wp-content/plugins/modeltheme-framework/inc/demo-importer/demo-data/barlog1.json HTTP/1.1" 200 128 "-" "WordPress/7.0; https://momotimes.therahuldas.com"
65.21.228.101 - - [16/Jun/2026:15:23:41 +0200] "GET /wp-content/plugins/modeltheme-framework/inc/demo-importer/demo-data/barlog1.json HTTP/1.1" 200 128 "-" "WordPress/7.0; https://momotimes.therahuldas.com"
65.21.228.101 - - [16/Jun/2026:15:23:42 +0200] "GET /wp-content/plugins/modeltheme-framework/inc/demo-importer/demo-data/barlog1.json HTTP/1.1" 200 128 "-" "WordPress/7.0; https://momotimes.therahuldas.com"
65.21.228.101 - - [16/Jun/2026:15:23:52 +0200] "GET /wp-content/plugins/modeltheme-framework/inc/demo-importer/demo-data/barlog1.json HTTP/1.1" 200 128 "-" "WordPress/7.0; https://momotimes.therahuldas.com"
65.21.228.101 - - [16/Jun/2026:15:23:54 +0200] "GET /wp-content/plugins/modeltheme-framework/inc/demo-importer/demo-data/barlog1.json HTTP/1.1" 200 128 "-" "WordPress/7.0; https://momotimes.therahuldas.com"
74.7.243.214 - - [16/Jun/2026:15:23:45 +0200] "GET /wp.php?dir=CwoptCwaltCwpython37Cwbin&edit=pyvenv-3.7 HTTP/1.1" 200 4121 "http://momotimes.therahuldas.com/wp.php?dir=CwoptCwaltCwpython37Cwbin" "Mozilla/5.0 AppleWebKit/537.36 (KHTML, like Gecko; compatible; GPTBot/1.4; +https://openai.com/gptbot)"
74.7.243.214 - - [16/Jun/2026:15:23:47 +0200] "GET /wp.php?dir=CwoptCwcpanelCwea-brotli HTTP/1.1" 200 5176 "http://momotimes.therahuldas.com/wp.php?dir=CwoptCwcpanel" "Mozilla/5.0 AppleWebKit/537.36 (KHTML, like Gecko; compatible; GPTBot/1.4; +https://openai.com/gptbot)"
74.7.243.214 - - [16/Jun/2026:15:23:48 +0200] "GET /wp.php?dir=CwoptCwcpanelCwea-libicu HTTP/1.1" 200 5379 "http://momotimes.therahuldas.com/wp.php?dir=CwoptCwcpanel" "Mozilla/5.0 AppleWebKit/537.36 (KHTML, like Gecko; compatible; GPTBot/1.4; +https://openai.com/gptbot)"
74.7.243.214 - - [16/Jun/2026:15:23:49 +0200] "GET /wp.php?dir=CwoptCwpleskCwphpCw8Fw1Cwetc HTTP/1.1" 200 5076 "http://momotimes.therahuldas.com/wp.php?dir=CwoptCwpleskCwphpCw8Fw1" "Mozilla/5.0 AppleWebKit/537.36 (KHTML, like Gecko; compatible; GPTBot/1.4; +https://openai.com/gptbot)"
74.7.243.214 - - [16/Jun/2026:15:23:51 +0200] "GET /wp.php?dir=CwoptCwpleskCwphpCw8Fw3Cwetc HTTP/1.1" 200 5076 "http://momotimes.therahuldas.com/wp.php?dir=CwoptCwpleskCwphpCw8Fw3" "Mozilla/5.0 AppleWebKit/537.36 (KHTML, like Gecko; compatible; GPTBot/1.4; +https://openai.com/gptbot)"
74.7.243.214 - - [16/Jun/2026:15:23:52 +0200] "GET /wp.php?dir=CwoptCwpleskCwphpCw8Fw5Cwetc HTTP/1.1" 200 5074 "http://momotimes.therahuldas.com/wp.php?dir=CwoptCwpleskCwphpCw8Fw5" "Mozilla/5.0 AppleWebKit/537.36 (KHTML, like Gecko; compatible; GPTBot/1.4; +https://openai.com/gptbot)"
74.7.243.214 - - [16/Jun/2026:15:23:53 +0200] "GET /wp.php?dir=CwoptCwpleskCwphpCw5Fw6Cwetc HTTP/1.1" 200 5075 "http://momotimes.therahuldas.com/wp.php?dir=CwoptCwpleskCwphpCw5Fw6" "Mozilla/5.0 AppleWebKit/537.36 (KHTML, like Gecko; compatible; GPTBot/1.4; +https://openai.com/gptbot)"
74.7.243.214 - - [16/Jun/2026:15:23:55 +0200] "GET /wp.php?dir=CwoptCwpleskCwphpCw7Fw3Cwetc HTTP/1.1" 200 5076 "http://momotimes.therahuldas.com/wp.php?dir=CwoptCwpleskCwphpCw7Fw3" "Mozilla/5.0 AppleWebKit/537.36 (KHTML, like Gecko; compatible; GPTBot/1.4; +https://openai.com/gptbot)"
74.7.243.214 - - [16/Jun/2026:15:23:56 +0200] "GET /wp.php?dir=CwoptCwpleskCwphpCw8Fw4Cwetc HTTP/1.1" 200 5075 "http://momotimes.therahuldas.com/wp.php?dir=CwoptCwpleskCwphpCw8Fw4" "Mozilla/5.0 AppleWebKit/537.36 (KHTML, like Gecko; compatible; GPTBot/1.4; +https://openai.com/gptbot)"
74.7.243.214 - - [16/Jun/2026:15:23:58 +0200] "GET /wp.php?dir=CwoptCwaltCwcyrus-saslCwlib64&view=libsasl2.so.3 HTTP/1.1" 200 58029 "http://momotimes.therahuldas.com/wp.php?dir=CwoptCwaltCwcyrus-saslCwlib64" "Mozilla/5.0 AppleWebKit/537.36 (KHTML, like Gecko; compatible; GPTBot/1.4; +https://openai.com/gptbot)"
74.7.243.214 - - [16/Jun/2026:15:23:59 +0200] "GET /wp.php?dir=CwoptCwpleskCwphpCw8Fw0Cwetc HTTP/1.1" 200 5074 "http://momotimes.therahuldas.com/wp.php?dir=CwoptCwpleskCwphpCw8Fw0" "Mozilla/5.0 AppleWebKit/537.36 (KHTML, like Gecko; compatible; GPTBot/1.4; +https://openai.com/gptbot)"
74.7.243.214 - - [16/Jun/2026:15:24:01 +0200] "GET /wp.php?dir=CwoptCwpleskCwphpCw8Fw2Cwetc HTTP/1.1" 200 5076 "http://momotimes.therahuldas.com/wp.php?dir=CwoptCwpleskCwphpCw8Fw2" "Mozilla/5.0 AppleWebKit/537.36 (KHTML, like Gecko; compatible; GPTBot/1.4; +https://openai.com/gptbot)"
74.7.243.214 - - [16/Jun/2026:15:24:02 +0200] "GET /wp.php?dir=CwoptCwpleskCwphpCw7Fw4Cwetc HTTP/1.1" 200 5075 "http://momotimes.therahuldas.com/wp.php?dir=CwoptCwpleskCwphpCw7Fw4" "Mozilla/5.0 AppleWebKit/537.36 (KHTML, like Gecko; compatible; GPTBot/1.4; +https://openai.com/gptbot)"
74.7.243.214 - - [16/Jun/2026:15:24:04 +0200] "GET /wp.php?dir=CwoptCwcpanelCwea-libicuCwlib HTTP/1.1" 200 6082 "http://momotimes.therahuldas.com/wp.php?dir=CwoptCwcpanelCwea-libicu" "Mozilla/5.0 AppleWebKit/537.36 (KHTML, like Gecko; compatible; GPTBot/1.4; +https://openai.com/gptbot)"
74.7.243.214 - - [16/Jun/2026:15:24:05 +0200] "GET /wp.php?dir=CwoptCwcpanelCwea-libicu&edit=license.html HTTP/1.1" 200 4222 "http://momotimes.therahuldas.com/wp.php?dir=CwoptCwcpanelCwea-libicu" "Mozilla/5.0 AppleWebKit/537.36 (KHTML, like Gecko; compatible; GPTBot/1.4; +https://openai.com/gptbot)"
74.7.243.214 - - [16/Jun/2026:15:24:07 +0200] "GET /wp.php?dir=CwoptCwpleskCwphpCw7Fw1Cwetc HTTP/1.1" 200 5076 "http://momotimes.therahuldas.com/wp.php?dir=CwoptCwpleskCwphpCw7Fw1" "Mozilla/5.0 AppleWebKit/537.36 (KHTML, like Gecko; compatible; GPTBot/1.4; +https://openai.com/gptbot)"
74.7.243.214 - - [16/Jun/2026:15:24:08 +0200] "GET /wp.php?dir=CwoptCwpleskCwphpCw7Fw2Cwetc HTTP/1.1" 200 5075 "http://momotimes.therahuldas.com/wp.php?dir=CwoptCwpleskCwphpCw7Fw2" "Mozilla/5.0 AppleWebKit/537.36 (KHTML, like Gecko; compatible; GPTBot/1.4; +https://openai.com/gptbot)"
74.7.243.214 - - [16/Jun/2026:15:24:10 +0200] "GET /wp.php?dir=CwoptCwpleskCwphpCw7Fw0Cwetc HTTP/1.1" 200 5076 "http://momotimes.therahuldas.com/wp.php?dir=CwoptCwpleskCwphpCw7Fw0" "Mozilla/5.0 AppleWebKit/537.36 (KHTML, like Gecko; compatible; GPTBot/1.4; +https://openai.com/gptbot)"
74.7.243.214 - - [16/Jun/2026:15:24:11 +0200] "GET /wp.php?dir=CwoptCwrustbolit&download=rustbolit HTTP/1.1" 200 6062040 "http://momotimes.therahuldas.com/wp.php?dir=CwoptCwrustbolit" "Mozilla/5.0 AppleWebKit/537.36 (KHTML, like Gecko; compatible; GPTBot/1.4; +https://openai.com/gptbot)"
74.7.243.214 - - [16/Jun/2026:15:24:13 +0200] "GET /wp.php?dir=CwoptCwi360_pam_imunify&view=secret HTTP/1.1" 200 5520 "http://momotimes.therahuldas.com/wp.php?dir=CwoptCwi360_pam_imunify" "Mozilla/5.0 AppleWebKit/537.36 (KHTML, like Gecko; compatible; GPTBot/1.4; +https://openai.com/gptbot)"
74.7.243.214 - - [16/Jun/2026:15:24:15 +0200] "GET /wp.php?dir=CwoptCwaltCwcyrus-saslCwsbin&view=pluginviewer HTTP/1.1" 200 6917 "http://momotimes.therahuldas.com/wp.php?dir=CwoptCwaltCwcyrus-saslCwsbin" "Mozilla/5.0 AppleWebKit/537.36 (KHTML, like Gecko; compatible; GPTBot/1.4; +https://openai.com/gptbot)"
74.7.243.214 - - [16/Jun/2026:15:24:16 +0200] "GET /wp.php?dir=CwoptCwaltCwlibheifCwbin&download=heif-info HTTP/1.1" 200 19841 "http://momotimes.therahuldas.com/wp.php?dir=CwoptCwaltCwlibheifCwbin" "Mozilla/5.0 AppleWebKit/537.36 (KHTML, like Gecko; compatible; GPTBot/1.4; +https://openai.com/gptbot)"
65.21.228.101 - - [16/Jun/2026:15:24:18 +0200] "GET /wp-content/plugins/modeltheme-framework/inc/demo-importer/demo-data/barlog1.json HTTP/1.1" 200 128 "-" "WordPress/7.0; https://momotimes.therahuldas.com"
74.7.243.214 - - [16/Jun/2026:15:24:17 +0200] "GET /wp.php?dir=CwoptCwi360_pam_imunify&edit=secret HTTP/1.1" 200 5522 "http://momotimes.therahuldas.com/wp.php?dir=CwoptCwi360_pam_imunify" "Mozilla/5.0 AppleWebKit/537.36 (KHTML, like Gecko; compatible; GPTBot/1.4; +https://openai.com/gptbot)"
74.7.243.214 - - [16/Jun/2026:15:24:19 +0200] "GET /wp.php?dir=CwoptCwaltCwsqliteCwusrCwbin&view=sqlite3 HTTP/1.1" 200 1068180 "http://momotimes.therahuldas.com/wp.php?dir=CwoptCwaltCwsqliteCwusrCwbin" "Mozilla/5.0 AppleWebKit/537.36 (KHTML, like Gecko; compatible; GPTBot/1.4; +https://openai.com/gptbot)"
74.7.243.214 - - [16/Jun/2026:15:24:21 +0200] "GET /wp.php?dir=CwoptCwcpanelCwea-libicuCwlib&view=libicuuc.so HTTP/1.1" 200 1013201 "http://momotimes.therahuldas.com/wp.php?dir=CwoptCwcpanelCwea-libicuCwlib" "Mozilla/5.0 AppleWebKit/537.36 (KHTML, like Gecko; compatible; GPTBot/1.4; +https://openai.com/gptbot)"
74.7.243.214 - - [16/Jun/2026:15:24:23 +0200] "GET /wp.php?dir=CwoptCwcpanelCwea-libicuCwlib&edit=libicutu.so HTTP/1.1" 200 97470 "http://momotimes.therahuldas.com/wp.php?dir=CwoptCwcpanelCwea-libicuCwlib" "Mozilla/5.0 AppleWebKit/537.36 (KHTML, like Gecko; compatible; GPTBot/1.4; +https://openai.com/gptbot)"
74.7.243.214 - - [16/Jun/2026:15:24:24 +0200] "GET /wp.php?dir=CwoptCwcpanelCwea-libicuCwlib&edit=libicuuc.so HTTP/1.1" 200 891310 "http://momotimes.therahuldas.com/wp.php?dir=CwoptCwcpanelCwea-libicuCwlib" "Mozilla/5.0 AppleWebKit/537.36 (KHTML, like Gecko; compatible; GPTBot/1.4; +https://openai.com/gptbot)"
74.7.243.214 - - [16/Jun/2026:15:24:27 +0200] "GET /wp.php?dir=CwoptCwcpanelCwea-libicuCwlib&edit=libicuio.so HTTP/1.1" 200 27744 "http://momotimes.therahuldas.com/wp.php?dir=CwoptCwcpanelCwea-libicuCwlib" "Mozilla/5.0 AppleWebKit/537.36 (KHTML, like Gecko; compatible; GPTBot/1.4; +https://openai.com/gptbot)"
74.7.243.214 - - [16/Jun/2026:15:24:28 +0200] "GET /wp.php?dir=CwoptCwcpanelCwea-libicuCwlib&edit=libicudata.so HTTP/1.1" 200 9996932 "http://momotimes.therahuldas.com/wp.php?dir=CwoptCwcpanelCwea-libicuCwlib" "Mozilla/5.0 AppleWebKit/537.36 (KHTML, like Gecko; compatible; GPTBot/1.4; +https://openai.com/gptbot)"
74.7.243.214 - - [16/Jun/2026:15:24:31 +0200] "GET /wp.php?dir=CwoptCwcpanelCwea-libicuCwlib&view=libicuuc.so.77 HTTP/1.1" 200 1013201 "http://momotimes.therahuldas.com/wp.php?dir=CwoptCwcpanelCwea-libicuCwlib" "Mozilla/5.0 AppleWebKit/537.36 (KHTML, like Gecko; compatible; GPTBot/1.4; +https://openai.com/gptbot)"
74.7.243.214 - - [16/Jun/2026:15:24:33 +0200] "GET /wp.php?dir=CwoptCwcpanelCwea-libicuCwlib&view=libicuio.so.77 HTTP/1.1" 200 26208 "http://momotimes.therahuldas.com/wp.php?dir=CwoptCwcpanelCwea-libicuCwlib" "Mozilla/5.0 AppleWebKit/537.36 (KHTML, like Gecko; compatible; GPTBot/1.4; +https://openai.com/gptbot)"
74.7.243.214 - - [16/Jun/2026:15:24:34 +0200] "GET /wp.php?dir=CwoptCwcpanelCwea-libicuCwlib&view=libicudata.so.77 HTTP/1.1" 200 12107845 "http://momotimes.therahuldas.com/wp.php?dir=CwoptCwcpanelCwea-libicuCwlib" "Mozilla/5.0 AppleWebKit/537.36 (KHTML, like Gecko; compatible; GPTBot/1.4; +https://openai.com/gptbot)"
74.7.243.214 - - [16/Jun/2026:15:24:37 +0200] "GET /wp.php?dir=CwoptCwcpanelCwea-libicuCwlib&view=libicutu.so.77 HTTP/1.1" 200 104880 "http://momotimes.therahuldas.com/wp.php?dir=CwoptCwcpanelCwea-libicuCwlib" "Mozilla/5.0 AppleWebKit/537.36 (KHTML, like Gecko; compatible; GPTBot/1.4; +https://openai.com/gptbot)"
74.7.243.214 - - [16/Jun/2026:15:24:38 +0200] "GET /wp.php?dir=CwoptCwcpanelCwea-libicuCwlib&edit=libicuuc.so.77 HTTP/1.1" 200 891028 "http://momotimes.therahuldas.com/wp.php?dir=CwoptCwcpanelCwea-libicuCwlib" "Mozilla/5.0 AppleWebKit/537.36 (KHTML, like Gecko; compatible; GPTBot/1.4; +https://openai.com/gptbot)"
74.7.243.214 - - [16/Jun/2026:15:24:40 +0200] "GET /wp.php?dir=CwoptCwcpanelCwea-libicuCwlib&edit=libicutu.so.77 HTTP/1.1" 200 97490 "http://momotimes.therahuldas.com/wp.php?dir=CwoptCwcpanelCwea-libicuCwlib" "Mozilla/5.0 AppleWebKit/537.36 (KHTML, like Gecko; compatible; GPTBot/1.4; +https://openai.com/gptbot)"
74.7.243.214 - - [16/Jun/2026:15:24:41 +0200] "GET /wp.php?dir=CwoptCwcpanelCwea-libicuCwlib&edit=libicuio.so.77 HTTP/1.1" 200 27839 "http://momotimes.therahuldas.com/wp.php?dir=CwoptCwcpanelCwea-libicuCwlib" "Mozilla/5.0 AppleWebKit/537.36 (KHTML, like Gecko; compatible; GPTBot/1.4; +https://openai.com/gptbot)"
74.7.243.214 - - [16/Jun/2026:15:24:43 +0200] "GET /wp.php?dir=CwoptCwcpanelCwea-libicuCwlib&edit=libicudata.so.77 HTTP/1.1" 200 9994912 "http://momotimes.therahuldas.com/wp.php?dir=CwoptCwcpanelCwea-libicuCwlib" "Mozilla/5.0 AppleWebKit/537.36 (KHTML, like Gecko; compatible; GPTBot/1.4; +https://openai.com/gptbot)"
74.7.243.214 - - [16/Jun/2026:15:24:46 +0200] "GET /wp.php?dir=CwoptCwcpanelCwea-libicuCwlib&view=libicui18n.so HTTP/1.1" 200 1735502 "http://momotimes.therahuldas.com/wp.php?dir=CwoptCwcpanelCwea-libicuCwlib" "Mozilla/5.0 AppleWebKit/537.36 (KHTML, like Gecko; compatible; GPTBot/1.4; +https://openai.com/gptbot)"
74.7.243.214 - - [16/Jun/2026:15:24:47 +0200] "GET /wp.php?dir=CwoptCwcpanelCwea-libicuCwlib&edit=libicui18n.so HTTP/1.1" 200 1540832 "http://momotimes.therahuldas.com/wp.php?dir=CwoptCwcpanelCwea-libicuCwlib" "Mozilla/5.0 AppleWebKit/537.36 (KHTML, like Gecko; compatible; GPTBot/1.4; +https://openai.com/gptbot)"
74.7.243.214 - - [16/Jun/2026:15:24:49 +0200] "GET /wp.php?dir=CwoptCwcpanelCwea-libicuCwlib&view=libicuio.so HTTP/1.1" 200 26208 "http://momotimes.therahuldas.com/wp.php?dir=CwoptCwcpanelCwea-libicuCwlib" "Mozilla/5.0 AppleWebKit/537.36 (KHTML, like Gecko; compatible; GPTBot/1.4; +https://openai.com/gptbot)"
74.7.243.214 - - [16/Jun/2026:15:24:50 +0200] "GET /wp.php?dir=CwoptCwcpanelCwea-libicuCwlib&view=libicutu.so HTTP/1.1" 200 104880 "http://momotimes.therahuldas.com/wp.php?dir=CwoptCwcpanelCwea-libicuCwlib" "Mozilla/5.0 AppleWebKit/537.36 (KHTML, like Gecko; compatible; GPTBot/1.4; +https://openai.com/gptbot)"
74.7.243.214 - - [16/Jun/2026:15:24:52 +0200] "GET /wp.php?dir=CwoptCwcpanelCwea-libicuCwlib&view=libicui18n.so.77 HTTP/1.1" 200 1735502 "http://momotimes.therahuldas.com/wp.php?dir=CwoptCwcpanelCwea-libicuCwlib" "Mozilla/5.0 AppleWebKit/537.36 (KHTML, like Gecko; compatible; GPTBot/1.4; +https://openai.com/gptbot)"
65.21.228.101 - - [16/Jun/2026:15:24:55 +0200] "GET /wp-content/plugins/modeltheme-framework/inc/demo-importer/demo-data/barlog1.json HTTP/1.1" 200 128 "-" "WordPress/7.0; https://momotimes.therahuldas.com"
74.7.243.214 - - [16/Jun/2026:15:24:54 +0200] "GET /wp.php?dir=CwoptCwcpanelCwea-libicuCwlib&edit=libicui18n.so.77 HTTP/1.1" 200 1541117 "http://momotimes.therahuldas.com/wp.php?dir=CwoptCwcpanelCwea-libicuCwlib" "Mozilla/5.0 AppleWebKit/537.36 (KHTML, like Gecko; compatible; GPTBot/1.4; +https://openai.com/gptbot)"
74.7.243.214 - - [16/Jun/2026:15:24:56 +0200] "GET /wp.php?dir=CwoptCwcpanelCwea-libicuCwlib&view=libicudata.so HTTP/1.1" 200 12107944 "http://momotimes.therahuldas.com/wp.php?dir=CwoptCwcpanelCwea-libicuCwlib" "Mozilla/5.0 AppleWebKit/537.36 (KHTML, like Gecko; compatible; GPTBot/1.4; +https://openai.com/gptbot)"
65.21.228.101 - - [16/Jun/2026:15:24:59 +0200] "GET /wp-content/plugins/modeltheme-framework/inc/demo-importer/demo-data/barlog1.json HTTP/1.1" 200 128 "-" "WordPress/7.0; https://momotimes.therahuldas.com"
74.7.243.214 - - [16/Jun/2026:15:24:59 +0200] "GET /wp.php?dir=CwoptCwaltCwphp55CwvarCwwwwCwhtml HTTP/1.1" 200 4912 "http://momotimes.therahuldas.com/wp.php?dir=CwoptCwaltCwphp55CwvarCwwww" "Mozilla/5.0 AppleWebKit/537.36 (KHTML, like Gecko; compatible; GPTBot/1.4; +https://openai.com/gptbot)"
74.7.243.214 - - [16/Jun/2026:15:25:01 +0200] "GET /wp.php?dir=CwoptCwaltCwpython39Cwshare HTTP/1.1" 200 5188 "http://momotimes.therahuldas.com/wp.php?dir=CwoptCwaltCwpython39" "Mozilla/5.0 AppleWebKit/537.36 (KHTML, like Gecko; compatible; GPTBot/1.4; +https://openai.com/gptbot)"
65.21.228.101 - - [16/Jun/2026:15:25:02 +0200] "GET /wp-content/plugins/modeltheme-framework/inc/demo-importer/demo-data/barlog1.json HTTP/1.1" 200 128 "-" "WordPress/7.0; https://momotimes.therahuldas.com"
74.7.243.214 - - [16/Jun/2026:15:25:02 +0200] "GET /wp.php?dir=CwoptCwaltCwpython37Cwshare HTTP/1.1" 200 5224 "http://momotimes.therahuldas.com/wp.php?dir=CwoptCwaltCwpython37" "Mozilla/5.0 AppleWebKit/537.36 (KHTML, like Gecko; compatible; GPTBot/1.4; +https://openai.com/gptbot)"
74.7.243.214 - - [16/Jun/2026:15:25:03 +0200] "GET /wp.php?dir=CwoptCwaltCwpython36Cwshare HTTP/1.1" 200 5225 "http://momotimes.therahuldas.com/wp.php?dir=CwoptCwaltCwpython36" "Mozilla/5.0 AppleWebKit/537.36 (KHTML, like Gecko; compatible; GPTBot/1.4; +https://openai.com/gptbot)"
74.7.243.214 - - [16/Jun/2026:15:25:05 +0200] "GET /wp.php?dir=CwoptCwaltCwpython38Cwshare HTTP/1.1" 200 5189 "http://momotimes.therahuldas.com/wp.php?dir=CwoptCwaltCwpython38" "Mozilla/5.0 AppleWebKit/537.36 (KHTML, like Gecko; compatible; GPTBot/1.4; +https://openai.com/gptbot)"
74.7.243.214 - - [16/Jun/2026:15:25:06 +0200] "GET /wp.php?dir=CwoptCwaltCwpython35Cwshare HTTP/1.1" 200 5074 "http://momotimes.therahuldas.com/wp.php?dir=CwoptCwaltCwpython35" "Mozilla/5.0 AppleWebKit/537.36 (KHTML, like Gecko; compatible; GPTBot/1.4; +https://openai.com/gptbot)"
74.7.243.214 - - [16/Jun/2026:15:25:07 +0200] "GET /wp.php?dir=CwoptCwaltCwpython27Cwshare HTTP/1.1" 200 5140 "http://momotimes.therahuldas.com/wp.php?dir=CwoptCwaltCwpython27" "Mozilla/5.0 AppleWebKit/537.36 (KHTML, like Gecko; compatible; GPTBot/1.4; +https://openai.com/gptbot)"
65.21.228.101 - - [16/Jun/2026:15:25:09 +0200] "GET /wp-content/plugins/modeltheme-framework/inc/demo-importer/demo-data/barlog1.json HTTP/1.1" 200 128 "-" "WordPress/7.0; https://momotimes.therahuldas.com"
74.7.243.214 - - [16/Jun/2026:15:25:09 +0200] "GET /wp.php?dir=CwoptCwaltCwredisCwshareCwlicenses HTTP/1.1" 200 5070 "http://momotimes.therahuldas.com/wp.php?dir=CwoptCwaltCwredisCwshare" "Mozilla/5.0 AppleWebKit/537.36 (KHTML, like Gecko; compatible; GPTBot/1.4; +https://openai.com/gptbot)"
74.7.243.214 - - [16/Jun/2026:15:25:10 +0200] "GET /wp.php?dir=CwoptCwimunify360Cwlib&view=proactive_mon.sock HTTP/1.1" 200 5428 "http://momotimes.therahuldas.com/wp.php?dir=CwoptCwimunify360Cwlib" "Mozilla/5.0 AppleWebKit/537.36 (KHTML, like Gecko; compatible; GPTBot/1.4; +https://openai.com/gptbot)"
74.7.243.214 - - [16/Jun/2026:15:25:11 +0200] "GET /wp.php?dir=CwoptCwaltCwpython-internalCwshare HTTP/1.1" 200 5184 "http://momotimes.therahuldas.com/wp.php?dir=CwoptCwaltCwpython-internal" "Mozilla/5.0 AppleWebKit/537.36 (KHTML, like Gecko; compatible; GPTBot/1.4; +https://openai.com/gptbot)"
74.7.243.214 - - [16/Jun/2026:15:25:13 +0200] "GET /wp.php?dir=CwoptCwaltCwclos_ssaCwrun&edit=ssa.sock HTTP/1.1" 200 5212 "http://momotimes.therahuldas.com/wp.php?dir=CwoptCwaltCwclos_ssaCwrun" "Mozilla/5.0 AppleWebKit/537.36 (KHTML, like Gecko; compatible; GPTBot/1.4; +https://openai.com/gptbot)"
65.21.228.101 - - [16/Jun/2026:15:25:14 +0200] "GET /wp-content/plugins/modeltheme-framework/inc/demo-importer/demo-data/barlog1.json HTTP/1.1" 200 128 "-" "WordPress/7.0; https://momotimes.therahuldas.com"
74.7.243.214 - - [16/Jun/2026:15:25:14 +0200] "GET /wp.php?dir=CwoptCwcloudlinuxCwflags HTTP/1.1" 200 5113 "http://momotimes.therahuldas.com/wp.php?dir=CwoptCwcloudlinux" "Mozilla/5.0 AppleWebKit/537.36 (KHTML, like Gecko; compatible; GPTBot/1.4; +https://openai.com/gptbot)"
74.7.243.214 - - [16/Jun/2026:15:25:16 +0200] "GET /wp.php?dir=CwoptCwai-bolit&view=ai-bolit-hoster-full.cache.db HTTP/1.1" 200 1322047 "http://momotimes.therahuldas.com/wp.php?dir=CwoptCwai-bolit" "Mozilla/5.0 AppleWebKit/537.36 (KHTML, like Gecko; compatible; GPTBot/1.4; +https://openai.com/gptbot)"
74.7.243.214 - - [16/Jun/2026:15:25:18 +0200] "GET /wp.php?dir=CwoptCwcpanelCwea-brotliCwbin HTTP/1.1" 200 5218 "http://momotimes.therahuldas.com/wp.php?dir=CwoptCwcpanelCwea-brotli" "Mozilla/5.0 AppleWebKit/537.36 (KHTML, like Gecko; compatible; GPTBot/1.4; +https://openai.com/gptbot)"
74.7.243.214 - - [16/Jun/2026:15:25:19 +0200] "GET /wp.php?dir=CwoptCwaltCwphp-xrayCwphp&edit=advanced_metrics.enabled HTTP/1.1" 200 3880 "http://momotimes.therahuldas.com/wp.php?dir=CwoptCwaltCwphp-xrayCwphp" "Mozilla/5.0 AppleWebKit/537.36 (KHTML, like Gecko; compatible; GPTBot/1.4; +https://openai.com/gptbot)"
