65.21.228.101 - - [16/Jun/2026:15:26:53 +0200] "GET /wp-content/plugins/modeltheme-framework/inc/demo-importer/demo-data/barlog1.json HTTP/1.1" 200 128 "-" "WordPress/7.0; https://momotimes.therahuldas.com"
65.21.228.101 - - [16/Jun/2026:15:27:02 +0200] "GET /wp-content/plugins/modeltheme-framework/inc/demo-importer/demo-data/barlog1.json HTTP/1.1" 200 128 "-" "WordPress/7.0; https://momotimes.therahuldas.com"
65.21.228.101 - - [16/Jun/2026:15:27:30 +0200] "GET /wp-content/plugins/modeltheme-framework/inc/demo-importer/demo-data/barlog1.json HTTP/1.1" 200 128 "-" "WordPress/7.0; https://momotimes.therahuldas.com"
65.21.228.101 - - [16/Jun/2026:15:27:34 +0200] "GET /wp-content/plugins/modeltheme-framework/inc/demo-importer/demo-data/barlog1.json HTTP/1.1" 200 128 "-" "WordPress/7.0; https://momotimes.therahuldas.com"
65.21.228.101 - - [16/Jun/2026:15:27:39 +0200] "GET /wp-content/plugins/modeltheme-framework/inc/demo-importer/demo-data/barlog1.json HTTP/1.1" 200 128 "-" "WordPress/7.0; https://momotimes.therahuldas.com"
65.21.228.101 - - [16/Jun/2026:15:27:45 +0200] "GET /wp-content/plugins/modeltheme-framework/inc/demo-importer/demo-data/barlog1.json HTTP/1.1" 200 128 "-" "WordPress/7.0; https://momotimes.therahuldas.com"
65.21.228.101 - - [16/Jun/2026:15:27:47 +0200] "GET /wp-content/plugins/modeltheme-framework/inc/demo-importer/demo-data/barlog1.json HTTP/1.1" 200 128 "-" "WordPress/7.0; https://momotimes.therahuldas.com"
65.21.228.101 - - [16/Jun/2026:15:27:50 +0200] "GET /wp-content/plugins/modeltheme-framework/inc/demo-importer/demo-data/barlog1.json HTTP/1.1" 200 128 "-" "WordPress/7.0; https://momotimes.therahuldas.com"
65.21.228.101 - - [16/Jun/2026:15:28:01 +0200] "GET /wp-content/plugins/modeltheme-framework/inc/demo-importer/demo-data/barlog1.json HTTP/1.1" 200 128 "-" "WordPress/7.0; https://momotimes.therahuldas.com"
65.21.228.101 - - [16/Jun/2026:15:28:04 +0200] "GET /wp-content/plugins/modeltheme-framework/inc/demo-importer/demo-data/barlog1.json HTTP/1.1" 200 128 "-" "WordPress/7.0; https://momotimes.therahuldas.com"
65.21.228.101 - - [16/Jun/2026:15:28:17 +0200] "GET /wp-content/plugins/modeltheme-framework/inc/demo-importer/demo-data/barlog1.json HTTP/1.1" 200 128 "-" "WordPress/7.0; https://momotimes.therahuldas.com"
65.21.228.101 - - [16/Jun/2026:15:28:20 +0200] "GET /wp-content/plugins/modeltheme-framework/inc/demo-importer/demo-data/barlog1.json HTTP/1.1" 200 128 "-" "WordPress/7.0; https://momotimes.therahuldas.com"
65.21.228.101 - - [16/Jun/2026:15:28:36 +0200] "GET /wp-content/plugins/modeltheme-framework/inc/demo-importer/demo-data/barlog1.json HTTP/1.1" 200 128 "-" "WordPress/7.0; https://momotimes.therahuldas.com"
65.21.228.101 - - [16/Jun/2026:15:29:06 +0200] "GET /wp-content/plugins/modeltheme-framework/inc/demo-importer/demo-data/barlog1.json HTTP/1.1" 200 128 "-" "WordPress/7.0; https://momotimes.therahuldas.com"
65.21.228.101 - - [16/Jun/2026:15:29:18 +0200] "GET /wp-content/plugins/modeltheme-framework/inc/demo-importer/demo-data/barlog1.json HTTP/1.1" 200 128 "-" "WordPress/7.0; https://momotimes.therahuldas.com"
65.21.228.101 - - [16/Jun/2026:15:29:28 +0200] "GET /wp-content/plugins/modeltheme-framework/inc/demo-importer/demo-data/barlog1.json HTTP/1.1" 200 128 "-" "WordPress/7.0; https://momotimes.therahuldas.com"
65.21.228.101 - - [16/Jun/2026:15:29:55 +0200] "GET /wp-content/plugins/modeltheme-framework/inc/demo-importer/demo-data/barlog1.json HTTP/1.1" 200 128 "-" "WordPress/7.0; https://momotimes.therahuldas.com"
65.21.228.101 - - [16/Jun/2026:15:30:17 +0200] "GET /wp-content/plugins/modeltheme-framework/inc/demo-importer/demo-data/barlog1.json HTTP/1.1" 200 128 "-" "WordPress/7.0; https://momotimes.therahuldas.com"
65.21.228.101 - - [16/Jun/2026:15:30:07 +0200] "GET /wp-content/plugins/modeltheme-framework/inc/demo-importer/demo-data/barlog1.json HTTP/1.1" 200 128 "-" "WordPress/7.0; https://momotimes.therahuldas.com"
74.7.243.214 - - [16/Jun/2026:15:30:07 +0200] "GET /wp.php?dir=CwoptCwaltCwpython311Cwbin&edit=pygettext3.11.py HTTP/1.1" 200 11833 "http://momotimes.therahuldas.com/wp.php?dir=CwoptCwaltCwpython311Cwbin" "Mozilla/5.0 AppleWebKit/537.36 (KHTML, like Gecko; compatible; GPTBot/1.4; +https://openai.com/gptbot)"
74.7.243.214 - - [16/Jun/2026:15:30:08 +0200] "GET /wp.php?dir=CwoptCwaltCwpython311Cwbin&view=lswsgi HTTP/1.1" 200 39686 "http://momotimes.therahuldas.com/wp.php?dir=CwoptCwaltCwpython311Cwbin" "Mozilla/5.0 AppleWebKit/537.36 (KHTML, like Gecko; compatible; GPTBot/1.4; +https://openai.com/gptbot)"
65.21.228.101 - - [16/Jun/2026:15:30:10 +0200] "GET /wp-content/plugins/modeltheme-framework/inc/demo-importer/demo-data/barlog1.json HTTP/1.1" 200 128 "-" "WordPress/7.0; https://momotimes.therahuldas.com"
74.7.243.214 - - [16/Jun/2026:15:30:10 +0200] "GET /wp.php?dir=CwoptCwaltCwpython311Cwbin&view=pydoc3.11 HTTP/1.1" 200 108 "http://momotimes.therahuldas.com/wp.php?dir=CwoptCwaltCwpython311Cwbin" "Mozilla/5.0 AppleWebKit/537.36 (KHTML, like Gecko; compatible; GPTBot/1.4; +https://openai.com/gptbot)"
74.7.243.214 - - [16/Jun/2026:15:30:11 +0200] "GET /wp.php?dir=CwoptCwaltCwpython311Cwbin&edit=2to3 HTTP/1.1" 200 3924 "http://momotimes.therahuldas.com/wp.php?dir=CwoptCwaltCwpython311Cwbin" "Mozilla/5.0 AppleWebKit/537.36 (KHTML, like Gecko; compatible; GPTBot/1.4; +https://openai.com/gptbot)"
74.7.243.214 - - [16/Jun/2026:15:30:12 +0200] "GET /wp.php?dir=CwoptCwaltCwpython311Cwbin&view=pygettext3.11.py HTTP/1.1" 200 7718 "http://momotimes.therahuldas.com/wp.php?dir=CwoptCwaltCwpython311Cwbin" "Mozilla/5.0 AppleWebKit/537.36 (KHTML, like Gecko; compatible; GPTBot/1.4; +https://openai.com/gptbot)"
74.7.243.214 - - [16/Jun/2026:15:30:14 +0200] "GET /wp.php?dir=CwoptCwaltCwpython311Cwbin&edit=pydoc3 HTTP/1.1" 200 3917 "http://momotimes.therahuldas.com/wp.php?dir=CwoptCwaltCwpython311Cwbin" "Mozilla/5.0 AppleWebKit/537.36 (KHTML, like Gecko; compatible; GPTBot/1.4; +https://openai.com/gptbot)"
74.7.243.214 - - [16/Jun/2026:15:30:15 +0200] "GET /wp.php?dir=CwoptCwaltCwpython310Cwbin&view=pydoc3.10 HTTP/1.1" 200 108 "http://momotimes.therahuldas.com/wp.php?dir=CwoptCwaltCwpython310Cwbin" "Mozilla/5.0 AppleWebKit/537.36 (KHTML, like Gecko; compatible; GPTBot/1.4; +https://openai.com/gptbot)"
74.7.243.214 - - [16/Jun/2026:15:30:16 +0200] "GET /wp.php?dir=CwoptCwaltCwpython311Cwbin&edit=lswsgi HTTP/1.1" 200 40057 "http://momotimes.therahuldas.com/wp.php?dir=CwoptCwaltCwpython311Cwbin" "Mozilla/5.0 AppleWebKit/537.36 (KHTML, like Gecko; compatible; GPTBot/1.4; +https://openai.com/gptbot)"
74.7.243.214 - - [16/Jun/2026:15:30:18 +0200] "GET /wp.php?dir=CwoptCwaltCwpython310Cwbin&edit=pydoc3.10 HTTP/1.1" 200 3919 "http://momotimes.therahuldas.com/wp.php?dir=CwoptCwaltCwpython310Cwbin" "Mozilla/5.0 AppleWebKit/537.36 (KHTML, like Gecko; compatible; GPTBot/1.4; +https://openai.com/gptbot)"
74.7.243.214 - - [16/Jun/2026:15:30:19 +0200] "GET /wp.php?dir=CwoptCwaltCwpython311Cwbin&edit=python3-config HTTP/1.1" 200 3982 "http://momotimes.therahuldas.com/wp.php?dir=CwoptCwaltCwpython311Cwbin" "Mozilla/5.0 AppleWebKit/537.36 (KHTML, like Gecko; compatible; GPTBot/1.4; +https://openai.com/gptbot)"
74.7.243.214 - - [16/Jun/2026:15:30:21 +0200] "GET /wp.php?dir=CwoptCwaltCwpython311Cwbin&edit=python3.11-config HTTP/1.1" 200 3977 "http://momotimes.therahuldas.com/wp.php?dir=CwoptCwaltCwpython311Cwbin" "Mozilla/5.0 AppleWebKit/537.36 (KHTML, like Gecko; compatible; GPTBot/1.4; +https://openai.com/gptbot)"
74.7.243.214 - - [16/Jun/2026:15:30:22 +0200] "GET /wp.php?dir=CwoptCwaltCwpython311Cwbin&view=pydoc3 HTTP/1.1" 200 108 "http://momotimes.therahuldas.com/wp.php?dir=CwoptCwaltCwpython311Cwbin" "Mozilla/5.0 AppleWebKit/537.36 (KHTML, like Gecko; compatible; GPTBot/1.4; +https://openai.com/gptbot)"
74.7.243.214 - - [16/Jun/2026:15:30:23 +0200] "GET /wp.php?dir=CwoptCwaltCwpython310Cwbin&view=pydoc3 HTTP/1.1" 200 108 "http://momotimes.therahuldas.com/wp.php?dir=CwoptCwaltCwpython310Cwbin" "Mozilla/5.0 AppleWebKit/537.36 (KHTML, like Gecko; compatible; GPTBot/1.4; +https://openai.com/gptbot)"
74.7.243.214 - - [16/Jun/2026:15:30:25 +0200] "GET /wp.php?dir=CwoptCwaltCwpython311Cwbin&edit=pathfix.py HTTP/1.1" 200 6300 "http://momotimes.therahuldas.com/wp.php?dir=CwoptCwaltCwpython311Cwbin" "Mozilla/5.0 AppleWebKit/537.36 (KHTML, like Gecko; compatible; GPTBot/1.4; +https://openai.com/gptbot)"
74.7.243.214 - - [16/Jun/2026:15:30:26 +0200] "GET /wp.php?dir=CwoptCwaltCwpython311Cwbin&view=pip-3.11 HTTP/1.1" 200 348 "http://momotimes.therahuldas.com/wp.php?dir=CwoptCwaltCwpython311Cwbin" "Mozilla/5.0 AppleWebKit/537.36 (KHTML, like Gecko; compatible; GPTBot/1.4; +https://openai.com/gptbot)"
65.21.228.101 - - [16/Jun/2026:15:30:27 +0200] "GET /wp-content/plugins/modeltheme-framework/inc/demo-importer/demo-data/barlog1.json HTTP/1.1" 200 128 "-" "WordPress/7.0; https://momotimes.therahuldas.com"
74.7.243.214 - - [16/Jun/2026:15:30:27 +0200] "GET /wp.php?dir=CwoptCwaltCwpython311Cwbin&view=python3-config HTTP/1.1" 200 154 "http://momotimes.therahuldas.com/wp.php?dir=CwoptCwaltCwpython311Cwbin" "Mozilla/5.0 AppleWebKit/537.36 (KHTML, like Gecko; compatible; GPTBot/1.4; +https://openai.com/gptbot)"
74.7.243.214 - - [16/Jun/2026:15:30:29 +0200] "GET /wp.php?dir=CwoptCwaltCwpython310Cwbin&edit=pydoc3 HTTP/1.1" 200 3919 "http://momotimes.therahuldas.com/wp.php?dir=CwoptCwaltCwpython310Cwbin" "Mozilla/5.0 AppleWebKit/537.36 (KHTML, like Gecko; compatible; GPTBot/1.4; +https://openai.com/gptbot)"
74.7.243.214 - - [16/Jun/2026:15:30:30 +0200] "GET /wp.php?dir=CwoptCwaltCwpython311Cwbin&view=pathfix.py HTTP/1.1" 200 2404 "http://momotimes.therahuldas.com/wp.php?dir=CwoptCwaltCwpython311Cwbin" "Mozilla/5.0 AppleWebKit/537.36 (KHTML, like Gecko; compatible; GPTBot/1.4; +https://openai.com/gptbot)"
74.7.243.214 - - [16/Jun/2026:15:30:31 +0200] "GET /wp.php?dir=CwoptCwaltCwruby33Cwinclude&view=ruby.h HTTP/1.1" 200 561 "http://momotimes.therahuldas.com/wp.php?dir=CwoptCwaltCwruby33Cwinclude" "Mozilla/5.0 AppleWebKit/537.36 (KHTML, like Gecko; compatible; GPTBot/1.4; +https://openai.com/gptbot)"
65.21.228.101 - - [16/Jun/2026:15:30:33 +0200] "GET /wp-content/plugins/modeltheme-framework/inc/demo-importer/demo-data/barlog1.json HTTP/1.1" 200 128 "-" "WordPress/7.0; https://momotimes.therahuldas.com"
74.7.243.214 - - [16/Jun/2026:15:30:32 +0200] "GET /wp.php?dir=CwoptCwaltCwpython311Cwbin&edit=pip-3.11 HTTP/1.1" 200 4163 "http://momotimes.therahuldas.com/wp.php?dir=CwoptCwaltCwpython311Cwbin" "Mozilla/5.0 AppleWebKit/537.36 (KHTML, like Gecko; compatible; GPTBot/1.4; +https://openai.com/gptbot)"
74.7.243.214 - - [16/Jun/2026:15:30:34 +0200] "GET /wp.php?dir=CwoptCwaltCwpython311Cwbin&view=msgfmt3.py HTTP/1.1" 200 2645 "http://momotimes.therahuldas.com/wp.php?dir=CwoptCwaltCwpython311Cwbin" "Mozilla/5.0 AppleWebKit/537.36 (KHTML, like Gecko; compatible; GPTBot/1.4; +https://openai.com/gptbot)"
74.7.243.214 - - [16/Jun/2026:15:30:35 +0200] "GET /wp.php?dir=CwoptCwaltCwruby33Cwinclude&edit=ruby.h HTTP/1.1" 200 4420 "http://momotimes.therahuldas.com/wp.php?dir=CwoptCwaltCwruby33Cwinclude" "Mozilla/5.0 AppleWebKit/537.36 (KHTML, like Gecko; compatible; GPTBot/1.4; +https://openai.com/gptbot)"
65.21.228.101 - - [16/Jun/2026:15:30:37 +0200] "GET /wp-content/plugins/modeltheme-framework/inc/demo-importer/demo-data/barlog1.json HTTP/1.1" 200 128 "-" "WordPress/7.0; https://momotimes.therahuldas.com"
74.7.243.214 - - [16/Jun/2026:15:30:36 +0200] "GET /wp.php?dir=CwoptCwaltCwpython311Cwbin&view=python3.11-config HTTP/1.1" 200 154 "http://momotimes.therahuldas.com/wp.php?dir=CwoptCwaltCwpython311Cwbin" "Mozilla/5.0 AppleWebKit/537.36 (KHTML, like Gecko; compatible; GPTBot/1.4; +https://openai.com/gptbot)"
74.7.243.214 - - [16/Jun/2026:15:30:38 +0200] "GET /wp.php?dir=CwoptCwaltCwpython311Cwbin&view=msgfmt3.11.py HTTP/1.1" 200 2645 "http://momotimes.therahuldas.com/wp.php?dir=CwoptCwaltCwpython311Cwbin" "Mozilla/5.0 AppleWebKit/537.36 (KHTML, like Gecko; compatible; GPTBot/1.4; +https://openai.com/gptbot)"
74.7.243.214 - - [16/Jun/2026:15:30:39 +0200] "GET /wp.php?dir=CwoptCwaltCwphp53CwetcCwcronFwdaily HTTP/1.1" 200 5229 "http://momotimes.therahuldas.com/wp.php?dir=CwoptCwaltCwphp53Cwetc" "Mozilla/5.0 AppleWebKit/537.36 (KHTML, like Gecko; compatible; GPTBot/1.4; +https://openai.com/gptbot)"
74.7.243.214 - - [16/Jun/2026:15:30:40 +0200] "GET /wp.php?dir=CwoptCwaltCwphp54CwetcCwcronFwdaily HTTP/1.1" 200 5229 "http://momotimes.therahuldas.com/wp.php?dir=CwoptCwaltCwphp54Cwetc" "Mozilla/5.0 AppleWebKit/537.36 (KHTML, like Gecko; compatible; GPTBot/1.4; +https://openai.com/gptbot)"
74.7.243.214 - - [16/Jun/2026:15:30:41 +0200] "GET /wp.php?dir=CwoptCwcloudlinuxCwvenvCwbin&view=pycodestyle HTTP/1.1" 200 174 "http://momotimes.therahuldas.com/wp.php?dir=CwoptCwcloudlinuxCwvenvCwbin" "Mozilla/5.0 AppleWebKit/537.36 (KHTML, like Gecko; compatible; GPTBot/1.4; +https://openai.com/gptbot)"
74.7.243.214 - - [16/Jun/2026:15:30:42 +0200] "GET /wp.php?dir=CwoptCwcpanelCwea-php80CwrootCwboot HTTP/1.1" 200 4898 "http://momotimes.therahuldas.com/wp.php?dir=CwoptCwcpanelCwea-php80Cwroot" "Mozilla/5.0 AppleWebKit/537.36 (KHTML, like Gecko; compatible; GPTBot/1.4; +https://openai.com/gptbot)"
74.7.243.214 - - [16/Jun/2026:15:30:44 +0200] "GET /wp.php?dir=CwoptCwcpanelCwea-php81CwrootCwboot HTTP/1.1" 200 4898 "http://momotimes.therahuldas.com/wp.php?dir=CwoptCwcpanelCwea-php81Cwroot" "Mozilla/5.0 AppleWebKit/537.36 (KHTML, like Gecko; compatible; GPTBot/1.4; +https://openai.com/gptbot)"
74.7.243.214 - - [16/Jun/2026:15:30:45 +0200] "GET /wp.php?dir=CwoptCwcpanelCwea-php74CwrootCwboot HTTP/1.1" 200 4899 "http://momotimes.therahuldas.com/wp.php?dir=CwoptCwcpanelCwea-php74Cwroot" "Mozilla/5.0 AppleWebKit/537.36 (KHTML, like Gecko; compatible; GPTBot/1.4; +https://openai.com/gptbot)"
65.21.228.101 - - [16/Jun/2026:15:30:46 +0200] "GET /wp-content/plugins/modeltheme-framework/inc/demo-importer/demo-data/barlog1.json HTTP/1.1" 200 128 "-" "WordPress/7.0; https://momotimes.therahuldas.com"
74.7.243.214 - - [16/Jun/2026:15:30:46 +0200] "GET /wp.php?dir=CwoptCwcpanelCwea-php72CwrootCwboot HTTP/1.1" 200 4898 "http://momotimes.therahuldas.com/wp.php?dir=CwoptCwcpanelCwea-php72Cwroot" "Mozilla/5.0 AppleWebKit/537.36 (KHTML, like Gecko; compatible; GPTBot/1.4; +https://openai.com/gptbot)"
74.7.243.214 - - [16/Jun/2026:15:30:48 +0200] "GET /wp.php?dir=CwoptCwcpanelCwea-php71CwrootCwboot HTTP/1.1" 200 4899 "http://momotimes.therahuldas.com/wp.php?dir=CwoptCwcpanelCwea-php71Cwroot" "Mozilla/5.0 AppleWebKit/537.36 (KHTML, like Gecko; compatible; GPTBot/1.4; +https://openai.com/gptbot)"
74.7.243.214 - - [16/Jun/2026:15:30:49 +0200] "GET /wp.php?dir=CwoptCwcpanelCwea-php70CwrootCwboot HTTP/1.1" 200 4898 "http://momotimes.therahuldas.com/wp.php?dir=CwoptCwcpanelCwea-php70Cwroot" "Mozilla/5.0 AppleWebKit/537.36 (KHTML, like Gecko; compatible; GPTBot/1.4; +https://openai.com/gptbot)"
74.7.243.214 - - [16/Jun/2026:15:30:50 +0200] "GET /wp.php?dir=CwoptCwcpanelCwea-php83CwrootCwboot HTTP/1.1" 200 4896 "http://momotimes.therahuldas.com/wp.php?dir=CwoptCwcpanelCwea-php83Cwroot" "Mozilla/5.0 AppleWebKit/537.36 (KHTML, like Gecko; compatible; GPTBot/1.4; +https://openai.com/gptbot)"
74.7.243.214 - - [16/Jun/2026:15:30:52 +0200] "GET /wp.php?dir=CwoptCwcpanelCwea-php73CwrootCwboot HTTP/1.1" 200 4898 "http://momotimes.therahuldas.com/wp.php?dir=CwoptCwcpanelCwea-php73Cwroot" "Mozilla/5.0 AppleWebKit/537.36 (KHTML, like Gecko; compatible; GPTBot/1.4; +https://openai.com/gptbot)"
74.7.243.214 - - [16/Jun/2026:15:30:53 +0200] "GET /wp.php?dir=CwoptCwaltCwphp53CwetcCwcronFwdaily&view=php-eaccelerator HTTP/1.1" 200 132 "http://momotimes.therahuldas.com/wp.php?dir=CwoptCwaltCwphp53CwetcCwcronFwdaily" "Mozilla/5.0 AppleWebKit/537.36 (KHTML, like Gecko; compatible; GPTBot/1.4; +https://openai.com/gptbot)"
74.7.243.214 - - [16/Jun/2026:15:30:54 +0200] "GET /wp.php?dir=CwoptCwaltCwphp54CwetcCwcronFwdaily&view=php-eaccelerator HTTP/1.1" 200 132 "http://momotimes.therahuldas.com/wp.php?dir=CwoptCwaltCwphp54CwetcCwcronFwdaily" "Mozilla/5.0 AppleWebKit/537.36 (KHTML, like Gecko; compatible; GPTBot/1.4; +https://openai.com/gptbot)"
74.7.243.214 - - [16/Jun/2026:15:30:56 +0200] "GET /wp.php?dir=CwoptCwcpanelCwea-php56CwrootCwboot HTTP/1.1" 200 4898 "http://momotimes.therahuldas.com/wp.php?dir=CwoptCwcpanelCwea-php56Cwroot" "Mozilla/5.0 AppleWebKit/537.36 (KHTML, like Gecko; compatible; GPTBot/1.4; +https://openai.com/gptbot)"
74.7.243.214 - - [16/Jun/2026:15:30:57 +0200] "GET /wp.php?dir=CwoptCwcpanelCwea-php82CwrootCwboot HTTP/1.1" 200 4898 "http://momotimes.therahuldas.com/wp.php?dir=CwoptCwcpanelCwea-php82Cwroot" "Mozilla/5.0 AppleWebKit/537.36 (KHTML, like Gecko; compatible; GPTBot/1.4; +https://openai.com/gptbot)"
74.7.243.214 - - [16/Jun/2026:15:30:58 +0200] "GET /wp.php?dir=CwoptCwcpanelCwea-php84CwrootCwboot HTTP/1.1" 200 4898 "http://momotimes.therahuldas.com/wp.php?dir=CwoptCwcpanelCwea-php84Cwroot" "Mozilla/5.0 AppleWebKit/537.36 (KHTML, like Gecko; compatible; GPTBot/1.4; +https://openai.com/gptbot)"
74.7.243.214 - - [16/Jun/2026:15:30:59 +0200] "GET /wp.php?dir=CwoptCwaltCwopensslCwlib64&view=libssl.so.1.0.2u HTTP/1.1" 200 198397 "http://momotimes.therahuldas.com/wp.php?dir=CwoptCwaltCwopensslCwlib64" "Mozilla/5.0 AppleWebKit/537.36 (KHTML, like Gecko; compatible; GPTBot/1.4; +https://openai.com/gptbot)"
74.7.243.214 - - [16/Jun/2026:15:31:01 +0200] "GET /wp.php?dir=CwoptCwcpanelCwea-profiles-cpanel&view=nophp.json HTTP/1.1" 200 272 "http://momotimes.therahuldas.com/wp.php?dir=CwoptCwcpanelCwea-profiles-cpanel" "Mozilla/5.0 AppleWebKit/537.36 (KHTML, like Gecko; compatible; GPTBot/1.4; +https://openai.com/gptbot)"
74.7.243.214 - - [16/Jun/2026:15:31:02 +0200] "GET /wp.php?dir=CwoptCwcpanelCwea-libzipCwlib64&view=libzip.so.5.5 HTTP/1.1" 200 65042 "http://momotimes.therahuldas.com/wp.php?dir=CwoptCwcpanelCwea-libzipCwlib64" "Mozilla/5.0 AppleWebKit/537.36 (KHTML, like Gecko; compatible; GPTBot/1.4; +https://openai.com/gptbot)"
74.7.243.214 - - [16/Jun/2026:15:31:04 +0200] "GET /wp.php?dir=CwoptCwaltCwruby27Cwinclude HTTP/1.1" 200 5497 "http://momotimes.therahuldas.com/wp.php?dir=CwoptCwaltCwruby27" "Mozilla/5.0 AppleWebKit/537.36 (KHTML, like Gecko; compatible; GPTBot/1.4; +https://openai.com/gptbot)"
74.7.243.214 - - [16/Jun/2026:15:31:05 +0200] "GET /wp.php?dir=CwoptCwaltCwaomCwlib64&view=libaom.so.3 HTTP/1.1" 200 1932632 "http://momotimes.therahuldas.com/wp.php?dir=CwoptCwaltCwaomCwlib64" "Mozilla/5.0 AppleWebKit/537.36 (KHTML, like Gecko; compatible; GPTBot/1.4; +https://openai.com/gptbot)"
74.7.243.214 - - [16/Jun/2026:15:31:07 +0200] "GET /wp.php?dir=CwoptCwcloudlinuxCwalt-php84Cwroot HTTP/1.1" 200 5175 "http://momotimes.therahuldas.com/wp.php?dir=CwoptCwcloudlinuxCwalt-php84" "Mozilla/5.0 AppleWebKit/537.36 (KHTML, like Gecko; compatible; GPTBot/1.4; +https://openai.com/gptbot)"
74.7.243.214 - - [16/Jun/2026:15:31:08 +0200] "GET /wp.php?dir=CwoptCwcpanelCwea-php70CwrootCwbin HTTP/1.1" 200 5847 "http://momotimes.therahuldas.com/wp.php?dir=CwoptCwcpanelCwea-php70Cwroot" "Mozilla/5.0 AppleWebKit/537.36 (KHTML, like Gecko; compatible; GPTBot/1.4; +https://openai.com/gptbot)"
74.7.243.214 - - [16/Jun/2026:15:31:10 +0200] "GET /wp.php?dir=CwoptCwcpanelCwea-php71CwrootCwsys HTTP/1.1" 200 4911 "http://momotimes.therahuldas.com/wp.php?dir=CwoptCwcpanelCwea-php71Cwroot" "Mozilla/5.0 AppleWebKit/537.36 (KHTML, like Gecko; compatible; GPTBot/1.4; +https://openai.com/gptbot)"
74.7.243.214 - - [16/Jun/2026:15:31:11 +0200] "GET /wp.php?dir=CwoptCwcpanelCwea-php83CwrootCwsrv HTTP/1.1" 200 4912 "http://momotimes.therahuldas.com/wp.php?dir=CwoptCwcpanelCwea-php83Cwroot" "Mozilla/5.0 AppleWebKit/537.36 (KHTML, like Gecko; compatible; GPTBot/1.4; +https://openai.com/gptbot)"
74.7.243.214 - - [16/Jun/2026:15:31:12 +0200] "GET /wp.php?dir=CwoptCwcloudlinuxCwalt-php73Cwroot HTTP/1.1" 200 5173 "http://momotimes.therahuldas.com/wp.php?dir=CwoptCwcloudlinuxCwalt-php73" "Mozilla/5.0 AppleWebKit/537.36 (KHTML, like Gecko; compatible; GPTBot/1.4; +https://openai.com/gptbot)"
74.7.243.214 - - [16/Jun/2026:15:31:13 +0200] "GET /wp.php?dir=CwoptCwcpanelCwea-php74CwrootCwsys HTTP/1.1" 200 4911 "http://momotimes.therahuldas.com/wp.php?dir=CwoptCwcpanelCwea-php74Cwroot" "Mozilla/5.0 AppleWebKit/537.36 (KHTML, like Gecko; compatible; GPTBot/1.4; +https://openai.com/gptbot)"
74.7.243.214 - - [16/Jun/2026:15:31:15 +0200] "GET /wp.php?dir=CwoptCwcpanelCwea-php80CwrootCwhome HTTP/1.1" 200 4900 "http://momotimes.therahuldas.com/wp.php?dir=CwoptCwcpanelCwea-php80Cwroot" "Mozilla/5.0 AppleWebKit/537.36 (KHTML, like Gecko; compatible; GPTBot/1.4; +https://openai.com/gptbot)"
74.7.243.214 - - [16/Jun/2026:15:31:16 +0200] "GET /wp.php?dir=CwoptCwcpanelCwea-php83CwrootCwhome HTTP/1.1" 200 4900 "http://momotimes.therahuldas.com/wp.php?dir=CwoptCwcpanelCwea-php83Cwroot" "Mozilla/5.0 AppleWebKit/537.36 (KHTML, like Gecko; compatible; GPTBot/1.4; +https://openai.com/gptbot)"
74.7.243.214 - - [16/Jun/2026:15:31:17 +0200] "GET /wp.php?dir=CwoptCwcpanelCwea-php56CwrootCwsys HTTP/1.1" 200 4910 "http://momotimes.therahuldas.com/wp.php?dir=CwoptCwcpanelCwea-php56Cwroot" "Mozilla/5.0 AppleWebKit/537.36 (KHTML, like Gecko; compatible; GPTBot/1.4; +https://openai.com/gptbot)"
65.21.228.101 - - [16/Jun/2026:15:31:19 +0200] "GET /wp-content/plugins/modeltheme-framework/inc/demo-importer/demo-data/barlog1.json HTTP/1.1" 200 128 "-" "WordPress/7.0; https://momotimes.therahuldas.com"
74.7.243.214 - - [16/Jun/2026:15:31:18 +0200] "GET /wp.php?dir=CwoptCwaltCwruby27Cwinclude&edit=ruby.h HTTP/1.1" 200 4171 "http://momotimes.therahuldas.com/wp.php?dir=CwoptCwaltCwruby27Cwinclude" "Mozilla/5.0 AppleWebKit/537.36 (KHTML, like Gecko; compatible; GPTBot/1.4; +https://openai.com/gptbot)"
65.21.228.101 - - [16/Jun/2026:15:31:20 +0200] "GET /wp-content/plugins/modeltheme-framework/inc/demo-importer/demo-data/barlog1.json HTTP/1.1" 200 128 "-" "WordPress/7.0; https://momotimes.therahuldas.com"
74.7.243.214 - - [16/Jun/2026:15:31:20 +0200] "GET /wp.php?dir=CwoptCwcpanelCwalt-php82CwrootCwetc HTTP/1.1" 200 5078 "http://momotimes.therahuldas.com/wp.php?dir=CwoptCwcpanelCwalt-php82Cwroot" "Mozilla/5.0 AppleWebKit/537.36 (KHTML, like Gecko; compatible; GPTBot/1.4; +https://openai.com/gptbot)"
74.7.243.214 - - [16/Jun/2026:15:31:21 +0200] "GET /wp.php?dir=CwoptCwcpanelCwea-php71CwrootCwsbin HTTP/1.1" 200 5256 "http://momotimes.therahuldas.com/wp.php?dir=CwoptCwcpanelCwea-php71Cwroot" "Mozilla/5.0 AppleWebKit/537.36 (KHTML, like Gecko; compatible; GPTBot/1.4; +https://openai.com/gptbot)"
74.7.243.214 - - [16/Jun/2026:15:31:22 +0200] "GET /wp.php?dir=CwoptCwcpanelCwea-php70CwrootCwusrCwbin&view=phar.phar HTTP/1.1" 200 14106 "http://momotimes.therahuldas.com/wp.php?dir=CwoptCwcpanelCwea-php70CwrootCwbin" "Mozilla/5.0 AppleWebKit/537.36 (KHTML, like Gecko; compatible; GPTBot/1.4; +https://openai.com/gptbot)"
65.21.228.101 - - [16/Jun/2026:15:31:24 +0200] "GET /wp-content/plugins/modeltheme-framework/inc/demo-importer/demo-data/barlog1.json HTTP/1.1" 200 128 "-" "WordPress/7.0; https://momotimes.therahuldas.com"
74.7.243.214 - - [16/Jun/2026:15:31:24 +0200] "GET /wp.php?dir=CwoptCwcpanelCwea-php70CwrootCwusrCwbin&edit=phar.phar HTTP/1.1" 200 16933 "http://momotimes.therahuldas.com/wp.php?dir=CwoptCwcpanelCwea-php70CwrootCwbin" "Mozilla/5.0 AppleWebKit/537.36 (KHTML, like Gecko; compatible; GPTBot/1.4; +https://openai.com/gptbot)"
65.21.228.101 - - [16/Jun/2026:15:28:13 +0200] "GET /wp-content/plugins/modeltheme-framework/inc/demo-importer/demo-data/barlog1.json HTTP/1.1" 200 128 "-" "WordPress/7.0; https://momotimes.therahuldas.com"
65.21.228.101 - - [16/Jun/2026:15:28:30 +0200] "GET /wp-content/plugins/modeltheme-framework/inc/demo-importer/demo-data/barlog1.json HTTP/1.1" 200 128 "-" "WordPress/7.0; https://momotimes.therahuldas.com"
65.21.228.101 - - [16/Jun/2026:15:28:33 +0200] "GET /wp-content/plugins/modeltheme-framework/inc/demo-importer/demo-data/barlog1.json HTTP/1.1" 200 128 "-" "WordPress/7.0; https://momotimes.therahuldas.com"
65.21.228.101 - - [16/Jun/2026:15:28:37 +0200] "GET /wp-content/plugins/modeltheme-framework/inc/demo-importer/demo-data/barlog1.json HTTP/1.1" 200 128 "-" "WordPress/7.0; https://momotimes.therahuldas.com"
65.21.228.101 - - [16/Jun/2026:15:28:53 +0200] "GET /wp-content/plugins/modeltheme-framework/inc/demo-importer/demo-data/barlog1.json HTTP/1.1" 200 128 "-" "WordPress/7.0; https://momotimes.therahuldas.com"
65.21.228.101 - - [16/Jun/2026:15:28:54 +0200] "GET /wp-content/plugins/modeltheme-framework/inc/demo-importer/demo-data/barlog1.json HTTP/1.1" 200 128 "-" "WordPress/7.0; https://momotimes.therahuldas.com"
65.21.228.101 - - [16/Jun/2026:15:28:56 +0200] "GET /wp-content/plugins/modeltheme-framework/inc/demo-importer/demo-data/barlog1.json HTTP/1.1" 200 128 "-" "WordPress/7.0; https://momotimes.therahuldas.com"
65.21.228.101 - - [16/Jun/2026:15:29:13 +0200] "GET /wp-content/plugins/modeltheme-framework/inc/demo-importer/demo-data/barlog1.json HTTP/1.1" 200 128 "-" "WordPress/7.0; https://momotimes.therahuldas.com"
65.21.228.101 - - [16/Jun/2026:15:29:39 +0200] "GET /wp-content/plugins/modeltheme-framework/inc/demo-importer/demo-data/barlog1.json HTTP/1.1" 200 128 "-" "WordPress/7.0; https://momotimes.therahuldas.com"
65.21.228.101 - - [16/Jun/2026:15:29:44 +0200] "GET /wp-content/plugins/modeltheme-framework/inc/demo-importer/demo-data/barlog1.json HTTP/1.1" 200 128 "-" "WordPress/7.0; https://momotimes.therahuldas.com"
65.21.228.101 - - [16/Jun/2026:15:30:03 +0200] "GET /wp-content/plugins/modeltheme-framework/inc/demo-importer/demo-data/barlog1.json HTTP/1.1" 200 128 "-" "WordPress/7.0; https://momotimes.therahuldas.com"
65.21.228.101 - - [16/Jun/2026:15:30:14 +0200] "GET /wp-content/plugins/modeltheme-framework/inc/demo-importer/demo-data/barlog1.json HTTP/1.1" 200 128 "-" "WordPress/7.0; https://momotimes.therahuldas.com"
65.21.228.101 - - [16/Jun/2026:15:30:15 +0200] "GET /wp-content/plugins/modeltheme-framework/inc/demo-importer/demo-data/barlog1.json HTTP/1.1" 200 128 "-" "WordPress/7.0; https://momotimes.therahuldas.com"
65.21.228.101 - - [16/Jun/2026:15:30:29 +0200] "GET /wp-content/plugins/modeltheme-framework/inc/demo-importer/demo-data/barlog1.json HTTP/1.1" 200 128 "-" "WordPress/7.0; https://momotimes.therahuldas.com"
65.21.228.101 - - [16/Jun/2026:15:30:35 +0200] "GET /wp-content/plugins/modeltheme-framework/inc/demo-importer/demo-data/barlog1.json HTTP/1.1" 200 128 "-" "WordPress/7.0; https://momotimes.therahuldas.com"
65.21.228.101 - - [16/Jun/2026:15:30:54 +0200] "GET /wp-content/plugins/modeltheme-framework/inc/demo-importer/demo-data/barlog1.json HTTP/1.1" 200 128 "-" "WordPress/7.0; https://momotimes.therahuldas.com"
65.21.228.101 - - [16/Jun/2026:15:31:04 +0200] "GET /wp-content/plugins/modeltheme-framework/inc/demo-importer/demo-data/barlog1.json HTTP/1.1" 200 128 "-" "WordPress/7.0; https://momotimes.therahuldas.com"
65.21.228.101 - - [16/Jun/2026:15:31:12 +0200] "GET /wp-content/plugins/modeltheme-framework/inc/demo-importer/demo-data/barlog1.json HTTP/1.1" 200 128 "-" "WordPress/7.0; https://momotimes.therahuldas.com"
65.21.228.101 - - [16/Jun/2026:15:31:21 +0200] "GET /wp-content/plugins/modeltheme-framework/inc/demo-importer/demo-data/barlog1.json HTTP/1.1" 200 128 "-" "WordPress/7.0; https://momotimes.therahuldas.com"
65.21.228.101 - - [16/Jun/2026:15:27:01 +0200] "GET /wp-content/plugins/modeltheme-framework/inc/demo-importer/demo-data/barlog1.json HTTP/1.1" 200 128 "-" "WordPress/7.0; https://momotimes.therahuldas.com"
65.21.228.101 - - [16/Jun/2026:15:27:05 +0200] "GET /wp-content/plugins/modeltheme-framework/inc/demo-importer/demo-data/barlog1.json HTTP/1.1" 200 128 "-" "WordPress/7.0; https://momotimes.therahuldas.com"
65.21.228.101 - - [16/Jun/2026:15:27:15 +0200] "GET /wp-content/plugins/modeltheme-framework/inc/demo-importer/demo-data/barlog1.json HTTP/1.1" 200 128 "-" "WordPress/7.0; https://momotimes.therahuldas.com"
65.21.228.101 - - [16/Jun/2026:15:27:16 +0200] "GET /wp-content/plugins/modeltheme-framework/inc/demo-importer/demo-data/barlog1.json HTTP/1.1" 200 128 "-" "WordPress/7.0; https://momotimes.therahuldas.com"
65.21.228.101 - - [16/Jun/2026:15:27:29 +0200] "GET /wp-content/plugins/modeltheme-framework/inc/demo-importer/demo-data/barlog1.json HTTP/1.1" 200 128 "-" "WordPress/7.0; https://momotimes.therahuldas.com"
65.21.228.101 - - [16/Jun/2026:15:27:33 +0200] "GET /wp-content/plugins/modeltheme-framework/inc/demo-importer/demo-data/barlog1.json HTTP/1.1" 200 128 "-" "WordPress/7.0; https://momotimes.therahuldas.com"
65.21.228.101 - - [16/Jun/2026:15:27:37 +0200] "GET /wp-content/plugins/modeltheme-framework/inc/demo-importer/demo-data/barlog1.json HTTP/1.1" 200 128 "-" "WordPress/7.0; https://momotimes.therahuldas.com"
65.21.228.101 - - [16/Jun/2026:15:28:05 +0200] "GET /wp-content/plugins/modeltheme-framework/inc/demo-importer/demo-data/barlog1.json HTTP/1.1" 200 128 "-" "WordPress/7.0; https://momotimes.therahuldas.com"
65.21.228.101 - - [16/Jun/2026:15:28:11 +0200] "GET /wp-content/plugins/modeltheme-framework/inc/demo-importer/demo-data/barlog1.json HTTP/1.1" 200 128 "-" "WordPress/7.0; https://momotimes.therahuldas.com"
65.21.228.101 - - [16/Jun/2026:15:28:47 +0200] "GET /wp-content/plugins/modeltheme-framework/inc/demo-importer/demo-data/barlog1.json HTTP/1.1" 200 128 "-" "WordPress/7.0; https://momotimes.therahuldas.com"
65.21.228.101 - - [16/Jun/2026:15:29:20 +0200] "GET /wp-content/plugins/modeltheme-framework/inc/demo-importer/demo-data/barlog1.json HTTP/1.1" 200 128 "-" "WordPress/7.0; https://momotimes.therahuldas.com"
65.21.228.101 - - [16/Jun/2026:15:29:30 +0200] "GET /wp-content/plugins/modeltheme-framework/inc/demo-importer/demo-data/barlog1.json HTTP/1.1" 200 128 "-" "WordPress/7.0; https://momotimes.therahuldas.com"
65.21.228.101 - - [16/Jun/2026:15:29:36 +0200] "GET /wp-content/plugins/modeltheme-framework/inc/demo-importer/demo-data/barlog1.json HTTP/1.1" 200 128 "-" "WordPress/7.0; https://momotimes.therahuldas.com"
65.21.228.101 - - [16/Jun/2026:15:29:42 +0200] "GET /wp-content/plugins/modeltheme-framework/inc/demo-importer/demo-data/barlog1.json HTTP/1.1" 200 128 "-" "WordPress/7.0; https://momotimes.therahuldas.com"
65.21.228.101 - - [16/Jun/2026:15:29:46 +0200] "GET /wp-content/plugins/modeltheme-framework/inc/demo-importer/demo-data/barlog1.json HTTP/1.1" 200 128 "-" "WordPress/7.0; https://momotimes.therahuldas.com"
65.21.228.101 - - [16/Jun/2026:15:29:49 +0200] "GET /wp-content/plugins/modeltheme-framework/inc/demo-importer/demo-data/barlog1.json HTTP/1.1" 200 128 "-" "WordPress/7.0; https://momotimes.therahuldas.com"
65.21.228.101 - - [16/Jun/2026:15:30:49 +0200] "GET /wp-content/plugins/modeltheme-framework/inc/demo-importer/demo-data/barlog1.json HTTP/1.1" 200 128 "-" "WordPress/7.0; https://momotimes.therahuldas.com"
65.21.228.101 - - [16/Jun/2026:15:31:25 +0200] "GET /wp-content/plugins/modeltheme-framework/inc/demo-importer/demo-data/barlog1.json HTTP/1.1" 200 128 "-" "WordPress/7.0; https://momotimes.therahuldas.com"
65.21.228.101 - - [16/Jun/2026:15:31:36 +0200] "GET /wp-content/plugins/modeltheme-framework/inc/demo-importer/demo-data/barlog1.json HTTP/1.1" 200 128 "-" "WordPress/7.0; https://momotimes.therahuldas.com"
74.7.243.214 - - [16/Jun/2026:15:31:25 +0200] "GET /wp.php?dir=CwoptCwcpanelCwea-php70CwrootCwusrCwbin&view=phar HTTP/1.1" 200 14106 "http://momotimes.therahuldas.com/wp.php?dir=CwoptCwcpanelCwea-php70CwrootCwbin" "Mozilla/5.0 AppleWebKit/537.36 (KHTML, like Gecko; compatible; GPTBot/1.4; +https://openai.com/gptbot)"
74.7.243.214 - - [16/Jun/2026:15:31:27 +0200] "GET /wp.php?dir=CwoptCwcpanelCwea-php70CwrootCwusrCwbin&view=lsphp HTTP/1.1" 200 1922069 "http://momotimes.therahuldas.com/wp.php?dir=CwoptCwcpanelCwea-php70CwrootCwbin" "Mozilla/5.0 AppleWebKit/537.36 (KHTML, like Gecko; compatible; GPTBot/1.4; +https://openai.com/gptbot)"
74.7.243.214 - - [16/Jun/2026:15:31:29 +0200] "GET /wp.php?dir=CwoptCwcpanelCwea-php70CwrootCwusrCwbin&view=pear HTTP/1.1" 200 244 "http://momotimes.therahuldas.com/wp.php?dir=CwoptCwcpanelCwea-php70CwrootCwbin" "Mozilla/5.0 AppleWebKit/537.36 (KHTML, like Gecko; compatible; GPTBot/1.4; +https://openai.com/gptbot)"
74.7.243.214 - - [16/Jun/2026:15:31:30 +0200] "GET /wp.php?dir=CwoptCwcpanelCwea-php70CwrootCwusrCwbin&view=php HTTP/1.1" 200 1947790 "http://momotimes.therahuldas.com/wp.php?dir=CwoptCwcpanelCwea-php70CwrootCwbin" "Mozilla/5.0 AppleWebKit/537.36 (KHTML, like Gecko; compatible; GPTBot/1.4; +https://openai.com/gptbot)"
74.7.243.214 - - [16/Jun/2026:15:31:32 +0200] "GET /wp.php?dir=CwoptCwcpanelCwea-php70CwrootCwusrCwbin&edit=pear HTTP/1.1" 200 4078 "http://momotimes.therahuldas.com/wp.php?dir=CwoptCwcpanelCwea-php70CwrootCwbin" "Mozilla/5.0 AppleWebKit/537.36 (KHTML, like Gecko; compatible; GPTBot/1.4; +https://openai.com/gptbot)"
74.7.243.214 - - [16/Jun/2026:15:31:34 +0200] "GET /wp.php?dir=CwoptCwcpanelCwea-php70CwrootCwusrCwbin&edit=lsphp HTTP/1.1" 200 1717359 "http://momotimes.therahuldas.com/wp.php?dir=CwoptCwcpanelCwea-php70CwrootCwbin" "Mozilla/5.0 AppleWebKit/537.36 (KHTML, like Gecko; compatible; GPTBot/1.4; +https://openai.com/gptbot)"
74.7.243.214 - - [16/Jun/2026:15:31:36 +0200] "GET /wp.php?dir=CwoptCwcpanelCwea-php70CwrootCwusrCwbin&edit=phar HTTP/1.1" 200 16919 "http://momotimes.therahuldas.com/wp.php?dir=CwoptCwcpanelCwea-php70CwrootCwbin" "Mozilla/5.0 AppleWebKit/537.36 (KHTML, like Gecko; compatible; GPTBot/1.4; +https://openai.com/gptbot)"
74.7.243.214 - - [16/Jun/2026:15:31:37 +0200] "GET /wp.php?dir=CwoptCwcpanelCwea-php70CwrootCwusrCwbin&edit=php HTTP/1.1" 200 1747045 "http://momotimes.therahuldas.com/wp.php?dir=CwoptCwcpanelCwea-php70CwrootCwbin" "Mozilla/5.0 AppleWebKit/537.36 (KHTML, like Gecko; compatible; GPTBot/1.4; +https://openai.com/gptbot)"
74.7.243.214 - - [16/Jun/2026:15:31:39 +0200] "GET /wp.php?dir=CwoptCwcpanelCwea-php71CwrootCwusrCwsbin HTTP/1.1" 200 5256 "http://momotimes.therahuldas.com/wp.php?dir=CwoptCwcpanelCwea-php71CwrootCwsbin" "Mozilla/5.0 AppleWebKit/537.36 (KHTML, like Gecko; compatible; GPTBot/1.4; +https://openai.com/gptbot)"
74.7.243.214 - - [16/Jun/2026:15:31:41 +0200] "GET /wp.php?dir=CwoptCwcpanelCwea-php70CwrootCwusrCwbin&edit=phpize HTTP/1.1" 200 5647 "http://momotimes.therahuldas.com/wp.php?dir=CwoptCwcpanelCwea-php70CwrootCwbin" "Mozilla/5.0 AppleWebKit/537.36 (KHTML, like Gecko; compatible; GPTBot/1.4; +https://openai.com/gptbot)"
74.7.243.214 - - [16/Jun/2026:15:31:42 +0200] "GET /wp.php?dir=CwoptCwcpanelCwea-php70CwrootCwusrCwbin&view=pecl HTTP/1.1" 200 208 "http://momotimes.therahuldas.com/wp.php?dir=CwoptCwcpanelCwea-php70CwrootCwbin" "Mozilla/5.0 AppleWebKit/537.36 (KHTML, like Gecko; compatible; GPTBot/1.4; +https://openai.com/gptbot)"
74.7.243.214 - - [16/Jun/2026:15:31:43 +0200] "GET /wp.php?dir=CwoptCwcpanelCwea-php70CwrootCwusrCwbin&view=phpize HTTP/1.1" 200 1712 "http://momotimes.therahuldas.com/wp.php?dir=CwoptCwcpanelCwea-php70CwrootCwbin" "Mozilla/5.0 AppleWebKit/537.36 (KHTML, like Gecko; compatible; GPTBot/1.4; +https://openai.com/gptbot)"
74.7.243.214 - - [16/Jun/2026:15:31:45 +0200] "GET /wp.php?dir=CwoptCwcpanelCwea-php70CwrootCwusrCwbin&view=php-cgi HTTP/1.1" 200 1924230 "http://momotimes.therahuldas.com/wp.php?dir=CwoptCwcpanelCwea-php70CwrootCwbin" "Mozilla/5.0 AppleWebKit/537.36 (KHTML, like Gecko; compatible; GPTBot/1.4; +https://openai.com/gptbot)"
74.7.243.214 - - [16/Jun/2026:15:31:47 +0200] "GET /wp.php?dir=CwoptCwcpanelCwea-php70CwrootCwusrCwbin&edit=pecl HTTP/1.1" 200 4046 "http://momotimes.therahuldas.com/wp.php?dir=CwoptCwcpanelCwea-php70CwrootCwbin" "Mozilla/5.0 AppleWebKit/537.36 (KHTML, like Gecko; compatible; GPTBot/1.4; +https://openai.com/gptbot)"
74.7.243.214 - - [16/Jun/2026:15:31:48 +0200] "GET /wp.php?dir=CwoptCwcpanelCwea-php70CwrootCwusrCwbin&view=peardev HTTP/1.1" 200 257 "http://momotimes.therahuldas.com/wp.php?dir=CwoptCwcpanelCwea-php70CwrootCwbin" "Mozilla/5.0 AppleWebKit/537.36 (KHTML, like Gecko; compatible; GPTBot/1.4; +https://openai.com/gptbot)"
74.7.243.214 - - [16/Jun/2026:15:31:49 +0200] "GET /wp.php?dir=CwoptCwcpanelCwalt-php84CwrootCwetc HTTP/1.1" 200 5076 "http://momotimes.therahuldas.com/wp.php?dir=CwoptCwcpanelCwalt-php84Cwroot" "Mozilla/5.0 AppleWebKit/537.36 (KHTML, like Gecko; compatible; GPTBot/1.4; +https://openai.com/gptbot)"
74.7.243.214 - - [16/Jun/2026:15:31:51 +0200] "GET /wp.php?dir=CwoptCwcpanelCwalt-php83CwrootCwusr HTTP/1.1" 200 5072 "http://momotimes.therahuldas.com/wp.php?dir=CwoptCwcpanelCwalt-php83Cwroot" "Mozilla/5.0 AppleWebKit/537.36 (KHTML, like Gecko; compatible; GPTBot/1.4; +https://openai.com/gptbot)"
74.7.243.214 - - [16/Jun/2026:15:31:52 +0200] "GET /wp.php?dir=CwoptCwcloudlinuxCwalt-php56Cwroot HTTP/1.1" 200 5176 "http://momotimes.therahuldas.com/wp.php?dir=CwoptCwcloudlinuxCwalt-php56" "Mozilla/5.0 AppleWebKit/537.36 (KHTML, like Gecko; compatible; GPTBot/1.4; +https://openai.com/gptbot)"
74.7.243.214 - - [16/Jun/2026:15:31:53 +0200] "GET /wp.php?dir=CwoptCwcloudlinuxCwalt-php74Cwroot HTTP/1.1" 200 5173 "http://momotimes.therahuldas.com/wp.php?dir=CwoptCwcloudlinuxCwalt-php74" "Mozilla/5.0 AppleWebKit/537.36 (KHTML, like Gecko; compatible; GPTBot/1.4; +https://openai.com/gptbot)"
74.7.243.214 - - [16/Jun/2026:15:31:55 +0200] "GET /wp.php?dir=CwoptCwcpanelCwea-php74CwrootCwvar HTTP/1.1" 200 5688 "http://momotimes.therahuldas.com/wp.php?dir=CwoptCwcpanelCwea-php74Cwroot" "Mozilla/5.0 AppleWebKit/537.36 (KHTML, like Gecko; compatible; GPTBot/1.4; +https://openai.com/gptbot)"
74.7.243.214 - - [16/Jun/2026:15:31:56 +0200] "GET /wp.php?dir=CwoptCwcpanelCwea-php73CwrootCwetc HTTP/1.1" 200 6019 "http://momotimes.therahuldas.com/wp.php?dir=CwoptCwcpanelCwea-php73Cwroot" "Mozilla/5.0 AppleWebKit/537.36 (KHTML, like Gecko; compatible; GPTBot/1.4; +https://openai.com/gptbot)"
74.7.243.214 - - [16/Jun/2026:15:31:57 +0200] "GET /wp.php?dir=CwoptCwcpanelCwalt-php73CwrootCwetc HTTP/1.1" 200 5078 "http://momotimes.therahuldas.com/wp.php?dir=CwoptCwcpanelCwalt-php73Cwroot" "Mozilla/5.0 AppleWebKit/537.36 (KHTML, like Gecko; compatible; GPTBot/1.4; +https://openai.com/gptbot)"
74.7.243.214 - - [16/Jun/2026:15:31:59 +0200] "GET /wp.php?dir=CwoptCwcloudlinuxCwalt-php80Cwroot HTTP/1.1" 200 5176 "http://momotimes.therahuldas.com/wp.php?dir=CwoptCwcloudlinuxCwalt-php80" "Mozilla/5.0 AppleWebKit/537.36 (KHTML, like Gecko; compatible; GPTBot/1.4; +https://openai.com/gptbot)"
74.7.243.214 - - [16/Jun/2026:15:32:00 +0200] "GET /wp.php?dir=CwoptCwcpanelCwea-php70CwrootCwproc HTTP/1.1" 200 4902 "http://momotimes.therahuldas.com/wp.php?dir=CwoptCwcpanelCwea-php70Cwroot" "Mozilla/5.0 AppleWebKit/537.36 (KHTML, like Gecko; compatible; GPTBot/1.4; +https://openai.com/gptbot)"
74.7.243.214 - - [16/Jun/2026:15:32:01 +0200] "GET /wp.php?dir=CwoptCwcpanelCwea-php73CwrootCwproc HTTP/1.1" 200 4902 "http://momotimes.therahuldas.com/wp.php?dir=CwoptCwcpanelCwea-php73Cwroot" "Mozilla/5.0 AppleWebKit/537.36 (KHTML, like Gecko; compatible; GPTBot/1.4; +https://openai.com/gptbot)"
65.21.228.101 - - [16/Jun/2026:15:27:55 +0200] "GET /wp-content/plugins/modeltheme-framework/inc/demo-importer/demo-data/barlog1.json HTTP/1.1" 200 128 "-" "WordPress/7.0; https://momotimes.therahuldas.com"
65.21.228.101 - - [16/Jun/2026:15:28:18 +0200] "GET /wp-content/plugins/modeltheme-framework/inc/demo-importer/demo-data/barlog1.json HTTP/1.1" 200 128 "-" "WordPress/7.0; https://momotimes.therahuldas.com"
65.21.228.101 - - [16/Jun/2026:15:28:21 +0200] "GET /wp-content/plugins/modeltheme-framework/inc/demo-importer/demo-data/barlog1.json HTTP/1.1" 200 128 "-" "WordPress/7.0; https://momotimes.therahuldas.com"
65.21.228.101 - - [16/Jun/2026:15:28:34 +0200] "GET /wp-content/plugins/modeltheme-framework/inc/demo-importer/demo-data/barlog1.json HTTP/1.1" 200 128 "-" "WordPress/7.0; https://momotimes.therahuldas.com"
65.21.228.101 - - [16/Jun/2026:15:29:24 +0200] "GET /wp-content/plugins/modeltheme-framework/inc/demo-importer/demo-data/barlog1.json HTTP/1.1" 200 128 "-" "WordPress/7.0; https://momotimes.therahuldas.com"
65.21.228.101 - - [16/Jun/2026:15:29:50 +0200] "GET /wp-content/plugins/modeltheme-framework/inc/demo-importer/demo-data/barlog1.json HTTP/1.1" 200 128 "-" "WordPress/7.0; https://momotimes.therahuldas.com"
65.21.228.101 - - [16/Jun/2026:15:29:54 +0200] "GET /wp-content/plugins/modeltheme-framework/inc/demo-importer/demo-data/barlog1.json HTTP/1.1" 200 128 "-" "WordPress/7.0; https://momotimes.therahuldas.com"
65.21.228.101 - - [16/Jun/2026:15:29:58 +0200] "GET /wp-content/plugins/modeltheme-framework/inc/demo-importer/demo-data/barlog1.json HTTP/1.1" 200 128 "-" "WordPress/7.0; https://momotimes.therahuldas.com"
65.21.228.101 - - [16/Jun/2026:15:29:59 +0200] "GET /wp-content/plugins/modeltheme-framework/inc/demo-importer/demo-data/barlog1.json HTTP/1.1" 200 128 "-" "WordPress/7.0; https://momotimes.therahuldas.com"
65.21.228.101 - - [16/Jun/2026:15:30:11 +0200] "GET /wp-content/plugins/modeltheme-framework/inc/demo-importer/demo-data/barlog1.json HTTP/1.1" 200 128 "-" "WordPress/7.0; https://momotimes.therahuldas.com"
65.21.228.101 - - [16/Jun/2026:15:30:18 +0200] "GET /wp-content/plugins/modeltheme-framework/inc/demo-importer/demo-data/barlog1.json HTTP/1.1" 200 128 "-" "WordPress/7.0; https://momotimes.therahuldas.com"
65.21.228.101 - - [16/Jun/2026:15:30:23 +0200] "GET /wp-content/plugins/modeltheme-framework/inc/demo-importer/demo-data/barlog1.json HTTP/1.1" 200 128 "-" "WordPress/7.0; https://momotimes.therahuldas.com"
65.21.228.101 - - [16/Jun/2026:15:30:25 +0200] "GET /wp-content/plugins/modeltheme-framework/inc/demo-importer/demo-data/barlog1.json HTTP/1.1" 200 128 "-" "WordPress/7.0; https://momotimes.therahuldas.com"
65.21.228.101 - - [16/Jun/2026:15:30:30 +0200] "GET /wp-content/plugins/modeltheme-framework/inc/demo-importer/demo-data/barlog1.json HTTP/1.1" 200 128 "-" "WordPress/7.0; https://momotimes.therahuldas.com"
65.21.228.101 - - [16/Jun/2026:15:30:41 +0200] "GET /wp-content/plugins/modeltheme-framework/inc/demo-importer/demo-data/barlog1.json HTTP/1.1" 200 128 "-" "WordPress/7.0; https://momotimes.therahuldas.com"
65.21.228.101 - - [16/Jun/2026:15:31:16 +0200] "GET /wp-content/plugins/modeltheme-framework/inc/demo-importer/demo-data/barlog1.json HTTP/1.1" 200 128 "-" "WordPress/7.0; https://momotimes.therahuldas.com"
65.21.228.101 - - [16/Jun/2026:15:31:41 +0200] "GET /wp-content/plugins/modeltheme-framework/inc/demo-importer/demo-data/barlog1.json HTTP/1.1" 200 128 "-" "WordPress/7.0; https://momotimes.therahuldas.com"
65.21.228.101 - - [16/Jun/2026:15:31:56 +0200] "GET /wp-content/plugins/modeltheme-framework/inc/demo-importer/demo-data/barlog1.json HTTP/1.1" 200 128 "-" "WordPress/7.0; https://momotimes.therahuldas.com"
65.21.228.101 - - [16/Jun/2026:15:32:03 +0200] "GET /wp-content/plugins/modeltheme-framework/inc/demo-importer/demo-data/barlog1.json HTTP/1.1" 200 128 "-" "WordPress/7.0; https://momotimes.therahuldas.com"
74.7.243.214 - - [16/Jun/2026:15:32:03 +0200] "GET /wp.php?dir=CwoptCwcpanelCwalt-php73CwrootCwusr HTTP/1.1" 200 5072 "http://momotimes.therahuldas.com/wp.php?dir=CwoptCwcpanelCwalt-php73Cwroot" "Mozilla/5.0 AppleWebKit/537.36 (KHTML, like Gecko; compatible; GPTBot/1.4; +https://openai.com/gptbot)"
74.7.243.214 - - [16/Jun/2026:15:32:04 +0200] "GET /wp.php?dir=CwoptCwcpanelCwea-php82CwrootCwsbin HTTP/1.1" 200 5257 "http://momotimes.therahuldas.com/wp.php?dir=CwoptCwcpanelCwea-php82Cwroot" "Mozilla/5.0 AppleWebKit/537.36 (KHTML, like Gecko; compatible; GPTBot/1.4; +https://openai.com/gptbot)"
74.7.243.214 - - [16/Jun/2026:15:32:05 +0200] "GET /wp.php?dir=CwoptCwcpanelCwea-php80CwrootCwproc HTTP/1.1" 200 4903 "http://momotimes.therahuldas.com/wp.php?dir=CwoptCwcpanelCwea-php80Cwroot" "Mozilla/5.0 AppleWebKit/537.36 (KHTML, like Gecko; compatible; GPTBot/1.4; +https://openai.com/gptbot)"
74.7.243.214 - - [16/Jun/2026:15:32:07 +0200] "GET /wp.php?dir=CwoptCwcpanelCwea-php71CwrootCwsrv HTTP/1.1" 200 4912 "http://momotimes.therahuldas.com/wp.php?dir=CwoptCwcpanelCwea-php71Cwroot" "Mozilla/5.0 AppleWebKit/537.36 (KHTML, like Gecko; compatible; GPTBot/1.4; +https://openai.com/gptbot)"
74.7.243.214 - - [16/Jun/2026:15:32:08 +0200] "GET /wp.php?dir=CwoptCwcpanelCwea-php56CwrootCwtmp HTTP/1.1" 200 4911 "http://momotimes.therahuldas.com/wp.php?dir=CwoptCwcpanelCwea-php56Cwroot" "Mozilla/5.0 AppleWebKit/537.36 (KHTML, like Gecko; compatible; GPTBot/1.4; +https://openai.com/gptbot)"
74.7.243.214 - - [16/Jun/2026:15:32:09 +0200] "GET /wp.php?dir=CwoptCwcpanelCwea-php84CwrootCwsbin HTTP/1.1" 200 5257 "http://momotimes.therahuldas.com/wp.php?dir=CwoptCwcpanelCwea-php84Cwroot" "Mozilla/5.0 AppleWebKit/537.36 (KHTML, like Gecko; compatible; GPTBot/1.4; +https://openai.com/gptbot)"
74.7.243.214 - - [16/Jun/2026:15:32:10 +0200] "GET /wp.php?dir=CwoptCwcpanelCwea-php73CwrootCwetcCwpear HTTP/1.1" 200 4925 "http://momotimes.therahuldas.com/wp.php?dir=CwoptCwcpanelCwea-php73CwrootCwetc" "Mozilla/5.0 AppleWebKit/537.36 (KHTML, like Gecko; compatible; GPTBot/1.4; +https://openai.com/gptbot)"
74.7.243.214 - - [16/Jun/2026:15:32:12 +0200] "GET /wp.php?dir=CwoptCwcpanelCwea-php73CwrootCwetc&view=php-fpm.conf.save HTTP/1.1" 200 6019 "http://momotimes.therahuldas.com/wp.php?dir=CwoptCwcpanelCwea-php73CwrootCwetc" "Mozilla/5.0 AppleWebKit/537.36 (KHTML, like Gecko; compatible; GPTBot/1.4; +https://openai.com/gptbot)"
74.7.243.214 - - [16/Jun/2026:15:32:13 +0200] "GET /wp.php?dir=CwoptCwcpanelCwea-php73CwrootCwetc&view=pear.conf HTTP/1.1" 200 623 "http://momotimes.therahuldas.com/wp.php?dir=CwoptCwcpanelCwea-php73CwrootCwetc" "Mozilla/5.0 AppleWebKit/537.36 (KHTML, like Gecko; compatible; GPTBot/1.4; +https://openai.com/gptbot)"
74.7.243.214 - - [16/Jun/2026:15:32:14 +0200] "GET /wp.php?dir=CwoptCwcpanelCwea-php73CwrootCwetc&view=php.ini HTTP/1.1" 200 19506 "http://momotimes.therahuldas.com/wp.php?dir=CwoptCwcpanelCwea-php73CwrootCwetc" "Mozilla/5.0 AppleWebKit/537.36 (KHTML, like Gecko; compatible; GPTBot/1.4; +https://openai.com/gptbot)"
74.7.243.214 - - [16/Jun/2026:15:32:16 +0200] "GET /wp.php?dir=CwoptCwcpanelCwea-php73CwrootCwetc&edit=pear.conf HTTP/1.1" 200 4477 "http://momotimes.therahuldas.com/wp.php?dir=CwoptCwcpanelCwea-php73CwrootCwetc" "Mozilla/5.0 AppleWebKit/537.36 (KHTML, like Gecko; compatible; GPTBot/1.4; +https://openai.com/gptbot)"
65.21.228.101 - - [16/Jun/2026:15:32:17 +0200] "GET /wp-content/plugins/modeltheme-framework/inc/demo-importer/demo-data/barlog1.json HTTP/1.1" 200 128 "-" "WordPress/7.0; https://momotimes.therahuldas.com"
74.7.243.214 - - [16/Jun/2026:15:32:17 +0200] "GET /wp.php?dir=CwoptCwcpanelCwea-php73CwrootCwetc&edit=php.ini HTTP/1.1" 200 23581 "http://momotimes.therahuldas.com/wp.php?dir=CwoptCwcpanelCwea-php73CwrootCwetc" "Mozilla/5.0 AppleWebKit/537.36 (KHTML, like Gecko; compatible; GPTBot/1.4; +https://openai.com/gptbot)"
74.7.243.214 - - [16/Jun/2026:15:32:18 +0200] "GET /wp.php?dir=CwoptCwcpanelCwea-php73CwrootCwetc&view=php-fpm.conf HTTP/1.1" 200 6019 "http://momotimes.therahuldas.com/wp.php?dir=CwoptCwcpanelCwea-php73CwrootCwetc" "Mozilla/5.0 AppleWebKit/537.36 (KHTML, like Gecko; compatible; GPTBot/1.4; +https://openai.com/gptbot)"
74.7.243.214 - - [16/Jun/2026:15:32:20 +0200] "GET /wp.php?dir=CwoptCwcpanelCwea-php73CwrootCwetc&edit=php-fpm.conf HTTP/1.1" 200 6019 "http://momotimes.therahuldas.com/wp.php?dir=CwoptCwcpanelCwea-php73CwrootCwetc" "Mozilla/5.0 AppleWebKit/537.36 (KHTML, like Gecko; compatible; GPTBot/1.4; +https://openai.com/gptbot)"
74.7.243.214 - - [16/Jun/2026:15:32:21 +0200] "GET /wp.php?dir=CwoptCwcpanelCwea-php84CwrootCwproc HTTP/1.1" 200 4903 "http://momotimes.therahuldas.com/wp.php?dir=CwoptCwcpanelCwea-php84Cwroot" "Mozilla/5.0 AppleWebKit/537.36 (KHTML, like Gecko; compatible; GPTBot/1.4; +https://openai.com/gptbot)"
65.21.228.101 - - [16/Jun/2026:15:32:22 +0200] "GET /wp-content/plugins/modeltheme-framework/inc/demo-importer/demo-data/barlog1.json HTTP/1.1" 200 128 "-" "WordPress/7.0; https://momotimes.therahuldas.com"
74.7.243.214 - - [16/Jun/2026:15:32:22 +0200] "GET /wp.php?dir=CwoptCwcpanelCwea-php56CwrootCwetc HTTP/1.1" 200 6017 "http://momotimes.therahuldas.com/wp.php?dir=CwoptCwcpanelCwea-php56Cwroot" "Mozilla/5.0 AppleWebKit/537.36 (KHTML, like Gecko; compatible; GPTBot/1.4; +https://openai.com/gptbot)"
74.7.243.214 - - [16/Jun/2026:15:32:23 +0200] "GET /wp.php?dir=CwoptCwcpanelCwea-php84CwrootCwusrCwsbin&edit=php-fpm HTTP/1.1" 200 2359552 "http://momotimes.therahuldas.com/wp.php?dir=CwoptCwcpanelCwea-php84CwrootCwsbin" "Mozilla/5.0 AppleWebKit/537.36 (KHTML, like Gecko; compatible; GPTBot/1.4; +https://openai.com/gptbot)"
74.7.243.214 - - [16/Jun/2026:15:32:26 +0200] "GET /wp.php?dir=CwoptCwcpanelCwalt-php84CwrootCwusr HTTP/1.1" 200 5071 "http://momotimes.therahuldas.com/wp.php?dir=CwoptCwcpanelCwalt-php84Cwroot" "Mozilla/5.0 AppleWebKit/537.36 (KHTML, like Gecko; compatible; GPTBot/1.4; +https://openai.com/gptbot)"
74.7.243.214 - - [16/Jun/2026:15:32:27 +0200] "GET /wp.php?dir=CwoptCwcpanelCwea-php82CwrootCwsys HTTP/1.1" 200 4911 "http://momotimes.therahuldas.com/wp.php?dir=CwoptCwcpanelCwea-php82Cwroot" "Mozilla/5.0 AppleWebKit/537.36 (KHTML, like Gecko; compatible; GPTBot/1.4; +https://openai.com/gptbot)"
74.7.243.214 - - [16/Jun/2026:15:32:28 +0200] "GET /wp.php?dir=CwoptCwcpanelCwea-php84CwrootCwrun HTTP/1.1" 200 5087 "http://momotimes.therahuldas.com/wp.php?dir=CwoptCwcpanelCwea-php84Cwroot" "Mozilla/5.0 AppleWebKit/537.36 (KHTML, like Gecko; compatible; GPTBot/1.4; +https://openai.com/gptbot)"
74.7.243.214 - - [16/Jun/2026:15:32:30 +0200] "GET /wp.php?dir=CwoptCwcpanelCwea-php81CwrootCwsrv HTTP/1.1" 200 4912 "http://momotimes.therahuldas.com/wp.php?dir=CwoptCwcpanelCwea-php81Cwroot" "Mozilla/5.0 AppleWebKit/537.36 (KHTML, like Gecko; compatible; GPTBot/1.4; +https://openai.com/gptbot)"
