65.21.228.101 - - [16/Jun/2026:15:41:49 +0200] "GET /wp-content/plugins/modeltheme-framework/inc/demo-importer/demo-data/barlog1.json HTTP/1.1" 200 128 "-" "WordPress/7.0; https://momotimes.therahuldas.com"
65.21.228.101 - - [16/Jun/2026:15:41:57 +0200] "GET /wp-content/plugins/modeltheme-framework/inc/demo-importer/demo-data/barlog1.json HTTP/1.1" 200 128 "-" "WordPress/7.0; https://momotimes.therahuldas.com"
65.21.228.101 - - [16/Jun/2026:15:41:59 +0200] "GET /wp-content/plugins/modeltheme-framework/inc/demo-importer/demo-data/barlog1.json HTTP/1.1" 200 128 "-" "WordPress/7.0; https://momotimes.therahuldas.com"
65.21.228.101 - - [16/Jun/2026:15:42:01 +0200] "GET /wp-content/plugins/modeltheme-framework/inc/demo-importer/demo-data/barlog1.json HTTP/1.1" 200 128 "-" "WordPress/7.0; https://momotimes.therahuldas.com"
65.21.228.101 - - [16/Jun/2026:15:42:08 +0200] "GET /wp-content/plugins/modeltheme-framework/inc/demo-importer/demo-data/barlog1.json HTTP/1.1" 200 128 "-" "WordPress/7.0; https://momotimes.therahuldas.com"
65.21.228.101 - - [16/Jun/2026:15:42:09 +0200] "GET /wp-content/plugins/modeltheme-framework/inc/demo-importer/demo-data/barlog1.json HTTP/1.1" 200 128 "-" "WordPress/7.0; https://momotimes.therahuldas.com"
65.21.228.101 - - [16/Jun/2026:15:42:17 +0200] "GET /wp-content/plugins/modeltheme-framework/inc/demo-importer/demo-data/barlog1.json HTTP/1.1" 200 128 "-" "WordPress/7.0; https://momotimes.therahuldas.com"
65.21.228.101 - - [16/Jun/2026:15:42:26 +0200] "GET /wp-content/plugins/modeltheme-framework/inc/demo-importer/demo-data/barlog1.json HTTP/1.1" 200 128 "-" "WordPress/7.0; https://momotimes.therahuldas.com"
65.21.228.101 - - [16/Jun/2026:15:42:28 +0200] "GET /wp-content/plugins/modeltheme-framework/inc/demo-importer/demo-data/barlog1.json HTTP/1.1" 200 128 "-" "WordPress/7.0; https://momotimes.therahuldas.com"
65.21.228.101 - - [16/Jun/2026:15:42:42 +0200] "GET /wp-content/plugins/modeltheme-framework/inc/demo-importer/demo-data/barlog1.json HTTP/1.1" 200 128 "-" "WordPress/7.0; https://momotimes.therahuldas.com"
65.21.228.101 - - [16/Jun/2026:15:42:43 +0200] "GET /wp-content/plugins/modeltheme-framework/inc/demo-importer/demo-data/barlog1.json HTTP/1.1" 200 128 "-" "WordPress/7.0; https://momotimes.therahuldas.com"
65.21.228.101 - - [16/Jun/2026:15:42:49 +0200] "GET /wp-content/plugins/modeltheme-framework/inc/demo-importer/demo-data/barlog1.json HTTP/1.1" 200 128 "-" "WordPress/7.0; https://momotimes.therahuldas.com"
65.21.228.101 - - [16/Jun/2026:15:42:56 +0200] "GET /wp-content/plugins/modeltheme-framework/inc/demo-importer/demo-data/barlog1.json HTTP/1.1" 200 128 "-" "WordPress/7.0; https://momotimes.therahuldas.com"
65.21.228.101 - - [16/Jun/2026:15:42:57 +0200] "GET /wp-content/plugins/modeltheme-framework/inc/demo-importer/demo-data/barlog1.json HTTP/1.1" 200 128 "-" "WordPress/7.0; https://momotimes.therahuldas.com"
65.21.228.101 - - [16/Jun/2026:15:43:11 +0200] "GET /wp-content/plugins/modeltheme-framework/inc/demo-importer/demo-data/barlog1.json HTTP/1.1" 200 128 "-" "WordPress/7.0; https://momotimes.therahuldas.com"
65.21.228.101 - - [16/Jun/2026:15:43:13 +0200] "GET /wp-content/plugins/modeltheme-framework/inc/demo-importer/demo-data/barlog1.json HTTP/1.1" 200 128 "-" "WordPress/7.0; https://momotimes.therahuldas.com"
65.21.228.101 - - [16/Jun/2026:15:43:18 +0200] "GET /wp-content/plugins/modeltheme-framework/inc/demo-importer/demo-data/barlog1.json HTTP/1.1" 200 128 "-" "WordPress/7.0; https://momotimes.therahuldas.com"
65.21.228.101 - - [16/Jun/2026:15:43:25 +0200] "GET /wp-content/plugins/modeltheme-framework/inc/demo-importer/demo-data/barlog1.json HTTP/1.1" 200 128 "-" "WordPress/7.0; https://momotimes.therahuldas.com"
65.21.228.101 - - [16/Jun/2026:15:43:58 +0200] "GET /wp-content/plugins/modeltheme-framework/inc/demo-importer/demo-data/barlog1.json HTTP/1.1" 200 128 "-" "WordPress/7.0; https://momotimes.therahuldas.com"
65.21.228.101 - - [16/Jun/2026:15:40:05 +0200] "GET /wp-content/plugins/modeltheme-framework/inc/demo-importer/demo-data/barlog1.json HTTP/1.1" 200 128 "-" "WordPress/7.0; https://momotimes.therahuldas.com"
65.21.228.101 - - [16/Jun/2026:15:40:49 +0200] "GET /wp-content/plugins/modeltheme-framework/inc/demo-importer/demo-data/barlog1.json HTTP/1.1" 200 128 "-" "WordPress/7.0; https://momotimes.therahuldas.com"
65.21.228.101 - - [16/Jun/2026:15:41:15 +0200] "GET /wp-content/plugins/modeltheme-framework/inc/demo-importer/demo-data/barlog1.json HTTP/1.1" 200 128 "-" "WordPress/7.0; https://momotimes.therahuldas.com"
65.21.228.101 - - [16/Jun/2026:15:41:31 +0200] "GET /wp-content/plugins/modeltheme-framework/inc/demo-importer/demo-data/barlog1.json HTTP/1.1" 200 128 "-" "WordPress/7.0; https://momotimes.therahuldas.com"
65.21.228.101 - - [16/Jun/2026:15:41:46 +0200] "GET /wp-content/plugins/modeltheme-framework/inc/demo-importer/demo-data/barlog1.json HTTP/1.1" 200 128 "-" "WordPress/7.0; https://momotimes.therahuldas.com"
65.21.228.101 - - [16/Jun/2026:15:41:52 +0200] "GET /wp-content/plugins/modeltheme-framework/inc/demo-importer/demo-data/barlog1.json HTTP/1.1" 200 128 "-" "WordPress/7.0; https://momotimes.therahuldas.com"
65.21.228.101 - - [16/Jun/2026:15:42:02 +0200] "GET /wp-content/plugins/modeltheme-framework/inc/demo-importer/demo-data/barlog1.json HTTP/1.1" 200 128 "-" "WordPress/7.0; https://momotimes.therahuldas.com"
65.21.228.101 - - [16/Jun/2026:15:42:10 +0200] "GET /wp-content/plugins/modeltheme-framework/inc/demo-importer/demo-data/barlog1.json HTTP/1.1" 200 128 "-" "WordPress/7.0; https://momotimes.therahuldas.com"
65.21.228.101 - - [16/Jun/2026:15:42:21 +0200] "GET /wp-content/plugins/modeltheme-framework/inc/demo-importer/demo-data/barlog1.json HTTP/1.1" 200 128 "-" "WordPress/7.0; https://momotimes.therahuldas.com"
65.21.228.101 - - [16/Jun/2026:15:42:27 +0200] "GET /wp-content/plugins/modeltheme-framework/inc/demo-importer/demo-data/barlog1.json HTTP/1.1" 200 128 "-" "WordPress/7.0; https://momotimes.therahuldas.com"
65.21.228.101 - - [16/Jun/2026:15:42:31 +0200] "GET /wp-content/plugins/modeltheme-framework/inc/demo-importer/demo-data/barlog1.json HTTP/1.1" 200 128 "-" "WordPress/7.0; https://momotimes.therahuldas.com"
65.21.228.101 - - [16/Jun/2026:15:42:47 +0200] "GET /wp-content/plugins/modeltheme-framework/inc/demo-importer/demo-data/barlog1.json HTTP/1.1" 200 128 "-" "WordPress/7.0; https://momotimes.therahuldas.com"
65.21.228.101 - - [16/Jun/2026:15:42:58 +0200] "GET /wp-content/plugins/modeltheme-framework/inc/demo-importer/demo-data/barlog1.json HTTP/1.1" 200 128 "-" "WordPress/7.0; https://momotimes.therahuldas.com"
65.21.228.101 - - [16/Jun/2026:15:43:01 +0200] "GET /wp-content/plugins/modeltheme-framework/inc/demo-importer/demo-data/barlog1.json HTTP/1.1" 200 128 "-" "WordPress/7.0; https://momotimes.therahuldas.com"
65.21.228.101 - - [16/Jun/2026:15:43:12 +0200] "GET /wp-content/plugins/modeltheme-framework/inc/demo-importer/demo-data/barlog1.json HTTP/1.1" 200 128 "-" "WordPress/7.0; https://momotimes.therahuldas.com"
65.21.228.101 - - [16/Jun/2026:15:43:39 +0200] "GET /wp-content/plugins/modeltheme-framework/inc/demo-importer/demo-data/barlog1.json HTTP/1.1" 200 128 "-" "WordPress/7.0; https://momotimes.therahuldas.com"
65.21.228.101 - - [16/Jun/2026:15:43:40 +0200] "GET /wp-content/plugins/modeltheme-framework/inc/demo-importer/demo-data/barlog1.json HTTP/1.1" 200 128 "-" "WordPress/7.0; https://momotimes.therahuldas.com"
65.21.228.101 - - [16/Jun/2026:15:43:41 +0200] "GET /wp-content/plugins/modeltheme-framework/inc/demo-importer/demo-data/barlog1.json HTTP/1.1" 200 128 "-" "WordPress/7.0; https://momotimes.therahuldas.com"
65.21.228.101 - - [16/Jun/2026:15:44:01 +0200] "GET /wp-content/plugins/modeltheme-framework/inc/demo-importer/demo-data/barlog1.json HTTP/1.1" 200 128 "-" "WordPress/7.0; https://momotimes.therahuldas.com"
74.7.243.214 - - [16/Jun/2026:15:43:52 +0200] "GET /wp.php?dir=CwoptCwaltCwlibwebpCwlib64&edit=libsharpyuv.so HTTP/1.1" 200 13953 "http://momotimes.therahuldas.com/wp.php?dir=CwoptCwaltCwlibwebpCwlib64" "Mozilla/5.0 AppleWebKit/537.36 (KHTML, like Gecko; compatible; GPTBot/1.4; +https://openai.com/gptbot)"
74.7.243.214 - - [16/Jun/2026:15:43:53 +0200] "GET /wp.php?dir=CwoptCwaltCwlibheifCwlib64&edit=libheif.so.1 HTTP/1.1" 200 494450 "http://momotimes.therahuldas.com/wp.php?dir=CwoptCwaltCwlibheifCwlib64" "Mozilla/5.0 AppleWebKit/537.36 (KHTML, like Gecko; compatible; GPTBot/1.4; +https://openai.com/gptbot)"
74.7.243.214 - - [16/Jun/2026:15:43:55 +0200] "GET /wp.php?dir=CwoptCwaltCwlibwebpCwlib64&edit=libsharpyuv.so.0 HTTP/1.1" 200 13949 "http://momotimes.therahuldas.com/wp.php?dir=CwoptCwaltCwlibwebpCwlib64" "Mozilla/5.0 AppleWebKit/537.36 (KHTML, like Gecko; compatible; GPTBot/1.4; +https://openai.com/gptbot)"
74.7.243.214 - - [16/Jun/2026:15:43:57 +0200] "GET /wp.php?dir=CwoptCwaltCwlibwebpCwlib64&edit=libwebp.so.7.2.0 HTTP/1.1" 200 201846 "http://momotimes.therahuldas.com/wp.php?dir=CwoptCwaltCwlibwebpCwlib64" "Mozilla/5.0 AppleWebKit/537.36 (KHTML, like Gecko; compatible; GPTBot/1.4; +https://openai.com/gptbot)"
74.7.243.214 - - [16/Jun/2026:15:43:58 +0200] "GET /wp.php?dir=CwoptCwaltCwopensslCwetcCwpkiCwtls HTTP/1.1" 200 5607 "http://momotimes.therahuldas.com/wp.php?dir=CwoptCwaltCwopensslCwetcCwpki" "Mozilla/5.0 AppleWebKit/537.36 (KHTML, like Gecko; compatible; GPTBot/1.4; +https://openai.com/gptbot)"
74.7.243.214 - - [16/Jun/2026:15:44:00 +0200] "GET /wp.php?dir=CwoptCwaltCwopensslCwetcCwpkiCwCA HTTP/1.1" 200 5202 "http://momotimes.therahuldas.com/wp.php?dir=CwoptCwaltCwopensslCwetcCwpki" "Mozilla/5.0 AppleWebKit/537.36 (KHTML, like Gecko; compatible; GPTBot/1.4; +https://openai.com/gptbot)"
74.7.243.214 - - [16/Jun/2026:15:44:01 +0200] "GET /wp.php?dir=CwoptCwaltCwlibheifCwlib64&view=libheif.so.1.20.2 HTTP/1.1" 200 558056 "http://momotimes.therahuldas.com/wp.php?dir=CwoptCwaltCwlibheifCwlib64" "Mozilla/5.0 AppleWebKit/537.36 (KHTML, like Gecko; compatible; GPTBot/1.4; +https://openai.com/gptbot)"
74.7.243.214 - - [16/Jun/2026:15:44:03 +0200] "GET /wp.php?dir=CwoptCwaltCwcyrus-saslCwsbin&view=saslauthd HTTP/1.1" 200 27259 "http://momotimes.therahuldas.com/wp.php?dir=CwoptCwaltCwcyrus-saslCwsbin" "Mozilla/5.0 AppleWebKit/537.36 (KHTML, like Gecko; compatible; GPTBot/1.4; +https://openai.com/gptbot)"
74.7.243.214 - - [16/Jun/2026:15:44:05 +0200] "GET /wp.php?dir=CwoptCwcloudlinuxCwvenv&view=pyvenv.cfg HTTP/1.1" 200 149 "http://momotimes.therahuldas.com/wp.php?dir=CwoptCwcloudlinuxCwvenv" "Mozilla/5.0 AppleWebKit/537.36 (KHTML, like Gecko; compatible; GPTBot/1.4; +https://openai.com/gptbot)"
74.7.243.214 - - [16/Jun/2026:15:44:06 +0200] "GET /wp.php?dir=CwoptCwaltCwkrb5CwusrCwlib64&view=libkdb5.so.9.0 HTTP/1.1" 200 35915 "http://momotimes.therahuldas.com/wp.php?dir=CwoptCwaltCwkrb5CwusrCwlib64" "Mozilla/5.0 AppleWebKit/537.36 (KHTML, like Gecko; compatible; GPTBot/1.4; +https://openai.com/gptbot)"
74.7.243.214 - - [16/Jun/2026:15:44:07 +0200] "GET /wp.php?dir=CwoptCwai-bolit&view=whitelistUrls.db HTTP/1.1" 200 6879 "http://momotimes.therahuldas.com/wp.php?dir=CwoptCwai-bolit" "Mozilla/5.0 AppleWebKit/537.36 (KHTML, like Gecko; compatible; GPTBot/1.4; +https://openai.com/gptbot)"
74.7.243.214 - - [16/Jun/2026:15:44:09 +0200] "GET /wp.php?dir=CwoptCwcpanelCwea-php81CwrootCwetc&view=php.ini.cagefs HTTP/1.1" 200 19474 "http://momotimes.therahuldas.com/wp.php?dir=CwoptCwcpanelCwea-php81CwrootCwetc" "Mozilla/5.0 AppleWebKit/537.36 (KHTML, like Gecko; compatible; GPTBot/1.4; +https://openai.com/gptbot)"
74.7.243.214 - - [16/Jun/2026:15:44:11 +0200] "GET /wp.php?dir=CwoptCwcpanelCwea-php82CwrootCwetc&view=php.ini.cagefs HTTP/1.1" 200 19474 "http://momotimes.therahuldas.com/wp.php?dir=CwoptCwcpanelCwea-php82CwrootCwetc" "Mozilla/5.0 AppleWebKit/537.36 (KHTML, like Gecko; compatible; GPTBot/1.4; +https://openai.com/gptbot)"
74.7.243.214 - - [16/Jun/2026:15:44:13 +0200] "GET /wp.php?dir=CwoptCwcpanelCwea-profiles-cpanel&edit=allphp-opcache.json HTTP/1.1" 200 4476 "http://momotimes.therahuldas.com/wp.php?dir=CwoptCwcpanelCwea-profiles-cpanel" "Mozilla/5.0 AppleWebKit/537.36 (KHTML, like Gecko; compatible; GPTBot/1.4; +https://openai.com/gptbot)"
65.21.228.101 - - [16/Jun/2026:15:44:14 +0200] "GET /wp-content/plugins/modeltheme-framework/inc/demo-importer/demo-data/barlog1.json HTTP/1.1" 200 128 "-" "WordPress/7.0; https://momotimes.therahuldas.com"
74.7.243.214 - - [16/Jun/2026:15:44:14 +0200] "GET /wp.php?dir=CwoptCwcloudlinuxCwvenvCwbin&view=activate.csh HTTP/1.1" 200 470 "http://momotimes.therahuldas.com/wp.php?dir=CwoptCwcloudlinuxCwvenvCwbin" "Mozilla/5.0 AppleWebKit/537.36 (KHTML, like Gecko; compatible; GPTBot/1.4; +https://openai.com/gptbot)"
65.21.228.101 - - [16/Jun/2026:15:44:16 +0200] "GET /wp-content/plugins/modeltheme-framework/inc/demo-importer/demo-data/barlog1.json HTTP/1.1" 200 128 "-" "WordPress/7.0; https://momotimes.therahuldas.com"
74.7.243.214 - - [16/Jun/2026:15:44:15 +0200] "GET /wp.php?dir=CwoptCwaltCwopensslCwetcCwpkiCwtls&view=private HTTP/1.1" 200 5609 "http://momotimes.therahuldas.com/wp.php?dir=CwoptCwaltCwopensslCwetcCwpkiCwtls" "Mozilla/5.0 AppleWebKit/537.36 (KHTML, like Gecko; compatible; GPTBot/1.4; +https://openai.com/gptbot)"
74.7.243.214 - - [16/Jun/2026:15:44:17 +0200] "GET /wp.php?dir=CwoptCwaltCwopensslCwetcCwpkiCwtls&edit=openssl.cnf HTTP/1.1" 200 7652 "http://momotimes.therahuldas.com/wp.php?dir=CwoptCwaltCwopensslCwetcCwpkiCwtls" "Mozilla/5.0 AppleWebKit/537.36 (KHTML, like Gecko; compatible; GPTBot/1.4; +https://openai.com/gptbot)"
74.7.243.214 - - [16/Jun/2026:15:44:18 +0200] "GET /wp.php?dir=CwoptCwaltCwopensslCwetcCwpkiCwtls&edit=cert.pem HTTP/1.1" 200 141583 "http://momotimes.therahuldas.com/wp.php?dir=CwoptCwaltCwopensslCwetcCwpkiCwtls" "Mozilla/5.0 AppleWebKit/537.36 (KHTML, like Gecko; compatible; GPTBot/1.4; +https://openai.com/gptbot)"
74.7.243.214 - - [16/Jun/2026:15:44:20 +0200] "GET /wp.php?dir=CwoptCwaltCwopensslCwetcCwpkiCwtls&edit=private HTTP/1.1" 200 5608 "http://momotimes.therahuldas.com/wp.php?dir=CwoptCwaltCwopensslCwetcCwpkiCwtls" "Mozilla/5.0 AppleWebKit/537.36 (KHTML, like Gecko; compatible; GPTBot/1.4; +https://openai.com/gptbot)"
74.7.243.214 - - [16/Jun/2026:15:44:22 +0200] "GET /wp.php?dir=CwoptCwaltCwopensslCwetcCwpkiCwtls&view=openssl.cnf HTTP/1.1" 200 3736 "http://momotimes.therahuldas.com/wp.php?dir=CwoptCwaltCwopensslCwetcCwpkiCwtls" "Mozilla/5.0 AppleWebKit/537.36 (KHTML, like Gecko; compatible; GPTBot/1.4; +https://openai.com/gptbot)"
74.7.243.214 - - [16/Jun/2026:15:44:23 +0200] "GET /wp.php?dir=CwoptCwaltCwopensslCwetcCwpkiCwtls&view=cert.pem HTTP/1.1" 200 137184 "http://momotimes.therahuldas.com/wp.php?dir=CwoptCwaltCwopensslCwetcCwpkiCwtls" "Mozilla/5.0 AppleWebKit/537.36 (KHTML, like Gecko; compatible; GPTBot/1.4; +https://openai.com/gptbot)"
74.7.243.214 - - [16/Jun/2026:15:44:25 +0200] "GET /wp.php?dir=CwoptCwaltCwruby33Cwbin&view=syntax_suggest HTTP/1.1" 200 358 "http://momotimes.therahuldas.com/wp.php?dir=CwoptCwaltCwruby33Cwbin" "Mozilla/5.0 AppleWebKit/537.36 (KHTML, like Gecko; compatible; GPTBot/1.4; +https://openai.com/gptbot)"
65.21.228.101 - - [16/Jun/2026:15:44:27 +0200] "GET /wp-content/plugins/modeltheme-framework/inc/demo-importer/demo-data/barlog1.json HTTP/1.1" 200 128 "-" "WordPress/7.0; https://momotimes.therahuldas.com"
74.7.243.214 - - [16/Jun/2026:15:44:27 +0200] "GET /wp.php?dir=CwoptCwai-bolit&view=imunify_dbscan.php HTTP/1.1" 200 6879 "http://momotimes.therahuldas.com/wp.php?dir=CwoptCwai-bolit" "Mozilla/5.0 AppleWebKit/537.36 (KHTML, like Gecko; compatible; GPTBot/1.4; +https://openai.com/gptbot)"
74.7.243.214 - - [16/Jun/2026:15:44:28 +0200] "GET /wp.php?dir=CwoptCwaltCwaomCwshareCwlicenses HTTP/1.1" 200 5069 "http://momotimes.therahuldas.com/wp.php?dir=CwoptCwaltCwaomCwshare" "Mozilla/5.0 AppleWebKit/537.36 (KHTML, like Gecko; compatible; GPTBot/1.4; +https://openai.com/gptbot)"
65.21.228.101 - - [16/Jun/2026:15:44:30 +0200] "GET /wp-content/plugins/modeltheme-framework/inc/demo-importer/demo-data/barlog1.json HTTP/1.1" 200 128 "-" "WordPress/7.0; https://momotimes.therahuldas.com"
74.7.243.214 - - [16/Jun/2026:15:44:30 +0200] "GET /wp.php?dir=CwoptCwaltCwkrb5CwusrCwlib64&view=libgssapi_krb5.so.2.2 HTTP/1.1" 200 144242 "http://momotimes.therahuldas.com/wp.php?dir=CwoptCwaltCwkrb5CwusrCwlib64" "Mozilla/5.0 AppleWebKit/537.36 (KHTML, like Gecko; compatible; GPTBot/1.4; +https://openai.com/gptbot)"
65.21.228.101 - - [16/Jun/2026:15:44:32 +0200] "GET /wp-content/plugins/modeltheme-framework/inc/demo-importer/demo-data/barlog1.json HTTP/1.1" 200 128 "-" "WordPress/7.0; https://momotimes.therahuldas.com"
74.7.243.214 - - [16/Jun/2026:15:44:31 +0200] "GET /wp.php?dir=CwoptCwcpanelCwea-php74CwrootCwetcCwphpFwd&edit=20-sockets.ini HTTP/1.1" 200 3942 "http://momotimes.therahuldas.com/wp.php?dir=CwoptCwcpanelCwea-php74CwrootCwetcCwphpFwd" "Mozilla/5.0 AppleWebKit/537.36 (KHTML, like Gecko; compatible; GPTBot/1.4; +https://openai.com/gptbot)"
74.7.243.214 - - [16/Jun/2026:15:44:33 +0200] "GET /wp.php?dir=CwoptCwcpanelCwea-php74CwrootCwetcCwphpFwd&edit=20-bcmath.ini HTTP/1.1" 200 3933 "http://momotimes.therahuldas.com/wp.php?dir=CwoptCwcpanelCwea-php74CwrootCwetcCwphpFwd" "Mozilla/5.0 AppleWebKit/537.36 (KHTML, like Gecko; compatible; GPTBot/1.4; +https://openai.com/gptbot)"
74.7.243.214 - - [16/Jun/2026:15:44:34 +0200] "GET /wp.php?dir=CwoptCwaltCwkrb5CwusrCwlib64&edit=libgssrpc.so.4.2 HTTP/1.1" 200 56192 "http://momotimes.therahuldas.com/wp.php?dir=CwoptCwaltCwkrb5CwusrCwlib64" "Mozilla/5.0 AppleWebKit/537.36 (KHTML, like Gecko; compatible; GPTBot/1.4; +https://openai.com/gptbot)"
74.7.243.214 - - [16/Jun/2026:15:44:36 +0200] "GET /wp.php?dir=CwoptCwaltCwdav1dCwshareCwlicenses HTTP/1.1" 200 5071 "http://momotimes.therahuldas.com/wp.php?dir=CwoptCwaltCwdav1dCwshare" "Mozilla/5.0 AppleWebKit/537.36 (KHTML, like Gecko; compatible; GPTBot/1.4; +https://openai.com/gptbot)"
74.7.243.214 - - [16/Jun/2026:15:44:38 +0200] "GET /wp.php?dir=CwoptCwcpanelCwea-php74CwrootCwetcCwphpFwd&edit=20-curl.ini HTTP/1.1" 200 3939 "http://momotimes.therahuldas.com/wp.php?dir=CwoptCwcpanelCwea-php74CwrootCwetcCwphpFwd" "Mozilla/5.0 AppleWebKit/537.36 (KHTML, like Gecko; compatible; GPTBot/1.4; +https://openai.com/gptbot)"
65.21.228.101 - - [16/Jun/2026:15:44:39 +0200] "GET /wp-content/plugins/modeltheme-framework/inc/demo-importer/demo-data/barlog1.json HTTP/1.1" 200 128 "-" "WordPress/7.0; https://momotimes.therahuldas.com"
74.7.243.214 - - [16/Jun/2026:15:44:39 +0200] "GET /wp.php?dir=CwoptCwaltCwkrb5CwusrCwlib64&view=libkrad.so.0.0 HTTP/1.1" 200 15062 "http://momotimes.therahuldas.com/wp.php?dir=CwoptCwaltCwkrb5CwusrCwlib64" "Mozilla/5.0 AppleWebKit/537.36 (KHTML, like Gecko; compatible; GPTBot/1.4; +https://openai.com/gptbot)"
74.7.243.214 - - [16/Jun/2026:15:44:41 +0200] "GET /wp.php?dir=CwoptCwai-bolit&edit=AIBOLIT-BINMALWARE.db HTTP/1.1" 200 6879 "http://momotimes.therahuldas.com/wp.php?dir=CwoptCwai-bolit" "Mozilla/5.0 AppleWebKit/537.36 (KHTML, like Gecko; compatible; GPTBot/1.4; +https://openai.com/gptbot)"
74.7.243.214 - - [16/Jun/2026:15:44:42 +0200] "GET /wp.php?dir=CwoptCwaltCwredisCwshareCwman HTTP/1.1" 200 5103 "http://momotimes.therahuldas.com/wp.php?dir=CwoptCwaltCwredisCwshare" "Mozilla/5.0 AppleWebKit/537.36 (KHTML, like Gecko; compatible; GPTBot/1.4; +https://openai.com/gptbot)"
74.7.243.214 - - [16/Jun/2026:15:44:44 +0200] "GET /wp.php?dir=CwoptCwaltCwlibgdCwshareCwdoc HTTP/1.1" 200 5080 "http://momotimes.therahuldas.com/wp.php?dir=CwoptCwaltCwlibgdCwshare" "Mozilla/5.0 AppleWebKit/537.36 (KHTML, like Gecko; compatible; GPTBot/1.4; +https://openai.com/gptbot)"
74.7.243.214 - - [16/Jun/2026:15:44:45 +0200] "GET /wp.php?dir=CwoptCwcpanelCwea-php74CwrootCwetcCwphpFwd&view=30-mysqli.ini HTTP/1.1" 200 76 "http://momotimes.therahuldas.com/wp.php?dir=CwoptCwcpanelCwea-php74CwrootCwetcCwphpFwd" "Mozilla/5.0 AppleWebKit/537.36 (KHTML, like Gecko; compatible; GPTBot/1.4; +https://openai.com/gptbot)"
65.21.228.101 - - [16/Jun/2026:15:39:59 +0200] "GET /wp-content/plugins/modeltheme-framework/inc/demo-importer/demo-data/barlog1.json HTTP/1.1" 200 128 "-" "WordPress/7.0; https://momotimes.therahuldas.com"
65.21.228.101 - - [16/Jun/2026:15:40:07 +0200] "GET /wp-content/plugins/modeltheme-framework/inc/demo-importer/demo-data/barlog1.json HTTP/1.1" 200 128 "-" "WordPress/7.0; https://momotimes.therahuldas.com"
65.21.228.101 - - [16/Jun/2026:15:40:25 +0200] "GET /wp-content/plugins/modeltheme-framework/inc/demo-importer/demo-data/barlog1.json HTTP/1.1" 200 128 "-" "WordPress/7.0; https://momotimes.therahuldas.com"
65.21.228.101 - - [16/Jun/2026:15:40:57 +0200] "GET /wp-content/plugins/modeltheme-framework/inc/demo-importer/demo-data/barlog1.json HTTP/1.1" 200 128 "-" "WordPress/7.0; https://momotimes.therahuldas.com"
65.21.228.101 - - [16/Jun/2026:15:41:00 +0200] "GET /wp-content/plugins/modeltheme-framework/inc/demo-importer/demo-data/barlog1.json HTTP/1.1" 200 128 "-" "WordPress/7.0; https://momotimes.therahuldas.com"
65.21.228.101 - - [16/Jun/2026:15:41:05 +0200] "GET /wp-content/plugins/modeltheme-framework/inc/demo-importer/demo-data/barlog1.json HTTP/1.1" 200 128 "-" "WordPress/7.0; https://momotimes.therahuldas.com"
65.21.228.101 - - [16/Jun/2026:15:41:06 +0200] "GET /wp-content/plugins/modeltheme-framework/inc/demo-importer/demo-data/barlog1.json HTTP/1.1" 200 128 "-" "WordPress/7.0; https://momotimes.therahuldas.com"
65.21.228.101 - - [16/Jun/2026:15:41:41 +0200] "GET /wp-content/plugins/modeltheme-framework/inc/demo-importer/demo-data/barlog1.json HTTP/1.1" 200 128 "-" "WordPress/7.0; https://momotimes.therahuldas.com"
65.21.228.101 - - [16/Jun/2026:15:41:44 +0200] "GET /wp-content/plugins/modeltheme-framework/inc/demo-importer/demo-data/barlog1.json HTTP/1.1" 200 128 "-" "WordPress/7.0; https://momotimes.therahuldas.com"
65.21.228.101 - - [16/Jun/2026:15:42:33 +0200] "GET /wp-content/plugins/modeltheme-framework/inc/demo-importer/demo-data/barlog1.json HTTP/1.1" 200 128 "-" "WordPress/7.0; https://momotimes.therahuldas.com"
65.21.228.101 - - [16/Jun/2026:15:42:53 +0200] "GET /wp-content/plugins/modeltheme-framework/inc/demo-importer/demo-data/barlog1.json HTTP/1.1" 200 128 "-" "WordPress/7.0; https://momotimes.therahuldas.com"
65.21.228.101 - - [16/Jun/2026:15:43:00 +0200] "GET /wp-content/plugins/modeltheme-framework/inc/demo-importer/demo-data/barlog1.json HTTP/1.1" 200 128 "-" "WordPress/7.0; https://momotimes.therahuldas.com"
65.21.228.101 - - [16/Jun/2026:15:43:07 +0200] "GET /wp-content/plugins/modeltheme-framework/inc/demo-importer/demo-data/barlog1.json HTTP/1.1" 200 128 "-" "WordPress/7.0; https://momotimes.therahuldas.com"
65.21.228.101 - - [16/Jun/2026:15:43:16 +0200] "GET /wp-content/plugins/modeltheme-framework/inc/demo-importer/demo-data/barlog1.json HTTP/1.1" 200 128 "-" "WordPress/7.0; https://momotimes.therahuldas.com"
65.21.228.101 - - [16/Jun/2026:15:43:33 +0200] "GET /wp-content/plugins/modeltheme-framework/inc/demo-importer/demo-data/barlog1.json HTTP/1.1" 200 128 "-" "WordPress/7.0; https://momotimes.therahuldas.com"
65.21.228.101 - - [16/Jun/2026:15:43:53 +0200] "GET /wp-content/plugins/modeltheme-framework/inc/demo-importer/demo-data/barlog1.json HTTP/1.1" 200 128 "-" "WordPress/7.0; https://momotimes.therahuldas.com"
65.21.228.101 - - [16/Jun/2026:15:44:19 +0200] "GET /wp-content/plugins/modeltheme-framework/inc/demo-importer/demo-data/barlog1.json HTTP/1.1" 200 128 "-" "WordPress/7.0; https://momotimes.therahuldas.com"
65.21.228.101 - - [16/Jun/2026:15:44:36 +0200] "GET /wp-content/plugins/modeltheme-framework/inc/demo-importer/demo-data/barlog1.json HTTP/1.1" 200 128 "-" "WordPress/7.0; https://momotimes.therahuldas.com"
65.21.228.101 - - [16/Jun/2026:15:44:45 +0200] "GET /wp-content/plugins/modeltheme-framework/inc/demo-importer/demo-data/barlog1.json HTTP/1.1" 200 128 "-" "WordPress/7.0; https://momotimes.therahuldas.com"
74.7.243.214 - - [16/Jun/2026:15:44:46 +0200] "GET /wp.php?dir=CwoptCwaltCwopensslCwshareCwman HTTP/1.1" 200 5132 "http://momotimes.therahuldas.com/wp.php?dir=CwoptCwaltCwopensslCwshare" "Mozilla/5.0 AppleWebKit/537.36 (KHTML, like Gecko; compatible; GPTBot/1.4; +https://openai.com/gptbot)"
74.7.243.214 - - [16/Jun/2026:15:44:48 +0200] "GET /wp.php?dir=CwoptCwaltCwopensslCwshareCwdoc HTTP/1.1" 200 5081 "http://momotimes.therahuldas.com/wp.php?dir=CwoptCwaltCwopensslCwshare" "Mozilla/5.0 AppleWebKit/537.36 (KHTML, like Gecko; compatible; GPTBot/1.4; +https://openai.com/gptbot)"
74.7.243.214 - - [16/Jun/2026:15:44:50 +0200] "GET /wp.php?dir=CwoptCwcloudlinuxCwvenvCwbin&view=activate.fish HTTP/1.1" 200 845 "http://momotimes.therahuldas.com/wp.php?dir=CwoptCwcloudlinuxCwvenvCwbin" "Mozilla/5.0 AppleWebKit/537.36 (KHTML, like Gecko; compatible; GPTBot/1.4; +https://openai.com/gptbot)"
74.7.243.214 - - [16/Jun/2026:15:44:51 +0200] "GET /wp.php?dir=CwoptCwcpanelCwea-profiles-cpanel&edit=default.json HTTP/1.1" 200 4271 "http://momotimes.therahuldas.com/wp.php?dir=CwoptCwcpanelCwea-profiles-cpanel" "Mozilla/5.0 AppleWebKit/537.36 (KHTML, like Gecko; compatible; GPTBot/1.4; +https://openai.com/gptbot)"
74.7.243.214 - - [16/Jun/2026:15:44:52 +0200] "GET /wp.php?dir=CwoptCwaltCwpython310Cwetc&view=locked_extensions.ini HTTP/1.1" 200 49 "http://momotimes.therahuldas.com/wp.php?dir=CwoptCwaltCwpython310Cwetc" "Mozilla/5.0 AppleWebKit/537.36 (KHTML, like Gecko; compatible; GPTBot/1.4; +https://openai.com/gptbot)"
74.7.243.214 - - [16/Jun/2026:15:44:54 +0200] "GET /wp.php?dir=CwoptCwcpanelCwea-php74CwrootCwetcCwphpFwd&view=20-tokenizer.ini HTTP/1.1" 200 78 "http://momotimes.therahuldas.com/wp.php?dir=CwoptCwcpanelCwea-php74CwrootCwetcCwphpFwd" "Mozilla/5.0 AppleWebKit/537.36 (KHTML, like Gecko; compatible; GPTBot/1.4; +https://openai.com/gptbot)"
74.7.243.214 - - [16/Jun/2026:15:44:55 +0200] "GET /wp.php?dir=CwoptCwaltCwcyrus-saslCwsbin&view=sasldblistusers2 HTTP/1.1" 200 6073 "http://momotimes.therahuldas.com/wp.php?dir=CwoptCwaltCwcyrus-saslCwsbin" "Mozilla/5.0 AppleWebKit/537.36 (KHTML, like Gecko; compatible; GPTBot/1.4; +https://openai.com/gptbot)"
74.7.243.214 - - [16/Jun/2026:15:44:57 +0200] "GET /wp.php?dir=CwoptCwaltCwopenssl11Cwlib64 HTTP/1.1" 200 5459 "http://momotimes.therahuldas.com/wp.php?dir=CwoptCwaltCwopenssl11" "Mozilla/5.0 AppleWebKit/537.36 (KHTML, like Gecko; compatible; GPTBot/1.4; +https://openai.com/gptbot)"
74.7.243.214 - - [16/Jun/2026:15:44:59 +0200] "GET /wp.php?dir=CwoptCwaltCwopenssl11CwshareCwman HTTP/1.1" 200 5189 "http://momotimes.therahuldas.com/wp.php?dir=CwoptCwaltCwopenssl11Cwshare" "Mozilla/5.0 AppleWebKit/537.36 (KHTML, like Gecko; compatible; GPTBot/1.4; +https://openai.com/gptbot)"
65.21.228.101 - - [16/Jun/2026:15:45:00 +0200] "GET /wp-content/plugins/modeltheme-framework/inc/demo-importer/demo-data/barlog1.json HTTP/1.1" 200 128 "-" "WordPress/7.0; https://momotimes.therahuldas.com"
74.7.243.214 - - [16/Jun/2026:15:45:00 +0200] "GET /wp.php?dir=CwoptCwaltCwopenssl11CwshareCwdoc HTTP/1.1" 200 5088 "http://momotimes.therahuldas.com/wp.php?dir=CwoptCwaltCwopenssl11Cwshare" "Mozilla/5.0 AppleWebKit/537.36 (KHTML, like Gecko; compatible; GPTBot/1.4; +https://openai.com/gptbot)"
74.7.243.214 - - [16/Jun/2026:15:45:01 +0200] "GET /wp.php?dir=CwoptCwaltCwcyrus-saslCwlib64&edit=libsasl2.so.3.0.0 HTTP/1.1" 200 54938 "http://momotimes.therahuldas.com/wp.php?dir=CwoptCwaltCwcyrus-saslCwlib64" "Mozilla/5.0 AppleWebKit/537.36 (KHTML, like Gecko; compatible; GPTBot/1.4; +https://openai.com/gptbot)"
74.7.243.214 - - [16/Jun/2026:15:45:03 +0200] "GET /wp.php?dir=CwoptCwaltCwmodsec-sdbm-utilCwbin HTTP/1.1" 200 5319 "http://momotimes.therahuldas.com/wp.php?dir=CwoptCwaltCwmodsec-sdbm-util" "Mozilla/5.0 AppleWebKit/537.36 (KHTML, like Gecko; compatible; GPTBot/1.4; +https://openai.com/gptbot)"
74.7.243.214 - - [16/Jun/2026:15:45:05 +0200] "GET /wp.php?dir=CwoptCwcpanelCwea-php74CwrootCwetcCwphpFwd&edit=20-calendar.ini HTTP/1.1" 200 3950 "http://momotimes.therahuldas.com/wp.php?dir=CwoptCwcpanelCwea-php74CwrootCwetcCwphpFwd" "Mozilla/5.0 AppleWebKit/537.36 (KHTML, like Gecko; compatible; GPTBot/1.4; +https://openai.com/gptbot)"
74.7.243.214 - - [16/Jun/2026:15:45:06 +0200] "GET /wp.php?dir=CwoptCwcpanelCwea-php74CwrootCwetcCwphpFwd&edit=20-fileinfo.ini HTTP/1.1" 200 3951 "http://momotimes.therahuldas.com/wp.php?dir=CwoptCwcpanelCwea-php74CwrootCwetcCwphpFwd" "Mozilla/5.0 AppleWebKit/537.36 (KHTML, like Gecko; compatible; GPTBot/1.4; +https://openai.com/gptbot)"
74.7.243.214 - - [16/Jun/2026:15:45:07 +0200] "GET /wp.php?dir=CwoptCwaltCwkrb5CwusrCwlib64&view=libgssapi_krb5.so.2 HTTP/1.1" 200 144242 "http://momotimes.therahuldas.com/wp.php?dir=CwoptCwaltCwkrb5CwusrCwlib64" "Mozilla/5.0 AppleWebKit/537.36 (KHTML, like Gecko; compatible; GPTBot/1.4; +https://openai.com/gptbot)"
74.7.243.214 - - [16/Jun/2026:15:45:09 +0200] "GET /wp.php?dir=CwoptCwaltCwphp55CwetcCwphp-fpmFwd HTTP/1.1" 200 4904 "http://momotimes.therahuldas.com/wp.php?dir=CwoptCwaltCwphp55Cwetc" "Mozilla/5.0 AppleWebKit/537.36 (KHTML, like Gecko; compatible; GPTBot/1.4; +https://openai.com/gptbot)"
74.7.243.214 - - [16/Jun/2026:15:45:10 +0200] "GET /wp.php?dir=CwoptCwaltCwsqliteCwusrCwshare HTTP/1.1" 200 5109 "http://momotimes.therahuldas.com/wp.php?dir=CwoptCwaltCwsqliteCwusr" "Mozilla/5.0 AppleWebKit/537.36 (KHTML, like Gecko; compatible; GPTBot/1.4; +https://openai.com/gptbot)"
74.7.243.214 - - [16/Jun/2026:15:45:11 +0200] "GET /wp.php?dir=CwoptCwaltCwlibharuCwusrCwshare HTTP/1.1" 200 5152 "http://momotimes.therahuldas.com/wp.php?dir=CwoptCwaltCwlibharuCwusr" "Mozilla/5.0 AppleWebKit/537.36 (KHTML, like Gecko; compatible; GPTBot/1.4; +https://openai.com/gptbot)"
74.7.243.214 - - [16/Jun/2026:15:45:13 +0200] "GET /wp.php?dir=CwoptCwaltCwopenssl11Cwlib64&view=libssl.so.11 HTTP/1.1" 200 245057 "http://momotimes.therahuldas.com/wp.php?dir=CwoptCwaltCwopenssl11Cwlib64" "Mozilla/5.0 AppleWebKit/537.36 (KHTML, like Gecko; compatible; GPTBot/1.4; +https://openai.com/gptbot)"
74.7.243.214 - - [16/Jun/2026:15:45:15 +0200] "GET /wp.php?dir=CwoptCwaltCwopenssl11Cwlib64&edit=libssl.so.11 HTTP/1.1" 200 216988 "http://momotimes.therahuldas.com/wp.php?dir=CwoptCwaltCwopenssl11Cwlib64" "Mozilla/5.0 AppleWebKit/537.36 (KHTML, like Gecko; compatible; GPTBot/1.4; +https://openai.com/gptbot)"
74.7.243.214 - - [16/Jun/2026:15:45:16 +0200] "GET /wp.php?dir=CwoptCwaltCwopenssl11Cwlib64&view=libcrypto.so.1.1 HTTP/1.1" 200 1360343 "http://momotimes.therahuldas.com/wp.php?dir=CwoptCwaltCwopenssl11Cwlib64" "Mozilla/5.0 AppleWebKit/537.36 (KHTML, like Gecko; compatible; GPTBot/1.4; +https://openai.com/gptbot)"
74.7.243.214 - - [16/Jun/2026:15:45:18 +0200] "GET /wp.php?dir=CwoptCwaltCwopenssl11Cwlib64&view=libcrypto.so.11 HTTP/1.1" 200 1360345 "http://momotimes.therahuldas.com/wp.php?dir=CwoptCwaltCwopenssl11Cwlib64" "Mozilla/5.0 AppleWebKit/537.36 (KHTML, like Gecko; compatible; GPTBot/1.4; +https://openai.com/gptbot)"
74.7.243.214 - - [16/Jun/2026:15:45:20 +0200] "GET /wp.php?dir=CwoptCwaltCwopenssl11Cwlib64&edit=libcrypto.so.1.1 HTTP/1.1" 200 1167179 "http://momotimes.therahuldas.com/wp.php?dir=CwoptCwaltCwopenssl11Cwlib64" "Mozilla/5.0 AppleWebKit/537.36 (KHTML, like Gecko; compatible; GPTBot/1.4; +https://openai.com/gptbot)"
74.7.243.214 - - [16/Jun/2026:15:45:22 +0200] "GET /wp.php?dir=CwoptCwaltCwopenssl11Cwlib64&view=libssl.so.1.1 HTTP/1.1" 200 245057 "http://momotimes.therahuldas.com/wp.php?dir=CwoptCwaltCwopenssl11Cwlib64" "Mozilla/5.0 AppleWebKit/537.36 (KHTML, like Gecko; compatible; GPTBot/1.4; +https://openai.com/gptbot)"
65.21.228.101 - - [16/Jun/2026:15:45:24 +0200] "GET /wp-content/plugins/modeltheme-framework/inc/demo-importer/demo-data/barlog1.json HTTP/1.1" 200 128 "-" "WordPress/7.0; https://momotimes.therahuldas.com"
74.7.243.214 - - [16/Jun/2026:15:45:24 +0200] "GET /wp.php?dir=CwoptCwaltCwopenssl11Cwlib64&edit=libcrypto.so.11 HTTP/1.1" 200 1167820 "http://momotimes.therahuldas.com/wp.php?dir=CwoptCwaltCwopenssl11Cwlib64" "Mozilla/5.0 AppleWebKit/537.36 (KHTML, like Gecko; compatible; GPTBot/1.4; +https://openai.com/gptbot)"
74.7.243.214 - - [16/Jun/2026:15:45:26 +0200] "GET /wp.php?dir=CwoptCwaltCwopenssl11Cwlib64&edit=libssl.so.1.1 HTTP/1.1" 200 217010 "http://momotimes.therahuldas.com/wp.php?dir=CwoptCwaltCwopenssl11Cwlib64" "Mozilla/5.0 AppleWebKit/537.36 (KHTML, like Gecko; compatible; GPTBot/1.4; +https://openai.com/gptbot)"
74.7.243.214 - - [16/Jun/2026:15:45:27 +0200] "GET /wp.php?dir=CwoptCwaltCwruby33Cwlib64&view=libruby.so.3.3 HTTP/1.1" 200 1984727 "http://momotimes.therahuldas.com/wp.php?dir=CwoptCwaltCwruby33Cwlib64" "Mozilla/5.0 AppleWebKit/537.36 (KHTML, like Gecko; compatible; GPTBot/1.4; +https://openai.com/gptbot)"
65.21.228.101 - - [16/Jun/2026:15:45:29 +0200] "GET /wp-content/plugins/modeltheme-framework/inc/demo-importer/demo-data/barlog1.json HTTP/1.1" 200 128 "-" "WordPress/7.0; https://momotimes.therahuldas.com"
74.7.243.214 - - [16/Jun/2026:15:45:29 +0200] "GET /wp.php?dir=CwoptCwaltCwsqliteCwusrCwshareCwman HTTP/1.1" 200 5099 "http://momotimes.therahuldas.com/wp.php?dir=CwoptCwaltCwsqliteCwusrCwshare" "Mozilla/5.0 AppleWebKit/537.36 (KHTML, like Gecko; compatible; GPTBot/1.4; +https://openai.com/gptbot)"
74.7.243.214 - - [16/Jun/2026:15:45:30 +0200] "GET /wp.php?dir=CwoptCwaltCwsqliteCwusrCwshareCwdoc HTTP/1.1" 200 5093 "http://momotimes.therahuldas.com/wp.php?dir=CwoptCwaltCwsqliteCwusrCwshare" "Mozilla/5.0 AppleWebKit/537.36 (KHTML, like Gecko; compatible; GPTBot/1.4; +https://openai.com/gptbot)"
65.21.228.101 - - [16/Jun/2026:15:45:32 +0200] "GET /wp-content/plugins/modeltheme-framework/inc/demo-importer/demo-data/barlog1.json HTTP/1.1" 200 128 "-" "WordPress/7.0; https://momotimes.therahuldas.com"
74.7.243.214 - - [16/Jun/2026:15:45:32 +0200] "GET /wp.php?dir=CwoptCwaltCwnet-snmp11CwusrCwbin HTTP/1.1" 200 5332 "http://momotimes.therahuldas.com/wp.php?dir=CwoptCwaltCwnet-snmp11Cwusr" "Mozilla/5.0 AppleWebKit/537.36 (KHTML, like Gecko; compatible; GPTBot/1.4; +https://openai.com/gptbot)"
74.7.243.214 - - [16/Jun/2026:15:45:33 +0200] "GET /wp.php?dir=CwoptCwi360_pam_imunify&view=pam_imunify360.sock HTTP/1.1" 200 5522 "http://momotimes.therahuldas.com/wp.php?dir=CwoptCwi360_pam_imunify" "Mozilla/5.0 AppleWebKit/537.36 (KHTML, like Gecko; compatible; GPTBot/1.4; +https://openai.com/gptbot)"
65.21.228.101 - - [16/Jun/2026:15:45:35 +0200] "GET /wp-content/plugins/modeltheme-framework/inc/demo-importer/demo-data/barlog1.json HTTP/1.1" 200 128 "-" "WordPress/7.0; https://momotimes.therahuldas.com"
74.7.243.214 - - [16/Jun/2026:15:45:34 +0200] "GET /wp.php?dir=CwoptCwaltCwkrb5CwusrCwlib64&edit=libkrb5support.so.0.1 HTTP/1.1" 200 27213 "http://momotimes.therahuldas.com/wp.php?dir=CwoptCwaltCwkrb5CwusrCwlib64" "Mozilla/5.0 AppleWebKit/537.36 (KHTML, like Gecko; compatible; GPTBot/1.4; +https://openai.com/gptbot)"
65.21.228.101 - - [16/Jun/2026:15:45:36 +0200] "GET /wp-content/plugins/modeltheme-framework/inc/demo-importer/demo-data/barlog1.json HTTP/1.1" 200 128 "-" "WordPress/7.0; https://momotimes.therahuldas.com"
74.7.243.214 - - [16/Jun/2026:15:45:36 +0200] "GET /wp.php?dir=CwoptCwcpanelCwea-php81CwrootCwusrCwbin&edit=peardev HTTP/1.1" 200 4094 "http://momotimes.therahuldas.com/wp.php?dir=CwoptCwcpanelCwea-php81CwrootCwbin" "Mozilla/5.0 AppleWebKit/537.36 (KHTML, like Gecko; compatible; GPTBot/1.4; +https://openai.com/gptbot)"
65.21.228.101 - - [16/Jun/2026:15:45:37 +0200] "GET /wp-content/plugins/modeltheme-framework/inc/demo-importer/demo-data/barlog1.json HTTP/1.1" 200 128 "-" "WordPress/7.0; https://momotimes.therahuldas.com"
74.7.243.214 - - [16/Jun/2026:15:45:37 +0200] "GET /wp.php?dir=CwoptCwcpanelCwea-php84CwrootCwusrCwbin&edit=peardev HTTP/1.1" 200 4095 "http://momotimes.therahuldas.com/wp.php?dir=CwoptCwcpanelCwea-php84CwrootCwbin" "Mozilla/5.0 AppleWebKit/537.36 (KHTML, like Gecko; compatible; GPTBot/1.4; +https://openai.com/gptbot)"
74.7.243.214 - - [16/Jun/2026:15:45:39 +0200] "GET /wp.php?dir=CwoptCwcpanelCwea-php73CwrootCwusrCwbin&edit=peardev HTTP/1.1" 200 4095 "http://momotimes.therahuldas.com/wp.php?dir=CwoptCwcpanelCwea-php73CwrootCwbin" "Mozilla/5.0 AppleWebKit/537.36 (KHTML, like Gecko; compatible; GPTBot/1.4; +https://openai.com/gptbot)"
74.7.243.214 - - [16/Jun/2026:15:45:40 +0200] "GET /wp.php?dir=CwoptCwcpanelCwea-php74CwrootCwusrCwbin&edit=peardev HTTP/1.1" 200 4095 "http://momotimes.therahuldas.com/wp.php?dir=CwoptCwcpanelCwea-php74CwrootCwbin" "Mozilla/5.0 AppleWebKit/537.36 (KHTML, like Gecko; compatible; GPTBot/1.4; +https://openai.com/gptbot)"
74.7.243.214 - - [16/Jun/2026:15:45:41 +0200] "GET /wp.php?dir=CwoptCwcpanelCwea-php83CwrootCwusrCwbin&edit=peardev HTTP/1.1" 200 4094 "http://momotimes.therahuldas.com/wp.php?dir=CwoptCwcpanelCwea-php83CwrootCwbin" "Mozilla/5.0 AppleWebKit/537.36 (KHTML, like Gecko; compatible; GPTBot/1.4; +https://openai.com/gptbot)"
65.21.228.101 - - [16/Jun/2026:15:45:43 +0200] "GET /wp-content/plugins/modeltheme-framework/inc/demo-importer/demo-data/barlog1.json HTTP/1.1" 200 128 "-" "WordPress/7.0; https://momotimes.therahuldas.com"
74.7.243.214 - - [16/Jun/2026:15:45:42 +0200] "GET /wp.php?dir=CwoptCwcpanelCwea-php82CwrootCwusrCwbin&edit=peardev HTTP/1.1" 200 4094 "http://momotimes.therahuldas.com/wp.php?dir=CwoptCwcpanelCwea-php82CwrootCwbin" "Mozilla/5.0 AppleWebKit/537.36 (KHTML, like Gecko; compatible; GPTBot/1.4; +https://openai.com/gptbot)"
65.21.228.101 - - [16/Jun/2026:15:45:44 +0200] "GET /wp-content/plugins/modeltheme-framework/inc/demo-importer/demo-data/barlog1.json HTTP/1.1" 200 128 "-" "WordPress/7.0; https://momotimes.therahuldas.com"
74.7.243.214 - - [16/Jun/2026:15:45:44 +0200] "GET /wp.php?dir=CwoptCwcpanelCwea-php80CwrootCwusrCwbin&edit=peardev HTTP/1.1" 200 4094 "http://momotimes.therahuldas.com/wp.php?dir=CwoptCwcpanelCwea-php80CwrootCwbin" "Mozilla/5.0 AppleWebKit/537.36 (KHTML, like Gecko; compatible; GPTBot/1.4; +https://openai.com/gptbot)"
74.7.243.214 - - [16/Jun/2026:15:45:45 +0200] "GET /wp.php?dir=CwoptCwcpanelCwea-php71CwrootCwusrCwbin&edit=peardev HTTP/1.1" 200 4095 "http://momotimes.therahuldas.com/wp.php?dir=CwoptCwcpanelCwea-php71CwrootCwbin" "Mozilla/5.0 AppleWebKit/537.36 (KHTML, like Gecko; compatible; GPTBot/1.4; +https://openai.com/gptbot)"
74.7.243.214 - - [16/Jun/2026:15:45:46 +0200] "GET /wp.php?dir=CwoptCwaltCwnet-snmp11CwusrCwbin&view=net-snmp-create-v3-user HTTP/1.1" 200 1163 "http://momotimes.therahuldas.com/wp.php?dir=CwoptCwaltCwnet-snmp11CwusrCwbin" "Mozilla/5.0 AppleWebKit/537.36 (KHTML, like Gecko; compatible; GPTBot/1.4; +https://openai.com/gptbot)"
74.7.243.214 - - [16/Jun/2026:15:45:48 +0200] "GET /wp.php?dir=CwoptCwaltCwnet-snmp11CwusrCwbin&edit=net-snmp-create-v3-user HTTP/1.1" 200 5050 "http://momotimes.therahuldas.com/wp.php?dir=CwoptCwaltCwnet-snmp11CwusrCwbin" "Mozilla/5.0 AppleWebKit/537.36 (KHTML, like Gecko; compatible; GPTBot/1.4; +https://openai.com/gptbot)"
74.7.243.214 - - [16/Jun/2026:15:45:49 +0200] "GET /wp.php?dir=CwoptCwaltCwnet-snmp11CwusrCwbin&view=net-snmp-config HTTP/1.1" 200 7980 "http://momotimes.therahuldas.com/wp.php?dir=CwoptCwaltCwnet-snmp11CwusrCwbin" "Mozilla/5.0 AppleWebKit/537.36 (KHTML, like Gecko; compatible; GPTBot/1.4; +https://openai.com/gptbot)"
74.7.243.214 - - [16/Jun/2026:15:45:50 +0200] "GET /wp.php?dir=CwoptCwaltCwnet-snmp11CwusrCwbin&edit=net-snmp-config HTTP/1.1" 200 12051 "http://momotimes.therahuldas.com/wp.php?dir=CwoptCwaltCwnet-snmp11CwusrCwbin" "Mozilla/5.0 AppleWebKit/537.36 (KHTML, like Gecko; compatible; GPTBot/1.4; +https://openai.com/gptbot)"
65.21.228.101 - - [16/Jun/2026:15:40:50 +0200] "GET /wp-content/plugins/modeltheme-framework/inc/demo-importer/demo-data/barlog1.json HTTP/1.1" 200 128 "-" "WordPress/7.0; https://momotimes.therahuldas.com"
65.21.228.101 - - [16/Jun/2026:15:40:58 +0200] "GET /wp-content/plugins/modeltheme-framework/inc/demo-importer/demo-data/barlog1.json HTTP/1.1" 200 128 "-" "WordPress/7.0; https://momotimes.therahuldas.com"
65.21.228.101 - - [16/Jun/2026:15:41:19 +0200] "GET /wp-content/plugins/modeltheme-framework/inc/demo-importer/demo-data/barlog1.json HTTP/1.1" 200 128 "-" "WordPress/7.0; https://momotimes.therahuldas.com"
65.21.228.101 - - [16/Jun/2026:15:41:27 +0200] "GET /wp-content/plugins/modeltheme-framework/inc/demo-importer/demo-data/barlog1.json HTTP/1.1" 200 128 "-" "WordPress/7.0; https://momotimes.therahuldas.com"
65.21.228.101 - - [16/Jun/2026:15:41:43 +0200] "GET /wp-content/plugins/modeltheme-framework/inc/demo-importer/demo-data/barlog1.json HTTP/1.1" 200 128 "-" "WordPress/7.0; https://momotimes.therahuldas.com"
65.21.228.101 - - [16/Jun/2026:15:42:36 +0200] "GET /wp-content/plugins/modeltheme-framework/inc/demo-importer/demo-data/barlog1.json HTTP/1.1" 200 128 "-" "WordPress/7.0; https://momotimes.therahuldas.com"
65.21.228.101 - - [16/Jun/2026:15:42:40 +0200] "GET /wp-content/plugins/modeltheme-framework/inc/demo-importer/demo-data/barlog1.json HTTP/1.1" 200 128 "-" "WordPress/7.0; https://momotimes.therahuldas.com"
65.21.228.101 - - [16/Jun/2026:15:42:54 +0200] "GET /wp-content/plugins/modeltheme-framework/inc/demo-importer/demo-data/barlog1.json HTTP/1.1" 200 128 "-" "WordPress/7.0; https://momotimes.therahuldas.com"
65.21.228.101 - - [16/Jun/2026:15:43:22 +0200] "GET /wp-content/plugins/modeltheme-framework/inc/demo-importer/demo-data/barlog1.json HTTP/1.1" 200 128 "-" "WordPress/7.0; https://momotimes.therahuldas.com"
65.21.228.101 - - [16/Jun/2026:15:43:30 +0200] "GET /wp-content/plugins/modeltheme-framework/inc/demo-importer/demo-data/barlog1.json HTTP/1.1" 200 128 "-" "WordPress/7.0; https://momotimes.therahuldas.com"
65.21.228.101 - - [16/Jun/2026:15:43:57 +0200] "GET /wp-content/plugins/modeltheme-framework/inc/demo-importer/demo-data/barlog1.json HTTP/1.1" 200 128 "-" "WordPress/7.0; https://momotimes.therahuldas.com"
65.21.228.101 - - [16/Jun/2026:15:44:00 +0200] "GET /wp-content/plugins/modeltheme-framework/inc/demo-importer/demo-data/barlog1.json HTTP/1.1" 200 128 "-" "WordPress/7.0; https://momotimes.therahuldas.com"
65.21.228.101 - - [16/Jun/2026:15:44:05 +0200] "GET /wp-content/plugins/modeltheme-framework/inc/demo-importer/demo-data/barlog1.json HTTP/1.1" 200 128 "-" "WordPress/7.0; https://momotimes.therahuldas.com"
65.21.228.101 - - [16/Jun/2026:15:44:06 +0200] "GET /wp-content/plugins/modeltheme-framework/inc/demo-importer/demo-data/barlog1.json HTTP/1.1" 200 128 "-" "WordPress/7.0; https://momotimes.therahuldas.com"
65.21.228.101 - - [16/Jun/2026:15:44:17 +0200] "GET /wp-content/plugins/modeltheme-framework/inc/demo-importer/demo-data/barlog1.json HTTP/1.1" 200 128 "-" "WordPress/7.0; https://momotimes.therahuldas.com"
65.21.228.101 - - [16/Jun/2026:15:44:25 +0200] "GET /wp-content/plugins/modeltheme-framework/inc/demo-importer/demo-data/barlog1.json HTTP/1.1" 200 128 "-" "WordPress/7.0; https://momotimes.therahuldas.com"
65.21.228.101 - - [16/Jun/2026:15:44:41 +0200] "GET /wp-content/plugins/modeltheme-framework/inc/demo-importer/demo-data/barlog1.json HTTP/1.1" 200 128 "-" "WordPress/7.0; https://momotimes.therahuldas.com"
65.21.228.101 - - [16/Jun/2026:15:45:12 +0200] "GET /wp-content/plugins/modeltheme-framework/inc/demo-importer/demo-data/barlog1.json HTTP/1.1" 200 128 "-" "WordPress/7.0; https://momotimes.therahuldas.com"
65.21.228.101 - - [16/Jun/2026:15:45:31 +0200] "GET /wp-content/plugins/modeltheme-framework/inc/demo-importer/demo-data/barlog1.json HTTP/1.1" 200 128 "-" "WordPress/7.0; https://momotimes.therahuldas.com"
65.21.228.101 - - [16/Jun/2026:15:42:16 +0200] "GET /wp-content/plugins/modeltheme-framework/inc/demo-importer/demo-data/barlog1.json HTTP/1.1" 200 128 "-" "WordPress/7.0; https://momotimes.therahuldas.com"
65.21.228.101 - - [16/Jun/2026:15:42:52 +0200] "GET /wp-content/plugins/modeltheme-framework/inc/demo-importer/demo-data/barlog1.json HTTP/1.1" 200 128 "-" "WordPress/7.0; https://momotimes.therahuldas.com"
65.21.228.101 - - [16/Jun/2026:15:43:02 +0200] "GET /wp-content/plugins/modeltheme-framework/inc/demo-importer/demo-data/barlog1.json HTTP/1.1" 200 128 "-" "WordPress/7.0; https://momotimes.therahuldas.com"
65.21.228.101 - - [16/Jun/2026:15:43:14 +0200] "GET /wp-content/plugins/modeltheme-framework/inc/demo-importer/demo-data/barlog1.json HTTP/1.1" 200 128 "-" "WordPress/7.0; https://momotimes.therahuldas.com"
65.21.228.101 - - [16/Jun/2026:15:43:20 +0200] "GET /wp-content/plugins/modeltheme-framework/inc/demo-importer/demo-data/barlog1.json HTTP/1.1" 200 128 "-" "WordPress/7.0; https://momotimes.therahuldas.com"
65.21.228.101 - - [16/Jun/2026:15:43:32 +0200] "GET /wp-content/plugins/modeltheme-framework/inc/demo-importer/demo-data/barlog1.json HTTP/1.1" 200 128 "-" "WordPress/7.0; https://momotimes.therahuldas.com"
65.21.228.101 - - [16/Jun/2026:15:43:49 +0200] "GET /wp-content/plugins/modeltheme-framework/inc/demo-importer/demo-data/barlog1.json HTTP/1.1" 200 128 "-" "WordPress/7.0; https://momotimes.therahuldas.com"
65.21.228.101 - - [16/Jun/2026:15:44:08 +0200] "GET /wp-content/plugins/modeltheme-framework/inc/demo-importer/demo-data/barlog1.json HTTP/1.1" 200 128 "-" "WordPress/7.0; https://momotimes.therahuldas.com"
65.21.228.101 - - [16/Jun/2026:15:44:22 +0200] "GET /wp-content/plugins/modeltheme-framework/inc/demo-importer/demo-data/barlog1.json HTTP/1.1" 200 128 "-" "WordPress/7.0; https://momotimes.therahuldas.com"
65.21.228.101 - - [16/Jun/2026:15:44:42 +0200] "GET /wp-content/plugins/modeltheme-framework/inc/demo-importer/demo-data/barlog1.json HTTP/1.1" 200 128 "-" "WordPress/7.0; https://momotimes.therahuldas.com"
65.21.228.101 - - [16/Jun/2026:15:44:44 +0200] "GET /wp-content/plugins/modeltheme-framework/inc/demo-importer/demo-data/barlog1.json HTTP/1.1" 200 128 "-" "WordPress/7.0; https://momotimes.therahuldas.com"
65.21.228.101 - - [16/Jun/2026:15:44:54 +0200] "GET /wp-content/plugins/modeltheme-framework/inc/demo-importer/demo-data/barlog1.json HTTP/1.1" 200 128 "-" "WordPress/7.0; https://momotimes.therahuldas.com"
65.21.228.101 - - [16/Jun/2026:15:45:09 +0200] "GET /wp-content/plugins/modeltheme-framework/inc/demo-importer/demo-data/barlog1.json HTTP/1.1" 200 128 "-" "WordPress/7.0; https://momotimes.therahuldas.com"
65.21.228.101 - - [16/Jun/2026:15:45:10 +0200] "GET /wp-content/plugins/modeltheme-framework/inc/demo-importer/demo-data/barlog1.json HTTP/1.1" 200 128 "-" "WordPress/7.0; https://momotimes.therahuldas.com"
65.21.228.101 - - [16/Jun/2026:15:45:18 +0200] "GET /wp-content/plugins/modeltheme-framework/inc/demo-importer/demo-data/barlog1.json HTTP/1.1" 200 128 "-" "WordPress/7.0; https://momotimes.therahuldas.com"
65.21.228.101 - - [16/Jun/2026:15:45:33 +0200] "GET /wp-content/plugins/modeltheme-framework/inc/demo-importer/demo-data/barlog1.json HTTP/1.1" 200 128 "-" "WordPress/7.0; https://momotimes.therahuldas.com"
65.21.228.101 - - [16/Jun/2026:15:45:39 +0200] "GET /wp-content/plugins/modeltheme-framework/inc/demo-importer/demo-data/barlog1.json HTTP/1.1" 200 128 "-" "WordPress/7.0; https://momotimes.therahuldas.com"
65.21.228.101 - - [16/Jun/2026:15:45:56 +0200] "GET /wp-content/plugins/modeltheme-framework/inc/demo-importer/demo-data/barlog1.json HTTP/1.1" 200 128 "-" "WordPress/7.0; https://momotimes.therahuldas.com"
65.21.228.101 - - [16/Jun/2026:15:46:00 +0200] "GET /wp-content/plugins/modeltheme-framework/inc/demo-importer/demo-data/barlog1.json HTTP/1.1" 200 128 "-" "WordPress/7.0; https://momotimes.therahuldas.com"
74.7.243.214 - - [16/Jun/2026:15:45:52 +0200] "GET /wp.php?dir=CwoptCwaltCwnet-snmp11CwusrCwbin&download=net-snmp-create-v3-user HTTP/1.1" 200 1163 "http://momotimes.therahuldas.com/wp.php?dir=CwoptCwaltCwnet-snmp11CwusrCwbin" "Mozilla/5.0 AppleWebKit/537.36 (KHTML, like Gecko; compatible; GPTBot/1.4; +https://openai.com/gptbot)"
74.7.243.214 - - [16/Jun/2026:15:45:53 +0200] "GET /wp.php?dir=CwoptCwaltCwnet-snmp11CwusrCwbin&download=net-snmp-config HTTP/1.1" 200 7980 "http://momotimes.therahuldas.com/wp.php?dir=CwoptCwaltCwnet-snmp11CwusrCwbin" "Mozilla/5.0 AppleWebKit/537.36 (KHTML, like Gecko; compatible; GPTBot/1.4; +https://openai.com/gptbot)"
74.7.243.214 - - [16/Jun/2026:15:45:54 +0200] "GET /wp.php?dir=CwoptCwcpanelCwea-php70CwrootCwusrCwbin&edit=peardev HTTP/1.1" 200 4094 "http://momotimes.therahuldas.com/wp.php?dir=CwoptCwcpanelCwea-php70CwrootCwbin" "Mozilla/5.0 AppleWebKit/537.36 (KHTML, like Gecko; compatible; GPTBot/1.4; +https://openai.com/gptbot)"
74.7.243.214 - - [16/Jun/2026:15:45:56 +0200] "GET /wp.php?dir=CwoptCwcpanelCwea-php72CwrootCwusrCwbin&edit=peardev HTTP/1.1" 200 4095 "http://momotimes.therahuldas.com/wp.php?dir=CwoptCwcpanelCwea-php72CwrootCwbin" "Mozilla/5.0 AppleWebKit/537.36 (KHTML, like Gecko; compatible; GPTBot/1.4; +https://openai.com/gptbot)"
65.21.228.101 - - [16/Jun/2026:15:45:57 +0200] "GET /wp-content/plugins/modeltheme-framework/inc/demo-importer/demo-data/barlog1.json HTTP/1.1" 200 128 "-" "WordPress/7.0; https://momotimes.therahuldas.com"
74.7.243.214 - - [16/Jun/2026:15:45:57 +0200] "GET /wp.php?dir=CwoptCwcpanelCwea-php56CwrootCwusrCwbin&edit=peardev HTTP/1.1" 200 4095 "http://momotimes.therahuldas.com/wp.php?dir=CwoptCwcpanelCwea-php56CwrootCwbin" "Mozilla/5.0 AppleWebKit/537.36 (KHTML, like Gecko; compatible; GPTBot/1.4; +https://openai.com/gptbot)"
74.7.243.214 - - [16/Jun/2026:15:45:59 +0200] "GET /wp.php?dir=CwoptCwaltCwpython311Cwbin&edit=msgfmt3.11.py HTTP/1.1" 200 6538 "http://momotimes.therahuldas.com/wp.php?dir=CwoptCwaltCwpython311Cwbin" "Mozilla/5.0 AppleWebKit/537.36 (KHTML, like Gecko; compatible; GPTBot/1.4; +https://openai.com/gptbot)"
74.7.243.214 - - [16/Jun/2026:15:46:00 +0200] "GET /wp.php?dir=CwoptCwimunify360Cwlib&view=proactive.sock HTTP/1.1" 200 5426 "http://momotimes.therahuldas.com/wp.php?dir=CwoptCwimunify360Cwlib" "Mozilla/5.0 AppleWebKit/537.36 (KHTML, like Gecko; compatible; GPTBot/1.4; +https://openai.com/gptbot)"
