184.72.102.8 - - [17/Jun/2026:01:37:32 +0200] "GET /wp-content/plugins/woocommerce/assets/js/frontend/order-attribution.min.js?ver=10.2.2 HTTP/1.1" 200 998 "https://test1.therahuldas.com" "Mozilla/5.0 (Windows NT 10.0; Win64; x64) AppleWebKit/537.36 (KHTML, like Gecko) Chrome/124.0.0.0 Safari/537.36"
184.72.102.8 - - [17/Jun/2026:01:37:32 +0200] "GET /wp-content/plugins/elementor/assets/js/frontend.min.js?ver=3.32.4 HTTP/1.1" 200 10164 "https://test1.therahuldas.com" "Mozilla/5.0 (Windows NT 10.0; Win64; x64) AppleWebKit/537.36 (KHTML, like Gecko) Chrome/124.0.0.0 Safari/537.36"
103.143.207.18 - - [17/Jun/2026:01:49:23 +0200] "GET /wp-login.php HTTP/2" 200 974 "-" "Mozilla/5.0 (X11; Ubuntu; Linux x86_64) AppleWebKit/537.36 (KHTML, like Gecko) Chrome/133.0.0.0 Safari/537.36"
103.143.207.18 - - [17/Jun/2026:01:49:25 +0200] "POST /wp-login.php HTTP/2" 200 974 "https://test1.therahuldas.com/wp-login.php" "Mozilla/5.0 (X11; Ubuntu; Linux x86_64) AppleWebKit/537.36 (KHTML, like Gecko) Chrome/133.0.0.0 Safari/537.36"
184.72.102.8 - - [17/Jun/2026:01:37:32 +0200] "GET /wp-content/plugins/woocommerce/assets/js/js-cookie/js.cookie.min.js?ver=2.1.4-wc.10.2.2 HTTP/1.1" 200 760 "https://test1.therahuldas.com" "Mozilla/5.0 (Windows NT 10.0; Win64; x64) AppleWebKit/537.36 (KHTML, like Gecko) Chrome/124.0.0.0 Safari/537.36"
184.72.102.8 - - [17/Jun/2026:01:37:32 +0200] "GET /wp-content/plugins/woocommerce/assets/js/frontend/woocommerce.min.js?ver=10.2.2 HTTP/1.1" 200 1275 "https://test1.therahuldas.com" "Mozilla/5.0 (Windows NT 10.0; Win64; x64) AppleWebKit/537.36 (KHTML, like Gecko) Chrome/124.0.0.0 Safari/537.36"
184.72.102.8 - - [17/Jun/2026:01:37:32 +0200] "GET /wp-content/themes/hello-elementor/assets/js/hello-frontend.js?ver=3.4.4 HTTP/1.1" 200 496 "https://test1.therahuldas.com" "Mozilla/5.0 (Windows NT 10.0; Win64; x64) AppleWebKit/537.36 (KHTML, like Gecko) Chrome/124.0.0.0 Safari/537.36"
184.72.102.8 - - [17/Jun/2026:01:37:32 +0200] "GET /wp-content/plugins/elementor/assets/js/webpack.runtime.min.js?ver=3.32.4 HTTP/1.1" 200 2320 "https://test1.therahuldas.com" "Mozilla/5.0 (Windows NT 10.0; Win64; x64) AppleWebKit/537.36 (KHTML, like Gecko) Chrome/124.0.0.0 Safari/537.36"
184.72.102.8 - - [17/Jun/2026:01:37:32 +0200] "GET /wp-content/plugins/jeg-elementor-kit/assets/js/elements/sticky-element.js?ver=3.0.1 HTTP/1.1" 200 1477 "https://test1.therahuldas.com" "Mozilla/5.0 (Windows NT 10.0; Win64; x64) AppleWebKit/537.36 (KHTML, like Gecko) Chrome/124.0.0.0 Safari/537.36"
97.74.88.143 - - [17/Jun/2026:01:52:28 +0200] "GET /wp-login.php HTTP/2" 200 974 "-" "Mozilla/5.0 (X11; Ubuntu; Linux x86_64) AppleWebKit/537.36 (KHTML, like Gecko) Chrome/133.0.0.0 Safari/537.36"
97.74.88.143 - - [17/Jun/2026:01:52:29 +0200] "POST /wp-login.php HTTP/2" 200 974 "https://test1.therahuldas.com/wp-login.php" "Mozilla/5.0 (X11; Ubuntu; Linux x86_64) AppleWebKit/537.36 (KHTML, like Gecko) Chrome/133.0.0.0 Safari/537.36"
104.43.50.80 - - [17/Jun/2026:02:07:02 +0200] "GET /wp-login.php HTTP/2" 200 974 "-" "Mozilla/5.0 (Windows NT 10.0; Win64; x64) AppleWebKit/537.36 (KHTML, like Gecko) Chrome/120.0.0.0 Safari/537.36"
88.116.162.103 - - [17/Jun/2026:02:08:41 +0200] "GET /wp-login.php HTTP/2" 200 974 "-" "Mozilla/5.0 (Windows NT 10.0) AppleWebKit/537.36 (KHTML, like Gecko) Chrome/133.0.0.0 Safari/537.36"
88.116.162.103 - - [17/Jun/2026:02:08:42 +0200] "POST /wp-login.php HTTP/2" 200 974 "https://test1.therahuldas.com/wp-login.php" "Mozilla/5.0 (Windows NT 10.0) AppleWebKit/537.36 (KHTML, like Gecko) Chrome/133.0.0.0 Safari/537.36"
157.66.47.86 - - [17/Jun/2026:02:18:46 +0200] "GET /wp-login.php HTTP/2" 200 974 "-" "Mozilla/5.0 (X11; Ubuntu; Linux x86_64) AppleWebKit/537.36 (KHTML, like Gecko) Chrome/133.0.0.0 Safari/537.36"
157.66.47.86 - - [17/Jun/2026:02:18:46 +0200] "POST /wp-login.php HTTP/2" 200 974 "https://test1.therahuldas.com/wp-login.php" "Mozilla/5.0 (X11; Ubuntu; Linux x86_64) AppleWebKit/537.36 (KHTML, like Gecko) Chrome/133.0.0.0 Safari/537.36"
67.20.76.238 - - [17/Jun/2026:02:40:12 +0200] "GET /wp-login.php HTTP/2" 200 974 "-" "Mozilla/5.0 (Windows NT 10.0; Win64; x64) AppleWebKit/537.36 (KHTML, like Gecko) Chrome/120.0.0.0 Safari/537.36"
217.160.212.27 - - [17/Jun/2026:02:39:18 +0200] "GET /wp-login.php HTTP/2" 200 974 "-" "Mozilla/5.0 (Macintosh; Intel Mac OS X 14_7_4) AppleWebKit/537.36 (KHTML, like Gecko) Chrome/133.0.0.0 Safari/537.36"
217.160.212.27 - - [17/Jun/2026:02:39:18 +0200] "POST /wp-login.php HTTP/2" 200 974 "https://test1.therahuldas.com/wp-login.php" "Mozilla/5.0 (Macintosh; Intel Mac OS X 14_7_4) AppleWebKit/537.36 (KHTML, like Gecko) Chrome/133.0.0.0 Safari/537.36"
97.74.88.143 - - [17/Jun/2026:02:25:53 +0200] "GET /wp-login.php HTTP/2" 200 974 "-" "Mozilla/5.0 (X11; Linux x86_64) AppleWebKit/537.36 (KHTML, like Gecko) Chrome/133.0.0.0 Safari/537.36 Edg/133.0.0.0"
97.74.88.143 - - [17/Jun/2026:02:25:53 +0200] "POST /wp-login.php HTTP/2" 200 974 "https://test1.therahuldas.com/wp-login.php" "Mozilla/5.0 (X11; Linux x86_64) AppleWebKit/537.36 (KHTML, like Gecko) Chrome/133.0.0.0 Safari/537.36 Edg/133.0.0.0"
104.155.29.73 - - [17/Jun/2026:02:34:03 +0200] "GET /wp-login.php HTTP/2" 200 974 "-" "Mozilla/5.0 (Macintosh; Intel Mac OS X 10_15_7) AppleWebKit/537.36 (KHTML, like Gecko) Chrome/133.0.0.0 Safari/537.36 Edg/133.0.0.0"
104.155.29.73 - - [17/Jun/2026:02:34:03 +0200] "POST /wp-login.php HTTP/2" 200 974 "https://test1.therahuldas.com/wp-login.php" "Mozilla/5.0 (Macintosh; Intel Mac OS X 10_15_7) AppleWebKit/537.36 (KHTML, like Gecko) Chrome/133.0.0.0 Safari/537.36 Edg/133.0.0.0"
65.21.228.101 - - [17/Jun/2026:02:40:18 +0200] "POST /wp-cron.php?doing_wp_cron=1781656818.5219709873199462890625 HTTP/1.1" 200 0 "-" "WordPress/7.0; https://test1.therahuldas.com"
100.48.101.70 - - [17/Jun/2026:02:40:17 +0200] "GET / HTTP/1.1" 301 0 "-" "Mozilla/5.0 (Windows NT 10.0; Win64; x64) AppleWebKit/537.36 (KHTML, like Gecko) Chrome/124.0.0.0 Safari/537.36"
100.48.101.70 - - [17/Jun/2026:02:40:22 +0200] "GET / HTTP/1.1" 301 0 "-" "Mozilla/5.0 (Windows NT 10.0; Win64; x64) AppleWebKit/537.36 (KHTML, like Gecko) Chrome/124.0.0.0 Safari/537.36"
67.20.76.166 - - [17/Jun/2026:02:40:49 +0200] "GET /wp-login.php HTTP/2" 200 974 "-" "Mozilla/5.0 (Windows NT 10.0; Win64; x64) AppleWebKit/537.36 (KHTML, like Gecko) Chrome/120.0.0.0 Safari/537.36"
103.166.184.148 - - [17/Jun/2026:02:42:39 +0200] "GET /wp-login.php HTTP/2" 200 974 "-" "Mozilla/5.0 (Windows NT 10.0; Win64; x64) AppleWebKit/537.36 (KHTML, like Gecko) Chrome/133.0.0.0 Safari/537.36 Edg/133.0.0.0"
103.166.184.148 - - [17/Jun/2026:02:42:39 +0200] "POST /wp-login.php HTTP/2" 200 974 "https://test1.therahuldas.com/wp-login.php" "Mozilla/5.0 (Windows NT 10.0; Win64; x64) AppleWebKit/537.36 (KHTML, like Gecko) Chrome/133.0.0.0 Safari/537.36 Edg/133.0.0.0"
178.62.89.9 - - [17/Jun/2026:02:59:15 +0200] "GET /wp-login.php HTTP/2" 200 974 "-" "Mozilla/5.0 (Windows NT 10.0; WOW64) AppleWebKit/537.36 (KHTML, like Gecko) Chrome/133.0.0.0 Safari/537.36"
178.62.89.9 - - [17/Jun/2026:02:59:16 +0200] "POST /wp-login.php HTTP/2" 200 974 "https://test1.therahuldas.com/wp-login.php" "Mozilla/5.0 (Windows NT 10.0; WOW64) AppleWebKit/537.36 (KHTML, like Gecko) Chrome/133.0.0.0 Safari/537.36"
74.7.241.145 - - [17/Jun/2026:03:09:54 +0200] "GET /robots.txt HTTP/2" 200 108 "-" "Mozilla/5.0 (Macintosh; Intel Mac OS X 10_15_7) AppleWebKit/537.36 (KHTML, like Gecko) Chrome/131.0.0.0 Safari/537.36; compatible; OAI-SearchBot/1.4; robots.txt; +https://openai.com/searchbot"
103.90.224.22 - - [17/Jun/2026:03:21:48 +0200] "GET /wp-login.php HTTP/2" 200 974 "-" "Mozilla/5.0 (Windows NT 10.0; Win64; x64) AppleWebKit/537.36 (KHTML, like Gecko) Chrome/120.0.0.0 Safari/537.36"
65.21.228.101 - - [17/Jun/2026:03:26:55 +0200] "POST /wp-cron.php?doing_wp_cron=1781659615.1561310291290283203125 HTTP/1.1" 200 0 "-" "WordPress/7.0; https://test1.therahuldas.com"
139.59.184.99 - - [17/Jun/2026:03:31:53 +0200] "GET /wp-login.php HTTP/2" 200 974 "-" "Mozilla/5.0 (Windows NT 10.0; Win64; x64) AppleWebKit/537.36 (KHTML, like Gecko) Chrome/120.0.0.0 Safari/537.36"
159.203.57.110 - - [17/Jun/2026:03:42:09 +0200] "GET /wp-login.php HTTP/2" 200 974 "-" "Mozilla/5.0 (Windows NT 10.0; WOW64) AppleWebKit/537.36 (KHTML, like Gecko) Chrome/133.0.0.0 Safari/537.36"
159.203.57.110 - - [17/Jun/2026:03:42:09 +0200] "POST /wp-login.php HTTP/2" 200 974 "https://test1.therahuldas.com/wp-login.php" "Mozilla/5.0 (Windows NT 10.0; WOW64) AppleWebKit/537.36 (KHTML, like Gecko) Chrome/133.0.0.0 Safari/537.36"
185.55.229.75 - - [17/Jun/2026:03:48:51 +0200] "GET /wp-login.php HTTP/2" 200 974 "-" "Mozilla/5.0 (Windows NT 10.0; Win64; x64) AppleWebKit/537.36 (KHTML, like Gecko) Chrome/133.0.0.0 Safari/537.36"
185.55.229.75 - - [17/Jun/2026:03:48:52 +0200] "POST /wp-login.php HTTP/2" 200 974 "https://test1.therahuldas.com/wp-login.php" "Mozilla/5.0 (Windows NT 10.0; Win64; x64) AppleWebKit/537.36 (KHTML, like Gecko) Chrome/133.0.0.0 Safari/537.36"
104.37.86.14 - - [17/Jun/2026:03:32:38 +0200] "GET /wp-login.php HTTP/2" 200 974 "-" "Mozilla/5.0 (X11; Linux x86_64) AppleWebKit/537.36 (KHTML, like Gecko) Chrome/133.0.0.0 Safari/537.36"
104.37.86.14 - - [17/Jun/2026:03:32:39 +0200] "POST /wp-login.php HTTP/2" 200 974 "https://test1.therahuldas.com/wp-login.php" "Mozilla/5.0 (X11; Linux x86_64) AppleWebKit/537.36 (KHTML, like Gecko) Chrome/133.0.0.0 Safari/537.36"
103.82.21.169 - - [17/Jun/2026:04:06:10 +0200] "GET /wp-login.php HTTP/2" 200 974 "-" "Mozilla/5.0 (Windows NT 10.0; Win64; x64) AppleWebKit/537.36 (KHTML, like Gecko) Chrome/120.0.0.0 Safari/537.36"
65.21.228.101 - - [17/Jun/2026:04:08:51 +0200] "POST /wp-cron.php?doing_wp_cron=1781662131.4253139495849609375000 HTTP/1.1" 200 0 "-" "WordPress/7.0; https://test1.therahuldas.com"
87.106.70.198 - - [17/Jun/2026:04:26:48 +0200] "GET /wp-login.php HTTP/2" 200 974 "-" "Mozilla/5.0 (Macintosh; Intel Mac OS X 11_7_10) AppleWebKit/537.36 (KHTML, like Gecko) Chrome/133.0.0.0 Safari/537.36"
87.106.70.198 - - [17/Jun/2026:04:26:48 +0200] "POST /wp-login.php HTTP/2" 200 974 "https://test1.therahuldas.com/wp-login.php" "Mozilla/5.0 (Macintosh; Intel Mac OS X 11_7_10) AppleWebKit/537.36 (KHTML, like Gecko) Chrome/133.0.0.0 Safari/537.36"
65.21.228.101 - - [17/Jun/2026:04:27:10 +0200] "POST /wp-cron.php?doing_wp_cron=1781663230.0617818832397460937500 HTTP/1.1" 200 0 "-" "WordPress/7.0; https://test1.therahuldas.com"
97.74.87.194 - - [17/Jun/2026:04:29:18 +0200] "GET /wp-login.php HTTP/2" 200 974 "-" "Mozilla/5.0 (Windows NT 10.0; Win64; x64) AppleWebKit/537.36 (KHTML, like Gecko) Chrome/120.0.0.0 Safari/537.36"
87.106.70.198 - wpcore [17/Jun/2026:04:27:09 +0200] "GET /wp-json/wp/v2/users/me HTTP/2" 401 81 "-" "Mozilla/5.0 (Macintosh; Intel Mac OS X 11_7_10) AppleWebKit/537.36 (KHTML, like Gecko) Chrome/133.0.0.0 Safari/537.36"
13.219.121.241 - - [17/Jun/2026:04:33:40 +0200] "GET / HTTP/1.1" 301 0 "-" "RecordedFuture Global Inventory Crawler"
54.86.115.253 - - [17/Jun/2026:04:34:06 +0200] "GET / HTTP/1.1" 200 27624 "https://65.21.228.101:443" "RecordedFuture Global Inventory Crawler"
65.21.228.101 - - [17/Jun/2026:04:33:41 +0200] "POST /wp-cron.php?doing_wp_cron=1781663621.4030690193176269531250 HTTP/1.1" 200 0 "-" "WordPress/7.0; https://test1.therahuldas.com"
65.21.228.101 - - [17/Jun/2026:04:38:18 +0200] "POST /wp-cron.php?doing_wp_cron=1781663898.5939829349517822265625 HTTP/1.1" 200 0 "-" "WordPress/7.0; https://test1.therahuldas.com"
91.146.102.43 - wpcore [17/Jun/2026:04:38:17 +0200] "GET /wp-json/wp/v2/users/me HTTP/2" 401 81 "-" "Mozilla/5.0 (X11; Fedora; Linux x86_64) AppleWebKit/537.36 (KHTML, like Gecko) Chrome/133.0.0.0 Safari/537.36"
185.31.65.66 - - [17/Jun/2026:04:48:13 +0200] "GET /wp-login.php HTTP/2" 200 974 "-" "Mozilla/5.0 (Windows NT 10.0; Win64; x64; rv:133.0) Gecko/20100101 Firefox/133.0"
185.31.65.66 - - [17/Jun/2026:04:48:13 +0200] "POST /wp-login.php HTTP/2" 200 974 "https://test1.therahuldas.com/wp-login.php" "Mozilla/5.0 (Windows NT 10.0; Win64; x64; rv:133.0) Gecko/20100101 Firefox/133.0"
103.28.36.205 - - [17/Jun/2026:04:40:38 +0200] "GET /wp-login.php HTTP/2" 200 974 "-" "Mozilla/5.0 (Macintosh; Intel Mac OS X 10_15_7) AppleWebKit/605.1.15 (KHTML, like Gecko) Version/18.3 Safari/605.1.15"
103.28.36.205 - - [17/Jun/2026:04:40:39 +0200] "POST /wp-login.php HTTP/2" 200 974 "https://test1.therahuldas.com/wp-login.php" "Mozilla/5.0 (Macintosh; Intel Mac OS X 10_15_7) AppleWebKit/605.1.15 (KHTML, like Gecko) Version/18.3 Safari/605.1.15"
35.229.206.236 - - [17/Jun/2026:04:48:49 +0200] "GET /wp-login.php HTTP/2" 200 974 "-" "Mozilla/5.0 (Windows NT 10.0; WOW64) AppleWebKit/537.36 (KHTML, like Gecko) Chrome/133.0.0.0 Safari/537.36"
35.229.206.236 - - [17/Jun/2026:04:48:49 +0200] "POST /wp-login.php HTTP/2" 200 974 "https://test1.therahuldas.com/wp-login.php" "Mozilla/5.0 (Windows NT 10.0; WOW64) AppleWebKit/537.36 (KHTML, like Gecko) Chrome/133.0.0.0 Safari/537.36"
97.74.88.143 - - [17/Jun/2026:05:10:59 +0200] "GET /wp-login.php HTTP/2" 200 974 "-" "Mozilla/5.0 (Windows NT 10.0; Win64; x64) AppleWebKit/537.36 (KHTML, like Gecko) Chrome/133.0.0.0 Safari/537.36 Edg/133.0.0.0"
97.74.88.143 - - [17/Jun/2026:05:11:00 +0200] "POST /wp-login.php HTTP/2" 200 974 "https://test1.therahuldas.com/wp-login.php" "Mozilla/5.0 (Windows NT 10.0; Win64; x64) AppleWebKit/537.36 (KHTML, like Gecko) Chrome/133.0.0.0 Safari/537.36 Edg/133.0.0.0"
103.143.207.18 - - [17/Jun/2026:05:12:50 +0200] "GET /wp-login.php HTTP/2" 200 974 "-" "Mozilla/5.0 (Macintosh; Intel Mac OS X 14_7_4) AppleWebKit/537.36 (KHTML, like Gecko) Chrome/133.0.0.0 Safari/537.36"
103.143.207.18 - - [17/Jun/2026:05:13:00 +0200] "POST /wp-login.php HTTP/2" 200 974 "https://test1.therahuldas.com/wp-login.php" "Mozilla/5.0 (Macintosh; Intel Mac OS X 14_7_4) AppleWebKit/537.36 (KHTML, like Gecko) Chrome/133.0.0.0 Safari/537.36"
51.210.146.129 - - [17/Jun/2026:05:17:08 +0200] "GET /wp-login.php HTTP/2" 200 974 "-" "Mozilla/5.0 (Windows NT 10.0; Win64; x64) AppleWebKit/537.36 (KHTML, like Gecko) Chrome/120.0.0.0 Safari/537.36"
208.97.187.39 - - [17/Jun/2026:05:22:28 +0200] "GET /wp-login.php HTTP/2" 200 974 "-" "Mozilla/5.0 (Macintosh; Intel Mac OS X 14_7_4) AppleWebKit/537.36 (KHTML, like Gecko) Chrome/133.0.0.0 Safari/537.36"
208.97.187.39 - - [17/Jun/2026:05:22:29 +0200] "POST /wp-login.php HTTP/2" 200 974 "https://test1.therahuldas.com/wp-login.php" "Mozilla/5.0 (Macintosh; Intel Mac OS X 14_7_4) AppleWebKit/537.36 (KHTML, like Gecko) Chrome/133.0.0.0 Safari/537.36"
5.223.57.143 - - [17/Jun/2026:05:29:01 +0200] "GET /wp-login.php HTTP/2" 200 974 "-" "Mozilla/5.0 (X11; CrOS x86_64 14541.0.0) AppleWebKit/537.36 (KHTML, like Gecko) Chrome/133.0.0.0 Safari/537.36"
5.223.57.143 - - [17/Jun/2026:05:29:02 +0200] "POST /wp-login.php HTTP/2" 200 974 "https://test1.therahuldas.com/wp-login.php" "Mozilla/5.0 (X11; CrOS x86_64 14541.0.0) AppleWebKit/537.36 (KHTML, like Gecko) Chrome/133.0.0.0 Safari/537.36"
104.155.29.73 - - [17/Jun/2026:05:53:30 +0200] "GET /wp-login.php HTTP/2" 200 974 "-" "Mozilla/5.0 (Windows NT 10.0; Win64; x64) AppleWebKit/537.36 (KHTML, like Gecko) Chrome/133.0.0.0 Safari/537.36"
104.155.29.73 - - [17/Jun/2026:05:53:30 +0200] "POST /wp-login.php HTTP/2" 200 974 "https://test1.therahuldas.com/wp-login.php" "Mozilla/5.0 (Windows NT 10.0; Win64; x64) AppleWebKit/537.36 (KHTML, like Gecko) Chrome/133.0.0.0 Safari/537.36"
82.223.5.196 - - [17/Jun/2026:06:03:26 +0200] "GET /wp-login.php HTTP/2" 200 974 "-" "Mozilla/5.0 (Macintosh; Intel Mac OS X 10_15_7) AppleWebKit/537.36 (KHTML, like Gecko) Chrome/133.0.0.0 Safari/537.36"
82.223.5.196 - - [17/Jun/2026:06:03:27 +0200] "POST /wp-login.php HTTP/2" 200 974 "https://test1.therahuldas.com/wp-login.php" "Mozilla/5.0 (Macintosh; Intel Mac OS X 10_15_7) AppleWebKit/537.36 (KHTML, like Gecko) Chrome/133.0.0.0 Safari/537.36"
54.247.19.142 - - [17/Jun/2026:06:10:29 +0200] "GET /wp-login.php HTTP/2" 200 974 "-" "Mozilla/5.0 (Windows NT 10.0; Win64; x64) AppleWebKit/537.36 (KHTML, like Gecko) Chrome/133.0.0.0 Safari/537.36"
54.247.19.142 - - [17/Jun/2026:06:10:29 +0200] "POST /wp-login.php HTTP/2" 200 974 "https://test1.therahuldas.com/wp-login.php" "Mozilla/5.0 (Windows NT 10.0; Win64; x64) AppleWebKit/537.36 (KHTML, like Gecko) Chrome/133.0.0.0 Safari/537.36"
167.99.197.34 - - [17/Jun/2026:06:17:19 +0200] "GET /wp-login.php HTTP/2" 200 974 "-" "Mozilla/5.0 (Windows NT 10.0; Win64; x64) AppleWebKit/537.36 (KHTML, like Gecko) Chrome/133.0.0.0 Safari/537.36 Edg/133.0.0.0"
167.99.197.34 - - [17/Jun/2026:06:17:19 +0200] "POST /wp-login.php HTTP/2" 200 974 "https://test1.therahuldas.com/wp-login.php" "Mozilla/5.0 (Windows NT 10.0; Win64; x64) AppleWebKit/537.36 (KHTML, like Gecko) Chrome/133.0.0.0 Safari/537.36 Edg/133.0.0.0"
154.127.86.8 - - [17/Jun/2026:06:18:56 +0200] "GET /wp-login.php HTTP/2" 200 974 "-" "Mozilla/5.0 (X11; Ubuntu; Linux x86_64) AppleWebKit/537.36 (KHTML, like Gecko) Chrome/133.0.0.0 Safari/537.36"
154.127.86.8 - - [17/Jun/2026:06:18:56 +0200] "POST /wp-login.php HTTP/2" 200 974 "https://test1.therahuldas.com/wp-login.php" "Mozilla/5.0 (X11; Ubuntu; Linux x86_64) AppleWebKit/537.36 (KHTML, like Gecko) Chrome/133.0.0.0 Safari/537.36"
116.203.220.114 - - [17/Jun/2026:06:28:54 +0200] "GET /wp-login.php HTTP/2" 200 974 "-" "Mozilla/5.0 (Macintosh; Intel Mac OS X 14_7_4) AppleWebKit/537.36 (KHTML, like Gecko) Chrome/133.0.0.0 Safari/537.36"
116.203.220.114 - - [17/Jun/2026:06:29:00 +0200] "POST /wp-login.php HTTP/2" 200 974 "https://test1.therahuldas.com/wp-login.php" "Mozilla/5.0 (Macintosh; Intel Mac OS X 14_7_4) AppleWebKit/537.36 (KHTML, like Gecko) Chrome/133.0.0.0 Safari/537.36"
65.21.228.101 - - [17/Jun/2026:06:31:36 +0200] "POST /wp-cron.php?doing_wp_cron=1781670696.4394149780273437500000 HTTP/1.1" 200 0 "-" "WordPress/7.0; https://test1.therahuldas.com"
78.128.43.246 - - [17/Jun/2026:06:34:37 +0200] "GET /wp-login.php HTTP/2" 200 974 "-" "Mozilla/5.0 (Windows NT 10.0) AppleWebKit/537.36 (KHTML, like Gecko) Chrome/133.0.0.0 Safari/537.36"
78.128.43.246 - - [17/Jun/2026:06:34:37 +0200] "POST /wp-login.php HTTP/2" 200 974 "https://test1.therahuldas.com/wp-login.php" "Mozilla/5.0 (Windows NT 10.0) AppleWebKit/537.36 (KHTML, like Gecko) Chrome/133.0.0.0 Safari/537.36"
65.21.228.101 - - [17/Jun/2026:06:27:34 +0200] "POST /wp-cron.php?doing_wp_cron=1781670454.4442350864410400390625 HTTP/1.1" 200 0 "-" "WordPress/7.0; https://test1.therahuldas.com"
65.21.228.101 - - [17/Jun/2026:06:34:47 +0200] "POST /wp-cron.php?doing_wp_cron=1781670887.5023589134216308593750 HTTP/1.1" 200 0 "-" "WordPress/7.0; https://test1.therahuldas.com"
87.106.67.224 - - [17/Jun/2026:06:27:10 +0200] "GET /wp-login.php HTTP/2" 200 974 "-" "Mozilla/5.0 (Macintosh; Intel Mac OS X 11_7_10) AppleWebKit/537.36 (KHTML, like Gecko) Chrome/133.0.0.0 Safari/537.36"
87.106.67.224 - - [17/Jun/2026:06:27:11 +0200] "POST /wp-login.php HTTP/2" 200 974 "https://test1.therahuldas.com/wp-login.php" "Mozilla/5.0 (Macintosh; Intel Mac OS X 11_7_10) AppleWebKit/537.36 (KHTML, like Gecko) Chrome/133.0.0.0 Safari/537.36"
65.21.228.101 - - [17/Jun/2026:06:30:38 +0200] "POST /wp-cron.php?doing_wp_cron=1781670638.4255490303039550781250 HTTP/1.1" 200 0 "-" "WordPress/7.0; https://test1.therahuldas.com"
87.106.67.224 - ecom [17/Jun/2026:06:27:33 +0200] "GET /wp-json/wp/v2/users/me HTTP/2" 401 81 "-" "Mozilla/5.0 (Macintosh; Intel Mac OS X 11_7_10) AppleWebKit/537.36 (KHTML, like Gecko) Chrome/133.0.0.0 Safari/537.36"
65.21.228.101 - - [17/Jun/2026:06:32:35 +0200] "POST /wp-cron.php?doing_wp_cron=1781670755.1161949634552001953125 HTTP/1.1" 200 0 "-" "WordPress/7.0; https://test1.therahuldas.com"
65.21.228.101 - - [17/Jun/2026:06:43:36 +0200] "POST /wp-cron.php?doing_wp_cron=1781671416.5247290134429931640625 HTTP/1.1" 200 0 "-" "WordPress/7.0; https://test1.therahuldas.com"
65.21.228.101 - - [17/Jun/2026:06:54:36 +0200] "POST /wp-cron.php?doing_wp_cron=1781672076.2241981029510498046875 HTTP/1.1" 200 0 "-" "WordPress/7.0; https://test1.therahuldas.com"
65.21.228.101 - - [17/Jun/2026:06:41:10 +0200] "POST /wp-cron.php?doing_wp_cron=1781671270.3167541027069091796875 HTTP/1.1" 200 0 "-" "WordPress/7.0; https://test1.therahuldas.com"
65.21.228.101 - - [17/Jun/2026:06:49:36 +0200] "POST /wp-cron.php?doing_wp_cron=1781671776.0253849029541015625000 HTTP/1.1" 200 0 "-" "WordPress/7.0; https://test1.therahuldas.com"
65.21.228.101 - - [17/Jun/2026:06:48:35 +0200] "POST /wp-cron.php?doing_wp_cron=1781671715.0175230503082275390625 HTTP/1.1" 200 0 "-" "WordPress/7.0; https://test1.therahuldas.com"
65.21.228.101 - - [17/Jun/2026:06:56:38 +0200] "POST /wp-cron.php?doing_wp_cron=1781672198.3057579994201660156250 HTTP/1.1" 200 0 "-" "WordPress/7.0; https://test1.therahuldas.com"
103.208.218.164 - - [17/Jun/2026:06:43:00 +0200] "GET /wp-login.php HTTP/2" 200 974 "-" "Mozilla/5.0 (X11; Linux x86_64; rv:133.0) Gecko/20100101 Firefox/133.0"
103.208.218.164 - - [17/Jun/2026:06:43:01 +0200] "POST /wp-login.php HTTP/2" 200 974 "https://test1.therahuldas.com/wp-login.php" "Mozilla/5.0 (X11; Linux x86_64; rv:133.0) Gecko/20100101 Firefox/133.0"
65.21.228.101 - - [17/Jun/2026:06:50:35 +0200] "POST /wp-cron.php?doing_wp_cron=1781671835.6156620979309082031250 HTTP/1.1" 200 0 "-" "WordPress/7.0; https://test1.therahuldas.com"
207.154.203.122 - - [17/Jun/2026:06:50:55 +0200] "GET /wp-login.php HTTP/2" 200 974 "-" "Mozilla/5.0 (Windows NT 10.0; Win64; x64) AppleWebKit/537.36 (KHTML, like Gecko) Chrome/133.0.0.0 Safari/537.36 Edg/133.0.0.0"
207.154.203.122 - - [17/Jun/2026:06:50:55 +0200] "POST /wp-login.php HTTP/2" 200 974 "https://test1.therahuldas.com/wp-login.php" "Mozilla/5.0 (Windows NT 10.0; Win64; x64) AppleWebKit/537.36 (KHTML, like Gecko) Chrome/133.0.0.0 Safari/537.36 Edg/133.0.0.0"
65.21.228.101 - - [17/Jun/2026:06:52:35 +0200] "POST /wp-cron.php?doing_wp_cron=1781671955.8318650722503662109375 HTTP/1.1" 200 0 "-" "WordPress/7.0; https://test1.therahuldas.com"
65.21.228.101 - - [17/Jun/2026:06:55:37 +0200] "POST /wp-cron.php?doing_wp_cron=1781672137.0297749042510986328125 HTTP/1.1" 200 0 "-" "WordPress/7.0; https://test1.therahuldas.com"
65.21.228.101 - - [17/Jun/2026:06:43:14 +0200] "POST /wp-cron.php?doing_wp_cron=1781671394.0338571071624755859375 HTTP/1.1" 200 0 "-" "WordPress/7.0; https://test1.therahuldas.com"
65.21.228.101 - - [17/Jun/2026:06:44:35 +0200] "POST /wp-cron.php?doing_wp_cron=1781671475.6139180660247802734375 HTTP/1.1" 200 0 "-" "WordPress/7.0; https://test1.therahuldas.com"
65.21.228.101 - - [17/Jun/2026:06:51:36 +0200] "POST /wp-cron.php?doing_wp_cron=1781671896.1140890121459960937500 HTTP/1.1" 200 0 "-" "WordPress/7.0; https://test1.therahuldas.com"
65.21.228.101 - - [17/Jun/2026:06:53:50 +0200] "POST /wp-cron.php?doing_wp_cron=1781672030.3136379718780517578125 HTTP/1.1" 200 0 "-" "WordPress/7.0; https://test1.therahuldas.com"
65.21.228.101 - - [17/Jun/2026:06:45:46 +0200] "POST /wp-cron.php?doing_wp_cron=1781671546.2155408859252929687500 HTTP/1.1" 200 0 "-" "WordPress/7.0; https://test1.therahuldas.com"
65.21.228.101 - - [17/Jun/2026:06:53:39 +0200] "POST /wp-cron.php?doing_wp_cron=1781672019.1029639244079589843750 HTTP/1.1" 200 0 "-" "WordPress/7.0; https://test1.therahuldas.com"
65.21.228.101 - - [17/Jun/2026:06:56:44 +0200] "POST /wp-cron.php?doing_wp_cron=1781672204.1079430580139160156250 HTTP/1.1" 200 0 "-" "WordPress/7.0; https://test1.therahuldas.com"
65.21.228.101 - - [17/Jun/2026:06:46:35 +0200] "POST /wp-cron.php?doing_wp_cron=1781671595.5132799148559570312500 HTTP/1.1" 200 0 "-" "WordPress/7.0; https://test1.therahuldas.com"
65.21.228.101 - - [17/Jun/2026:06:47:36 +0200] "POST /wp-cron.php?doing_wp_cron=1781671656.8311541080474853515625 HTTP/1.1" 200 0 "-" "WordPress/7.0; https://test1.therahuldas.com"
116.202.213.58 - - [17/Jun/2026:06:50:35 +0200] "GET /wp-login.php HTTP/2" 200 974 "-" "Mozilla/5.0 (X11; Linux x86_64) AppleWebKit/537.36 (KHTML, like Gecko) Chrome/133.0.0.0 Safari/537.36 Edg/133.0.0.0"
116.202.213.58 - - [17/Jun/2026:06:50:41 +0200] "POST /wp-login.php HTTP/2" 200 974 "https://test1.therahuldas.com/wp-login.php" "Mozilla/5.0 (X11; Linux x86_64) AppleWebKit/537.36 (KHTML, like Gecko) Chrome/133.0.0.0 Safari/537.36 Edg/133.0.0.0"
65.21.228.101 - - [17/Jun/2026:07:03:40 +0200] "POST /wp-cron.php?doing_wp_cron=1781672620.0194089412689208984375 HTTP/1.1" 200 0 "-" "WordPress/7.0; https://test1.therahuldas.com"
167.71.227.158 - - [17/Jun/2026:06:59:04 +0200] "GET /wp-login.php HTTP/2" 200 974 "-" "Mozilla/5.0 (Macintosh; Intel Mac OS X 10_15_7) AppleWebKit/537.36 (KHTML, like Gecko) Chrome/133.0.0.0 Safari/537.36 Edg/133.0.0.0"
167.71.227.158 - - [17/Jun/2026:06:59:05 +0200] "POST /wp-login.php HTTP/2" 200 974 "https://test1.therahuldas.com/wp-login.php" "Mozilla/5.0 (Macintosh; Intel Mac OS X 10_15_7) AppleWebKit/537.36 (KHTML, like Gecko) Chrome/133.0.0.0 Safari/537.36 Edg/133.0.0.0"
65.21.228.101 - - [17/Jun/2026:07:05:03 +0200] "POST /wp-cron.php?doing_wp_cron=1781672703.6538169384002685546875 HTTP/1.1" 200 0 "-" "WordPress/7.0; https://test1.therahuldas.com"
65.21.228.101 - - [17/Jun/2026:07:05:42 +0200] "POST /wp-cron.php?doing_wp_cron=1781672742.0054519176483154296875 HTTP/1.1" 200 0 "-" "WordPress/7.0; https://test1.therahuldas.com"
65.21.228.101 - - [17/Jun/2026:07:12:24 +0200] "POST /wp-cron.php?doing_wp_cron=1781673144.7667651176452636718750 HTTP/1.1" 200 0 "-" "WordPress/7.0; https://test1.therahuldas.com"
65.21.228.101 - - [17/Jun/2026:07:14:18 +0200] "POST /wp-cron.php?doing_wp_cron=1781673258.0728991031646728515625 HTTP/1.1" 200 0 "-" "WordPress/7.0; https://test1.therahuldas.com"
65.21.228.101 - - [17/Jun/2026:07:12:42 +0200] "POST /wp-cron.php?doing_wp_cron=1781673162.8110489845275878906250 HTTP/1.1" 200 0 "-" "WordPress/7.0; https://test1.therahuldas.com"
203.172.89.21 - - [17/Jun/2026:07:06:33 +0200] "GET /wp-login.php HTTP/2" 200 974 "-" "Mozilla/5.0 (Windows NT 10.0; Win64; x64) AppleWebKit/537.36 (KHTML, like Gecko) Chrome/120.0.0.0 Safari/537.36"
65.21.228.101 - - [17/Jun/2026:07:14:38 +0200] "POST /wp-cron.php?doing_wp_cron=1781673278.4941649436950683593750 HTTP/1.1" 200 0 "-" "WordPress/7.0; https://test1.therahuldas.com"
65.21.228.101 - - [17/Jun/2026:07:20:30 +0200] "POST /wp-cron.php?doing_wp_cron=1781673630.9019329547882080078125 HTTP/1.1" 200 0 "-" "WordPress/7.0; https://test1.therahuldas.com"
65.21.228.101 - - [17/Jun/2026:07:22:43 +0200] "POST /wp-cron.php?doing_wp_cron=1781673763.7164430618286132812500 HTTP/1.1" 200 0 "-" "WordPress/7.0; https://test1.therahuldas.com"
65.21.228.101 - - [17/Jun/2026:07:15:47 +0200] "POST /wp-cron.php?doing_wp_cron=1781673347.1316199302673339843750 HTTP/1.1" 200 0 "-" "WordPress/7.0; https://test1.therahuldas.com"
192.241.157.226 - wpcore [17/Jun/2026:07:23:15 +0200] "GET /wp-json/wp/v2/users/me HTTP/2" 401 81 "-" "Mozilla/5.0 (Windows NT 10.0; Win64; x64) AppleWebKit/537.36 (KHTML, like Gecko) Chrome/133.0.0.0 Safari/537.36 Edg/133.0.0.0"
97.74.88.143 - - [17/Jun/2026:07:15:00 +0200] "GET /wp-login.php HTTP/2" 200 974 "-" "Mozilla/5.0 (X11; Fedora; Linux x86_64) AppleWebKit/537.36 (KHTML, like Gecko) Chrome/133.0.0.0 Safari/537.36"
97.74.88.143 - - [17/Jun/2026:07:15:00 +0200] "POST /wp-login.php HTTP/2" 200 974 "https://test1.therahuldas.com/wp-login.php" "Mozilla/5.0 (X11; Fedora; Linux x86_64) AppleWebKit/537.36 (KHTML, like Gecko) Chrome/133.0.0.0 Safari/537.36"
65.21.228.101 - - [17/Jun/2026:07:18:40 +0200] "POST /wp-cron.php?doing_wp_cron=1781673520.5106029510498046875000 HTTP/1.1" 200 0 "-" "WordPress/7.0; https://test1.therahuldas.com"
65.21.228.101 - - [17/Jun/2026:07:27:48 +0200] "POST /wp-cron.php?doing_wp_cron=1781674068.6100690364837646484375 HTTP/1.1" 200 0 "-" "WordPress/7.0; https://test1.therahuldas.com"
65.21.228.101 - - [17/Jun/2026:07:25:35 +0200] "POST /wp-cron.php?doing_wp_cron=1781673935.8624660968780517578125 HTTP/1.1" 200 0 "-" "WordPress/7.0; https://test1.therahuldas.com"
65.21.228.101 - - [17/Jun/2026:07:31:36 +0200] "POST /wp-cron.php?doing_wp_cron=1781674296.4874598979949951171875 HTTP/1.1" 200 0 "-" "WordPress/7.0; https://test1.therahuldas.com"
65.21.228.101 - - [17/Jun/2026:07:29:44 +0200] "POST /wp-cron.php?doing_wp_cron=1781674184.3145110607147216796875 HTTP/1.1" 200 0 "-" "WordPress/7.0; https://test1.therahuldas.com"
65.21.228.101 - - [17/Jun/2026:07:26:57 +0200] "POST /wp-cron.php?doing_wp_cron=1781674017.8806130886077880859375 HTTP/1.1" 200 0 "-" "WordPress/7.0; https://test1.therahuldas.com"
65.21.228.101 - - [17/Jun/2026:07:28:36 +0200] "POST /wp-cron.php?doing_wp_cron=1781674116.5266849994659423828125 HTTP/1.1" 200 0 "-" "WordPress/7.0; https://test1.therahuldas.com"
65.21.228.101 - - [17/Jun/2026:07:25:07 +0200] "POST /wp-cron.php?doing_wp_cron=1781673907.8227829933166503906250 HTTP/1.1" 200 0 "-" "WordPress/7.0; https://test1.therahuldas.com"
65.21.228.101 - - [17/Jun/2026:07:31:32 +0200] "POST /wp-cron.php?doing_wp_cron=1781674292.6015479564666748046875 HTTP/1.1" 200 0 "-" "WordPress/7.0; https://test1.therahuldas.com"
65.21.228.101 - - [17/Jun/2026:07:32:49 +0200] "POST /wp-cron.php?doing_wp_cron=1781674369.6990358829498291015625 HTTP/1.1" 200 0 "-" "WordPress/7.0; https://test1.therahuldas.com"
51.77.152.49 - - [17/Jun/2026:07:33:23 +0200] "GET /wp-login.php HTTP/2" 200 974 "-" "Mozilla/5.0 (Macintosh; Intel Mac OS X 14_7_4) AppleWebKit/537.36 (KHTML, like Gecko) Chrome/133.0.0.0 Safari/537.36"
51.77.152.49 - - [17/Jun/2026:07:33:24 +0200] "POST /wp-login.php HTTP/2" 200 0 "https://test1.therahuldas.com/wp-login.php" "Mozilla/5.0 (Macintosh; Intel Mac OS X 14_7_4) AppleWebKit/537.36 (KHTML, like Gecko) Chrome/133.0.0.0 Safari/537.36"
65.21.228.101 - - [17/Jun/2026:07:49:00 +0200] "POST /wp-cron.php?doing_wp_cron=1781675340.9331109523773193359375 HTTP/1.1" 200 0 "-" "WordPress/7.0; https://test1.therahuldas.com"
65.21.228.101 - - [17/Jun/2026:07:33:45 +0200] "POST /wp-cron.php?doing_wp_cron=1781674425.6193449497222900390625 HTTP/1.1" 200 0 "-" "WordPress/7.0; https://test1.therahuldas.com"
65.21.228.101 - - [17/Jun/2026:07:47:36 +0200] "POST /wp-cron.php?doing_wp_cron=1781675256.7287340164184570312500 HTTP/1.1" 200 0 "-" "WordPress/7.0; https://test1.therahuldas.com"
51.77.152.49 - wpcore [17/Jun/2026:07:33:44 +0200] "GET /wp-json/wp/v2/users/me HTTP/2" 401 81 "-" "Mozilla/5.0 (Macintosh; Intel Mac OS X 14_7_4) AppleWebKit/537.36 (KHTML, like Gecko) Chrome/133.0.0.0 Safari/537.36"
65.21.228.101 - - [17/Jun/2026:07:37:58 +0200] "POST /wp-cron.php?doing_wp_cron=1781674678.1206281185150146484375 HTTP/1.1" 200 0 "-" "WordPress/7.0; https://test1.therahuldas.com"
190.92.141.186 - - [17/Jun/2026:07:37:01 +0200] "GET /wp-login.php HTTP/2" 200 974 "-" "Mozilla/5.0 (Windows NT 10.0; Win64; x64) AppleWebKit/537.36 (KHTML, like Gecko) Chrome/120.0.0.0 Safari/537.36"
65.21.228.101 - - [17/Jun/2026:07:51:35 +0200] "POST /wp-cron.php?doing_wp_cron=1781675495.7133390903472900390625 HTTP/1.1" 200 0 "-" "WordPress/7.0; https://test1.therahuldas.com"
65.21.228.101 - - [17/Jun/2026:07:50:55 +0200] "POST /wp-cron.php?doing_wp_cron=1781675455.5327689647674560546875 HTTP/1.1" 200 0 "-" "WordPress/7.0; https://test1.therahuldas.com"
65.21.228.101 - - [17/Jun/2026:07:52:36 +0200] "POST /wp-cron.php?doing_wp_cron=1781675556.7011370658874511718750 HTTP/1.1" 200 0 "-" "WordPress/7.0; https://test1.therahuldas.com"
65.21.228.101 - - [17/Jun/2026:07:53:54 +0200] "POST /wp-cron.php?doing_wp_cron=1781675634.6244099140167236328125 HTTP/1.1" 200 0 "-" "WordPress/7.0; https://test1.therahuldas.com"
65.21.228.101 - - [17/Jun/2026:08:00:11 +0200] "POST /wp-cron.php?doing_wp_cron=1781676011.2738020420074462890625 HTTP/1.1" 200 0 "-" "WordPress/7.0; https://test1.therahuldas.com"
65.21.228.101 - - [17/Jun/2026:08:00:54 +0200] "POST /wp-cron.php?doing_wp_cron=1781676054.3026399612426757812500 HTTP/1.1" 200 0 "-" "WordPress/7.0; https://test1.therahuldas.com"
65.21.228.101 - - [17/Jun/2026:07:53:36 +0200] "POST /wp-cron.php?doing_wp_cron=1781675616.6985430717468261718750 HTTP/1.1" 200 0 "-" "WordPress/7.0; https://test1.therahuldas.com"
65.21.228.101 - - [17/Jun/2026:07:55:56 +0200] "POST /wp-cron.php?doing_wp_cron=1781675756.1363530158996582031250 HTTP/1.1" 200 0 "-" "WordPress/7.0; https://test1.therahuldas.com"
65.21.228.101 - - [17/Jun/2026:08:05:14 +0200] "POST /wp-cron.php?doing_wp_cron=1781676314.0136530399322509765625 HTTP/1.1" 200 0 "-" "WordPress/7.0; https://test1.therahuldas.com"
65.21.228.101 - - [17/Jun/2026:07:54:38 +0200] "POST /wp-cron.php?doing_wp_cron=1781675678.3165509700775146484375 HTTP/1.1" 200 0 "-" "WordPress/7.0; https://test1.therahuldas.com"
65.21.228.101 - - [17/Jun/2026:08:02:48 +0200] "POST /wp-cron.php?doing_wp_cron=1781676168.0018219947814941406250 HTTP/1.1" 200 0 "-" "WordPress/7.0; https://test1.therahuldas.com"
188.240.191.168 - - [17/Jun/2026:08:03:08 +0200] "GET /wp-login.php HTTP/2" 200 974 "-" "Mozilla/5.0 (Macintosh; Intel Mac OS X 14_7_4) AppleWebKit/537.36 (KHTML, like Gecko) Chrome/133.0.0.0 Safari/537.36"
188.240.191.168 - - [17/Jun/2026:08:03:08 +0200] "POST /wp-login.php HTTP/2" 200 974 "https://test1.therahuldas.com/wp-login.php" "Mozilla/5.0 (Macintosh; Intel Mac OS X 14_7_4) AppleWebKit/537.36 (KHTML, like Gecko) Chrome/133.0.0.0 Safari/537.36"
65.21.228.101 - - [17/Jun/2026:07:55:26 +0200] "POST /wp-cron.php?doing_wp_cron=1781675726.6914179325103759765625 HTTP/1.1" 200 0 "-" "WordPress/7.0; https://test1.therahuldas.com"
65.21.228.101 - - [17/Jun/2026:07:58:47 +0200] "POST /wp-cron.php?doing_wp_cron=1781675927.1342349052429199218750 HTTP/1.1" 200 0 "-" "WordPress/7.0; https://test1.therahuldas.com"
65.21.228.101 - - [17/Jun/2026:08:01:36 +0200] "POST /wp-cron.php?doing_wp_cron=1781676096.1080989837646484375000 HTTP/1.1" 200 0 "-" "WordPress/7.0; https://test1.therahuldas.com"
65.21.228.101 - - [17/Jun/2026:07:56:51 +0200] "POST /wp-cron.php?doing_wp_cron=1781675811.9161949157714843750000 HTTP/1.1" 200 0 "-" "WordPress/7.0; https://test1.therahuldas.com"
65.21.228.101 - - [17/Jun/2026:08:06:40 +0200] "POST /wp-cron.php?doing_wp_cron=1781676399.9984829425811767578125 HTTP/1.1" 200 0 "-" "WordPress/7.0; https://test1.therahuldas.com"
65.21.228.101 - - [17/Jun/2026:08:08:37 +0200] "POST /wp-cron.php?doing_wp_cron=1781676517.4063510894775390625000 HTTP/1.1" 200 0 "-" "WordPress/7.0; https://test1.therahuldas.com"
65.21.228.101 - - [17/Jun/2026:08:15:04 +0200] "POST /wp-cron.php?doing_wp_cron=1781676904.6990730762481689453125 HTTP/1.1" 200 0 "-" "WordPress/7.0; https://test1.therahuldas.com"
65.21.228.101 - - [17/Jun/2026:08:14:09 +0200] "POST /wp-cron.php?doing_wp_cron=1781676849.3450670242309570312500 HTTP/1.1" 200 0 "-" "WordPress/7.0; https://test1.therahuldas.com"
65.21.228.101 - - [17/Jun/2026:08:09:44 +0200] "POST /wp-cron.php?doing_wp_cron=1781676584.4923310279846191406250 HTTP/1.1" 200 0 "-" "WordPress/7.0; https://test1.therahuldas.com"
65.21.228.101 - - [17/Jun/2026:08:19:48 +0200] "POST /wp-cron.php?doing_wp_cron=1781677187.9140870571136474609375 HTTP/1.1" 200 0 "-" "WordPress/7.0; https://test1.therahuldas.com"
65.21.228.101 - - [17/Jun/2026:08:25:24 +0200] "POST /wp-cron.php?doing_wp_cron=1781677524.0113019943237304687500 HTTP/1.1" 200 0 "-" "WordPress/7.0; https://test1.therahuldas.com"
68.183.43.38 - - [17/Jun/2026:08:23:49 +0200] "GET /wp-login.php HTTP/2" 200 974 "-" "Mozilla/5.0 (Windows NT 10.0; Win64; x64) AppleWebKit/537.36 (KHTML, like Gecko) Chrome/133.0.0.0 Safari/537.36 Edg/133.0.0.0"
68.183.43.38 - - [17/Jun/2026:08:23:49 +0200] "POST /wp-login.php HTTP/2" 200 974 "https://test1.therahuldas.com/wp-login.php" "Mozilla/5.0 (Windows NT 10.0; Win64; x64) AppleWebKit/537.36 (KHTML, like Gecko) Chrome/133.0.0.0 Safari/537.36 Edg/133.0.0.0"
46.224.198.211 - - [17/Jun/2026:08:34:14 +0200] "GET /wp-login.php HTTP/2" 200 974 "-" "Mozilla/5.0 (Macintosh; Intel Mac OS X 14_7_4) AppleWebKit/537.36 (KHTML, like Gecko) Chrome/133.0.0.0 Safari/537.36"
46.224.198.211 - - [17/Jun/2026:08:34:14 +0200] "POST /wp-login.php HTTP/2" 200 974 "https://test1.therahuldas.com/wp-login.php" "Mozilla/5.0 (Macintosh; Intel Mac OS X 14_7_4) AppleWebKit/537.36 (KHTML, like Gecko) Chrome/133.0.0.0 Safari/537.36"
65.21.228.101 - - [17/Jun/2026:08:26:39 +0200] "POST /wp-cron.php?doing_wp_cron=1781677599.5310289859771728515625 HTTP/1.1" 200 0 "-" "WordPress/7.0; https://test1.therahuldas.com"
116.203.220.114 - - [17/Jun/2026:08:43:11 +0200] "GET /wp-login.php HTTP/2" 200 974 "-" "Mozilla/5.0 (X11; Ubuntu; Linux x86_64) AppleWebKit/537.36 (KHTML, like Gecko) Chrome/133.0.0.0 Safari/537.36"
116.203.220.114 - - [17/Jun/2026:08:43:11 +0200] "POST /wp-login.php HTTP/2" 200 974 "https://test1.therahuldas.com/wp-login.php" "Mozilla/5.0 (X11; Ubuntu; Linux x86_64) AppleWebKit/537.36 (KHTML, like Gecko) Chrome/133.0.0.0 Safari/537.36"
46.246.47.58 - - [17/Jun/2026:08:53:27 +0200] "GET /wp-login.php HTTP/2" 200 974 "-" "Mozilla/5.0 (Windows NT 10.0; Win64; x64) AppleWebKit/537.36 (KHTML, like Gecko) Chrome/133.0.0.0 Safari/537.36 Edg/133.0.0.0"
46.246.47.58 - - [17/Jun/2026:08:53:30 +0200] "POST /wp-login.php HTTP/2" 200 974 "https://test1.therahuldas.com/wp-login.php" "Mozilla/5.0 (Windows NT 10.0; Win64; x64) AppleWebKit/537.36 (KHTML, like Gecko) Chrome/133.0.0.0 Safari/537.36 Edg/133.0.0.0"
103.208.218.164 - - [17/Jun/2026:09:03:47 +0200] "GET /wp-login.php HTTP/2" 200 974 "-" "Mozilla/5.0 (Macintosh; Intel Mac OS X 14_7_4) AppleWebKit/537.36 (KHTML, like Gecko) Chrome/133.0.0.0 Safari/537.36"
103.208.218.164 - - [17/Jun/2026:09:03:47 +0200] "POST /wp-login.php HTTP/2" 200 974 "https://test1.therahuldas.com/wp-login.php" "Mozilla/5.0 (Macintosh; Intel Mac OS X 14_7_4) AppleWebKit/537.36 (KHTML, like Gecko) Chrome/133.0.0.0 Safari/537.36"
104.37.86.14 - - [17/Jun/2026:09:14:39 +0200] "GET /wp-login.php HTTP/2" 200 974 "-" "Mozilla/5.0 (X11; Ubuntu; Linux x86_64) AppleWebKit/537.36 (KHTML, like Gecko) Chrome/133.0.0.0 Safari/537.36"
104.37.86.14 - - [17/Jun/2026:09:14:50 +0200] "POST /wp-login.php HTTP/2" 200 974 "https://test1.therahuldas.com/wp-login.php" "Mozilla/5.0 (X11; Ubuntu; Linux x86_64) AppleWebKit/537.36 (KHTML, like Gecko) Chrome/133.0.0.0 Safari/537.36"
146.70.194.222 - - [17/Jun/2026:09:21:50 +0200] "GET //xmlrpc.php?rsd HTTP/1.1" 200 840 "-" "Mozilla/5.0 (Windows NT 10.0; Win64; x64) AppleWebKit/537.36 (KHTML, like Gecko) Chrome/78.0.3904.108 Safari/537.36"
146.70.194.222 - - [17/Jun/2026:09:21:51 +0200] "GET //?author=1 HTTP/1.1" 301 0 "-" "Mozilla/5.0 (Windows NT 10.0; Win64; x64) AppleWebKit/537.36 (KHTML, like Gecko) Chrome/78.0.3904.108 Safari/537.36"
146.70.194.222 - - [17/Jun/2026:09:21:53 +0200] "GET //?author=2 HTTP/1.1" 301 0 "-" "Mozilla/5.0 (Windows NT 10.0; Win64; x64) AppleWebKit/537.36 (KHTML, like Gecko) Chrome/78.0.3904.108 Safari/537.36"
146.70.194.222 - - [17/Jun/2026:09:21:54 +0200] "GET //wp-json/wp/v2/users/ HTTP/1.1" 200 1543 "-" "Mozilla/5.0 (Windows NT 10.0; Win64; x64) AppleWebKit/537.36 (KHTML, like Gecko) Chrome/78.0.3904.108 Safari/537.36"
146.70.194.222 - - [17/Jun/2026:09:21:55 +0200] "POST //xmlrpc.php HTTP/1.1" 200 401 "-" "Mozilla/5.0 (Windows NT 10.0; Win64; x64) AppleWebKit/537.36 (KHTML, like Gecko) Chrome/78.0.3904.108 Safari/537.36"
146.70.194.222 - - [17/Jun/2026:09:21:56 +0200] "POST //xmlrpc.php HTTP/1.1" 200 401 "-" "Mozilla/5.0 (Windows NT 10.0; Win64; x64) AppleWebKit/537.36 (KHTML, like Gecko) Chrome/78.0.3904.108 Safari/537.36"
146.70.194.222 - - [17/Jun/2026:09:21:57 +0200] "POST //xmlrpc.php HTTP/1.1" 200 401 "-" "Mozilla/5.0 (Windows NT 10.0; Win64; x64) AppleWebKit/537.36 (KHTML, like Gecko) Chrome/78.0.3904.108 Safari/537.36"
146.70.194.222 - - [17/Jun/2026:09:21:58 +0200] "POST //xmlrpc.php HTTP/1.1" 200 401 "-" "Mozilla/5.0 (Windows NT 10.0; Win64; x64) AppleWebKit/537.36 (KHTML, like Gecko) Chrome/78.0.3904.108 Safari/537.36"
146.70.194.222 - - [17/Jun/2026:09:22:00 +0200] "POST //xmlrpc.php HTTP/1.1" 200 401 "-" "Mozilla/5.0 (Windows NT 10.0; Win64; x64) AppleWebKit/537.36 (KHTML, like Gecko) Chrome/78.0.3904.108 Safari/537.36"
146.70.194.222 - - [17/Jun/2026:09:22:01 +0200] "POST //xmlrpc.php HTTP/1.1" 200 401 "-" "Mozilla/5.0 (Windows NT 10.0; Win64; x64) AppleWebKit/537.36 (KHTML, like Gecko) Chrome/78.0.3904.108 Safari/537.36"
146.70.194.222 - - [17/Jun/2026:09:22:02 +0200] "POST //xmlrpc.php HTTP/1.1" 200 401 "-" "Mozilla/5.0 (Windows NT 10.0; Win64; x64) AppleWebKit/537.36 (KHTML, like Gecko) Chrome/78.0.3904.108 Safari/537.36"
146.70.194.222 - - [17/Jun/2026:09:22:04 +0200] "POST //xmlrpc.php HTTP/1.1" 200 401 "-" "Mozilla/5.0 (Windows NT 10.0; Win64; x64) AppleWebKit/537.36 (KHTML, like Gecko) Chrome/78.0.3904.108 Safari/537.36"
146.70.194.222 - - [17/Jun/2026:09:22:06 +0200] "POST //xmlrpc.php HTTP/1.1" 200 1686 "-" "Mozilla/5.0 (Windows NT 10.0; Win64; x64) AppleWebKit/537.36 (KHTML, like Gecko) Chrome/78.0.3904.108 Safari/537.36"
146.70.194.222 - - [17/Jun/2026:09:20:47 +0200] "GET / HTTP/1.1" 200 80163 "-" "Mozilla/5.0 (Windows NT 10.0; Win64; x64) AppleWebKit/537.36 (KHTML, like Gecko) Chrome/78.0.3904.108 Safari/537.36"
65.21.228.101 - - [17/Jun/2026:09:21:51 +0200] "POST /wp-cron.php?doing_wp_cron=1781680910.9180269241333007812500 HTTP/1.1" 200 0 "-" "WordPress/7.0; https://test1.therahuldas.com"
92.53.96.141 - - [17/Jun/2026:09:24:07 +0200] "GET /wp-login.php HTTP/2" 200 974 "-" "Mozilla/5.0 (Windows NT 10.0; Win64; x64) AppleWebKit/537.36 (KHTML, like Gecko) Chrome/133.0.0.0 Safari/537.36 Edg/133.0.0.0"
92.53.96.141 - - [17/Jun/2026:09:24:08 +0200] "POST /wp-login.php HTTP/2" 200 974 "https://test1.therahuldas.com/wp-login.php" "Mozilla/5.0 (Windows NT 10.0; Win64; x64) AppleWebKit/537.36 (KHTML, like Gecko) Chrome/133.0.0.0 Safari/537.36 Edg/133.0.0.0"
205.210.31.60 - - [17/Jun/2026:09:27:53 +0200] "GET / HTTP/1.1" 200 80163 "-" "Hello from Palo Alto Networks, find out more about our scans in https://docs-cortex.paloaltonetworks.com/r/1/Cortex-Xpanse/Scanning-activity"
65.21.228.101 - - [17/Jun/2026:09:27:54 +0200] "POST /wp-cron.php?doing_wp_cron=1781681274.8220129013061523437500 HTTP/1.1" 200 0 "-" "WordPress/7.0; https://test1.therahuldas.com"
143.198.203.76 - - [17/Jun/2026:09:48:54 +0200] "GET /wp-login.php HTTP/2" 200 974 "-" "Mozilla/5.0 (Windows NT 10.0; Win64; x64) AppleWebKit/537.36 (KHTML, like Gecko) Chrome/120.0.0.0 Safari/537.36"
65.21.228.101 - - [17/Jun/2026:09:48:38 +0200] "POST /wp-cron.php?doing_wp_cron=1781682517.9968810081481933593750 HTTP/1.1" 200 0 "-" "WordPress/7.0; https://test1.therahuldas.com"
65.21.228.101 - - [17/Jun/2026:09:50:16 +0200] "POST /wp-cron.php?doing_wp_cron=1781682616.2940680980682373046875 HTTP/1.1" 200 0 "-" "WordPress/7.0; https://test1.therahuldas.com"
185.176.8.77 - - [17/Jun/2026:09:55:04 +0200] "GET /wp-login.php HTTP/2" 200 974 "-" "Mozilla/5.0 (Windows NT 10.0; Win64; x64) AppleWebKit/537.36 (KHTML, like Gecko) Chrome/120.0.0.0 Safari/537.36"
65.21.228.101 - - [17/Jun/2026:10:06:03 +0200] "POST /wp-cron.php?doing_wp_cron=1781683563.9633810520172119140625 HTTP/1.1" 200 0 "-" "WordPress/7.0; https://test1.therahuldas.com"