65.21.228.101 - - [16/Jun/2026:14:15:45 +0200] "POST /wp-cron.php?doing_wp_cron=1781612145.8569738864898681640625 HTTP/1.1" 200 0 "-" "WordPress/7.0; https://test1.therahuldas.com"
104.210.140.130 - - [16/Jun/2026:14:15:45 +0200] "GET /robots.txt HTTP/2" 200 108 "-" "Mozilla/5.0 (Macintosh; Intel Mac OS X 10_15_7) AppleWebKit/537.36 (KHTML, like Gecko) Chrome/131.0.0.0 Safari/537.36; compatible; OAI-SearchBot/1.0; +https://openai.com/searchbot"
104.155.29.73 - - [16/Jun/2026:14:42:04 +0200] "GET /wp-login.php HTTP/2" 200 974 "-" "Mozilla/5.0 (Macintosh; Intel Mac OS X 10_15_7) AppleWebKit/537.36 (KHTML, like Gecko) Chrome/133.0.0.0 Safari/537.36"
104.155.29.73 - - [16/Jun/2026:14:42:04 +0200] "POST /wp-login.php HTTP/2" 200 974 "https://test1.therahuldas.com/wp-login.php" "Mozilla/5.0 (Macintosh; Intel Mac OS X 10_15_7) AppleWebKit/537.36 (KHTML, like Gecko) Chrome/133.0.0.0 Safari/537.36"
167.71.136.93 - - [16/Jun/2026:14:25:22 +0200] "GET /wp-login.php HTTP/2" 200 974 "-" "Mozilla/5.0 (X11; CrOS x86_64 14541.0.0) AppleWebKit/537.36 (KHTML, like Gecko) Chrome/133.0.0.0 Safari/537.36"
167.71.136.93 - - [16/Jun/2026:14:25:22 +0200] "POST /wp-login.php HTTP/2" 200 974 "https://test1.therahuldas.com/wp-login.php" "Mozilla/5.0 (X11; CrOS x86_64 14541.0.0) AppleWebKit/537.36 (KHTML, like Gecko) Chrome/133.0.0.0 Safari/537.36"
68.178.160.25 - - [16/Jun/2026:14:50:15 +0200] "GET /wp-login.php HTTP/2" 200 974 "-" "Mozilla/5.0 (Windows NT 10.0; Win64; x64) AppleWebKit/537.36 (KHTML, like Gecko) Chrome/120.0.0.0 Safari/537.36"
192.169.174.130 - - [16/Jun/2026:14:41:02 +0200] "GET /wp-login.php HTTP/2" 200 974 "-" "Mozilla/5.0 (Windows NT 10.0; Win64; x64) AppleWebKit/537.36 (KHTML, like Gecko) Chrome/120.0.0.0 Safari/537.36"
65.21.228.101 - - [16/Jun/2026:14:59:08 +0200] "POST /wp-cron.php?doing_wp_cron=1781614748.6766200065612792968750 HTTP/1.1" 200 0 "-" "WordPress/7.0; https://test1.therahuldas.com"
185.55.229.75 - - [16/Jun/2026:14:55:30 +0200] "GET /wp-login.php HTTP/2" 200 974 "-" "Mozilla/5.0 (Windows NT 10.0; Win64; x64) AppleWebKit/537.36 (KHTML, like Gecko) Chrome/133.0.0.0 Safari/537.36"
185.55.229.75 - - [16/Jun/2026:14:55:31 +0200] "POST /wp-login.php HTTP/2" 200 974 "https://test1.therahuldas.com/wp-login.php" "Mozilla/5.0 (Windows NT 10.0; Win64; x64) AppleWebKit/537.36 (KHTML, like Gecko) Chrome/133.0.0.0 Safari/537.36"
103.19.136.6 - - [16/Jun/2026:15:21:32 +0200] "GET /wp-login.php HTTP/2" 200 974 "-" "Mozilla/5.0 (Windows NT 10.0; Win64; x64) AppleWebKit/537.36 (KHTML, like Gecko) Chrome/133.0.0.0 Safari/537.36"
103.19.136.6 - - [16/Jun/2026:15:21:33 +0200] "POST /wp-login.php HTTP/2" 200 974 "https://test1.therahuldas.com/wp-login.php" "Mozilla/5.0 (Windows NT 10.0; Win64; x64) AppleWebKit/537.36 (KHTML, like Gecko) Chrome/133.0.0.0 Safari/537.36"
14.225.71.169 - - [16/Jun/2026:15:03:56 +0200] "GET /wp-login.php HTTP/2" 200 974 "-" "Mozilla/5.0 (Windows NT 10.0; Win64; x64) AppleWebKit/537.36 (KHTML, like Gecko) Chrome/120.0.0.0 Safari/537.36"
103.255.134.61 - - [16/Jun/2026:15:48:47 +0200] "GET /wp-login.php HTTP/2" 200 974 "-" "Mozilla/5.0 (X11; Fedora; Linux x86_64) AppleWebKit/537.36 (KHTML, like Gecko) Chrome/133.0.0.0 Safari/537.36"
103.255.134.61 - - [16/Jun/2026:15:48:48 +0200] "POST /wp-login.php HTTP/2" 200 974 "https://test1.therahuldas.com/wp-login.php" "Mozilla/5.0 (X11; Fedora; Linux x86_64) AppleWebKit/537.36 (KHTML, like Gecko) Chrome/133.0.0.0 Safari/537.36"
18.226.233.208 - - [16/Jun/2026:15:55:39 +0200] "GET /wp-login.php HTTP/2" 200 974 "-" "Mozilla/5.0 (Macintosh; Intel Mac OS X 10_15_7) AppleWebKit/605.1.15 (KHTML, like Gecko) Version/18.3 Safari/605.1.15"
18.226.233.208 - - [16/Jun/2026:15:55:40 +0200] "POST /wp-login.php HTTP/2" 200 974 "https://test1.therahuldas.com/wp-login.php" "Mozilla/5.0 (Macintosh; Intel Mac OS X 10_15_7) AppleWebKit/605.1.15 (KHTML, like Gecko) Version/18.3 Safari/605.1.15"
217.160.212.27 - - [16/Jun/2026:15:20:25 +0200] "GET /wp-login.php HTTP/2" 200 974 "-" "Mozilla/5.0 (X11; Linux x86_64; rv:133.0) Gecko/20100101 Firefox/133.0"
217.160.212.27 - - [16/Jun/2026:15:20:26 +0200] "POST /wp-login.php HTTP/2" 200 974 "https://test1.therahuldas.com/wp-login.php" "Mozilla/5.0 (X11; Linux x86_64; rv:133.0) Gecko/20100101 Firefox/133.0"
103.255.134.61 - - [16/Jun/2026:16:24:26 +0200] "GET /wp-login.php HTTP/2" 200 974 "-" "Mozilla/5.0 (Macintosh; Intel Mac OS X 14_7_4) AppleWebKit/537.36 (KHTML, like Gecko) Chrome/133.0.0.0 Safari/537.36"
103.255.134.61 - - [16/Jun/2026:16:24:27 +0200] "POST /wp-login.php HTTP/2" 200 974 "https://test1.therahuldas.com/wp-login.php" "Mozilla/5.0 (Macintosh; Intel Mac OS X 14_7_4) AppleWebKit/537.36 (KHTML, like Gecko) Chrome/133.0.0.0 Safari/537.36"
119.195.102.159 - - [16/Jun/2026:16:45:39 +0200] "GET /wp-login.php HTTP/2" 200 974 "-" "Mozilla/5.0 (Macintosh; Intel Mac OS X 10_15_7) AppleWebKit/537.36 (KHTML, like Gecko) Chrome/133.0.0.0 Safari/537.36"
119.195.102.159 - - [16/Jun/2026:16:45:40 +0200] "POST /wp-login.php HTTP/2" 200 974 "https://test1.therahuldas.com/wp-login.php" "Mozilla/5.0 (Macintosh; Intel Mac OS X 10_15_7) AppleWebKit/537.36 (KHTML, like Gecko) Chrome/133.0.0.0 Safari/537.36"
66.249.72.64 - - [16/Jun/2026:16:04:23 +0200] "GET /robots.txt HTTP/1.1" 200 108 "-" "Mozilla/5.0 (compatible; Googlebot/2.1; +http://www.google.com/bot.html)"
152.53.111.131 - - [16/Jun/2026:16:09:27 +0200] "GET /wp-login.php HTTP/2" 200 974 "-" "Mozilla/5.0 (X11; Ubuntu; Linux x86_64; rv:133.0) Gecko/20100101 Firefox/133.0"
152.53.111.131 - - [16/Jun/2026:16:09:27 +0200] "POST /wp-login.php HTTP/2" 200 974 "https://test1.therahuldas.com/wp-login.php" "Mozilla/5.0 (X11; Ubuntu; Linux x86_64; rv:133.0) Gecko/20100101 Firefox/133.0"
65.21.228.101 - - [16/Jun/2026:16:31:42 +0200] "POST /wp-cron.php?doing_wp_cron=1781620302.6353900432586669921875 HTTP/1.1" 200 0 "-" "WordPress/7.0; https://test1.therahuldas.com"
65.21.228.101 - - [16/Jun/2026:16:04:24 +0200] "POST /wp-cron.php?doing_wp_cron=1781618664.4445209503173828125000 HTTP/1.1" 200 0 "-" "WordPress/7.0; https://test1.therahuldas.com"
18.191.212.85 - - [16/Jun/2026:16:31:20 +0200] "GET /wp-login.php HTTP/2" 200 974 "-" "Mozilla/5.0 (Windows NT 10.0; WOW64) AppleWebKit/537.36 (KHTML, like Gecko) Chrome/133.0.0.0 Safari/537.36"
18.191.212.85 - - [16/Jun/2026:16:31:21 +0200] "POST /wp-login.php HTTP/2" 200 974 "https://test1.therahuldas.com/wp-login.php" "Mozilla/5.0 (Windows NT 10.0; WOW64) AppleWebKit/537.36 (KHTML, like Gecko) Chrome/133.0.0.0 Safari/537.36"
18.191.212.85 - ecom [16/Jun/2026:16:31:41 +0200] "GET /wp-json/wp/v2/users/me HTTP/2" 401 81 "-" "Mozilla/5.0 (Windows NT 10.0; WOW64) AppleWebKit/537.36 (KHTML, like Gecko) Chrome/133.0.0.0 Safari/537.36"
139.59.184.99 - - [16/Jun/2026:17:06:49 +0200] "GET /wp-login.php HTTP/2" 200 974 "-" "Mozilla/5.0 (X11; Fedora; Linux x86_64) AppleWebKit/537.36 (KHTML, like Gecko) Chrome/133.0.0.0 Safari/537.36"
139.59.184.99 - - [16/Jun/2026:17:06:50 +0200] "POST /wp-login.php HTTP/2" 200 974 "https://test1.therahuldas.com/wp-login.php" "Mozilla/5.0 (X11; Fedora; Linux x86_64) AppleWebKit/537.36 (KHTML, like Gecko) Chrome/133.0.0.0 Safari/537.36"
31.3.241.131 - - [16/Jun/2026:17:22:55 +0200] "GET /wp-login.php HTTP/2" 200 974 "-" "Mozilla/5.0 (X11; Linux x86_64) AppleWebKit/537.36 (KHTML, like Gecko) Chrome/133.0.0.0 Safari/537.36 Edg/133.0.0.0"
31.3.241.131 - - [16/Jun/2026:17:22:55 +0200] "POST /wp-login.php HTTP/2" 200 974 "https://test1.therahuldas.com/wp-login.php" "Mozilla/5.0 (X11; Linux x86_64) AppleWebKit/537.36 (KHTML, like Gecko) Chrome/133.0.0.0 Safari/537.36 Edg/133.0.0.0"
142.91.100.131 - - [16/Jun/2026:17:00:29 +0200] "GET /wp-login.php HTTP/2" 200 974 "-" "Mozilla/5.0 (Macintosh; Intel Mac OS X 11_7_10) AppleWebKit/537.36 (KHTML, like Gecko) Chrome/133.0.0.0 Safari/537.36"
142.91.100.131 - - [16/Jun/2026:17:00:30 +0200] "POST /wp-login.php HTTP/2" 200 974 "https://test1.therahuldas.com/wp-login.php" "Mozilla/5.0 (Macintosh; Intel Mac OS X 11_7_10) AppleWebKit/537.36 (KHTML, like Gecko) Chrome/133.0.0.0 Safari/537.36"
189.222.47.226 - - [16/Jun/2026:17:14:43 +0200] "GET /wp-login.php HTTP/2" 200 974 "-" "Mozilla/5.0 (X11; Linux x86_64; rv:133.0) Gecko/20100101 Firefox/133.0"
189.222.47.226 - - [16/Jun/2026:17:14:46 +0200] "POST /wp-login.php HTTP/2" 200 974 "https://test1.therahuldas.com/wp-login.php" "Mozilla/5.0 (X11; Linux x86_64; rv:133.0) Gecko/20100101 Firefox/133.0"
159.203.57.110 - - [16/Jun/2026:17:15:22 +0200] "GET /wp-login.php HTTP/2" 200 974 "-" "Mozilla/5.0 (Macintosh; Intel Mac OS X 10_15_7) AppleWebKit/537.36 (KHTML, like Gecko) Chrome/133.0.0.0 Safari/537.36"
159.203.57.110 - - [16/Jun/2026:17:15:22 +0200] "POST /wp-login.php HTTP/2" 200 974 "https://test1.therahuldas.com/wp-login.php" "Mozilla/5.0 (Macintosh; Intel Mac OS X 10_15_7) AppleWebKit/537.36 (KHTML, like Gecko) Chrome/133.0.0.0 Safari/537.36"
138.201.38.133 - wpcore [16/Jun/2026:17:40:31 +0200] "GET /wp-json/wp/v2/users/me HTTP/2" 401 81 "-" "Mozilla/5.0 (Macintosh; Intel Mac OS X 10_15_7) AppleWebKit/537.36 (KHTML, like Gecko) Chrome/133.0.0.0 Safari/537.36"
176.61.149.165 - - [16/Jun/2026:17:56:35 +0200] "GET /wp-login.php HTTP/2" 200 974 "-" "Mozilla/5.0 (Windows NT 10.0; WOW64) AppleWebKit/537.36 (KHTML, like Gecko) Chrome/133.0.0.0 Safari/537.36"
176.61.149.165 - - [16/Jun/2026:17:56:35 +0200] "POST /wp-login.php HTTP/2" 403 0 "https://test1.therahuldas.com/wp-login.php" "Mozilla/5.0 (Windows NT 10.0; WOW64) AppleWebKit/537.36 (KHTML, like Gecko) Chrome/133.0.0.0 Safari/537.36"
210.211.99.176 - - [16/Jun/2026:17:31:17 +0200] "GET /wp-login.php HTTP/2" 403 0 "-" "Mozilla/5.0 (X11; Ubuntu; Linux x86_64; rv:133.0) Gecko/20100101 Firefox/133.0"
13.37.92.82 - - [16/Jun/2026:17:35:17 +0200] "GET /wp-login.php HTTP/2" 200 974 "-" "Mozilla/5.0 (Windows NT 10.0; Win64; x64) AppleWebKit/537.36 (KHTML, like Gecko) Chrome/133.0.0.0 Safari/537.36 Edg/133.0.0.0"
13.37.92.82 - - [16/Jun/2026:17:35:17 +0200] "POST /wp-login.php HTTP/2" 200 974 "https://test1.therahuldas.com/wp-login.php" "Mozilla/5.0 (Windows NT 10.0; Win64; x64) AppleWebKit/537.36 (KHTML, like Gecko) Chrome/133.0.0.0 Safari/537.36 Edg/133.0.0.0"
103.74.116.219 - - [16/Jun/2026:17:42:33 +0200] "GET /wp-login.php HTTP/2" 200 974 "-" "Mozilla/5.0 (X11; Fedora; Linux x86_64) AppleWebKit/537.36 (KHTML, like Gecko) Chrome/133.0.0.0 Safari/537.36"
103.74.116.219 - - [16/Jun/2026:17:42:33 +0200] "POST /wp-login.php HTTP/2" 200 974 "https://test1.therahuldas.com/wp-login.php" "Mozilla/5.0 (X11; Fedora; Linux x86_64) AppleWebKit/537.36 (KHTML, like Gecko) Chrome/133.0.0.0 Safari/537.36"
67.20.76.238 - - [16/Jun/2026:17:23:56 +0200] "GET /wp-login.php HTTP/2" 200 974 "-" "Mozilla/5.0 (Windows NT 10.0; Win64; x64) AppleWebKit/537.36 (KHTML, like Gecko) Chrome/120.0.0.0 Safari/537.36"
138.201.38.133 - - [16/Jun/2026:17:39:53 +0200] "GET /wp-login.php HTTP/2" 200 974 "-" "Mozilla/5.0 (Macintosh; Intel Mac OS X 10_15_7) AppleWebKit/537.36 (KHTML, like Gecko) Chrome/133.0.0.0 Safari/537.36"
138.201.38.133 - - [16/Jun/2026:17:40:10 +0200] "POST /wp-login.php HTTP/2" 200 0 "https://test1.therahuldas.com/wp-login.php" "Mozilla/5.0 (Macintosh; Intel Mac OS X 10_15_7) AppleWebKit/537.36 (KHTML, like Gecko) Chrome/133.0.0.0 Safari/537.36"
103.98.161.5 - - [16/Jun/2026:17:28:21 +0200] "GET /wp-login.php HTTP/2" 200 974 "-" "Mozilla/5.0 (Macintosh; Intel Mac OS X 10_15_7) AppleWebKit/537.36 (KHTML, like Gecko) Chrome/133.0.0.0 Safari/537.36 Edg/133.0.0.0"
103.98.161.5 - - [16/Jun/2026:17:28:21 +0200] "POST /wp-login.php HTTP/2" 200 974 "https://test1.therahuldas.com/wp-login.php" "Mozilla/5.0 (Macintosh; Intel Mac OS X 10_15_7) AppleWebKit/537.36 (KHTML, like Gecko) Chrome/133.0.0.0 Safari/537.36 Edg/133.0.0.0"
65.21.228.101 - - [16/Jun/2026:17:37:36 +0200] "POST /wp-cron.php?doing_wp_cron=1781624256.4649350643157958984375 HTTP/1.1" 200 0 "-" "WordPress/7.0; https://test1.therahuldas.com"
50.87.144.169 - - [16/Jun/2026:18:11:29 +0200] "GET /wp-login.php HTTP/2" 200 974 "-" "Mozilla/5.0 (Windows NT 10.0; Win64; x64) AppleWebKit/537.36 (KHTML, like Gecko) Chrome/120.0.0.0 Safari/537.36"
103.28.36.122 - - [16/Jun/2026:18:25:19 +0200] "GET /wp-login.php HTTP/2" 200 974 "-" "Mozilla/5.0 (Windows NT 10.0; WOW64) AppleWebKit/537.36 (KHTML, like Gecko) Chrome/133.0.0.0 Safari/537.36"
103.28.36.122 - - [16/Jun/2026:18:25:21 +0200] "POST /wp-login.php HTTP/2" 200 974 "https://test1.therahuldas.com/wp-login.php" "Mozilla/5.0 (Windows NT 10.0; WOW64) AppleWebKit/537.36 (KHTML, like Gecko) Chrome/133.0.0.0 Safari/537.36"
192.185.4.147 - - [16/Jun/2026:18:17:05 +0200] "GET /wp-login.php HTTP/2" 200 974 "-" "Mozilla/5.0 (Windows NT 10.0; Win64; x64) AppleWebKit/537.36 (KHTML, like Gecko) Chrome/120.0.0.0 Safari/537.36"
31.3.241.131 - - [16/Jun/2026:18:34:45 +0200] "GET /wp-login.php HTTP/2" 200 974 "-" "Mozilla/5.0 (X11; Linux i686) AppleWebKit/537.36 (KHTML, like Gecko) Chrome/133.0.0.0 Safari/537.36"
31.3.241.131 - - [16/Jun/2026:18:34:45 +0200] "POST /wp-login.php HTTP/2" 200 974 "https://test1.therahuldas.com/wp-login.php" "Mozilla/5.0 (X11; Linux i686) AppleWebKit/537.36 (KHTML, like Gecko) Chrome/133.0.0.0 Safari/537.36"
185.176.8.77 - - [16/Jun/2026:18:37:24 +0200] "GET /wp-login.php HTTP/2" 200 974 "-" "Mozilla/5.0 (Windows NT 10.0; Win64; x64) AppleWebKit/537.36 (KHTML, like Gecko) Chrome/120.0.0.0 Safari/537.36"
87.192.224.131 - - [16/Jun/2026:18:43:13 +0200] "GET /wp-login.php HTTP/2" 200 974 "-" "Mozilla/5.0 (X11; Linux x86_64) AppleWebKit/537.36 (KHTML, like Gecko) Chrome/133.0.0.0 Safari/537.36"
87.192.224.131 - - [16/Jun/2026:18:43:21 +0200] "POST /wp-login.php HTTP/2" 200 974 "https://test1.therahuldas.com/wp-login.php" "Mozilla/5.0 (X11; Linux x86_64) AppleWebKit/537.36 (KHTML, like Gecko) Chrome/133.0.0.0 Safari/537.36"
54.66.224.4 - - [16/Jun/2026:18:52:40 +0200] "GET /wp-login.php HTTP/2" 200 974 "-" "Mozilla/5.0 (Macintosh; Intel Mac OS X 10_15_7) AppleWebKit/537.36 (KHTML, like Gecko) Chrome/133.0.0.0 Safari/537.36"
54.66.224.4 - - [16/Jun/2026:18:52:41 +0200] "POST /wp-login.php HTTP/2" 200 974 "https://test1.therahuldas.com/wp-login.php" "Mozilla/5.0 (Macintosh; Intel Mac OS X 10_15_7) AppleWebKit/537.36 (KHTML, like Gecko) Chrome/133.0.0.0 Safari/537.36"
103.120.176.124 - - [16/Jun/2026:19:06:34 +0200] "GET /wp-login.php HTTP/2" 200 974 "-" "Mozilla/5.0 (X11; Linux i686) AppleWebKit/537.36 (KHTML, like Gecko) Chrome/133.0.0.0 Safari/537.36"
103.120.176.124 - - [16/Jun/2026:19:06:35 +0200] "POST /wp-login.php HTTP/2" 200 974 "https://test1.therahuldas.com/wp-login.php" "Mozilla/5.0 (X11; Linux i686) AppleWebKit/537.36 (KHTML, like Gecko) Chrome/133.0.0.0 Safari/537.36"
173.252.167.180 - ecom [16/Jun/2026:19:08:38 +0200] "GET /wp-json/wp/v2/users/me HTTP/2" 401 81 "-" "Mozilla/5.0 (X11; Ubuntu; Linux x86_64) AppleWebKit/537.36 (KHTML, like Gecko) Chrome/133.0.0.0 Safari/537.36"
192.169.174.130 - - [16/Jun/2026:19:19:42 +0200] "GET /wp-login.php HTTP/2" 200 974 "-" "Mozilla/5.0 (Windows NT 10.0; Win64; x64) AppleWebKit/537.36 (KHTML, like Gecko) Chrome/120.0.0.0 Safari/537.36"
119.195.102.159 - - [16/Jun/2026:19:15:12 +0200] "GET /wp-login.php HTTP/2" 200 974 "-" "Mozilla/5.0 (Windows NT 10.0; Win64; x64) AppleWebKit/537.36 (KHTML, like Gecko) Chrome/133.0.0.0 Safari/537.36"
119.195.102.159 - - [16/Jun/2026:19:15:22 +0200] "POST /wp-login.php HTTP/2" 200 974 "https://test1.therahuldas.com/wp-login.php" "Mozilla/5.0 (Windows NT 10.0; Win64; x64) AppleWebKit/537.36 (KHTML, like Gecko) Chrome/133.0.0.0 Safari/537.36"
65.21.228.101 - - [16/Jun/2026:19:08:39 +0200] "POST /wp-cron.php?doing_wp_cron=1781629719.2018399238586425781250 HTTP/1.1" 200 0 "-" "WordPress/7.0; https://test1.therahuldas.com"
103.143.207.18 - - [16/Jun/2026:19:24:48 +0200] "GET /wp-login.php HTTP/2" 200 974 "-" "Mozilla/5.0 (Macintosh; Intel Mac OS X 10_15_7) AppleWebKit/537.36 (KHTML, like Gecko) Chrome/133.0.0.0 Safari/537.36 Edg/133.0.0.0"
103.143.207.18 - - [16/Jun/2026:19:24:50 +0200] "POST /wp-login.php HTTP/2" 200 974 "https://test1.therahuldas.com/wp-login.php" "Mozilla/5.0 (Macintosh; Intel Mac OS X 10_15_7) AppleWebKit/537.36 (KHTML, like Gecko) Chrome/133.0.0.0 Safari/537.36 Edg/133.0.0.0"
51.77.152.49 - - [16/Jun/2026:19:23:11 +0200] "GET /wp-login.php HTTP/2" 200 974 "-" "Mozilla/5.0 (X11; Ubuntu; Linux x86_64) AppleWebKit/537.36 (KHTML, like Gecko) Chrome/133.0.0.0 Safari/537.36"
51.77.152.49 - - [16/Jun/2026:19:23:12 +0200] "POST /wp-login.php HTTP/2" 200 974 "https://test1.therahuldas.com/wp-login.php" "Mozilla/5.0 (X11; Ubuntu; Linux x86_64) AppleWebKit/537.36 (KHTML, like Gecko) Chrome/133.0.0.0 Safari/537.36"
162.144.12.37 - - [16/Jun/2026:19:40:18 +0200] "GET /wp-login.php HTTP/2" 200 974 "-" "Mozilla/5.0 (Windows NT 10.0; Win64; x64) AppleWebKit/537.36 (KHTML, like Gecko) Chrome/120.0.0.0 Safari/537.36"
103.78.97.230 - - [16/Jun/2026:19:42:37 +0200] "GET /wp-login.php HTTP/2" 200 974 "-" "Mozilla/5.0 (Windows NT 10.0; Win64; x64) AppleWebKit/537.36 (KHTML, like Gecko) Chrome/133.0.0.0 Safari/537.36"
103.78.97.230 - - [16/Jun/2026:19:42:37 +0200] "POST /wp-login.php HTTP/2" 200 974 "https://test1.therahuldas.com/wp-login.php" "Mozilla/5.0 (Windows NT 10.0; Win64; x64) AppleWebKit/537.36 (KHTML, like Gecko) Chrome/133.0.0.0 Safari/537.36"
65.21.228.101 - - [16/Jun/2026:19:39:32 +0200] "POST /wp-cron.php?doing_wp_cron=1781631572.7503778934478759765625 HTTP/1.1" 200 0 "-" "WordPress/7.0; https://test1.therahuldas.com"
65.21.228.101 - - [16/Jun/2026:19:59:04 +0200] "GET / HTTP/1.1" 200 25206 "-" "WordPress/7.0; https://test1.therahuldas.com"
65.21.228.101 - - [16/Jun/2026:19:59:04 +0200] "GET / HTTP/1.1" 200 25206 "-" "WordPress/7.0; https://test1.therahuldas.com"
65.21.228.101 - - [16/Jun/2026:19:59:02 +0200] "GET / HTTP/1.1" 200 25206 "-" "WordPress/7.0; https://test1.therahuldas.com"
62.193.192.55 - - [16/Jun/2026:20:08:50 +0200] "GET /wp-login.php HTTP/2" 200 974 "-" "Mozilla/5.0 (Windows NT 10.0; Win64; x64) AppleWebKit/537.36 (KHTML, like Gecko) Chrome/133.0.0.0 Safari/537.36 Edg/133.0.0.0"
62.193.192.55 - - [16/Jun/2026:20:08:50 +0200] "POST /wp-login.php HTTP/2" 200 974 "https://test1.therahuldas.com/wp-login.php" "Mozilla/5.0 (Windows NT 10.0; Win64; x64) AppleWebKit/537.36 (KHTML, like Gecko) Chrome/133.0.0.0 Safari/537.36 Edg/133.0.0.0"
65.21.228.101 - - [16/Jun/2026:19:59:03 +0200] "GET / HTTP/1.1" 200 25206 "-" "WordPress/7.0; https://test1.therahuldas.com"
119.195.102.159 - - [16/Jun/2026:20:02:42 +0200] "GET /wp-login.php HTTP/2" 200 974 "-" "Mozilla/5.0 (X11; Linux i686) AppleWebKit/537.36 (KHTML, like Gecko) Chrome/133.0.0.0 Safari/537.36"
119.195.102.159 - - [16/Jun/2026:20:02:43 +0200] "POST /wp-login.php HTTP/2" 200 974 "https://test1.therahuldas.com/wp-login.php" "Mozilla/5.0 (X11; Linux i686) AppleWebKit/537.36 (KHTML, like Gecko) Chrome/133.0.0.0 Safari/537.36"
157.230.8.56 - - [16/Jun/2026:20:12:18 +0200] "GET /wp-login.php HTTP/2" 200 974 "-" "Mozilla/5.0 (Windows NT 10.0; Win64; x64) AppleWebKit/537.36 (KHTML, like Gecko) Chrome/133.0.0.0 Safari/537.36"
157.230.8.56 - - [16/Jun/2026:20:12:18 +0200] "POST /wp-login.php HTTP/2" 200 974 "https://test1.therahuldas.com/wp-login.php" "Mozilla/5.0 (Windows NT 10.0; Win64; x64) AppleWebKit/537.36 (KHTML, like Gecko) Chrome/133.0.0.0 Safari/537.36"
31.220.84.188 - - [16/Jun/2026:20:21:52 +0200] "GET /wp-login.php HTTP/2" 200 974 "-" "Mozilla/5.0 (Macintosh; Intel Mac OS X 10_15_7) AppleWebKit/537.36 (KHTML, like Gecko) Chrome/133.0.0.0 Safari/537.36 Edg/133.0.0.0"
31.220.84.188 - - [16/Jun/2026:20:21:52 +0200] "POST /wp-login.php HTTP/2" 200 974 "https://test1.therahuldas.com/wp-login.php" "Mozilla/5.0 (Macintosh; Intel Mac OS X 10_15_7) AppleWebKit/537.36 (KHTML, like Gecko) Chrome/133.0.0.0 Safari/537.36 Edg/133.0.0.0"
168.63.79.147 - - [16/Jun/2026:20:24:58 +0200] "GET /wp-login.php HTTP/2" 200 974 "-" "Mozilla/5.0 (Macintosh; Intel Mac OS X 10_15_7) AppleWebKit/605.1.15 (KHTML, like Gecko) Version/18.3 Safari/605.1.15"
168.63.79.147 - - [16/Jun/2026:20:24:58 +0200] "POST /wp-login.php HTTP/2" 200 974 "https://test1.therahuldas.com/wp-login.php" "Mozilla/5.0 (Macintosh; Intel Mac OS X 10_15_7) AppleWebKit/605.1.15 (KHTML, like Gecko) Version/18.3 Safari/605.1.15"
18.202.77.19 - - [16/Jun/2026:20:30:34 +0200] "GET / HTTP/2" 200 25206 "-" "Plesk screenshot bot https://support.plesk.com/hc/en-us/articles/10301006946066"
18.202.77.19 - - [16/Jun/2026:20:30:35 +0200] "GET /wp-content/plugins/jeg-elementor-kit/assets/css/elements/main.css?ver=3.0.1 HTTP/2" 200 23502 "https://test1.therahuldas.com/" "Plesk screenshot bot https://support.plesk.com/hc/en-us/articles/10301006946066"
18.202.77.19 - - [16/Jun/2026:20:30:35 +0200] "GET /wp-content/plugins/woocommerce/assets/css/woocommerce.css?ver=10.2.2 HTTP/2" 200 10314 "https://test1.therahuldas.com/" "Plesk screenshot bot https://support.plesk.com/hc/en-us/articles/10301006946066"
18.202.77.19 - - [16/Jun/2026:20:30:35 +0200] "GET /wp-content/plugins/woocommerce/assets/css/woocommerce-layout.css?ver=10.2.2 HTTP/2" 200 3160 "https://test1.therahuldas.com/" "Plesk screenshot bot https://support.plesk.com/hc/en-us/articles/10301006946066"
18.202.77.19 - - [16/Jun/2026:20:30:35 +0200] "GET /wp-content/uploads/elementor/css/post-64.css?ver=1760986484 HTTP/2" 200 1151 "https://test1.therahuldas.com/" "Plesk screenshot bot https://support.plesk.com/hc/en-us/articles/10301006946066"
18.202.77.19 - - [16/Jun/2026:20:30:35 +0200] "GET /wp-content/plugins/woocommerce/assets/css/brands.css?ver=10.2.2 HTTP/2" 200 579 "https://test1.therahuldas.com/" "Plesk screenshot bot https://support.plesk.com/hc/en-us/articles/10301006946066"
18.202.77.19 - - [16/Jun/2026:20:30:35 +0200] "GET /wp-content/uploads/elementor/css/custom-frontend.min.css?ver=1760986484 HTTP/2" 200 6517 "https://test1.therahuldas.com/" "Plesk screenshot bot https://support.plesk.com/hc/en-us/articles/10301006946066"
18.202.77.19 - - [16/Jun/2026:20:30:35 +0200] "GET /wp-content/plugins/cookieadmin/assets/css/consent.css?ver=1.1.1 HTTP/2" 200 2439 "https://test1.therahuldas.com/" "Plesk screenshot bot https://support.plesk.com/hc/en-us/articles/10301006946066"
18.202.77.19 - - [16/Jun/2026:20:30:35 +0200] "GET /wp-content/plugins/metform/public/assets/lib/cute-alert/style.css?ver=4.0.6 HTTP/2" 200 1064 "https://test1.therahuldas.com/" "Plesk screenshot bot https://support.plesk.com/hc/en-us/articles/10301006946066"
18.202.77.19 - - [16/Jun/2026:20:30:35 +0200] "GET /wp-content/uploads/elementor/css/post-84.css?ver=1760986723 HTTP/2" 200 33 "https://test1.therahuldas.com/" "Plesk screenshot bot https://support.plesk.com/hc/en-us/articles/10301006946066"
18.202.77.19 - - [16/Jun/2026:20:30:35 +0200] "GET /wp-content/plugins/metform/public/assets/css/text-editor.css?ver=4.0.6 HTTP/2" 200 3261 "https://test1.therahuldas.com/" "Plesk screenshot bot https://support.plesk.com/hc/en-us/articles/10301006946066"
18.202.77.19 - - [16/Jun/2026:20:30:35 +0200] "GET /wp-includes/js/jquery/jquery.min.js?ver=3.7.1 HTTP/2" 200 29744 "https://test1.therahuldas.com/" "Plesk screenshot bot https://support.plesk.com/hc/en-us/articles/10301006946066"
18.202.77.19 - - [16/Jun/2026:20:30:35 +0200] "GET /wp-content/themes/hello-elementor/assets/css/reset.css?ver=3.4.4 HTTP/2" 200 1581 "https://test1.therahuldas.com/" "Plesk screenshot bot https://support.plesk.com/hc/en-us/articles/10301006946066"
18.202.77.19 - - [16/Jun/2026:20:30:35 +0200] "GET /wp-content/plugins/metform/public/assets/lib/cute-alert/cute-alert.js?ver=4.0.6 HTTP/2" 200 1009 "https://test1.therahuldas.com/" "Plesk screenshot bot https://support.plesk.com/hc/en-us/articles/10301006946066"
18.202.77.19 - - [16/Jun/2026:20:30:35 +0200] "GET /wp-includes/js/jquery/jquery-migrate.min.js?ver=3.4.1 HTTP/2" 200 4678 "https://test1.therahuldas.com/" "Plesk screenshot bot https://support.plesk.com/hc/en-us/articles/10301006946066"
18.202.77.19 - - [16/Jun/2026:20:30:35 +0200] "GET /wp-content/plugins/cookieadmin/assets/js/consent.js?ver=1.1.1 HTTP/2" 200 4278 "https://test1.therahuldas.com/" "Plesk screenshot bot https://support.plesk.com/hc/en-us/articles/10301006946066"
18.202.77.19 - - [16/Jun/2026:20:30:35 +0200] "GET /wp-content/themes/hello-elementor/assets/css/header-footer.css?ver=3.4.4 HTTP/2" 200 1261 "https://test1.therahuldas.com/" "Plesk screenshot bot https://support.plesk.com/hc/en-us/articles/10301006946066"
18.202.77.19 - - [16/Jun/2026:20:30:35 +0200] "GET /wp-content/plugins/elementskit-lite/widgets/init/assets/css/widget-styles.css?ver=3.7.4 HTTP/2" 200 48850 "https://test1.therahuldas.com/" "Plesk screenshot bot https://support.plesk.com/hc/en-us/articles/10301006946066"
18.202.77.19 - - [16/Jun/2026:20:30:35 +0200] "GET /wp-content/themes/hello-elementor/assets/css/theme.css?ver=3.4.4 HTTP/2" 200 1126 "https://test1.therahuldas.com/" "Plesk screenshot bot https://support.plesk.com/hc/en-us/articles/10301006946066"
18.202.77.19 - - [16/Jun/2026:20:30:35 +0200] "GET /wp-content/plugins/elementskit-lite/widgets/init/assets/css/responsive.css?ver=3.7.4 HTTP/2" 200 2859 "https://test1.therahuldas.com/" "Plesk screenshot bot https://support.plesk.com/hc/en-us/articles/10301006946066"
18.202.77.19 - - [16/Jun/2026:20:30:35 +0200] "GET /wp-content/themes/hello-elementor/assets/js/hello-frontend.js?ver=3.4.4 HTTP/3" 200 496 "https://test1.therahuldas.com/" "Plesk screenshot bot https://support.plesk.com/hc/en-us/articles/10301006946066"
18.202.77.19 - - [16/Jun/2026:20:30:35 +0200] "GET /wp-content/plugins/elementskit-lite/libs/framework/assets/js/frontend-script.js?ver=3.7.4 HTTP/3" 200 40 "https://test1.therahuldas.com/" "Plesk screenshot bot https://support.plesk.com/hc/en-us/articles/10301006946066"
18.202.77.19 - - [16/Jun/2026:20:30:35 +0200] "GET /wp-content/plugins/woocommerce/assets/js/sourcebuster/sourcebuster.min.js?ver=10.2.2 HTTP/3" 200 4609 "https://test1.therahuldas.com/" "Plesk screenshot bot https://support.plesk.com/hc/en-us/articles/10301006946066"
18.202.77.19 - - [16/Jun/2026:20:30:35 +0200] "GET /wp-content/plugins/elementskit-lite/widgets/init/assets/js/widget-scripts.js?ver=3.7.4 HTTP/3" 200 35012 "https://test1.therahuldas.com/" "Plesk screenshot bot https://support.plesk.com/hc/en-us/articles/10301006946066"
18.202.77.19 - - [16/Jun/2026:20:30:35 +0200] "GET /wp-content/plugins/woocommerce/assets/js/frontend/order-attribution.min.js?ver=10.2.2 HTTP/3" 200 998 "https://test1.therahuldas.com/" "Plesk screenshot bot https://support.plesk.com/hc/en-us/articles/10301006946066"
18.202.77.19 - - [16/Jun/2026:20:30:35 +0200] "GET /wp-content/plugins/elementor/assets/js/webpack.runtime.min.js?ver=3.32.4 HTTP/3" 200 2320 "https://test1.therahuldas.com/" "Plesk screenshot bot https://support.plesk.com/hc/en-us/articles/10301006946066"
18.202.77.19 - - [16/Jun/2026:20:30:35 +0200] "GET /wp-content/plugins/cookieadmin/assets/images/cookieadmin_icon.svg HTTP/3" 200 293 "https://test1.therahuldas.com/" "Plesk screenshot bot https://support.plesk.com/hc/en-us/articles/10301006946066"
18.202.77.19 - - [16/Jun/2026:20:30:35 +0200] "GET /wp-content/plugins/woocommerce/assets/js/js-cookie/js.cookie.min.js?ver=2.1.4-wc.10.2.2 HTTP/3" 200 760 "https://test1.therahuldas.com/" "Plesk screenshot bot https://support.plesk.com/hc/en-us/articles/10301006946066"
18.202.77.19 - - [16/Jun/2026:20:30:35 +0200] "GET /wp-content/plugins/woocommerce/assets/css/woocommerce-smallscreen.css?ver=10.2.2 HTTP/3" 200 1165 "https://test1.therahuldas.com/" "Plesk screenshot bot https://support.plesk.com/hc/en-us/articles/10301006946066"
18.202.77.19 - - [16/Jun/2026:20:30:35 +0200] "GET /wp-content/plugins/elementor/assets/js/frontend-modules.min.js?ver=3.32.4 HTTP/3" 200 17961 "https://test1.therahuldas.com/" "Plesk screenshot bot https://support.plesk.com/hc/en-us/articles/10301006946066"
18.202.77.19 - - [16/Jun/2026:20:30:35 +0200] "GET /wp-includes/js/jquery/ui/core.min.js?ver=1.13.3 HTTP/3" 200 6812 "https://test1.therahuldas.com/" "Plesk screenshot bot https://support.plesk.com/hc/en-us/articles/10301006946066"
190.92.141.186 - - [16/Jun/2026:20:41:17 +0200] "GET /wp-login.php HTTP/2" 200 974 "-" "Mozilla/5.0 (Windows NT 10.0; Win64; x64) AppleWebKit/537.36 (KHTML, like Gecko) Chrome/133.0.0.0 Safari/537.36"
190.92.141.186 - - [16/Jun/2026:20:41:18 +0200] "POST /wp-login.php HTTP/2" 200 974 "https://test1.therahuldas.com/wp-login.php" "Mozilla/5.0 (Windows NT 10.0; Win64; x64) AppleWebKit/537.36 (KHTML, like Gecko) Chrome/133.0.0.0 Safari/537.36"
65.21.228.101 - - [16/Jun/2026:20:42:11 +0200] "POST /wp-admin/admin-ajax.php?action=wp_1_wc_privacy_cleanup&nonce=3e551f043e HTTP/1.1" 200 0 "-" "WordPress/7.0; https://test1.therahuldas.com"
18.202.77.19 - - [16/Jun/2026:20:30:35 +0200] "GET /wp-content/plugins/jeg-elementor-kit/assets/js/elements/sticky-element.js?ver=3.0.1 HTTP/3" 200 1477 "https://test1.therahuldas.com/" "Plesk screenshot bot https://support.plesk.com/hc/en-us/articles/10301006946066"
18.202.77.19 - - [16/Jun/2026:20:30:35 +0200] "GET /wp-content/plugins/woocommerce/assets/js/frontend/add-to-cart.min.js?ver=10.2.2 HTTP/3" 200 1225 "https://test1.therahuldas.com/" "Plesk screenshot bot https://support.plesk.com/hc/en-us/articles/10301006946066"
18.202.77.19 - - [16/Jun/2026:20:30:35 +0200] "GET /wp-content/plugins/woocommerce/assets/js/frontend/woocommerce.min.js?ver=10.2.2 HTTP/3" 200 1275 "https://test1.therahuldas.com/" "Plesk screenshot bot https://support.plesk.com/hc/en-us/articles/10301006946066"
18.202.77.19 - - [16/Jun/2026:20:30:35 +0200] "GET /wp-content/plugins/elementor/assets/js/frontend.min.js?ver=3.32.4 HTTP/3" 200 10164 "https://test1.therahuldas.com/" "Plesk screenshot bot https://support.plesk.com/hc/en-us/articles/10301006946066"
18.202.77.19 - - [16/Jun/2026:20:30:35 +0200] "GET /wp-content/plugins/woocommerce/assets/js/jquery-blockui/jquery.blockUI.min.js?ver=2.7.0-wc.10.2.2 HTTP/3" 200 3277 "https://test1.therahuldas.com/" "Plesk screenshot bot https://support.plesk.com/hc/en-us/articles/10301006946066"
18.202.77.19 - - [16/Jun/2026:20:30:35 +0200] "GET /favicon.ico HTTP/3" 404 796 "https://test1.therahuldas.com/" "Plesk screenshot bot https://support.plesk.com/hc/en-us/articles/10301006946066"
18.202.77.19 - - [16/Jun/2026:20:30:35 +0200] "GET /wp-includes/js/wp-emoji-release.min.js?ver=7.0 HTTP/3" 200 4949 "https://test1.therahuldas.com/" "Plesk screenshot bot https://support.plesk.com/hc/en-us/articles/10301006946066"
5.223.57.143 - - [16/Jun/2026:20:31:18 +0200] "GET /wp-login.php HTTP/2" 200 974 "-" "Mozilla/5.0 (X11; Linux i686) AppleWebKit/537.36 (KHTML, like Gecko) Chrome/133.0.0.0 Safari/537.36"
5.223.57.143 - - [16/Jun/2026:20:31:19 +0200] "POST /wp-login.php HTTP/2" 200 974 "https://test1.therahuldas.com/wp-login.php" "Mozilla/5.0 (X11; Linux i686) AppleWebKit/537.36 (KHTML, like Gecko) Chrome/133.0.0.0 Safari/537.36"
65.21.228.101 - - [16/Jun/2026:20:30:35 +0200] "POST /wp-cron.php?doing_wp_cron=1781634635.4179399013519287109375 HTTP/1.1" 200 0 "-" "WordPress/7.0; https://test1.therahuldas.com"
194.163.139.224 - - [16/Jun/2026:20:31:58 +0200] "GET /wp-login.php HTTP/2" 200 974 "-" "Mozilla/5.0 (Windows NT 10.0; Win64; x64; rv:133.0) Gecko/20100101 Firefox/133.0"
194.163.139.224 - - [16/Jun/2026:20:32:03 +0200] "POST /wp-login.php HTTP/2" 200 974 "https://test1.therahuldas.com/wp-login.php" "Mozilla/5.0 (Windows NT 10.0; Win64; x64; rv:133.0) Gecko/20100101 Firefox/133.0"
139.59.184.99 - - [16/Jun/2026:20:55:08 +0200] "GET /wp-login.php HTTP/2" 200 974 "-" "Mozilla/5.0 (Windows NT 10.0) AppleWebKit/537.36 (KHTML, like Gecko) Chrome/133.0.0.0 Safari/537.36"
139.59.184.99 - - [16/Jun/2026:20:55:08 +0200] "POST /wp-login.php HTTP/2" 200 974 "https://test1.therahuldas.com/wp-login.php" "Mozilla/5.0 (Windows NT 10.0) AppleWebKit/537.36 (KHTML, like Gecko) Chrome/133.0.0.0 Safari/537.36"
91.146.102.43 - wpcore [16/Jun/2026:21:09:49 +0200] "GET /wp-json/wp/v2/users/me HTTP/2" 401 81 "-" "Mozilla/5.0 (Windows NT 10.0; Win64; x64) AppleWebKit/537.36 (KHTML, like Gecko) Chrome/133.0.0.0 Safari/537.36"
5.223.57.143 - - [16/Jun/2026:21:17:57 +0200] "GET /wp-login.php HTTP/2" 200 974 "-" "Mozilla/5.0 (Macintosh; Intel Mac OS X 10_15_7) AppleWebKit/537.36 (KHTML, like Gecko) Chrome/133.0.0.0 Safari/537.36 Edg/133.0.0.0"
5.223.57.143 - - [16/Jun/2026:21:18:00 +0200] "POST /wp-login.php HTTP/2" 200 974 "https://test1.therahuldas.com/wp-login.php" "Mozilla/5.0 (Macintosh; Intel Mac OS X 10_15_7) AppleWebKit/537.36 (KHTML, like Gecko) Chrome/133.0.0.0 Safari/537.36 Edg/133.0.0.0"
65.21.228.101 - - [16/Jun/2026:21:09:51 +0200] "POST /wp-cron.php?doing_wp_cron=1781636991.3778209686279296875000 HTTP/1.1" 200 0 "-" "WordPress/7.0; https://test1.therahuldas.com"
168.63.79.147 - - [16/Jun/2026:21:33:52 +0200] "GET /wp-login.php HTTP/2" 200 974 "-" "Mozilla/5.0 (X11; Ubuntu; Linux x86_64) AppleWebKit/537.36 (KHTML, like Gecko) Chrome/133.0.0.0 Safari/537.36"
168.63.79.147 - - [16/Jun/2026:21:33:53 +0200] "POST /wp-login.php HTTP/2" 200 974 "https://test1.therahuldas.com/wp-login.php" "Mozilla/5.0 (X11; Ubuntu; Linux x86_64) AppleWebKit/537.36 (KHTML, like Gecko) Chrome/133.0.0.0 Safari/537.36"
103.161.173.70 - - [16/Jun/2026:21:40:57 +0200] "GET /wp-login.php HTTP/2" 200 974 "-" "Mozilla/5.0 (Macintosh; Intel Mac OS X 11_7_10) AppleWebKit/537.36 (KHTML, like Gecko) Chrome/133.0.0.0 Safari/537.36"
103.161.173.70 - - [16/Jun/2026:21:40:57 +0200] "POST /wp-login.php HTTP/2" 200 974 "https://test1.therahuldas.com/wp-login.php" "Mozilla/5.0 (Macintosh; Intel Mac OS X 11_7_10) AppleWebKit/537.36 (KHTML, like Gecko) Chrome/133.0.0.0 Safari/537.36"
97.74.87.194 - - [16/Jun/2026:21:49:20 +0200] "GET /wp-login.php HTTP/2" 200 974 "-" "Mozilla/5.0 (Windows NT 10.0; Win64; x64) AppleWebKit/537.36 (KHTML, like Gecko) Chrome/120.0.0.0 Safari/537.36"
46.224.198.211 - - [16/Jun/2026:21:48:38 +0200] "GET /wp-login.php HTTP/2" 200 974 "-" "Mozilla/5.0 (X11; Linux x86_64) AppleWebKit/537.36 (KHTML, like Gecko) Chrome/133.0.0.0 Safari/537.36 Edg/133.0.0.0"
46.224.198.211 - - [16/Jun/2026:21:48:38 +0200] "POST /wp-login.php HTTP/2" 200 974 "https://test1.therahuldas.com/wp-login.php" "Mozilla/5.0 (X11; Linux x86_64) AppleWebKit/537.36 (KHTML, like Gecko) Chrome/133.0.0.0 Safari/537.36 Edg/133.0.0.0"
144.16.144.93 - - [16/Jun/2026:22:04:53 +0200] "GET /wp-login.php HTTP/2" 200 974 "-" "Mozilla/5.0 (Windows NT 10.0; Win64; x64) AppleWebKit/537.36 (KHTML, like Gecko) Chrome/120.0.0.0 Safari/537.36"
119.195.102.159 - - [16/Jun/2026:21:56:35 +0200] "GET /wp-login.php HTTP/2" 200 974 "-" "Mozilla/5.0 (X11; Linux x86_64; rv:133.0) Gecko/20100101 Firefox/133.0"
119.195.102.159 - - [16/Jun/2026:21:56:40 +0200] "POST /wp-login.php HTTP/2" 200 974 "https://test1.therahuldas.com/wp-login.php" "Mozilla/5.0 (X11; Linux x86_64; rv:133.0) Gecko/20100101 Firefox/133.0"
116.203.220.114 - - [16/Jun/2026:22:12:43 +0200] "GET /wp-login.php HTTP/2" 200 974 "-" "Mozilla/5.0 (X11; Ubuntu; Linux x86_64) AppleWebKit/537.36 (KHTML, like Gecko) Chrome/133.0.0.0 Safari/537.36"
116.203.220.114 - - [16/Jun/2026:22:12:43 +0200] "POST /wp-login.php HTTP/2" 200 974 "https://test1.therahuldas.com/wp-login.php" "Mozilla/5.0 (X11; Ubuntu; Linux x86_64) AppleWebKit/537.36 (KHTML, like Gecko) Chrome/133.0.0.0 Safari/537.36"
195.35.19.59 - - [16/Jun/2026:22:14:51 +0200] "GET /wp-login.php HTTP/2" 200 974 "-" "Mozilla/5.0 (Windows NT 10.0; Win64; x64) AppleWebKit/537.36 (KHTML, like Gecko) Chrome/120.0.0.0 Safari/537.36"
34.181.234.14 - - [16/Jun/2026:22:28:20 +0200] "GET /.git/config HTTP/1.1" 403 787 "-" "-"
91.146.102.43 - - [16/Jun/2026:22:43:52 +0200] "GET /wp-login.php HTTP/2" 200 0 "-" "Mozilla/5.0 (X11; Linux x86_64) AppleWebKit/537.36 (KHTML, like Gecko) Chrome/133.0.0.0 Safari/537.36 Edg/133.0.0.0"
65.21.228.101 - - [16/Jun/2026:22:42:04 +0200] "POST /wp-cron.php?doing_wp_cron=1781642524.1272339820861816406250 HTTP/1.1" 200 0 "-" "WordPress/7.0; https://test1.therahuldas.com"
185.55.229.75 - wpcore [16/Jun/2026:22:57:10 +0200] "GET /wp-json/wp/v2/users/me HTTP/2" 401 81 "-" "Mozilla/5.0 (Windows NT 10.0; Win64; x64; rv:133.0) Gecko/20100101 Firefox/133.0"
65.21.228.101 - - [16/Jun/2026:22:51:27 +0200] "POST /wp-cron.php?doing_wp_cron=1781643087.9277520179748535156250 HTTP/1.1" 200 0 "-" "WordPress/7.0; https://test1.therahuldas.com"
185.55.229.75 - - [16/Jun/2026:22:56:42 +0200] "GET /wp-login.php HTTP/2" 200 974 "-" "Mozilla/5.0 (Windows NT 10.0; Win64; x64; rv:133.0) Gecko/20100101 Firefox/133.0"
185.55.229.75 - - [16/Jun/2026:22:56:50 +0200] "POST /wp-login.php HTTP/2" 200 0 "https://test1.therahuldas.com/wp-login.php" "Mozilla/5.0 (Windows NT 10.0; Win64; x64; rv:133.0) Gecko/20100101 Firefox/133.0"
138.201.38.133 - - [16/Jun/2026:22:59:38 +0200] "GET /wp-login.php HTTP/2" 200 974 "-" "Mozilla/5.0 (Windows NT 10.0; Win64; x64) AppleWebKit/537.36 (KHTML, like Gecko) Chrome/133.0.0.0 Safari/537.36 Edg/133.0.0.0"
138.201.38.133 - - [16/Jun/2026:22:59:39 +0200] "POST /wp-login.php HTTP/2" 200 974 "https://test1.therahuldas.com/wp-login.php" "Mozilla/5.0 (Windows NT 10.0; Win64; x64) AppleWebKit/537.36 (KHTML, like Gecko) Chrome/133.0.0.0 Safari/537.36 Edg/133.0.0.0"
65.21.228.101 - - [16/Jun/2026:22:44:19 +0200] "POST /wp-cron.php?doing_wp_cron=1781642659.5889270305633544921875 HTTP/1.1" 200 0 "-" "WordPress/7.0; https://test1.therahuldas.com"
91.146.102.43 - ecom [16/Jun/2026:22:44:19 +0200] "GET /wp-json/wp/v2/users/me HTTP/2" 401 81 "-" "Mozilla/5.0 (X11; Linux x86_64) AppleWebKit/537.36 (KHTML, like Gecko) Chrome/133.0.0.0 Safari/537.36 Edg/133.0.0.0"
51.77.152.49 - ecom [16/Jun/2026:22:51:26 +0200] "GET /wp-json/wp/v2/users/me HTTP/2" 401 81 "-" "Mozilla/5.0 (Macintosh; Intel Mac OS X 10_15_7) AppleWebKit/537.36 (KHTML, like Gecko) Chrome/133.0.0.0 Safari/537.36 Edg/133.0.0.0"
65.21.228.101 - - [16/Jun/2026:22:57:11 +0200] "POST /wp-cron.php?doing_wp_cron=1781643431.5631890296936035156250 HTTP/1.1" 200 0 "-" "WordPress/7.0; https://test1.therahuldas.com"
65.21.228.101 - - [16/Jun/2026:22:48:47 +0200] "POST /wp-cron.php?doing_wp_cron=1781642927.2894089221954345703125 HTTP/1.1" 200 0 "-" "WordPress/7.0; https://test1.therahuldas.com"
51.77.152.49 - - [16/Jun/2026:22:51:08 +0200] "GET /wp-login.php HTTP/2" 200 0 "-" "Mozilla/5.0 (Macintosh; Intel Mac OS X 10_15_7) AppleWebKit/537.36 (KHTML, like Gecko) Chrome/133.0.0.0 Safari/537.36 Edg/133.0.0.0"
65.21.228.101 - - [16/Jun/2026:22:59:53 +0200] "POST /wp-cron.php?doing_wp_cron=1781643593.1005070209503173828125 HTTP/1.1" 200 0 "-" "WordPress/7.0; https://test1.therahuldas.com"
65.21.228.101 - - [16/Jun/2026:23:15:42 +0200] "POST /wp-cron.php?doing_wp_cron=1781644542.5086309909820556640625 HTTP/1.1" 200 0 "-" "WordPress/7.0; https://test1.therahuldas.com"
165.245.185.54 - - [16/Jun/2026:23:14:22 +0200] "GET /wp-login.php HTTP/2" 200 974 "-" "Mozilla/5.0 (Macintosh; Intel Mac OS X 10_15_7) AppleWebKit/605.1.15 (KHTML, like Gecko) Version/18.3 Safari/605.1.15"
165.245.185.54 - - [16/Jun/2026:23:14:23 +0200] "POST /wp-login.php HTTP/2" 200 974 "https://test1.therahuldas.com/wp-login.php" "Mozilla/5.0 (Macintosh; Intel Mac OS X 10_15_7) AppleWebKit/605.1.15 (KHTML, like Gecko) Version/18.3 Safari/605.1.15"
194.163.135.93 - - [16/Jun/2026:23:16:32 +0200] "GET /wp-login.php HTTP/2" 200 974 "-" "Mozilla/5.0 (Windows NT 10.0; Win64; x64) AppleWebKit/537.36 (KHTML, like Gecko) Chrome/120.0.0.0 Safari/537.36"
209.126.13.64 - - [16/Jun/2026:23:05:19 +0200] "GET /wp-login.php HTTP/2" 200 974 "-" "Mozilla/5.0 (X11; Linux x86_64) AppleWebKit/537.36 (KHTML, like Gecko) Chrome/133.0.0.0 Safari/537.36"
209.126.13.64 - - [16/Jun/2026:23:05:20 +0200] "POST /wp-login.php HTTP/2" 200 974 "https://test1.therahuldas.com/wp-login.php" "Mozilla/5.0 (X11; Linux x86_64) AppleWebKit/537.36 (KHTML, like Gecko) Chrome/133.0.0.0 Safari/537.36"
192.169.174.130 - - [16/Jun/2026:23:21:14 +0200] "GET /wp-login.php HTTP/2" 200 974 "-" "Mozilla/5.0 (Windows NT 10.0; Win64; x64) AppleWebKit/537.36 (KHTML, like Gecko) Chrome/120.0.0.0 Safari/537.36"
159.223.76.255 - - [16/Jun/2026:23:44:10 +0200] "GET /wp-login.php HTTP/2" 200 974 "-" "Mozilla/5.0 (X11; Linux x86_64; rv:133.0) Gecko/20100101 Firefox/133.0"
159.223.76.255 - - [16/Jun/2026:23:44:10 +0200] "POST /wp-login.php HTTP/2" 200 974 "https://test1.therahuldas.com/wp-login.php" "Mozilla/5.0 (X11; Linux x86_64; rv:133.0) Gecko/20100101 Firefox/133.0"
46.246.47.58 - - [16/Jun/2026:23:40:27 +0200] "GET /wp-login.php HTTP/2" 200 974 "-" "Mozilla/5.0 (Windows NT 10.0; Win64; x64) AppleWebKit/537.36 (KHTML, like Gecko) Chrome/120.0.0.0 Safari/537.36"
159.203.25.248 - - [16/Jun/2026:23:53:26 +0200] "GET /wp-login.php HTTP/2" 200 974 "-" "Mozilla/5.0 (Windows NT 10.0; WOW64) AppleWebKit/537.36 (KHTML, like Gecko) Chrome/133.0.0.0 Safari/537.36"
159.203.25.248 - - [16/Jun/2026:23:53:30 +0200] "POST /wp-login.php HTTP/2" 200 974 "https://test1.therahuldas.com/wp-login.php" "Mozilla/5.0 (Windows NT 10.0; WOW64) AppleWebKit/537.36 (KHTML, like Gecko) Chrome/133.0.0.0 Safari/537.36"
138.201.38.133 - - [17/Jun/2026:00:03:20 +0200] "GET /wp-login.php HTTP/2" 200 974 "-" "Mozilla/5.0 (X11; Linux x86_64) AppleWebKit/537.36 (KHTML, like Gecko) Chrome/133.0.0.0 Safari/537.36"
138.201.38.133 - - [17/Jun/2026:00:03:20 +0200] "POST /wp-login.php HTTP/2" 200 974 "https://test1.therahuldas.com/wp-login.php" "Mozilla/5.0 (X11; Linux x86_64) AppleWebKit/537.36 (KHTML, like Gecko) Chrome/133.0.0.0 Safari/537.36"
159.203.57.110 - - [16/Jun/2026:23:54:27 +0200] "GET /wp-login.php HTTP/2" 200 974 "-" "Mozilla/5.0 (Windows NT 10.0; Win64; x64; rv:133.0) Gecko/20100101 Firefox/133.0"
159.203.57.110 - - [16/Jun/2026:23:54:27 +0200] "POST /wp-login.php HTTP/2" 200 974 "https://test1.therahuldas.com/wp-login.php" "Mozilla/5.0 (Windows NT 10.0; Win64; x64; rv:133.0) Gecko/20100101 Firefox/133.0"
217.147.225.69 - - [17/Jun/2026:00:21:39 +0200] "GET /wp-login.php HTTP/2" 200 974 "-" "Mozilla/5.0 (Windows NT 10.0; Win64; x64) AppleWebKit/537.36 (KHTML, like Gecko) Chrome/120.0.0.0 Safari/537.36"
104.155.29.73 - ecom [17/Jun/2026:00:42:53 +0200] "GET /wp-json/wp/v2/users/me HTTP/2" 401 81 "-" "Mozilla/5.0 (Macintosh; Intel Mac OS X 14_7_4) AppleWebKit/537.36 (KHTML, like Gecko) Chrome/133.0.0.0 Safari/537.36"
65.21.228.101 - - [17/Jun/2026:00:42:53 +0200] "POST /wp-cron.php?doing_wp_cron=1781649773.9212429523468017578125 HTTP/1.1" 200 0 "-" "WordPress/7.0; https://test1.therahuldas.com"
217.147.225.69 - - [17/Jun/2026:00:43:40 +0200] "GET /wp-login.php HTTP/2" 200 974 "-" "Mozilla/5.0 (Windows NT 10.0; Win64; x64) AppleWebKit/537.36 (KHTML, like Gecko) Chrome/120.0.0.0 Safari/537.36"
124.156.212.23 - - [17/Jun/2026:00:59:03 +0200] "GET /wp-login.php HTTP/2" 200 974 "-" "Mozilla/5.0 (Windows NT 10.0; Win64; x64) AppleWebKit/537.36 (KHTML, like Gecko) Chrome/120.0.0.0 Safari/537.36"
194.163.139.224 - ecom [17/Jun/2026:01:03:02 +0200] "GET /wp-json/wp/v2/users/me HTTP/2" 401 81 "-" "Mozilla/5.0 (X11; CrOS x86_64 14541.0.0) AppleWebKit/537.36 (KHTML, like Gecko) Chrome/133.0.0.0 Safari/537.36"
5.144.130.25 - - [17/Jun/2026:01:09:23 +0200] "GET /wp-login.php HTTP/2" 200 974 "-" "Mozilla/5.0 (Macintosh; Intel Mac OS X 14_7_4) AppleWebKit/537.36 (KHTML, like Gecko) Chrome/133.0.0.0 Safari/537.36"
5.144.130.25 - - [17/Jun/2026:01:09:23 +0200] "POST /wp-login.php HTTP/2" 200 974 "https://test1.therahuldas.com/wp-login.php" "Mozilla/5.0 (Macintosh; Intel Mac OS X 14_7_4) AppleWebKit/537.36 (KHTML, like Gecko) Chrome/133.0.0.0 Safari/537.36"
176.61.149.165 - - [17/Jun/2026:00:59:31 +0200] "GET /wp-login.php HTTP/2" 200 974 "-" "Mozilla/5.0 (Windows NT 10.0; Win64; x64) AppleWebKit/537.36 (KHTML, like Gecko) Chrome/133.0.0.0 Safari/537.36 Edg/133.0.0.0"
176.61.149.165 - - [17/Jun/2026:00:59:37 +0200] "POST /wp-login.php HTTP/2" 200 974 "https://test1.therahuldas.com/wp-login.php" "Mozilla/5.0 (Windows NT 10.0; Win64; x64) AppleWebKit/537.36 (KHTML, like Gecko) Chrome/133.0.0.0 Safari/537.36 Edg/133.0.0.0"
65.21.228.101 - - [17/Jun/2026:01:03:04 +0200] "POST /wp-cron.php?doing_wp_cron=1781650984.2168591022491455078125 HTTP/1.1" 200 0 "-" "WordPress/7.0; https://test1.therahuldas.com"
192.185.4.92 - - [17/Jun/2026:01:25:50 +0200] "GET /wp-login.php HTTP/2" 200 974 "-" "Mozilla/5.0 (Windows NT 10.0; Win64; x64) AppleWebKit/537.36 (KHTML, like Gecko) Chrome/120.0.0.0 Safari/537.36"
82.223.101.158 - - [17/Jun/2026:01:19:46 +0200] "GET /wp-login.php HTTP/2" 200 974 "-" "Mozilla/5.0 (X11; Ubuntu; Linux x86_64) AppleWebKit/537.36 (KHTML, like Gecko) Chrome/133.0.0.0 Safari/537.36"
65.21.228.101 - - [17/Jun/2026:01:20:07 +0200] "POST /wp-cron.php?doing_wp_cron=1781652007.5370988845825195312500 HTTP/1.1" 200 0 "-" "WordPress/7.0; https://test1.therahuldas.com"
65.21.228.101 - - [17/Jun/2026:01:30:45 +0200] "POST /wp-cron.php?doing_wp_cron=1781652645.8153519630432128906250 HTTP/1.1" 200 0 "-" "WordPress/7.0; https://test1.therahuldas.com"
82.223.101.158 - wpcore [17/Jun/2026:01:20:06 +0200] "GET /wp-json/wp/v2/users/me HTTP/2" 401 81 "-" "Mozilla/5.0 (X11; Ubuntu; Linux x86_64) AppleWebKit/537.36 (KHTML, like Gecko) Chrome/133.0.0.0 Safari/537.36"
97.74.88.143 - - [17/Jun/2026:01:29:43 +0200] "GET /wp-login.php HTTP/2" 200 974 "-" "Mozilla/5.0 (Windows NT 10.0; Win64; x64) AppleWebKit/537.36 (KHTML, like Gecko) Chrome/133.0.0.0 Safari/537.36 Edg/133.0.0.0"
97.74.88.143 - - [17/Jun/2026:01:29:44 +0200] "POST /wp-login.php HTTP/2" 403 0 "https://test1.therahuldas.com/wp-login.php" "Mozilla/5.0 (Windows NT 10.0; Win64; x64) AppleWebKit/537.36 (KHTML, like Gecko) Chrome/133.0.0.0 Safari/537.36 Edg/133.0.0.0"
65.21.228.101 - - [17/Jun/2026:01:37:32 +0200] "POST /wp-cron.php?doing_wp_cron=1781653052.0171210765838623046875 HTTP/1.1" 200 0 "-" "WordPress/7.0; https://test1.therahuldas.com"
184.72.102.8 - - [17/Jun/2026:01:37:32 +0200] "GET /wp-includes/js/jquery/jquery-migrate.min.js?ver=3.4.1 HTTP/1.1" 200 4678 "https://test1.therahuldas.com" "Mozilla/5.0 (Windows NT 10.0; Win64; x64) AppleWebKit/537.36 (KHTML, like Gecko) Chrome/124.0.0.0 Safari/537.36"
184.72.102.8 - - [17/Jun/2026:01:37:32 +0200] "GET /wp-content/plugins/woocommerce/assets/js/jquery-blockui/jquery.blockUI.min.js?ver=2.7.0-wc.10.2.2 HTTP/1.1" 200 3277 "https://test1.therahuldas.com" "Mozilla/5.0 (Windows NT 10.0; Win64; x64) AppleWebKit/537.36 (KHTML, like Gecko) Chrome/124.0.0.0 Safari/537.36"
184.72.102.8 - - [17/Jun/2026:01:37:32 +0200] "GET /wp-content/plugins/metform/public/assets/lib/cute-alert/cute-alert.js?ver=4.0.6 HTTP/1.1" 200 1009 "https://test1.therahuldas.com" "Mozilla/5.0 (Windows NT 10.0; Win64; x64) AppleWebKit/537.36 (KHTML, like Gecko) Chrome/124.0.0.0 Safari/537.36"
184.72.102.8 - - [17/Jun/2026:01:37:32 +0200] "GET /wp-includes/js/jquery/ui/core.min.js?ver=1.13.3 HTTP/1.1" 200 6812 "https://test1.therahuldas.com" "Mozilla/5.0 (Windows NT 10.0; Win64; x64) AppleWebKit/537.36 (KHTML, like Gecko) Chrome/124.0.0.0 Safari/537.36"
185.21.40.28 - - [17/Jun/2026:01:44:26 +0200] "GET /wp-login.php HTTP/2" 200 974 "-" "Mozilla/5.0 (Windows NT 10.0; Win64; x64) AppleWebKit/537.36 (KHTML, like Gecko) Chrome/133.0.0.0 Safari/537.36"
185.21.40.28 - - [17/Jun/2026:01:44:27 +0200] "POST /wp-login.php HTTP/2" 200 974 "https://test1.therahuldas.com/wp-login.php" "Mozilla/5.0 (Windows NT 10.0; Win64; x64) AppleWebKit/537.36 (KHTML, like Gecko) Chrome/133.0.0.0 Safari/537.36"
184.72.102.8 - - [17/Jun/2026:01:37:32 +0200] "GET /wp-content/plugins/woocommerce/assets/js/sourcebuster/sourcebuster.min.js?ver=10.2.2 HTTP/1.1" 200 4609 "https://test1.therahuldas.com" "Mozilla/5.0 (Windows NT 10.0; Win64; x64) AppleWebKit/537.36 (KHTML, like Gecko) Chrome/124.0.0.0 Safari/537.36"
184.72.102.8 - - [17/Jun/2026:01:37:32 +0200] "GET /wp-content/plugins/cookieadmin/assets/js/consent.js?ver=1.1.1 HTTP/1.1" 200 4278 "https://test1.therahuldas.com" "Mozilla/5.0 (Windows NT 10.0; Win64; x64) AppleWebKit/537.36 (KHTML, like Gecko) Chrome/124.0.0.0 Safari/537.36"
184.72.102.8 - - [17/Jun/2026:01:37:32 +0200] "GET /wp-content/plugins/elementskit-lite/libs/framework/assets/js/frontend-script.js?ver=3.7.4 HTTP/1.1" 200 40 "https://test1.therahuldas.com" "Mozilla/5.0 (Windows NT 10.0; Win64; x64) AppleWebKit/537.36 (KHTML, like Gecko) Chrome/124.0.0.0 Safari/537.36"
184.72.102.8 - - [17/Jun/2026:01:37:32 +0200] "GET /wp-content/plugins/elementor/assets/js/frontend-modules.min.js?ver=3.32.4 HTTP/1.1" 200 17961 "https://test1.therahuldas.com" "Mozilla/5.0 (Windows NT 10.0; Win64; x64) AppleWebKit/537.36 (KHTML, like Gecko) Chrome/124.0.0.0 Safari/537.36"
65.21.228.101 - - [17/Jun/2026:01:41:27 +0200] "POST /wp-cron.php?doing_wp_cron=1781653287.1318130493164062500000 HTTP/1.1" 200 0 "-" "WordPress/7.0; https://test1.therahuldas.com"
184.72.102.8 - - [17/Jun/2026:01:37:31 +0200] "GET / HTTP/1.1" 200 25206 "https://www.bing.com/" "Mozilla/5.0 (Windows NT 10.0; Win64; x64) AppleWebKit/537.36 (KHTML, like Gecko) Chrome/124.0.0.0 Safari/537.36"
184.72.102.8 - - [17/Jun/2026:01:37:32 +0200] "GET /wp-includes/js/jquery/jquery.min.js?ver=3.7.1 HTTP/1.1" 200 29744 "https://test1.therahuldas.com" "Mozilla/5.0 (Windows NT 10.0; Win64; x64) AppleWebKit/537.36 (KHTML, like Gecko) Chrome/124.0.0.0 Safari/537.36"
184.72.102.8 - - [17/Jun/2026:01:37:32 +0200] "GET /wp-content/plugins/woocommerce/assets/js/frontend/add-to-cart.min.js?ver=10.2.2 HTTP/1.1" 200 1225 "https://test1.therahuldas.com" "Mozilla/5.0 (Windows NT 10.0; Win64; x64) AppleWebKit/537.36 (KHTML, like Gecko) Chrome/124.0.0.0 Safari/537.36"
184.72.102.8 - - [17/Jun/2026:01:37:32 +0200] "GET /wp-content/plugins/elementskit-lite/widgets/init/assets/js/widget-scripts.js?ver=3.7.4 HTTP/1.1" 200 35012 "https://test1.therahuldas.com" "Mozilla/5.0 (Windows NT 10.0; Win64; x64) AppleWebKit/537.36 (KHTML, like Gecko) Chrome/124.0.0.0 Safari/537.36"
