168.63.79.147 - - [16/Jun/2026:14:19:30 +0200] "GET /wp-login.php HTTP/2" 200 974 "-" "Mozilla/5.0 (Macintosh; Intel Mac OS X 14_7_4) AppleWebKit/537.36 (KHTML, like Gecko) Chrome/133.0.0.0 Safari/537.36"
168.63.79.147 - - [16/Jun/2026:14:19:30 +0200] "POST /wp-login.php HTTP/2" 200 974 "https://reenrihair.com.therahuldas.com/wp-login.php" "Mozilla/5.0 (Macintosh; Intel Mac OS X 14_7_4) AppleWebKit/537.36 (KHTML, like Gecko) Chrome/133.0.0.0 Safari/537.36"
144.16.144.93 - - [16/Jun/2026:14:19:58 +0200] "GET /wp-login.php HTTP/2" 200 974 "-" "Mozilla/5.0 (X11; Fedora; Linux x86_64) AppleWebKit/537.36 (KHTML, like Gecko) Chrome/133.0.0.0 Safari/537.36"
144.16.144.93 - - [16/Jun/2026:14:19:58 +0200] "POST /wp-login.php HTTP/2" 200 974 "https://reenrihair.com/wp-login.php" "Mozilla/5.0 (X11; Fedora; Linux x86_64) AppleWebKit/537.36 (KHTML, like Gecko) Chrome/133.0.0.0 Safari/537.36"
104.155.29.73 - - [16/Jun/2026:14:28:33 +0200] "GET /wp-login.php HTTP/2" 200 974 "-" "Mozilla/5.0 (Macintosh; Intel Mac OS X 10_15_7) AppleWebKit/537.36 (KHTML, like Gecko) Chrome/133.0.0.0 Safari/537.36 Edg/133.0.0.0"
104.155.29.73 - - [16/Jun/2026:14:28:33 +0200] "POST /wp-login.php HTTP/2" 200 974 "https://reenrihair.com.therahuldas.com/wp-login.php" "Mozilla/5.0 (Macintosh; Intel Mac OS X 10_15_7) AppleWebKit/537.36 (KHTML, like Gecko) Chrome/133.0.0.0 Safari/537.36 Edg/133.0.0.0"
167.71.136.93 - - [16/Jun/2026:14:41:41 +0200] "GET /wp-login.php HTTP/2" 200 974 "-" "Mozilla/5.0 (Macintosh; Intel Mac OS X 11_7_10) AppleWebKit/537.36 (KHTML, like Gecko) Chrome/133.0.0.0 Safari/537.36"
167.71.136.93 - - [16/Jun/2026:14:41:50 +0200] "POST /wp-login.php HTTP/2" 200 974 "https://reenrihair.com/wp-login.php" "Mozilla/5.0 (Macintosh; Intel Mac OS X 11_7_10) AppleWebKit/537.36 (KHTML, like Gecko) Chrome/133.0.0.0 Safari/537.36"
31.94.60.121 - - [16/Jun/2026:14:42:43 +0200] "GET / HTTP/2" 200 36 "https://www.google.com/" "Mozilla/5.0 (iPhone; CPU iPhone OS 26_4_2 like Mac OS X) AppleWebKit/605.1.15 (KHTML, like Gecko) CriOS/149.0.7827.137 Mobile/15E148 Safari/604.1"
31.94.60.121 - - [16/Jun/2026:14:42:59 +0200] "GET / HTTP/2" 200 36 "https://www.google.com/" "Mozilla/5.0 (iPhone; CPU iPhone OS 26_4_2 like Mac OS X) AppleWebKit/605.1.15 (KHTML, like Gecko) CriOS/149.0.7827.137 Mobile/15E148 Safari/604.1"
31.94.60.121 - - [16/Jun/2026:14:43:03 +0200] "GET / HTTP/2" 200 36 "https://www.google.com/" "Mozilla/5.0 (iPhone; CPU iPhone OS 26_4_2 like Mac OS X) AppleWebKit/605.1.15 (KHTML, like Gecko) CriOS/149.0.7827.137 Mobile/15E148 Safari/604.1"
173.236.215.92 - - [16/Jun/2026:14:27:21 +0200] "GET /wp-login.php HTTP/2" 200 974 "-" "Mozilla/5.0 (Windows NT 10.0; Win64; x64) AppleWebKit/537.36 (KHTML, like Gecko) Chrome/133.0.0.0 Safari/537.36"
173.236.215.92 - - [16/Jun/2026:14:27:21 +0200] "POST /wp-login.php HTTP/2" 200 974 "https://reenrihair.com/wp-login.php" "Mozilla/5.0 (Windows NT 10.0; Win64; x64) AppleWebKit/537.36 (KHTML, like Gecko) Chrome/133.0.0.0 Safari/537.36"
192.185.4.61 - - [16/Jun/2026:14:34:00 +0200] "GET /wp-login.php HTTP/2" 200 974 "-" "Mozilla/5.0 (Windows NT 10.0; Win64; x64) AppleWebKit/537.36 (KHTML, like Gecko) Chrome/120.0.0.0 Safari/537.36"
31.94.60.121 - - [16/Jun/2026:14:42:43 +0200] "GET /favicon.ico HTTP/2" 404 796 "-" "Mozilla/5.0 (iPhone; CPU iPhone OS 26_4_2 like Mac OS X) AppleWebKit/605.1.15 (KHTML, like Gecko) CriOS/149.0.7827.137 Mobile/15E148 Safari/604.1"
31.94.60.121 - - [16/Jun/2026:14:44:31 +0200] "GET /?utm_source=ig&utm_medium=social&utm_content=link_in_bio&fbclid=PAZXh0bgNhZW0CMTEAc3J0YwZhcHBfaWQPMTI0MDI0NTc0Mjg3NDE0AAGngIfRaIBloVlpTB_GwanqcSos2Bg4R8-JFf-AHNd8p3i9mAYBZV9WKLT6vwQ_aem_HEhpY_Yy2TqB5ffXYCCrNQ HTTP/2" 200 36 "https://l.instagram.com/" "Mozilla/5.0 (iPhone; CPU iPhone OS 26_4_2 like Mac OS X) AppleWebKit/605.1.15 (KHTML, like Gecko) Mobile/23E261 Instagram 433.0.0.33.57 (iPhone18,1; iOS 26_4_2; en_GB; en-GB; scale=3.00; 1206x2622; IABMV/1; 989803374) Safari/604.1"
31.94.60.121 - - [16/Jun/2026:14:44:42 +0200] "GET /?utm_source=ig&utm_medium=social&utm_content=link_in_bio&fbclid=PAZXh0bgNhZW0CMTEAc3J0YwZhcHBfaWQPMTI0MDI0NTc0Mjg3NDE0AAGngIfRaIBloVlpTB_GwanqcSos2Bg4R8-JFf-AHNd8p3i9mAYBZV9WKLT6vwQ_aem_HEhpY_Yy2TqB5ffXYCCrNQ HTTP/2" 200 36 "https://l.instagram.com/" "Mozilla/5.0 (iPhone; CPU iPhone OS 26_4_2 like Mac OS X) AppleWebKit/605.1.15 (KHTML, like Gecko) Mobile/23E261 Instagram 433.0.0.33.57 (iPhone18,1; iOS 26_4_2; en_GB; en-GB; scale=3.00; 1206x2622; IABMV/1; 989803374) Safari/604.1"
209.42.27.89 - - [16/Jun/2026:14:46:44 +0200] "GET /wp-login.php HTTP/2" 200 974 "-" "Mozilla/5.0 (Windows NT 10.0; Win64; x64) AppleWebKit/537.36 (KHTML, like Gecko) Chrome/120.0.0.0 Safari/537.36"
31.3.241.131 - - [16/Jun/2026:14:56:05 +0200] "GET /wp-login.php HTTP/2" 200 974 "-" "Mozilla/5.0 (X11; Linux x86_64; rv:133.0) Gecko/20100101 Firefox/133.0"
31.3.241.131 - - [16/Jun/2026:14:56:05 +0200] "POST /wp-login.php HTTP/2" 200 974 "https://reenrihair.com/wp-login.php" "Mozilla/5.0 (X11; Linux x86_64; rv:133.0) Gecko/20100101 Firefox/133.0"
192.241.157.226 - - [16/Jun/2026:15:37:07 +0200] "GET /wp-login.php HTTP/2" 200 974 "-" "Mozilla/5.0 (Windows NT 10.0; Win64; x64; rv:133.0) Gecko/20100101 Firefox/133.0"
192.241.157.226 - - [16/Jun/2026:15:37:11 +0200] "POST /wp-login.php HTTP/2" 200 974 "https://reenrihair.com/wp-login.php" "Mozilla/5.0 (Windows NT 10.0; Win64; x64; rv:133.0) Gecko/20100101 Firefox/133.0"
31.3.241.131 - - [16/Jun/2026:15:57:09 +0200] "GET /wp-login.php HTTP/2" 200 974 "-" "Mozilla/5.0 (Windows NT 10.0; Win64; x64) AppleWebKit/537.36 (KHTML, like Gecko) Chrome/133.0.0.0 Safari/537.36"
31.3.241.131 - - [16/Jun/2026:15:57:09 +0200] "POST /wp-login.php HTTP/2" 200 974 "https://reenrihair.com.therahuldas.com/wp-login.php" "Mozilla/5.0 (Windows NT 10.0; Win64; x64) AppleWebKit/537.36 (KHTML, like Gecko) Chrome/133.0.0.0 Safari/537.36"
78.155.192.98 - - [16/Jun/2026:15:12:32 +0200] "GET /wp-login.php HTTP/2" 200 974 "-" "Mozilla/5.0 (Windows NT 10.0; Win64; x64) AppleWebKit/537.36 (KHTML, like Gecko) Chrome/133.0.0.0 Safari/537.36 Edg/133.0.0.0"
78.155.192.98 - - [16/Jun/2026:15:12:32 +0200] "POST /wp-login.php HTTP/2" 200 974 "https://reenrihair.com.therahuldas.com/wp-login.php" "Mozilla/5.0 (Windows NT 10.0; Win64; x64) AppleWebKit/537.36 (KHTML, like Gecko) Chrome/133.0.0.0 Safari/537.36 Edg/133.0.0.0"
192.185.4.177 - - [16/Jun/2026:15:22:59 +0200] "GET /wp-login.php HTTP/2" 200 974 "-" "Mozilla/5.0 (Windows NT 10.0; Win64; x64) AppleWebKit/537.36 (KHTML, like Gecko) Chrome/120.0.0.0 Safari/537.36"
47.128.36.108 - - [16/Jun/2026:15:08:55 +0200] "GET /robots.txt HTTP/1.1" 403 787 "-" "Mozilla/5.0 (Linux; Android 5.0) AppleWebKit/537.36 (KHTML, like Gecko) Mobile Safari/537.36 (compatible; Bytespider; spider-feedback@bytedance.com)"
185.55.229.75 - - [16/Jun/2026:15:17:47 +0200] "GET /wp-login.php HTTP/2" 200 974 "-" "Mozilla/5.0 (X11; Linux x86_64) AppleWebKit/537.36 (KHTML, like Gecko) Chrome/133.0.0.0 Safari/537.36"
185.55.229.75 - - [16/Jun/2026:15:17:52 +0200] "POST /wp-login.php HTTP/2" 200 974 "https://reenrihair.com/wp-login.php" "Mozilla/5.0 (X11; Linux x86_64) AppleWebKit/537.36 (KHTML, like Gecko) Chrome/133.0.0.0 Safari/537.36"
165.245.185.54 - - [16/Jun/2026:15:49:04 +0200] "GET /wp-login.php HTTP/2" 200 974 "-" "Mozilla/5.0 (Windows NT 10.0; Win64; x64) AppleWebKit/537.36 (KHTML, like Gecko) Chrome/120.0.0.0 Safari/537.36"
185.55.229.75 - - [16/Jun/2026:15:10:23 +0200] "GET /wp-login.php HTTP/2" 200 974 "-" "Mozilla/5.0 (Macintosh; Intel Mac OS X 10_15_7) AppleWebKit/537.36 (KHTML, like Gecko) Chrome/133.0.0.0 Safari/537.36 Edg/133.0.0.0"
185.55.229.75 - - [16/Jun/2026:15:10:30 +0200] "POST /wp-login.php HTTP/2" 200 974 "https://reenrihair.com/wp-login.php" "Mozilla/5.0 (Macintosh; Intel Mac OS X 10_15_7) AppleWebKit/537.36 (KHTML, like Gecko) Chrome/133.0.0.0 Safari/537.36 Edg/133.0.0.0"
64.37.63.170 - - [16/Jun/2026:16:37:31 +0200] "GET /wp-login.php HTTP/2" 200 974 "-" "Mozilla/5.0 (Windows NT 10.0; WOW64) AppleWebKit/537.36 (KHTML, like Gecko) Chrome/133.0.0.0 Safari/537.36"
64.37.63.170 - - [16/Jun/2026:16:37:40 +0200] "POST /wp-login.php HTTP/2" 200 974 "https://reenrihair.com/wp-login.php" "Mozilla/5.0 (Windows NT 10.0; WOW64) AppleWebKit/537.36 (KHTML, like Gecko) Chrome/133.0.0.0 Safari/537.36"
97.74.88.143 - reenrihair [16/Jun/2026:16:51:35 +0200] "GET /wp-json/wp/v2/users/me HTTP/2" 200 36 "-" "Mozilla/5.0 (X11; Linux x86_64) AppleWebKit/537.36 (KHTML, like Gecko) Chrome/133.0.0.0 Safari/537.36"
192.185.4.166 - - [16/Jun/2026:16:17:44 +0200] "GET /wp-login.php HTTP/2" 200 974 "-" "Mozilla/5.0 (Windows NT 10.0; Win64; x64) AppleWebKit/537.36 (KHTML, like Gecko) Chrome/120.0.0.0 Safari/537.36"
68.65.121.77 - - [16/Jun/2026:16:58:06 +0200] "GET /wp-login.php HTTP/2" 200 974 "-" "Mozilla/5.0 (X11; Fedora; Linux x86_64) AppleWebKit/537.36 (KHTML, like Gecko) Chrome/133.0.0.0 Safari/537.36"
68.65.121.77 - - [16/Jun/2026:16:58:08 +0200] "POST /wp-login.php HTTP/2" 200 974 "https://reenrihair.com/wp-login.php" "Mozilla/5.0 (X11; Fedora; Linux x86_64) AppleWebKit/537.36 (KHTML, like Gecko) Chrome/133.0.0.0 Safari/537.36"
192.185.4.177 - - [16/Jun/2026:16:04:21 +0200] "GET /wp-login.php HTTP/2" 200 974 "-" "Mozilla/5.0 (Windows NT 10.0; Win64; x64) AppleWebKit/537.36 (KHTML, like Gecko) Chrome/120.0.0.0 Safari/537.36"
192.185.4.177 - - [16/Jun/2026:16:10:02 +0200] "GET /wp-login.php HTTP/2" 200 974 "-" "Mozilla/5.0 (Windows NT 10.0; Win64; x64) AppleWebKit/537.36 (KHTML, like Gecko) Chrome/120.0.0.0 Safari/537.36"
64.37.63.170 - - [16/Jun/2026:16:23:07 +0200] "GET /wp-login.php HTTP/2" 200 974 "-" "Mozilla/5.0 (Macintosh; Intel Mac OS X 10_15_7) AppleWebKit/537.36 (KHTML, like Gecko) Chrome/133.0.0.0 Safari/537.36"
64.37.63.170 - - [16/Jun/2026:16:23:08 +0200] "POST /wp-login.php HTTP/2" 200 974 "https://reenrihair.com.therahuldas.com/wp-login.php" "Mozilla/5.0 (Macintosh; Intel Mac OS X 10_15_7) AppleWebKit/537.36 (KHTML, like Gecko) Chrome/133.0.0.0 Safari/537.36"
209.42.27.89 - - [16/Jun/2026:16:38:15 +0200] "GET /wp-login.php HTTP/2" 200 974 "-" "Mozilla/5.0 (Windows NT 10.0; Win64; x64) AppleWebKit/537.36 (KHTML, like Gecko) Chrome/120.0.0.0 Safari/537.36"
185.55.229.75 - - [16/Jun/2026:16:14:59 +0200] "GET /wp-login.php HTTP/2" 200 974 "-" "Mozilla/5.0 (Macintosh; Intel Mac OS X 10_15_7) AppleWebKit/537.36 (KHTML, like Gecko) Chrome/133.0.0.0 Safari/537.36 Edg/133.0.0.0"
185.55.229.75 - - [16/Jun/2026:16:14:59 +0200] "POST /wp-login.php HTTP/2" 200 974 "https://reenrihair.com.therahuldas.com/wp-login.php" "Mozilla/5.0 (Macintosh; Intel Mac OS X 10_15_7) AppleWebKit/537.36 (KHTML, like Gecko) Chrome/133.0.0.0 Safari/537.36 Edg/133.0.0.0"
97.74.88.143 - - [16/Jun/2026:16:51:13 +0200] "GET /wp-login.php HTTP/2" 200 974 "-" "Mozilla/5.0 (X11; Linux x86_64) AppleWebKit/537.36 (KHTML, like Gecko) Chrome/133.0.0.0 Safari/537.36"
97.74.88.143 - - [16/Jun/2026:16:51:13 +0200] "POST /wp-login.php HTTP/2" 200 0 "https://reenrihair.com/wp-login.php" "Mozilla/5.0 (X11; Linux x86_64) AppleWebKit/537.36 (KHTML, like Gecko) Chrome/133.0.0.0 Safari/537.36"
51.89.39.37 - - [16/Jun/2026:16:53:39 +0200] "GET /?wmo_hc=k7Hx9mQp2wRt HTTP/2" 200 46 "-" "Mozilla/5.0 (Windows NT 10.0; Win64; x64) AppleWebKit/537.36 (KHTML, like Gecko) Chrome/148.0.0.0 Safari/537.36"
198.244.242.181 - - [16/Jun/2026:16:57:57 +0200] "GET /robots.txt HTTP/2" 200 36 "-" "Mozilla/5.0 (compatible; AhrefsBot/7.0; +http://ahrefs.com/robot/)"
92.222.108.105 - - [16/Jun/2026:16:57:58 +0200] "GET / HTTP/2" 200 36 "-" "Mozilla/5.0 (compatible; AhrefsBot/7.0; +http://ahrefs.com/robot/)"
51.89.39.37 - - [16/Jun/2026:16:53:37 +0200] "GET /blog-verify HTTP/2" 200 46 "-" "Mozilla/5.0 (Macintosh; Intel Mac OS X 10.15; rv:150.0) Gecko/20100101 Firefox/150.0"
216.17.1.172 - - [16/Jun/2026:16:44:05 +0200] "GET /wp-login.php HTTP/2" 200 974 "-" "Mozilla/5.0 (Macintosh; Intel Mac OS X 10_15_7) AppleWebKit/537.36 (KHTML, like Gecko) Chrome/133.0.0.0 Safari/537.36 Edg/133.0.0.0"
216.17.1.172 - - [16/Jun/2026:16:44:06 +0200] "POST /wp-login.php HTTP/2" 200 974 "https://reenrihair.com/wp-login.php" "Mozilla/5.0 (Macintosh; Intel Mac OS X 10_15_7) AppleWebKit/537.36 (KHTML, like Gecko) Chrome/133.0.0.0 Safari/537.36 Edg/133.0.0.0"
185.176.8.77 - - [16/Jun/2026:17:10:35 +0200] "GET /wp-login.php HTTP/2" 200 974 "-" "Mozilla/5.0 (Windows NT 10.0; Win64; x64) AppleWebKit/537.36 (KHTML, like Gecko) Chrome/120.0.0.0 Safari/537.36"
102.134.101.35 - - [16/Jun/2026:17:22:50 +0200] "GET /wp-login.php HTTP/2" 200 974 "-" "Mozilla/5.0 (Windows NT 10.0; WOW64) AppleWebKit/537.36 (KHTML, like Gecko) Chrome/133.0.0.0 Safari/537.36"
102.134.101.35 - - [16/Jun/2026:17:22:50 +0200] "POST /wp-login.php HTTP/2" 200 0 "https://reenrihair.com.therahuldas.com/wp-login.php" "Mozilla/5.0 (Windows NT 10.0; WOW64) AppleWebKit/537.36 (KHTML, like Gecko) Chrome/133.0.0.0 Safari/537.36"
78.128.43.246 - - [16/Jun/2026:17:18:34 +0200] "GET /wp-login.php HTTP/2" 200 974 "-" "Mozilla/5.0 (Macintosh; Intel Mac OS X 11_7_10) AppleWebKit/537.36 (KHTML, like Gecko) Chrome/133.0.0.0 Safari/537.36"
78.128.43.246 - - [16/Jun/2026:17:18:34 +0200] "POST /wp-login.php HTTP/2" 200 974 "https://reenrihair.com/wp-login.php" "Mozilla/5.0 (Macintosh; Intel Mac OS X 11_7_10) AppleWebKit/537.36 (KHTML, like Gecko) Chrome/133.0.0.0 Safari/537.36"
54.37.118.78 - - [16/Jun/2026:17:09:12 +0200] "GET /thank-you/ HTTP/2" 200 36 "-" "Mozilla/5.0 (compatible; AhrefsBot/7.0; +http://ahrefs.com/robot/)"
102.134.101.35 - reenrihair [16/Jun/2026:17:23:11 +0200] "GET /wp-json/wp/v2/users/me HTTP/2" 200 36 "-" "Mozilla/5.0 (Windows NT 10.0; WOW64) AppleWebKit/537.36 (KHTML, like Gecko) Chrome/133.0.0.0 Safari/537.36"
54.66.224.4 - - [16/Jun/2026:17:05:35 +0200] "GET /wp-login.php HTTP/2" 200 974 "-" "Mozilla/5.0 (Windows NT 10.0; Win64; x64) AppleWebKit/537.36 (KHTML, like Gecko) Chrome/133.0.0.0 Safari/537.36"
54.66.224.4 - - [16/Jun/2026:17:05:41 +0200] "POST /wp-login.php HTTP/2" 200 974 "https://reenrihair.com/wp-login.php" "Mozilla/5.0 (Windows NT 10.0; Win64; x64) AppleWebKit/537.36 (KHTML, like Gecko) Chrome/133.0.0.0 Safari/537.36"
208.97.187.39 - - [16/Jun/2026:17:06:51 +0200] "GET /wp-login.php HTTP/2" 200 974 "-" "Mozilla/5.0 (Windows NT 10.0; Win64; x64) AppleWebKit/537.36 (KHTML, like Gecko) Chrome/133.0.0.0 Safari/537.36"
208.97.187.39 - - [16/Jun/2026:17:06:51 +0200] "POST /wp-login.php HTTP/2" 200 974 "https://reenrihair.com.therahuldas.com/wp-login.php" "Mozilla/5.0 (Windows NT 10.0; Win64; x64) AppleWebKit/537.36 (KHTML, like Gecko) Chrome/133.0.0.0 Safari/537.36"
82.223.101.158 - reenrihair [16/Jun/2026:17:31:30 +0200] "GET /wp-json/wp/v2/users/me HTTP/2" 200 36 "-" "Mozilla/5.0 (Windows NT 10.0; Win64; x64) AppleWebKit/537.36 (KHTML, like Gecko) Chrome/133.0.0.0 Safari/537.36"
35.229.206.236 - - [16/Jun/2026:17:38:42 +0200] "GET /wp-login.php HTTP/2" 200 974 "-" "Mozilla/5.0 (Windows NT 10.0; WOW64) AppleWebKit/537.36 (KHTML, like Gecko) Chrome/133.0.0.0 Safari/537.36"
35.229.206.236 - - [16/Jun/2026:17:38:43 +0200] "POST /wp-login.php HTTP/2" 200 974 "https://reenrihair.com/wp-login.php" "Mozilla/5.0 (Windows NT 10.0; WOW64) AppleWebKit/537.36 (KHTML, like Gecko) Chrome/133.0.0.0 Safari/537.36"
80.88.51.54 - - [16/Jun/2026:17:56:13 +0200] "GET /xmlrpc.php HTTP/1.1" 200 52 "https://reenrihair.com/xmlrpc.php" "Mozilla/5.0 (Windows NT 10.0; Win64; x64; rv:141.0) Gecko/20100101 Firefox/141.0"
142.91.100.131 - - [16/Jun/2026:17:58:24 +0200] "GET /wp-login.php HTTP/2" 200 974 "-" "Mozilla/5.0 (X11; Fedora; Linux x86_64) AppleWebKit/537.36 (KHTML, like Gecko) Chrome/133.0.0.0 Safari/537.36"
142.91.100.131 - - [16/Jun/2026:17:58:30 +0200] "POST /wp-login.php HTTP/2" 200 974 "https://reenrihair.com/wp-login.php" "Mozilla/5.0 (X11; Fedora; Linux x86_64) AppleWebKit/537.36 (KHTML, like Gecko) Chrome/133.0.0.0 Safari/537.36"
92.40.170.99 - - [16/Jun/2026:17:27:11 +0200] "GET /book-now/ HTTP/2" 200 36 "https://www.google.com/url?q=https://reenrihair.com/book-now/&sa=U&sqi=2&ved=2ahUKEwjaxMX1iIyVAxWhQ0EAHYtdMqcQjBB6BAgiEAc&usg=AOvVaw1f3HlEDqtmCC9HSPfPzmll" "Mozilla/5.0 (iPhone; CPU iPhone OS 26_5_1 like Mac OS X) AppleWebKit/605.1.15 (KHTML, like Gecko) GSA/424.4.924152415 Mobile/15E148 Safari/604.1"
92.40.170.99 - - [16/Jun/2026:17:27:25 +0200] "GET /book-now/ HTTP/2" 200 36 "https://www.google.com/url?q=https://reenrihair.com/book-now/&sa=U&sqi=2&ved=2ahUKEwjaxMX1iIyVAxWhQ0EAHYtdMqcQjBB6BAgiEAc&usg=AOvVaw1f3HlEDqtmCC9HSPfPzmll" "Mozilla/5.0 (iPhone; CPU iPhone OS 26_5_1 like Mac OS X) AppleWebKit/605.1.15 (KHTML, like Gecko) GSA/424.4.924152415 Mobile/15E148 Safari/604.1"
124.253.95.158 - - [16/Jun/2026:17:56:05 +0200] "GET /xmlrpc.php HTTP/1.1" 200 52 "https://reenrihair.com/xmlrpc.php" "Mozilla/5.0 (Windows NT 10.0; Win64; x64; rv:141.0) Gecko/20100101 Firefox/141.0"
221.120.48.93 - - [16/Jun/2026:17:56:39 +0200] "GET /wp-login.php?wp_lang=en_US HTTP/1.1" 200 993 "https://reenrihair.com/wp-login.php" "Mozilla/5.0 (Windows NT 10.0; Win64; x64; rv:141.0) Gecko/20100101 Firefox/141.0"
82.223.101.158 - - [16/Jun/2026:17:31:10 +0200] "GET /wp-login.php HTTP/2" 200 974 "-" "Mozilla/5.0 (Windows NT 10.0; Win64; x64) AppleWebKit/537.36 (KHTML, like Gecko) Chrome/133.0.0.0 Safari/537.36"
82.223.101.158 - - [16/Jun/2026:17:31:10 +0200] "POST /wp-login.php HTTP/2" 200 974 "https://reenrihair.com.therahuldas.com/wp-login.php" "Mozilla/5.0 (Windows NT 10.0; Win64; x64) AppleWebKit/537.36 (KHTML, like Gecko) Chrome/133.0.0.0 Safari/537.36"
190.206.13.112 - - [16/Jun/2026:17:56:23 +0200] "GET /wp-login.php?wp_lang=en_US HTTP/1.1" 200 993 "https://reenrihair.com/wp-login.php" "Mozilla/5.0 (Windows NT 10.0; Win64; x64) AppleWebKit/537.36 (KHTML, like Gecko) Chrome/138.0.0.0 Safari/537.36"
88.97.239.67 - - [16/Jun/2026:17:26:56 +0200] "GET / HTTP/2" 200 36 "https://www.google.com/" "Mozilla/5.0 (iPhone; CPU iPhone OS 18_7 like Mac OS X) AppleWebKit/605.1.15 (KHTML, like Gecko) Version/26.5 Mobile/15E148 Safari/604.1"
88.97.239.67 - - [16/Jun/2026:17:26:57 +0200] "GET /favicon.ico HTTP/2" 404 796 "https://reenrihair.com/" "Mozilla/5.0 (iPhone; CPU iPhone OS 18_7 like Mac OS X) AppleWebKit/605.1.15 (KHTML, like Gecko) Version/26.5 Mobile/15E148 Safari/604.1"
88.97.239.67 - - [16/Jun/2026:17:27:05 +0200] "GET / HTTP/2" 200 36 "https://www.google.com/" "Mozilla/5.0 (iPhone; CPU iPhone OS 18_7 like Mac OS X) AppleWebKit/605.1.15 (KHTML, like Gecko) Version/26.5 Mobile/15E148 Safari/604.1"
88.97.239.67 - - [16/Jun/2026:17:27:10 +0200] "GET / HTTP/2" 200 36 "https://www.google.com/" "Mozilla/5.0 (iPhone; CPU iPhone OS 18_7 like Mac OS X) AppleWebKit/605.1.15 (KHTML, like Gecko) Version/26.5 Mobile/15E148 Safari/604.1"
92.40.171.11 - - [16/Jun/2026:17:27:40 +0200] "GET /book-now/ HTTP/3" 200 36 "https://www.google.com/url?q=https://reenrihair.com/book-now/&sa=U&sqi=2&ved=2ahUKEwjaxMX1iIyVAxWhQ0EAHYtdMqcQjBB6BAgiEAc&usg=AOvVaw1f3HlEDqtmCC9HSPfPzmll" "Mozilla/5.0 (iPhone; CPU iPhone OS 26_5_1 like Mac OS X) AppleWebKit/605.1.15 (KHTML, like Gecko) GSA/424.4.924152415 Mobile/15E148 Safari/604.1"
198.177.122.140 - Sanish [16/Jun/2026:17:56:47 +0200] "GET /wp-admin/ HTTP/1.1" 200 1242 "-" "Mozilla/5.0 (Macintosh; Intel Mac OS X 10_10_5) AppleWebKit/600.8.9 (KHTML, like Gecko) Version/8.0.8 Safari/600.8.9"
198.177.122.140 - Sanish [16/Jun/2026:17:56:47 +0200] "GET /wp-admin/users.php?s=Sanish HTTP/1.1" 200 1242 "-" "Mozilla/5.0 (Macintosh; Intel Mac OS X 10_10_5) AppleWebKit/600.8.9 (KHTML, like Gecko) Version/8.0.8 Safari/600.8.9"
103.139.152.173 - - [16/Jun/2026:18:00:43 +0200] "GET / HTTP/3" 200 36 "-" "Mozilla/5.0 (Windows NT 10.0; Win64; x64) AppleWebKit/537.36 (KHTML, like Gecko) Chrome/149.0.0.0 Safari/537.36"
103.139.152.173 - - [16/Jun/2026:18:00:44 +0200] "GET / HTTP/3" 200 36 "-" "Mozilla/5.0 (Windows NT 10.0; Win64; x64) AppleWebKit/537.36 (KHTML, like Gecko) Chrome/149.0.0.0 Safari/537.36"
103.139.152.173 - - [16/Jun/2026:18:00:45 +0200] "GET / HTTP/3" 200 36 "-" "Mozilla/5.0 (Windows NT 10.0; Win64; x64) AppleWebKit/537.36 (KHTML, like Gecko) Chrome/149.0.0.0 Safari/537.36"
103.139.152.173 - - [16/Jun/2026:18:00:46 +0200] "GET / HTTP/3" 200 36 "-" "Mozilla/5.0 (Windows NT 10.0; Win64; x64) AppleWebKit/537.36 (KHTML, like Gecko) Chrome/149.0.0.0 Safari/537.36"
103.139.152.173 - - [16/Jun/2026:18:00:46 +0200] "GET / HTTP/3" 200 36 "-" "Mozilla/5.0 (Windows NT 10.0; Win64; x64) AppleWebKit/537.36 (KHTML, like Gecko) Chrome/149.0.0.0 Safari/537.36"
103.139.152.173 - - [16/Jun/2026:18:00:53 +0200] "GET /admin HTTP/3" 200 36 "-" "Mozilla/5.0 (Windows NT 10.0; Win64; x64) AppleWebKit/537.36 (KHTML, like Gecko) Chrome/149.0.0.0 Safari/537.36"
103.139.152.173 - - [16/Jun/2026:18:00:56 +0200] "GET /admin HTTP/3" 200 36 "-" "Mozilla/5.0 (Windows NT 10.0; Win64; x64) AppleWebKit/537.36 (KHTML, like Gecko) Chrome/149.0.0.0 Safari/537.36"
176.61.149.165 - - [16/Jun/2026:17:51:57 +0200] "GET /wp-login.php HTTP/2" 200 974 "-" "Mozilla/5.0 (X11; Linux x86_64) AppleWebKit/537.36 (KHTML, like Gecko) Chrome/133.0.0.0 Safari/537.36"
176.61.149.165 - - [16/Jun/2026:17:51:58 +0200] "POST /wp-login.php HTTP/2" 200 974 "https://reenrihair.com/wp-login.php" "Mozilla/5.0 (X11; Linux x86_64) AppleWebKit/537.36 (KHTML, like Gecko) Chrome/133.0.0.0 Safari/537.36"
198.177.122.140 - Sanish [16/Jun/2026:17:55:56 +0200] "GET /wp-admin/ HTTP/1.1" 200 1242 "-" "Mozilla/5.0 (Windows NT 10.0; Win64; x64) AppleWebKit/537.36 (KHTML, like Gecko) Chrome/131.0.0.0 Safari/537.36"
198.177.122.140 - Sanish [16/Jun/2026:17:55:56 +0200] "GET /wp-admin/users.php?s=Sanish HTTP/1.1" 200 1242 "-" "Mozilla/5.0 (Windows NT 10.0; Win64; x64) AppleWebKit/537.36 (KHTML, like Gecko) Chrome/131.0.0.0 Safari/537.36"
91.215.85.88 - - [16/Jun/2026:17:56:03 +0200] "GET /xmlrpc.php HTTP/1.1" 200 52 "https://reenrihair.com/xmlrpc.php" "Mozilla/5.0 (Windows NT 10.0; Win64; x64; rv:141.0) Gecko/20100101 Firefox/141.0"
103.139.152.173 - - [16/Jun/2026:18:00:38 +0200] "GET / HTTP/2" 200 36 "-" "Mozilla/5.0 (Windows NT 10.0; Win64; x64) AppleWebKit/537.36 (KHTML, like Gecko) Chrome/149.0.0.0 Safari/537.36"
103.139.152.173 - - [16/Jun/2026:18:00:39 +0200] "GET /favicon.ico HTTP/2" 404 796 "https://reenrihair.com/" "Mozilla/5.0 (Windows NT 10.0; Win64; x64) AppleWebKit/537.36 (KHTML, like Gecko) Chrome/149.0.0.0 Safari/537.36"
103.255.134.61 - - [16/Jun/2026:17:39:50 +0200] "GET /wp-login.php HTTP/2" 200 974 "-" "Mozilla/5.0 (X11; Ubuntu; Linux x86_64; rv:133.0) Gecko/20100101 Firefox/133.0"
103.255.134.61 - - [16/Jun/2026:17:39:50 +0200] "POST /wp-login.php HTTP/2" 200 974 "https://reenrihair.com.therahuldas.com/wp-login.php" "Mozilla/5.0 (X11; Ubuntu; Linux x86_64; rv:133.0) Gecko/20100101 Firefox/133.0"
103.211.168.9 - - [16/Jun/2026:17:56:11 +0200] "GET /xmlrpc.php HTTP/1.1" 200 52 "https://reenrihair.com/xmlrpc.php" "Mozilla/5.0 (Windows NT 10.0; Win64; x64; rv:141.0) Gecko/20100101 Firefox/141.0"
15.165.150.86 - - [16/Jun/2026:17:24:57 +0200] "GET /wp-login.php HTTP/2" 200 974 "-" "Mozilla/5.0 (X11; Linux i686) AppleWebKit/537.36 (KHTML, like Gecko) Chrome/133.0.0.0 Safari/537.36"
15.165.150.86 - - [16/Jun/2026:17:24:58 +0200] "POST /wp-login.php HTTP/2" 200 974 "https://reenrihair.com/wp-login.php" "Mozilla/5.0 (X11; Linux i686) AppleWebKit/537.36 (KHTML, like Gecko) Chrome/133.0.0.0 Safari/537.36"
118.69.156.32 - - [16/Jun/2026:17:56:17 +0200] "GET /xmlrpc.php HTTP/1.1" 200 52 "https://reenrihair.com/xmlrpc.php" "Mozilla/5.0 (Windows NT 10.0; Win64; x64; rv:141.0) Gecko/20100101 Firefox/141.0"
91.215.85.88 - - [16/Jun/2026:17:56:20 +0200] "GET /wp-login.php?wp_lang=en_US HTTP/1.1" 200 993 "https://reenrihair.com/wp-login.php" "Mozilla/5.0 (Windows NT 10.0; Win64; x64) AppleWebKit/537.36 (KHTML, like Gecko) Chrome/138.0.0.0 Safari/537.36"
198.177.122.140 - Sanish [16/Jun/2026:17:57:39 +0200] "GET /wp-admin/ HTTP/1.1" 200 1242 "-" "Mozilla/5.0 (X11; Linux x86_64) AppleWebKit/537.36 (KHTML, like Gecko) SamsungBrowser/21.0 Chrome/110.0.5481.154 Safari/537.36"
198.177.122.140 - Sanish [16/Jun/2026:17:57:39 +0200] "GET /wp-admin/users.php?s=Sanish HTTP/1.1" 200 1242 "-" "Mozilla/5.0 (X11; Linux x86_64) AppleWebKit/537.36 (KHTML, like Gecko) SamsungBrowser/21.0 Chrome/110.0.5481.154 Safari/537.36"
68.178.160.25 - - [16/Jun/2026:18:09:32 +0200] "GET /wp-login.php HTTP/2" 200 974 "-" "Mozilla/5.0 (Windows NT 10.0; Win64; x64) AppleWebKit/537.36 (KHTML, like Gecko) Chrome/120.0.0.0 Safari/537.36"
88.97.239.67 - - [16/Jun/2026:18:08:41 +0200] "GET / HTTP/3" 200 36 "https://www.google.com/" "Mozilla/5.0 (iPhone; CPU iPhone OS 18_7 like Mac OS X) AppleWebKit/605.1.15 (KHTML, like Gecko) Version/26.5 Mobile/15E148 Safari/604.1"
88.97.239.67 - - [16/Jun/2026:18:08:56 +0200] "GET / HTTP/3" 200 36 "https://www.google.com/" "Mozilla/5.0 (iPhone; CPU iPhone OS 18_7 like Mac OS X) AppleWebKit/605.1.15 (KHTML, like Gecko) Version/26.5 Mobile/15E148 Safari/604.1"
103.19.136.6 - - [16/Jun/2026:18:12:31 +0200] "GET /wp-login.php HTTP/2" 200 974 "-" "Mozilla/5.0 (Macintosh; Intel Mac OS X 10_15_7) AppleWebKit/537.36 (KHTML, like Gecko) Chrome/133.0.0.0 Safari/537.36"
103.19.136.6 - - [16/Jun/2026:18:12:31 +0200] "POST /wp-login.php HTTP/2" 200 974 "https://reenrihair.com.therahuldas.com/wp-login.php" "Mozilla/5.0 (Macintosh; Intel Mac OS X 10_15_7) AppleWebKit/537.36 (KHTML, like Gecko) Chrome/133.0.0.0 Safari/537.36"
217.147.225.69 - - [16/Jun/2026:18:23:55 +0200] "GET /wp-login.php HTTP/2" 200 974 "-" "Mozilla/5.0 (Windows NT 10.0; Win64; x64) AppleWebKit/537.36 (KHTML, like Gecko) Chrome/120.0.0.0 Safari/537.36"
97.74.88.143 - - [16/Jun/2026:18:16:42 +0200] "GET /wp-login.php HTTP/2" 200 974 "-" "Mozilla/5.0 (Windows NT 10.0; Win64; x64) AppleWebKit/537.36 (KHTML, like Gecko) Chrome/133.0.0.0 Safari/537.36"
97.74.88.143 - - [16/Jun/2026:18:16:50 +0200] "POST /wp-login.php HTTP/2" 200 974 "https://reenrihair.com/wp-login.php" "Mozilla/5.0 (Windows NT 10.0; Win64; x64) AppleWebKit/537.36 (KHTML, like Gecko) Chrome/133.0.0.0 Safari/537.36"
9.160.164.131 - - [16/Jun/2026:18:23:14 +0200] "GET / HTTP/2" 200 36 "-" "Mozilla/5.0 AppleWebKit/537.36 (KHTML, like Gecko); compatible; ChatGPT-User/1.0; +https://openai.com/bot"
41.79.235.70 - - [16/Jun/2026:18:40:45 +0200] "GET /wp-login.php HTTP/2" 200 974 "-" "Mozilla/5.0 (X11; Linux i686) AppleWebKit/537.36 (KHTML, like Gecko) Chrome/133.0.0.0 Safari/537.36"
41.79.235.70 - - [16/Jun/2026:18:40:47 +0200] "POST /wp-login.php HTTP/2" 200 974 "https://reenrihair.com/wp-login.php" "Mozilla/5.0 (X11; Linux i686) AppleWebKit/537.36 (KHTML, like Gecko) Chrome/133.0.0.0 Safari/537.36"
199.167.147.66 - - [16/Jun/2026:18:47:23 +0200] "GET /wp-login.php HTTP/2" 200 974 "-" "Mozilla/5.0 (X11; Linux x86_64; rv:133.0) Gecko/20100101 Firefox/133.0"
199.167.147.66 - - [16/Jun/2026:18:47:23 +0200] "POST /wp-login.php HTTP/2" 200 974 "https://reenrihair.com/wp-login.php" "Mozilla/5.0 (X11; Linux x86_64; rv:133.0) Gecko/20100101 Firefox/133.0"
185.177.9.172 - - [16/Jun/2026:18:42:38 +0200] "GET /wp-login.php HTTP/2" 200 974 "-" "Mozilla/5.0 (Windows NT 10.0; Win64; x64) AppleWebKit/537.36 (KHTML, like Gecko) Chrome/120.0.0.0 Safari/537.36"
104.37.86.14 - - [16/Jun/2026:18:56:44 +0200] "GET /wp-login.php HTTP/2" 200 974 "-" "Mozilla/5.0 (Windows NT 10.0; Win64; x64) AppleWebKit/537.36 (KHTML, like Gecko) Chrome/133.0.0.0 Safari/537.36 Edg/133.0.0.0"
104.37.86.14 - - [16/Jun/2026:18:56:44 +0200] "POST /wp-login.php HTTP/2" 200 974 "https://reenrihair.com.therahuldas.com/wp-login.php" "Mozilla/5.0 (Windows NT 10.0; Win64; x64) AppleWebKit/537.36 (KHTML, like Gecko) Chrome/133.0.0.0 Safari/537.36 Edg/133.0.0.0"
185.176.8.77 - - [16/Jun/2026:19:02:16 +0200] "GET /wp-login.php HTTP/2" 200 974 "-" "Mozilla/5.0 (Windows NT 10.0; Win64; x64) AppleWebKit/537.36 (KHTML, like Gecko) Chrome/120.0.0.0 Safari/537.36"
207.46.13.6 - - [16/Jun/2026:19:17:55 +0200] "GET /wp-content/plugins/elementor-pro/assets/lib/ HTTP/2" 200 1021 "-" "Mozilla/5.0 AppleWebKit/537.36 (KHTML, like Gecko; compatible; bingbot/2.0; +http://www.bing.com/bingbot.htm) Chrome/116.0.1938.76 Safari/537.36"
159.203.57.110 - - [16/Jun/2026:19:11:22 +0200] "GET /wp-login.php HTTP/2" 200 974 "-" "Mozilla/5.0 (X11; Linux i686) AppleWebKit/537.36 (KHTML, like Gecko) Chrome/133.0.0.0 Safari/537.36"
159.203.57.110 - - [16/Jun/2026:19:11:22 +0200] "POST /wp-login.php HTTP/2" 200 974 "https://reenrihair.com/wp-login.php" "Mozilla/5.0 (X11; Linux i686) AppleWebKit/537.36 (KHTML, like Gecko) Chrome/133.0.0.0 Safari/537.36"
103.139.152.173 - - [16/Jun/2026:19:17:15 +0200] "GET / HTTP/3" 200 36 "-" "Mozilla/5.0 (Windows NT 10.0; Win64; x64) AppleWebKit/537.36 (KHTML, like Gecko) Chrome/149.0.0.0 Safari/537.36"
103.139.152.173 - - [16/Jun/2026:19:17:20 +0200] "GET / HTTP/3" 200 36 "-" "Mozilla/5.0 (Windows NT 10.0; Win64; x64) AppleWebKit/537.36 (KHTML, like Gecko) Chrome/149.0.0.0 Safari/537.36"
103.139.152.173 - - [16/Jun/2026:19:17:21 +0200] "GET / HTTP/3" 200 36 "-" "Mozilla/5.0 (Windows NT 10.0; Win64; x64) AppleWebKit/537.36 (KHTML, like Gecko) Chrome/149.0.0.0 Safari/537.36"
103.139.152.173 - - [16/Jun/2026:19:17:31 +0200] "GET / HTTP/3" 200 36 "-" "Mozilla/5.0 (Windows NT 10.0; Win64; x64) AppleWebKit/537.36 (KHTML, like Gecko) Chrome/149.0.0.0 Safari/537.36"
91.146.102.43 - - [16/Jun/2026:19:06:25 +0200] "GET /wp-login.php HTTP/2" 200 0 "-" "Mozilla/5.0 (Windows NT 10.0; Win64; x64) AppleWebKit/537.36 (KHTML, like Gecko) Chrome/133.0.0.0 Safari/537.36"
159.223.76.255 - - [16/Jun/2026:19:19:25 +0200] "GET /wp-login.php HTTP/2" 200 974 "-" "Mozilla/5.0 (X11; Linux x86_64; rv:133.0) Gecko/20100101 Firefox/133.0"
159.223.76.255 - - [16/Jun/2026:19:19:25 +0200] "POST /wp-login.php HTTP/2" 200 974 "https://reenrihair.com/wp-login.php" "Mozilla/5.0 (X11; Linux x86_64; rv:133.0) Gecko/20100101 Firefox/133.0"
192.185.4.166 - - [16/Jun/2026:19:18:07 +0200] "GET /wp-login.php HTTP/2" 200 974 "-" "Mozilla/5.0 (Windows NT 10.0; Win64; x64) AppleWebKit/537.36 (KHTML, like Gecko) Chrome/120.0.0.0 Safari/537.36"
91.146.102.43 - reenrihair [16/Jun/2026:19:06:46 +0200] "GET /wp-json/wp/v2/users/me HTTP/2" 200 36 "-" "Mozilla/5.0 (Windows NT 10.0; Win64; x64) AppleWebKit/537.36 (KHTML, like Gecko) Chrome/133.0.0.0 Safari/537.36"
103.143.207.18 - - [16/Jun/2026:19:24:46 +0200] "GET /wp-login.php HTTP/2" 200 974 "-" "Mozilla/5.0 (X11; Linux x86_64; rv:133.0) Gecko/20100101 Firefox/133.0"
103.143.207.18 - - [16/Jun/2026:19:24:46 +0200] "POST /wp-login.php HTTP/2" 200 0 "https://reenrihair.com.therahuldas.com/wp-login.php" "Mozilla/5.0 (X11; Linux x86_64; rv:133.0) Gecko/20100101 Firefox/133.0"
103.143.207.18 - reenrihair [16/Jun/2026:19:25:07 +0200] "GET /wp-json/wp/v2/users/me HTTP/2" 200 36 "-" "Mozilla/5.0 (X11; Linux x86_64; rv:133.0) Gecko/20100101 Firefox/133.0"
103.139.152.173 - - [16/Jun/2026:19:26:14 +0200] "GET / HTTP/3" 200 36 "-" "Mozilla/5.0 (Windows NT 10.0; Win64; x64) AppleWebKit/537.36 (KHTML, like Gecko) Chrome/149.0.0.0 Safari/537.36"
103.139.152.173 - - [16/Jun/2026:19:26:40 +0200] "GET / HTTP/3" 200 36 "-" "Mozilla/5.0 (Windows NT 10.0; Win64; x64) AppleWebKit/537.36 (KHTML, like Gecko) Chrome/149.0.0.0 Safari/537.36"
103.139.152.173 - - [16/Jun/2026:19:26:41 +0200] "GET / HTTP/3" 200 36 "-" "Mozilla/5.0 (Windows NT 10.0; Win64; x64) AppleWebKit/537.36 (KHTML, like Gecko) Chrome/149.0.0.0 Safari/537.36"
103.139.152.173 - - [16/Jun/2026:19:26:41 +0200] "GET / HTTP/3" 200 36 "-" "Mozilla/5.0 (Windows NT 10.0; Win64; x64) AppleWebKit/537.36 (KHTML, like Gecko) Chrome/149.0.0.0 Safari/537.36"
103.139.152.173 - - [16/Jun/2026:19:26:42 +0200] "GET / HTTP/3" 200 36 "-" "Mozilla/5.0 (Windows NT 10.0; Win64; x64) AppleWebKit/537.36 (KHTML, like Gecko) Chrome/149.0.0.0 Safari/537.36"
15.165.150.86 - - [16/Jun/2026:19:35:23 +0200] "GET /wp-login.php HTTP/2" 200 974 "-" "Mozilla/5.0 (Macintosh; Intel Mac OS X 10_15_7) AppleWebKit/537.36 (KHTML, like Gecko) Chrome/133.0.0.0 Safari/537.36 Edg/133.0.0.0"
103.139.152.173 - - [16/Jun/2026:19:35:29 +0200] "GET / HTTP/3" 200 36 "-" "Mozilla/5.0 (Windows NT 10.0; Win64; x64) AppleWebKit/537.36 (KHTML, like Gecko) Chrome/149.0.0.0 Safari/537.36"
15.165.150.86 - - [16/Jun/2026:19:35:24 +0200] "POST /wp-login.php HTTP/2" 200 974 "https://reenrihair.com/wp-login.php" "Mozilla/5.0 (Macintosh; Intel Mac OS X 10_15_7) AppleWebKit/537.36 (KHTML, like Gecko) Chrome/133.0.0.0 Safari/537.36 Edg/133.0.0.0"
103.139.152.173 - - [16/Jun/2026:19:26:43 +0200] "GET / HTTP/3" 200 36 "-" "Mozilla/5.0 (Windows NT 10.0; Win64; x64) AppleWebKit/537.36 (KHTML, like Gecko) Chrome/149.0.0.0 Safari/537.36"
103.139.152.173 - - [16/Jun/2026:19:40:28 +0200] "GET / HTTP/2" 200 36 "-" "Mozilla/5.0 (Windows NT 10.0; Win64; x64) AppleWebKit/537.36 (KHTML, like Gecko) Chrome/149.0.0.0 Safari/537.36"
103.139.152.173 - - [16/Jun/2026:19:40:31 +0200] "GET / HTTP/2" 200 36 "-" "Mozilla/5.0 (Windows NT 10.0; Win64; x64) AppleWebKit/537.36 (KHTML, like Gecko) Chrome/149.0.0.0 Safari/537.36"
103.139.152.173 - - [16/Jun/2026:19:40:32 +0200] "GET / HTTP/2" 200 36 "-" "Mozilla/5.0 (Windows NT 10.0; Win64; x64) AppleWebKit/537.36 (KHTML, like Gecko) Chrome/149.0.0.0 Safari/537.36"
103.139.152.173 - - [16/Jun/2026:19:40:32 +0200] "GET / HTTP/2" 200 36 "-" "Mozilla/5.0 (Windows NT 10.0; Win64; x64) AppleWebKit/537.36 (KHTML, like Gecko) Chrome/149.0.0.0 Safari/537.36"
103.139.152.173 - - [16/Jun/2026:19:41:03 +0200] "GET / HTTP/2" 200 36 "-" "Mozilla/5.0 (Windows NT 10.0; Win64; x64) AppleWebKit/537.36 (KHTML, like Gecko) Chrome/149.0.0.0 Safari/537.36"
103.139.152.173 - - [16/Jun/2026:19:41:04 +0200] "GET / HTTP/2" 200 36 "-" "Mozilla/5.0 (Windows NT 10.0; Win64; x64) AppleWebKit/537.36 (KHTML, like Gecko) Chrome/149.0.0.0 Safari/537.36"
103.139.152.173 - - [16/Jun/2026:19:41:05 +0200] "GET / HTTP/2" 200 36 "-" "Mozilla/5.0 (Windows NT 10.0; Win64; x64) AppleWebKit/537.36 (KHTML, like Gecko) Chrome/149.0.0.0 Safari/537.36"
103.139.152.173 - - [16/Jun/2026:19:41:05 +0200] "GET / HTTP/2" 200 36 "-" "Mozilla/5.0 (Windows NT 10.0; Win64; x64) AppleWebKit/537.36 (KHTML, like Gecko) Chrome/149.0.0.0 Safari/537.36"
103.139.152.173 - - [16/Jun/2026:19:41:06 +0200] "GET / HTTP/2" 200 36 "-" "Mozilla/5.0 (Windows NT 10.0; Win64; x64) AppleWebKit/537.36 (KHTML, like Gecko) Chrome/149.0.0.0 Safari/537.36"
103.139.152.173 - - [16/Jun/2026:19:41:06 +0200] "GET / HTTP/2" 200 36 "-" "Mozilla/5.0 (Windows NT 10.0; Win64; x64) AppleWebKit/537.36 (KHTML, like Gecko) Chrome/149.0.0.0 Safari/537.36"
103.139.152.173 - - [16/Jun/2026:19:41:07 +0200] "GET / HTTP/2" 200 36 "-" "Mozilla/5.0 (Windows NT 10.0; Win64; x64) AppleWebKit/537.36 (KHTML, like Gecko) Chrome/149.0.0.0 Safari/537.36"
103.139.152.173 - - [16/Jun/2026:19:41:07 +0200] "GET / HTTP/2" 200 36 "-" "Mozilla/5.0 (Windows NT 10.0; Win64; x64) AppleWebKit/537.36 (KHTML, like Gecko) Chrome/149.0.0.0 Safari/537.36"
103.139.152.173 - - [16/Jun/2026:19:41:08 +0200] "GET / HTTP/2" 200 36 "-" "Mozilla/5.0 (Windows NT 10.0; Win64; x64) AppleWebKit/537.36 (KHTML, like Gecko) Chrome/149.0.0.0 Safari/537.36"
103.139.152.173 - - [16/Jun/2026:19:41:09 +0200] "GET / HTTP/2" 200 36 "-" "Mozilla/5.0 (Windows NT 10.0; Win64; x64) AppleWebKit/537.36 (KHTML, like Gecko) Chrome/149.0.0.0 Safari/537.36"
103.139.152.173 - - [16/Jun/2026:19:41:10 +0200] "GET / HTTP/2" 200 36 "-" "Mozilla/5.0 (Windows NT 10.0; Win64; x64) AppleWebKit/537.36 (KHTML, like Gecko) Chrome/149.0.0.0 Safari/537.36"
103.139.152.173 - - [16/Jun/2026:19:41:24 +0200] "GET / HTTP/2" 200 36 "-" "Mozilla/5.0 (Windows NT 10.0; Win64; x64) AppleWebKit/537.36 (KHTML, like Gecko) Chrome/149.0.0.0 Safari/537.36"
103.139.152.173 - - [16/Jun/2026:19:41:25 +0200] "GET / HTTP/2" 200 36 "-" "Mozilla/5.0 (Windows NT 10.0; Win64; x64) AppleWebKit/537.36 (KHTML, like Gecko) Chrome/149.0.0.0 Safari/537.36"
103.139.152.173 - - [16/Jun/2026:19:41:34 +0200] "GET / HTTP/2" 200 36 "-" "Mozilla/5.0 (Windows NT 10.0; Win64; x64) AppleWebKit/537.36 (KHTML, like Gecko) Chrome/149.0.0.0 Safari/537.36"
103.139.152.173 - - [16/Jun/2026:19:41:35 +0200] "GET / HTTP/2" 200 36 "-" "Mozilla/5.0 (Windows NT 10.0; Win64; x64) AppleWebKit/537.36 (KHTML, like Gecko) Chrome/149.0.0.0 Safari/537.36"
103.139.152.173 - - [16/Jun/2026:19:41:36 +0200] "GET / HTTP/2" 200 36 "-" "Mozilla/5.0 (Windows NT 10.0; Win64; x64) AppleWebKit/537.36 (KHTML, like Gecko) Chrome/149.0.0.0 Safari/537.36"
103.139.152.173 - - [16/Jun/2026:19:41:45 +0200] "GET / HTTP/2" 200 36 "-" "Mozilla/5.0 (Windows NT 10.0; Win64; x64) AppleWebKit/537.36 (KHTML, like Gecko) Chrome/149.0.0.0 Safari/537.36"
103.139.152.173 - - [16/Jun/2026:19:41:46 +0200] "GET / HTTP/2" 200 36 "-" "Mozilla/5.0 (Windows NT 10.0; Win64; x64) AppleWebKit/537.36 (KHTML, like Gecko) Chrome/149.0.0.0 Safari/537.36"
103.139.152.173 - - [16/Jun/2026:19:41:47 +0200] "GET / HTTP/2" 200 36 "-" "Mozilla/5.0 (Windows NT 10.0; Win64; x64) AppleWebKit/537.36 (KHTML, like Gecko) Chrome/149.0.0.0 Safari/537.36"
103.139.152.173 - - [16/Jun/2026:19:41:47 +0200] "GET / HTTP/2" 200 36 "-" "Mozilla/5.0 (Windows NT 10.0; Win64; x64) AppleWebKit/537.36 (KHTML, like Gecko) Chrome/149.0.0.0 Safari/537.36"
103.139.152.173 - - [16/Jun/2026:19:41:48 +0200] "GET / HTTP/2" 200 36 "-" "Mozilla/5.0 (Windows NT 10.0; Win64; x64) AppleWebKit/537.36 (KHTML, like Gecko) Chrome/149.0.0.0 Safari/537.36"
103.139.152.173 - - [16/Jun/2026:19:41:48 +0200] "GET / HTTP/2" 200 36 "-" "Mozilla/5.0 (Windows NT 10.0; Win64; x64) AppleWebKit/537.36 (KHTML, like Gecko) Chrome/149.0.0.0 Safari/537.36"
103.139.152.173 - - [16/Jun/2026:19:41:49 +0200] "GET / HTTP/2" 200 36 "-" "Mozilla/5.0 (Windows NT 10.0; Win64; x64) AppleWebKit/537.36 (KHTML, like Gecko) Chrome/149.0.0.0 Safari/537.36"
103.139.152.173 - - [16/Jun/2026:19:42:00 +0200] "GET / HTTP/2" 200 36 "-" "Mozilla/5.0 (Windows NT 10.0; Win64; x64) AppleWebKit/537.36 (KHTML, like Gecko) Chrome/149.0.0.0 Safari/537.36"
103.139.152.173 - - [16/Jun/2026:19:42:00 +0200] "GET / HTTP/2" 200 36 "-" "Mozilla/5.0 (Windows NT 10.0; Win64; x64) AppleWebKit/537.36 (KHTML, like Gecko) Chrome/149.0.0.0 Safari/537.36"
103.139.152.173 - - [16/Jun/2026:19:42:01 +0200] "GET / HTTP/2" 200 36 "-" "Mozilla/5.0 (Windows NT 10.0; Win64; x64) AppleWebKit/537.36 (KHTML, like Gecko) Chrome/149.0.0.0 Safari/537.36"
103.139.152.173 - - [16/Jun/2026:19:42:12 +0200] "GET / HTTP/2" 200 36 "-" "Mozilla/5.0 (Windows NT 10.0; Win64; x64) AppleWebKit/537.36 (KHTML, like Gecko) Chrome/149.0.0.0 Safari/537.36"
103.139.152.173 - - [16/Jun/2026:19:42:13 +0200] "GET / HTTP/2" 200 36 "-" "Mozilla/5.0 (Windows NT 10.0; Win64; x64) AppleWebKit/537.36 (KHTML, like Gecko) Chrome/149.0.0.0 Safari/537.36"
103.139.152.173 - - [16/Jun/2026:19:42:14 +0200] "GET / HTTP/2" 200 36 "-" "Mozilla/5.0 (Windows NT 10.0; Win64; x64) AppleWebKit/537.36 (KHTML, like Gecko) Chrome/149.0.0.0 Safari/537.36"
103.139.152.173 - - [16/Jun/2026:19:42:25 +0200] "GET / HTTP/2" 200 36 "-" "Mozilla/5.0 (Windows NT 10.0; Win64; x64) AppleWebKit/537.36 (KHTML, like Gecko) Chrome/149.0.0.0 Safari/537.36"
103.139.152.173 - - [16/Jun/2026:19:42:26 +0200] "GET / HTTP/2" 200 36 "-" "Mozilla/5.0 (Windows NT 10.0; Win64; x64) AppleWebKit/537.36 (KHTML, like Gecko) Chrome/149.0.0.0 Safari/537.36"
103.139.152.173 - - [16/Jun/2026:19:42:26 +0200] "GET / HTTP/2" 200 36 "-" "Mozilla/5.0 (Windows NT 10.0; Win64; x64) AppleWebKit/537.36 (KHTML, like Gecko) Chrome/149.0.0.0 Safari/537.36"
103.139.152.173 - - [16/Jun/2026:19:42:27 +0200] "GET / HTTP/2" 200 36 "-" "Mozilla/5.0 (Windows NT 10.0; Win64; x64) AppleWebKit/537.36 (KHTML, like Gecko) Chrome/149.0.0.0 Safari/537.36"
103.139.152.173 - - [16/Jun/2026:19:42:28 +0200] "GET / HTTP/2" 200 36 "-" "Mozilla/5.0 (Windows NT 10.0; Win64; x64) AppleWebKit/537.36 (KHTML, like Gecko) Chrome/149.0.0.0 Safari/537.36"
103.139.152.173 - - [16/Jun/2026:19:42:40 +0200] "GET / HTTP/2" 200 36 "-" "Mozilla/5.0 (Windows NT 10.0; Win64; x64) AppleWebKit/537.36 (KHTML, like Gecko) Chrome/149.0.0.0 Safari/537.36"
103.139.152.173 - - [16/Jun/2026:19:43:11 +0200] "GET / HTTP/2" 200 36 "-" "Mozilla/5.0 (Windows NT 10.0; Win64; x64) AppleWebKit/537.36 (KHTML, like Gecko) Chrome/149.0.0.0 Safari/537.36"
103.139.152.173 - - [16/Jun/2026:19:43:12 +0200] "GET / HTTP/2" 200 36 "-" "Mozilla/5.0 (Windows NT 10.0; Win64; x64) AppleWebKit/537.36 (KHTML, like Gecko) Chrome/149.0.0.0 Safari/537.36"
103.139.152.173 - - [16/Jun/2026:19:43:13 +0200] "GET / HTTP/2" 200 36 "-" "Mozilla/5.0 (Windows NT 10.0; Win64; x64) AppleWebKit/537.36 (KHTML, like Gecko) Chrome/149.0.0.0 Safari/537.36"
103.139.152.173 - - [16/Jun/2026:19:38:22 +0200] "GET / HTTP/2" 200 36 "-" "Mozilla/5.0 (Windows NT 10.0; Win64; x64) AppleWebKit/537.36 (KHTML, like Gecko) Chrome/149.0.0.0 Safari/537.36"
103.139.152.173 - - [16/Jun/2026:19:38:25 +0200] "GET / HTTP/2" 200 36 "-" "Mozilla/5.0 (Windows NT 10.0; Win64; x64) AppleWebKit/537.36 (KHTML, like Gecko) Chrome/149.0.0.0 Safari/537.36"
103.139.152.173 - - [16/Jun/2026:19:48:26 +0200] "GET / HTTP/2" 200 36 "-" "Mozilla/5.0 (Windows NT 10.0; Win64; x64) AppleWebKit/537.36 (KHTML, like Gecko) Chrome/149.0.0.0 Safari/537.36"
103.139.152.173 - - [16/Jun/2026:19:48:28 +0200] "GET / HTTP/2" 200 36 "-" "Mozilla/5.0 (Windows NT 10.0; Win64; x64) AppleWebKit/537.36 (KHTML, like Gecko) Chrome/149.0.0.0 Safari/537.36"
103.139.152.173 - - [16/Jun/2026:19:48:29 +0200] "GET / HTTP/2" 200 36 "-" "Mozilla/5.0 (Windows NT 10.0; Win64; x64) AppleWebKit/537.36 (KHTML, like Gecko) Chrome/149.0.0.0 Safari/537.36"
103.139.152.173 - - [16/Jun/2026:19:48:30 +0200] "GET / HTTP/2" 200 36 "-" "Mozilla/5.0 (Windows NT 10.0; Win64; x64) AppleWebKit/537.36 (KHTML, like Gecko) Chrome/149.0.0.0 Safari/537.36"
103.139.152.173 - - [16/Jun/2026:19:48:31 +0200] "GET / HTTP/2" 200 36 "-" "Mozilla/5.0 (Windows NT 10.0; Win64; x64) AppleWebKit/537.36 (KHTML, like Gecko) Chrome/149.0.0.0 Safari/537.36"
103.139.152.173 - - [16/Jun/2026:19:48:32 +0200] "GET / HTTP/2" 200 36 "-" "Mozilla/5.0 (Windows NT 10.0; Win64; x64) AppleWebKit/537.36 (KHTML, like Gecko) Chrome/149.0.0.0 Safari/537.36"
103.139.152.173 - - [16/Jun/2026:19:49:34 +0200] "GET / HTTP/2" 200 36 "-" "Mozilla/5.0 (Windows NT 10.0; Win64; x64) AppleWebKit/537.36 (KHTML, like Gecko) Chrome/149.0.0.0 Safari/537.36"
103.139.152.173 - - [16/Jun/2026:19:43:13 +0200] "GET / HTTP/2" 200 36 "-" "Mozilla/5.0 (Windows NT 10.0; Win64; x64) AppleWebKit/537.36 (KHTML, like Gecko) Chrome/149.0.0.0 Safari/537.36"
103.139.152.173 - - [16/Jun/2026:19:43:14 +0200] "GET / HTTP/2" 200 36 "-" "Mozilla/5.0 (Windows NT 10.0; Win64; x64) AppleWebKit/537.36 (KHTML, like Gecko) Chrome/149.0.0.0 Safari/537.36"
103.139.152.173 - - [16/Jun/2026:19:43:15 +0200] "GET / HTTP/2" 200 36 "-" "Mozilla/5.0 (Windows NT 10.0; Win64; x64) AppleWebKit/537.36 (KHTML, like Gecko) Chrome/149.0.0.0 Safari/537.36"
103.139.152.173 - - [16/Jun/2026:19:43:32 +0200] "GET / HTTP/2" 200 36 "-" "Mozilla/5.0 (Windows NT 10.0; Win64; x64) AppleWebKit/537.36 (KHTML, like Gecko) Chrome/149.0.0.0 Safari/537.36"
103.139.152.173 - - [16/Jun/2026:19:43:43 +0200] "GET / HTTP/2" 200 36 "-" "Mozilla/5.0 (Windows NT 10.0; Win64; x64) AppleWebKit/537.36 (KHTML, like Gecko) Chrome/149.0.0.0 Safari/537.36"
103.139.152.173 - - [16/Jun/2026:19:43:54 +0200] "GET / HTTP/2" 200 36 "-" "Mozilla/5.0 (Windows NT 10.0; Win64; x64) AppleWebKit/537.36 (KHTML, like Gecko) Chrome/149.0.0.0 Safari/537.36"
103.139.152.173 - - [16/Jun/2026:19:43:54 +0200] "GET / HTTP/2" 200 36 "-" "Mozilla/5.0 (Windows NT 10.0; Win64; x64) AppleWebKit/537.36 (KHTML, like Gecko) Chrome/149.0.0.0 Safari/537.36"
103.139.152.173 - - [16/Jun/2026:19:43:55 +0200] "GET / HTTP/2" 200 36 "-" "Mozilla/5.0 (Windows NT 10.0; Win64; x64) AppleWebKit/537.36 (KHTML, like Gecko) Chrome/149.0.0.0 Safari/537.36"
103.139.152.173 - - [16/Jun/2026:19:44:49 +0200] "GET / HTTP/2" 200 36 "-" "Mozilla/5.0 (Windows NT 10.0; Win64; x64) AppleWebKit/537.36 (KHTML, like Gecko) Chrome/149.0.0.0 Safari/537.36"
93.28.194.128 - - [16/Jun/2026:19:52:20 +0200] "GET /robots.txt HTTP/1.1" 200 52 "-" "Mozilla/5.0 (Windows NT 10.0; Win64; x64) AppleWebKit/537.36 (KHTML, like Gecko) Chrome/134.0.6998.88 Safari/537.36"
103.139.152.173 - - [16/Jun/2026:19:52:43 +0200] "GET / HTTP/2" 200 36 "-" "Mozilla/5.0 (Windows NT 10.0; Win64; x64) AppleWebKit/537.36 (KHTML, like Gecko) Chrome/149.0.0.0 Safari/537.36"
103.139.152.173 - - [16/Jun/2026:19:52:43 +0200] "GET /favicon.ico HTTP/2" 404 796 "https://reenrihair.com/" "Mozilla/5.0 (Windows NT 10.0; Win64; x64) AppleWebKit/537.36 (KHTML, like Gecko) Chrome/149.0.0.0 Safari/537.36"
51.77.152.49 - - [16/Jun/2026:19:59:01 +0200] "GET /wp-login.php HTTP/2" 200 974 "-" "Mozilla/5.0 (Windows NT 10.0; Win64; x64) AppleWebKit/537.36 (KHTML, like Gecko) Chrome/133.0.0.0 Safari/537.36"
51.77.152.49 - - [16/Jun/2026:19:59:01 +0200] "POST /wp-login.php HTTP/2" 200 974 "https://reenrihair.com/wp-login.php" "Mozilla/5.0 (Windows NT 10.0; Win64; x64) AppleWebKit/537.36 (KHTML, like Gecko) Chrome/133.0.0.0 Safari/537.36"
62.197.45.116 - - [16/Jun/2026:20:02:01 +0200] "GET / HTTP/1.0" 200 46 "https://reenrihair.com/" "Mozilla/5.0 (Windows NT 10.0; Win64; x64) AppleWebKit/537.36 (KHTML, like Gecko) Chrome/131.0.0.0 Safari/537.36"
15.165.150.86 - - [16/Jun/2026:20:03:16 +0200] "GET /wp-login.php HTTP/2" 200 974 "-" "Mozilla/5.0 (X11; Ubuntu; Linux x86_64) AppleWebKit/537.36 (KHTML, like Gecko) Chrome/133.0.0.0 Safari/537.36"
15.165.150.86 - - [16/Jun/2026:20:03:17 +0200] "POST /wp-login.php HTTP/2" 200 974 "https://reenrihair.com.therahuldas.com/wp-login.php" "Mozilla/5.0 (X11; Ubuntu; Linux x86_64) AppleWebKit/537.36 (KHTML, like Gecko) Chrome/133.0.0.0 Safari/537.36"
194.63.239.143 - - [16/Jun/2026:20:06:46 +0200] "GET /wp-login.php HTTP/2" 200 974 "-" "Mozilla/5.0 (Windows NT 10.0; Win64; x64; rv:133.0) Gecko/20100101 Firefox/133.0"
194.63.239.143 - - [16/Jun/2026:20:06:46 +0200] "POST /wp-login.php HTTP/2" 200 974 "https://reenrihair.com/wp-login.php" "Mozilla/5.0 (Windows NT 10.0; Win64; x64; rv:133.0) Gecko/20100101 Firefox/133.0"
103.139.152.173 - - [16/Jun/2026:20:21:22 +0200] "GET /wp-content/plugins/elementor/assets/css/widget-counter.min.css?ver=3.33.4 HTTP/3" 200 208 "https://reenrihair.com/" "Mozilla/5.0 (Windows NT 10.0; Win64; x64) AppleWebKit/537.36 (KHTML, like Gecko) Chrome/149.0.0.0 Safari/537.36"
103.139.152.173 - - [16/Jun/2026:20:21:22 +0200] "GET /wp-content/uploads/elementor/css/custom-widget-image-box.min.css?ver=1779330378 HTTP/3" 200 278 "https://reenrihair.com/" "Mozilla/5.0 (Windows NT 10.0; Win64; x64) AppleWebKit/537.36 (KHTML, like Gecko) Chrome/149.0.0.0 Safari/537.36"
103.139.152.173 - - [16/Jun/2026:20:21:22 +0200] "GET /wp-content/plugins/elementor-pro/assets/css/widget-nested-carousel.min.css?ver=3.32.3 HTTP/3" 200 1351 "https://reenrihair.com/" "Mozilla/5.0 (Windows NT 10.0; Win64; x64) AppleWebKit/537.36 (KHTML, like Gecko) Chrome/149.0.0.0 Safari/537.36"
103.139.152.173 - - [16/Jun/2026:20:21:22 +0200] "GET /wp-content/plugins/elementor/assets/css/widget-divider.min.css?ver=3.33.4 HTTP/3" 200 678 "https://reenrihair.com/" "Mozilla/5.0 (Windows NT 10.0; Win64; x64) AppleWebKit/537.36 (KHTML, like Gecko) Chrome/149.0.0.0 Safari/537.36"
103.139.152.173 - - [16/Jun/2026:20:21:22 +0200] "GET /wp-content/plugins/elementor/assets/lib/animations/styles/e-animation-bob.min.css?ver=3.33.4 HTTP/3" 200 216 "https://reenrihair.com/" "Mozilla/5.0 (Windows NT 10.0; Win64; x64) AppleWebKit/537.36 (KHTML, like Gecko) Chrome/149.0.0.0 Safari/537.36"
103.139.152.173 - - [16/Jun/2026:20:21:22 +0200] "GET /wp-content/plugins/elementor/assets/css/widget-rating.min.css?ver=3.33.4 HTTP/3" 200 333 "https://reenrihair.com/" "Mozilla/5.0 (Windows NT 10.0; Win64; x64) AppleWebKit/537.36 (KHTML, like Gecko) Chrome/149.0.0.0 Safari/537.36"
103.139.152.173 - - [16/Jun/2026:20:21:22 +0200] "GET /wp-content/plugins/elementor-pro/assets/css/modules/motion-fx.min.css?ver=3.32.3 HTTP/3" 200 240 "https://reenrihair.com/" "Mozilla/5.0 (Windows NT 10.0; Win64; x64) AppleWebKit/537.36 (KHTML, like Gecko) Chrome/149.0.0.0 Safari/537.36"
103.139.152.173 - - [16/Jun/2026:20:21:22 +0200] "GET /wp-content/plugins/elementor/assets/lib/animations/styles/e-animation-float.min.css?ver=3.33.4 HTTP/3" 200 114 "https://reenrihair.com/" "Mozilla/5.0 (Windows NT 10.0; Win64; x64) AppleWebKit/537.36 (KHTML, like Gecko) Chrome/149.0.0.0 Safari/537.36"
103.139.152.173 - - [16/Jun/2026:20:21:22 +0200] "GET /wp-content/plugins/elementor-pro/assets/css/widget-form.min.css?ver=3.32.3 HTTP/3" 200 1408 "https://reenrihair.com/" "Mozilla/5.0 (Windows NT 10.0; Win64; x64) AppleWebKit/537.36 (KHTML, like Gecko) Chrome/149.0.0.0 Safari/537.36"
103.139.152.173 - - [16/Jun/2026:20:21:22 +0200] "GET /wp-content/plugins/elementor/assets/css/widget-video.min.css?ver=3.33.4 HTTP/3" 200 328 "https://reenrihair.com/" "Mozilla/5.0 (Windows NT 10.0; Win64; x64) AppleWebKit/537.36 (KHTML, like Gecko) Chrome/149.0.0.0 Safari/537.36"
103.139.152.173 - - [16/Jun/2026:20:21:22 +0200] "GET /wp-content/uploads/elementor/css/post-1837.css?ver=1779331010 HTTP/3" 200 8586 "https://reenrihair.com/" "Mozilla/5.0 (Windows NT 10.0; Win64; x64) AppleWebKit/537.36 (KHTML, like Gecko) Chrome/149.0.0.0 Safari/537.36"
103.139.152.173 - - [16/Jun/2026:20:21:22 +0200] "GET /wp-content/uploads/2025/01/qu5tgt5tg-300x300.png HTTP/3" 200 8501 "https://reenrihair.com/" "Mozilla/5.0 (Windows NT 10.0; Win64; x64) AppleWebKit/537.36 (KHTML, like Gecko) Chrome/149.0.0.0 Safari/537.36"
103.139.152.173 - - [16/Jun/2026:20:21:23 +0200] "GET /wp-content/plugins/elementor/assets/lib/flatpickr/flatpickr.min.css?ver=4.6.13 HTTP/3" 200 2797 "https://reenrihair.com/" "Mozilla/5.0 (Windows NT 10.0; Win64; x64) AppleWebKit/537.36 (KHTML, like Gecko) Chrome/149.0.0.0 Safari/537.36"
103.139.152.173 - - [16/Jun/2026:20:21:23 +0200] "GET /wp-content/plugins/elementor/assets/lib/jquery-numerator/jquery-numerator.min.js?ver=0.2.1 HTTP/3" 200 677 "https://reenrihair.com/" "Mozilla/5.0 (Windows NT 10.0; Win64; x64) AppleWebKit/537.36 (KHTML, like Gecko) Chrome/149.0.0.0 Safari/537.36"
