104.43.48.106 - - [17/Jun/2026:02:30:34 +0200] "GET /wp-login.php HTTP/2" 200 974 "-" "Mozilla/5.0 (Windows NT 10.0; Win64; x64) AppleWebKit/537.36 (KHTML, like Gecko) Chrome/120.0.0.0 Safari/537.36"
43.164.196.47 - - [17/Jun/2026:02:31:20 +0200] "GET /xmlrpc.php HTTP/1.1" 405 62 "-" "Mozilla/5.0 (iPhone; CPU iPhone OS 13_2_3 like Mac OS X) AppleWebKit/605.1.15 (KHTML, like Gecko) Version/13.0.3 Mobile/15E148 Safari/604.1"
185.31.65.66 - - [17/Jun/2026:02:36:31 +0200] "GET /wp-login.php HTTP/2" 200 974 "-" "Mozilla/5.0 (X11; Linux x86_64; rv:133.0) Gecko/20100101 Firefox/133.0"
185.31.65.66 - - [17/Jun/2026:02:36:31 +0200] "POST /wp-login.php HTTP/2" 200 974 "https://reenrihair.com/wp-login.php" "Mozilla/5.0 (X11; Linux x86_64; rv:133.0) Gecko/20100101 Firefox/133.0"
124.156.212.23 - - [17/Jun/2026:02:41:14 +0200] "GET /wp-login.php HTTP/2" 200 974 "-" "Mozilla/5.0 (Windows NT 10.0; Win64; x64) AppleWebKit/537.36 (KHTML, like Gecko) Chrome/120.0.0.0 Safari/537.36"
43.166.246.180 - - [17/Jun/2026:02:43:43 +0200] "GET /?p=266 HTTP/1.1" 301 0 "-" "Mozilla/5.0 (iPhone; CPU iPhone OS 13_2_3 like Mac OS X) AppleWebKit/605.1.15 (KHTML, like Gecko) Version/13.0.3 Mobile/15E148 Safari/604.1"
65.21.228.101 - - [17/Jun/2026:02:43:43 +0200] "POST /wp-cron.php?doing_wp_cron=1781657023.7347550392150878906250 HTTP/1.1" 200 0 "-" "WordPress/7.0; https://reenrihair.com"
67.20.76.166 - - [17/Jun/2026:02:45:31 +0200] "GET /wp-login.php HTTP/2" 200 974 "-" "Mozilla/5.0 (Windows NT 10.0; Win64; x64) AppleWebKit/537.36 (KHTML, like Gecko) Chrome/120.0.0.0 Safari/537.36"
45.137.212.23 - - [17/Jun/2026:02:48:23 +0200] "GET / HTTP/1.0" 200 178452 "https://reenrihair.com/" "Mozilla/5.0 (Windows NT 10.0; Win64; x64) AppleWebKit/537.36 (KHTML, like Gecko) Chrome/130.0.0.0 Safari/537.36 CCleaner/130.0.0.0"
65.21.228.101 - - [17/Jun/2026:02:48:24 +0200] "POST /wp-cron.php?doing_wp_cron=1781657304.4251759052276611328125 HTTP/1.1" 200 0 "-" "WordPress/7.0; https://reenrihair.com"
45.137.212.23 - - [17/Jun/2026:02:48:23 +0200] "POST /wp-admin/admin-ajax.php HTTP/1.0" 200 133 "https://reenrihair.com/" "Mozilla/5.0 (Windows NT 10.0; Win64; x64) AppleWebKit/537.36 (KHTML, like Gecko) Chrome/130.0.0.0 Safari/537.36 CCleaner/130.0.0.0"
43.166.246.180 - - [17/Jun/2026:02:43:45 +0200] "GET /contact-us/ HTTP/1.1" 200 16475 "https://reenrihair.com/?p=266" "Mozilla/5.0 (iPhone; CPU iPhone OS 13_2_3 like Mac OS X) AppleWebKit/605.1.15 (KHTML, like Gecko) Version/13.0.3 Mobile/15E148 Safari/604.1"
43.164.192.151 - - [17/Jun/2026:02:51:16 +0200] "GET /contact-us/ HTTP/1.1" 200 16475 "-" "Mozilla/5.0 (iPhone; CPU iPhone OS 13_2_3 like Mac OS X) AppleWebKit/605.1.15 (KHTML, like Gecko) Version/13.0.3 Mobile/15E148 Safari/604.1"
31.24.44.107 - - [17/Jun/2026:02:54:26 +0200] "GET /wp-login.php HTTP/2" 200 974 "-" "Mozilla/5.0 (Windows NT 10.0; Win64; x64) AppleWebKit/537.36 (KHTML, like Gecko) Chrome/133.0.0.0 Safari/537.36"
31.24.44.107 - - [17/Jun/2026:02:54:41 +0200] "POST /wp-login.php HTTP/2" 200 974 "https://reenrihair.com.therahuldas.com/wp-login.php" "Mozilla/5.0 (Windows NT 10.0; Win64; x64) AppleWebKit/537.36 (KHTML, like Gecko) Chrome/133.0.0.0 Safari/537.36"
192.241.157.226 - - [17/Jun/2026:02:55:09 +0200] "GET /wp-login.php HTTP/2" 200 974 "-" "Mozilla/5.0 (Windows NT 10.0; WOW64) AppleWebKit/537.36 (KHTML, like Gecko) Chrome/133.0.0.0 Safari/537.36"
192.241.157.226 - - [17/Jun/2026:02:55:10 +0200] "POST /wp-login.php HTTP/2" 200 974 "https://reenrihair.com/wp-login.php" "Mozilla/5.0 (Windows NT 10.0; WOW64) AppleWebKit/537.36 (KHTML, like Gecko) Chrome/133.0.0.0 Safari/537.36"
31.220.84.188 - - [17/Jun/2026:03:04:21 +0200] "GET /wp-login.php HTTP/2" 200 974 "-" "Mozilla/5.0 (Windows NT 10.0; Win64; x64) AppleWebKit/537.36 (KHTML, like Gecko) Chrome/133.0.0.0 Safari/537.36"
31.220.84.188 - - [17/Jun/2026:03:04:30 +0200] "POST /wp-login.php HTTP/2" 200 974 "https://reenrihair.com.therahuldas.com/wp-login.php" "Mozilla/5.0 (Windows NT 10.0; Win64; x64) AppleWebKit/537.36 (KHTML, like Gecko) Chrome/133.0.0.0 Safari/537.36"
65.21.228.101 - - [17/Jun/2026:03:01:29 +0200] "POST /wp-cron.php?doing_wp_cron=1781658089.3345479965209960937500 HTTP/1.1" 200 0 "-" "WordPress/7.0; https://reenrihair.com"
43.157.191.20 - - [17/Jun/2026:03:01:28 +0200] "GET /wp-json/oembed/1.0/embed?url=https%3A%2F%2Freenrihair.com%2Fcontact-us%2F&format=xml HTTP/1.1" 200 1274 "-" "Mozilla/5.0 (iPhone; CPU iPhone OS 13_2_3 like Mac OS X) AppleWebKit/605.1.15 (KHTML, like Gecko) Version/13.0.3 Mobile/15E148 Safari/604.1"
46.224.198.211 - - [17/Jun/2026:03:12:01 +0200] "GET /wp-login.php HTTP/2" 200 974 "-" "Mozilla/5.0 (X11; Linux x86_64) AppleWebKit/537.36 (KHTML, like Gecko) Chrome/133.0.0.0 Safari/537.36"
46.224.198.211 - - [17/Jun/2026:03:12:01 +0200] "POST /wp-login.php HTTP/2" 200 974 "https://reenrihair.com/wp-login.php" "Mozilla/5.0 (X11; Linux x86_64) AppleWebKit/537.36 (KHTML, like Gecko) Chrome/133.0.0.0 Safari/537.36"
65.21.228.101 - - [17/Jun/2026:03:11:36 +0200] "POST /wp-cron.php?doing_wp_cron=1781658696.6243679523468017578125 HTTP/1.1" 200 0 "-" "WordPress/7.0; https://reenrihair.com"
43.130.71.237 - - [17/Jun/2026:03:11:41 +0200] "GET / HTTP/1.1" 200 28075 "https://reenrihair.com/embed/" "Mozilla/5.0 (iPhone; CPU iPhone OS 13_2_3 like Mac OS X) AppleWebKit/605.1.15 (KHTML, like Gecko) Version/13.0.3 Mobile/15E148 Safari/604.1"
47.128.36.121 - - [17/Jun/2026:03:09:48 +0200] "GET /robots.txt HTTP/1.1" 200 125 "-" "Mozilla/5.0 (Linux; Android 5.0) AppleWebKit/537.36 (KHTML, like Gecko) Mobile Safari/537.36 (compatible; Bytespider; spider-feedback@bytedance.com)"
43.130.71.237 - - [17/Jun/2026:03:11:35 +0200] "GET /embed/ HTTP/1.1" 301 0 "-" "Mozilla/5.0 (iPhone; CPU iPhone OS 13_2_3 like Mac OS X) AppleWebKit/605.1.15 (KHTML, like Gecko) Version/13.0.3 Mobile/15E148 Safari/604.1"
180.191.232.76 - - [17/Jun/2026:03:27:53 +0200] "POST /xmlrpc.php HTTP/1.1" 200 403 "-" "Mozilla/5.0 (Windows NT 10.0; arm64) AppleWebKit/537.36 (KHTML, like Gecko) Chrome/111.0.0.0 Safari/537.36"
65.21.228.101 - - [17/Jun/2026:03:28:38 +0200] "POST /wp-cron.php?doing_wp_cron=1781659718.2305059432983398437500 HTTP/1.1" 200 0 "-" "WordPress/7.0; https://reenrihair.com"
180.191.234.216 - - [17/Jun/2026:03:29:37 +0200] "POST /xmlrpc.php HTTP/1.1" 200 403 "-" "Mozilla/5.0 (Windows NT 6.3; arm64) AppleWebKit/537.36 (KHTML, like Gecko) Opera/62.0.0.0 Safari/537.36"
222.127.53.138 - - [17/Jun/2026:03:31:36 +0200] "POST /xmlrpc.php HTTP/1.1" 200 403 "-" "Mozilla/5.0 (Windows NT 10.0; x86) AppleWebKit/537.36 (KHTML, like Gecko) Opera/75.0.0.0 Safari/537.36"
65.21.228.101 - - [17/Jun/2026:03:26:14 +0200] "POST /wp-cron.php?doing_wp_cron=1781659574.4757759571075439453125 HTTP/1.1" 200 0 "-" "WordPress/7.0; https://reenrihair.com"
61.245.12.235 - - [17/Jun/2026:03:28:37 +0200] "POST /xmlrpc.php HTTP/1.1" 200 403 "-" "Mozilla/5.0 (Windows NT 10.0; x86) AppleWebKit/537.36 (KHTML, like Gecko) Edge/87.0.0.0 Safari/537.36"
222.127.53.138 - - [17/Jun/2026:03:30:50 +0200] "POST /xmlrpc.php HTTP/1.1" 200 403 "-" "Mozilla/5.0 (Macintosh; Intel Mac OS X 10_15_7; arm64) AppleWebKit/537.36 (KHTML, like Gecko) Safari/15.0.0.0 Safari/537.36"
65.21.228.101 - - [17/Jun/2026:03:31:37 +0200] "POST /wp-cron.php?doing_wp_cron=1781659897.7057290077209472656250 HTTP/1.1" 200 0 "-" "WordPress/7.0; https://reenrihair.com"
65.21.228.101 - - [17/Jun/2026:03:29:37 +0200] "POST /wp-cron.php?doing_wp_cron=1781659777.6794309616088867187500 HTTP/1.1" 200 0 "-" "WordPress/7.0; https://reenrihair.com"
65.21.228.101 - - [17/Jun/2026:03:30:50 +0200] "POST /wp-cron.php?doing_wp_cron=1781659850.9264628887176513671875 HTTP/1.1" 200 0 "-" "WordPress/7.0; https://reenrihair.com"
65.21.228.101 - - [17/Jun/2026:03:24:59 +0200] "POST /wp-cron.php?doing_wp_cron=1781659499.6686220169067382812500 HTTP/1.1" 200 0 "-" "WordPress/7.0; https://reenrihair.com"
61.245.12.237 - - [17/Jun/2026:03:26:13 +0200] "GET /wp-json/wp/v2/users HTTP/1.1" 200 914 "-" "Mozilla/4.0 (compatible; Win32; WinHttp.WinHttpRequest.5)"
120.28.200.177 - - [17/Jun/2026:03:26:45 +0200] "POST /xmlrpc.php HTTP/1.1" 200 403 "-" "Mozilla/5.0 (Macintosh; Intel Mac OS X 10_15_7; x86) AppleWebKit/537.36 (KHTML, like Gecko) Edge/95.0.0.0 Safari/537.36"
61.245.12.235 - - [17/Jun/2026:03:27:09 +0200] "POST /xmlrpc.php HTTP/1.1" 200 403 "-" "Mozilla/5.0 (Macintosh; Intel Mac OS X 10_15_7; arm64) AppleWebKit/537.36 (KHTML, like Gecko) Safari/10.0.0.0 Safari/537.36"
222.127.53.138 - - [17/Jun/2026:03:27:29 +0200] "POST /xmlrpc.php HTTP/1.1" 200 403 "-" "Mozilla/5.0 (Macintosh; Intel Mac OS X 10_15_7; x64) AppleWebKit/537.36 (KHTML, like Gecko) Chrome/104.0.0.0 Safari/537.36"
31.24.44.107 - - [17/Jun/2026:03:20:57 +0200] "GET /wp-login.php HTTP/2" 200 974 "-" "Mozilla/5.0 (X11; Fedora; Linux x86_64) AppleWebKit/537.36 (KHTML, like Gecko) Chrome/133.0.0.0 Safari/537.36"
31.24.44.107 - - [17/Jun/2026:03:20:57 +0200] "POST /wp-login.php HTTP/2" 200 974 "https://reenrihair.com/wp-login.php" "Mozilla/5.0 (X11; Fedora; Linux x86_64) AppleWebKit/537.36 (KHTML, like Gecko) Chrome/133.0.0.0 Safari/537.36"
43.157.174.69 - - [17/Jun/2026:03:21:18 +0200] "GET /contact-us/embed/ HTTP/1.1" 200 16462 "-" "Mozilla/5.0 (iPhone; CPU iPhone OS 13_2_3 like Mac OS X) AppleWebKit/605.1.15 (KHTML, like Gecko) Version/13.0.3 Mobile/15E148 Safari/604.1"
65.21.228.101 - - [17/Jun/2026:03:21:20 +0200] "POST /wp-cron.php?doing_wp_cron=1781659280.5454640388488769531250 HTTP/1.1" 200 0 "-" "WordPress/7.0; https://reenrihair.com"
180.191.234.216 - - [17/Jun/2026:03:29:13 +0200] "POST /xmlrpc.php HTTP/1.1" 200 403 "-" "Mozilla/5.0 (Windows NT 10.0; arm64) AppleWebKit/537.36 (KHTML, like Gecko) Opera/78.0.0.0 Safari/537.36"
61.245.12.235 - - [17/Jun/2026:03:30:22 +0200] "POST /xmlrpc.php HTTP/1.1" 200 403 "-" "Mozilla/5.0 (Windows NT 6.3; x64) AppleWebKit/537.36 (KHTML, like Gecko) Safari/14.0.0.0 Safari/537.36"
180.191.234.216 - - [17/Jun/2026:03:31:56 +0200] "POST /xmlrpc.php HTTP/1.1" 200 403 "-" "Mozilla/5.0 (Macintosh; Intel Mac OS X 10_15_7; x86) AppleWebKit/537.36 (KHTML, like Gecko) Edge/93.0.0.0 Safari/537.36"
61.245.12.234 - - [17/Jun/2026:03:24:59 +0200] "POST /xmlrpc.php HTTP/1.1" 200 403 "-" "Mozilla/5.0 (X11; Ubuntu; Linux x86_64; x64) AppleWebKit/537.36 (KHTML, like Gecko) Opera/74.0.0.0 Safari/537.36"
65.21.228.101 - - [17/Jun/2026:03:27:53 +0200] "POST /wp-cron.php?doing_wp_cron=1781659673.6031689643859863281250 HTTP/1.1" 200 0 "-" "WordPress/7.0; https://reenrihair.com"
222.127.53.138 - - [17/Jun/2026:03:31:13 +0200] "POST /xmlrpc.php HTTP/1.1" 200 403 "-" "Mozilla/5.0 (Windows NT 10.0; arm64) AppleWebKit/537.36 (KHTML, like Gecko) Safari/15.0.0.0 Safari/537.36"
222.127.53.138 - - [17/Jun/2026:03:30:00 +0200] "POST /xmlrpc.php HTTP/1.1" 200 403 "-" "Mozilla/5.0 (X11; Ubuntu; Linux x86_64; x86) AppleWebKit/537.36 (KHTML, like Gecko) Safari/14.0.0.0 Safari/537.36"
61.245.12.234 - - [17/Jun/2026:03:32:12 +0200] "POST /xmlrpc.php HTTP/1.1" 200 403 "-" "Mozilla/5.0 (Windows NT 6.3; arm64) AppleWebKit/537.36 (KHTML, like Gecko) Chrome/86.0.0.0 Safari/537.36"
180.191.232.76 - - [17/Jun/2026:03:33:01 +0200] "POST /xmlrpc.php HTTP/1.1" 200 403 "-" "Mozilla/5.0 (Windows NT 6.2; x64) AppleWebKit/537.36 (KHTML, like Gecko) Safari/14.0.0.0 Safari/537.36"
61.245.12.236 - - [17/Jun/2026:03:33:17 +0200] "POST /xmlrpc.php HTTP/1.1" 200 403 "-" "Mozilla/5.0 (Windows NT 10.0; x64) AppleWebKit/537.36 (KHTML, like Gecko) Chrome/111.0.0.0 Safari/537.36"
65.21.228.101 - - [17/Jun/2026:03:36:46 +0200] "POST /wp-cron.php?doing_wp_cron=1781660206.1576669216156005859375 HTTP/1.1" 200 0 "-" "WordPress/7.0; https://reenrihair.com"
52.167.144.229 - - [17/Jun/2026:03:37:34 +0200] "GET /wp-content/plugins/elementor-pro/assets/css/widget-form.min.css?ver=3.32.3 HTTP/2" 200 1408 "https://reenrihair.com/contact-us/" "Mozilla/5.0 AppleWebKit/537.36 (KHTML, like Gecko; compatible; bingbot/2.0; +http://www.bing.com/bingbot.htm) Chrome/136.0.0.0 Safari/537.36 AppleWebKit/537.36 (KHTML, like Gecko; compatible; bingbot/2.0; +http://www.bing.com/bingbot.htm) Chrome/116.0.1938.76 Safari/537.36"
52.167.144.229 - - [17/Jun/2026:03:37:34 +0200] "GET /wp-content/plugins/elementor/assets/js/webpack.runtime.min.js?ver=3.33.4 HTTP/2" 200 2257 "https://reenrihair.com/contact-us/" "Mozilla/5.0 AppleWebKit/537.36 (KHTML, like Gecko; compatible; bingbot/2.0; +http://www.bing.com/bingbot.htm) Chrome/136.0.0.0 Safari/537.36 AppleWebKit/537.36 (KHTML, like Gecko; compatible; bingbot/2.0; +http://www.bing.com/bingbot.htm) Chrome/116.0.1938.76 Safari/537.36"
52.167.144.229 - - [17/Jun/2026:03:37:35 +0200] "GET /wp-content/plugins/elementor-pro/assets/js/elements-handlers.min.js?ver=3.32.3 HTTP/2" 200 10180 "https://reenrihair.com/contact-us/" "Mozilla/5.0 AppleWebKit/537.36 (KHTML, like Gecko; compatible; bingbot/2.0; +http://www.bing.com/bingbot.htm) Chrome/136.0.0.0 Safari/537.36 AppleWebKit/537.36 (KHTML, like Gecko; compatible; bingbot/2.0; +http://www.bing.com/bingbot.htm) Chrome/116.0.1938.76 Safari/537.36"
52.167.144.229 - - [17/Jun/2026:03:37:35 +0200] "GET /wp-content/plugins/elementor-pro/assets/js/frontend.min.js?ver=3.32.3 HTTP/2" 200 6321 "https://reenrihair.com/contact-us/" "Mozilla/5.0 AppleWebKit/537.36 (KHTML, like Gecko; compatible; bingbot/2.0; +http://www.bing.com/bingbot.htm) Chrome/136.0.0.0 Safari/537.36 AppleWebKit/537.36 (KHTML, like Gecko; compatible; bingbot/2.0; +http://www.bing.com/bingbot.htm) Chrome/116.0.1938.76 Safari/537.36"
40.77.167.79 - - [17/Jun/2026:03:37:46 +0200] "GET /wp-includes/js/jquery/jquery-migrate.min.js?ver=3.4.1 HTTP/2" 200 4678 "https://reenrihair.com/contact-us/" "Mozilla/5.0 AppleWebKit/537.36 (KHTML, like Gecko; compatible; bingbot/2.0; +http://www.bing.com/bingbot.htm) Chrome/136.0.0.0 Safari/537.36 AppleWebKit/537.36 (KHTML, like Gecko; compatible; bingbot/2.0; +http://www.bing.com/bingbot.htm) Chrome/116.0.1938.76 Safari/537.36"
40.77.167.79 - - [17/Jun/2026:03:37:46 +0200] "GET /wp-content/plugins/elementor/assets/js/frontend.min.js?ver=3.33.4 HTTP/2" 200 10035 "https://reenrihair.com/contact-us/" "Mozilla/5.0 AppleWebKit/537.36 (KHTML, like Gecko; compatible; bingbot/2.0; +http://www.bing.com/bingbot.htm) Chrome/136.0.0.0 Safari/537.36 AppleWebKit/537.36 (KHTML, like Gecko; compatible; bingbot/2.0; +http://www.bing.com/bingbot.htm) Chrome/116.0.1938.76 Safari/537.36"
40.77.167.79 - - [17/Jun/2026:03:37:46 +0200] "GET /wp-content/plugins/elementor-pro/assets/js/webpack-pro.runtime.min.js?ver=3.32.3 HTTP/2" 200 2622 "https://reenrihair.com/contact-us/" "Mozilla/5.0 AppleWebKit/537.36 (KHTML, like Gecko; compatible; bingbot/2.0; +http://www.bing.com/bingbot.htm) Chrome/136.0.0.0 Safari/537.36 AppleWebKit/537.36 (KHTML, like Gecko; compatible; bingbot/2.0; +http://www.bing.com/bingbot.htm) Chrome/116.0.1938.76 Safari/537.36"
120.28.200.177 - - [17/Jun/2026:03:40:20 +0200] "POST /xmlrpc.php HTTP/1.1" 200 403 "-" "Mozilla/5.0 (Windows NT 6.3; arm64) AppleWebKit/537.36 (KHTML, like Gecko) Opera/68.0.0.0 Safari/537.36"
61.245.12.237 - - [17/Jun/2026:03:42:50 +0200] "POST /xmlrpc.php HTTP/1.1" 200 403 "-" "Mozilla/5.0 (Windows NT 6.2; x64) AppleWebKit/537.36 (KHTML, like Gecko) Edge/83.0.0.0 Safari/537.36"
65.21.228.101 - - [17/Jun/2026:03:43:43 +0200] "POST /wp-cron.php?doing_wp_cron=1781660623.1350989341735839843750 HTTP/1.1" 200 0 "-" "WordPress/7.0; https://reenrihair.com"
61.245.12.234 - - [17/Jun/2026:03:43:58 +0200] "POST /xmlrpc.php HTTP/1.1" 200 403 "-" "Mozilla/5.0 (X11; Ubuntu; Linux x86_64; x64) AppleWebKit/537.36 (KHTML, like Gecko) Firefox/93.0.0.0 Safari/537.36"
61.245.12.234 - - [17/Jun/2026:03:44:14 +0200] "POST /xmlrpc.php HTTP/1.1" 200 403 "-" "Mozilla/5.0 (Macintosh; Intel Mac OS X 10_15_7; x64) AppleWebKit/537.36 (KHTML, like Gecko) Opera/80.0.0.0 Safari/537.36"
61.245.12.237 - - [17/Jun/2026:03:45:01 +0200] "POST /xmlrpc.php HTTP/1.1" 200 403 "-" "Mozilla/5.0 (Windows NT 10.0; x86) AppleWebKit/537.36 (KHTML, like Gecko) Safari/15.0.0.0 Safari/537.36"
65.21.228.101 - - [17/Jun/2026:03:46:42 +0200] "POST /wp-cron.php?doing_wp_cron=1781660802.6718978881835937500000 HTTP/1.1" 200 0 "-" "WordPress/7.0; https://reenrihair.com"
222.127.53.138 - - [17/Jun/2026:03:47:22 +0200] "POST /xmlrpc.php HTTP/1.1" 200 403 "-" "Mozilla/5.0 (Macintosh; Intel Mac OS X 10_15_7; x64) AppleWebKit/537.36 (KHTML, like Gecko) Opera/77.0.0.0 Safari/537.36"
222.127.53.138 - - [17/Jun/2026:03:33:40 +0200] "POST /xmlrpc.php HTTP/1.1" 200 403 "-" "Mozilla/5.0 (Windows NT 6.3; x86) AppleWebKit/537.36 (KHTML, like Gecko) Chrome/98.0.0.0 Safari/537.36"
180.191.234.216 - - [17/Jun/2026:03:37:05 +0200] "POST /xmlrpc.php HTTP/1.1" 200 403 "-" "Mozilla/5.0 (Windows NT 6.3; x86) AppleWebKit/537.36 (KHTML, like Gecko) Safari/12.0.0.0 Safari/537.36"
40.77.167.71 - - [17/Jun/2026:03:37:19 +0200] "GET /contact-us/ HTTP/2" 200 14729 "-" "Mozilla/5.0 AppleWebKit/537.36 (KHTML, like Gecko; compatible; bingbot/2.0; +http://www.bing.com/bingbot.htm) Chrome/116.0.1938.76 Safari/537.36"
65.21.228.101 - - [17/Jun/2026:03:38:31 +0200] "POST /wp-cron.php?doing_wp_cron=1781660311.0745170116424560546875 HTTP/1.1" 200 0 "-" "WordPress/7.0; https://reenrihair.com"
180.191.234.216 - - [17/Jun/2026:03:40:37 +0200] "POST /xmlrpc.php HTTP/1.1" 200 403 "-" "Mozilla/5.0 (Windows NT 6.2; x86) AppleWebKit/537.36 (KHTML, like Gecko) Opera/80.0.0.0 Safari/537.36"
65.21.228.101 - - [17/Jun/2026:03:42:38 +0200] "POST /wp-cron.php?doing_wp_cron=1781660558.2138869762420654296875 HTTP/1.1" 200 0 "-" "WordPress/7.0; https://reenrihair.com"
180.191.234.216 - - [17/Jun/2026:03:48:51 +0200] "POST /xmlrpc.php HTTP/1.1" 200 403 "-" "Mozilla/5.0 (Macintosh; Intel Mac OS X 10_15_7; arm64) AppleWebKit/537.36 (KHTML, like Gecko) Chrome/113.0.0.0 Safari/537.36"
61.245.12.236 - - [17/Jun/2026:03:49:07 +0200] "POST /xmlrpc.php HTTP/1.1" 200 403 "-" "Mozilla/5.0 (Windows NT 6.2; arm64) AppleWebKit/537.36 (KHTML, like Gecko) Safari/14.0.0.0 Safari/537.36"
65.21.228.101 - - [17/Jun/2026:03:32:38 +0200] "POST /wp-cron.php?doing_wp_cron=1781659958.9154279232025146484375 HTTP/1.1" 200 0 "-" "WordPress/7.0; https://reenrihair.com"
222.127.53.138 - - [17/Jun/2026:03:35:02 +0200] "POST /xmlrpc.php HTTP/1.1" 200 403 "-" "Mozilla/5.0 (Windows NT 6.3; arm64) AppleWebKit/537.36 (KHTML, like Gecko) Safari/12.0.0.0 Safari/537.36"
222.127.53.138 - - [17/Jun/2026:03:35:13 +0200] "POST /xmlrpc.php HTTP/1.1" 200 403 "-" "Mozilla/5.0 (Linux; Android 10; x64) AppleWebKit/537.36 (KHTML, like Gecko) Opera/70.0.0.0 Safari/537.36"
180.191.232.76 - - [17/Jun/2026:03:37:26 +0200] "POST /xmlrpc.php HTTP/1.1" 200 403 "-" "Mozilla/5.0 (Windows NT 10.0; x86) AppleWebKit/537.36 (KHTML, like Gecko) Firefox/71.0.0.0 Safari/537.36"
180.191.232.76 - - [17/Jun/2026:03:37:38 +0200] "POST /xmlrpc.php HTTP/1.1" 200 403 "-" "Mozilla/5.0 (Macintosh; Intel Mac OS X 10_15_7; arm64) AppleWebKit/537.36 (KHTML, like Gecko) Firefox/90.0.0.0 Safari/537.36"
180.191.232.76 - - [17/Jun/2026:03:37:47 +0200] "POST /xmlrpc.php HTTP/1.1" 200 403 "-" "Mozilla/5.0 (Windows NT 6.2; x64) AppleWebKit/537.36 (KHTML, like Gecko) Chrome/99.0.0.0 Safari/537.36"
180.191.232.76 - - [17/Jun/2026:03:37:57 +0200] "POST /xmlrpc.php HTTP/1.1" 200 403 "-" "Mozilla/5.0 (Linux; Android 10; x86) AppleWebKit/537.36 (KHTML, like Gecko) Opera/64.0.0.0 Safari/537.36"
180.191.232.76 - - [17/Jun/2026:03:38:30 +0200] "POST /xmlrpc.php HTTP/1.1" 200 403 "-" "Mozilla/5.0 (Windows NT 6.3; arm64) AppleWebKit/537.36 (KHTML, like Gecko) Firefox/72.0.0.0 Safari/537.36"
120.28.200.177 - - [17/Jun/2026:03:41:58 +0200] "POST /xmlrpc.php HTTP/1.1" 200 403 "-" "Mozilla/5.0 (Macintosh; Intel Mac OS X 10_15_7; x64) AppleWebKit/537.36 (KHTML, like Gecko) Chrome/100.0.0.0 Safari/537.36"
61.245.12.236 - - [17/Jun/2026:03:43:42 +0200] "POST /xmlrpc.php HTTP/1.1" 200 403 "-" "Mozilla/5.0 (Linux; Android 10; arm64) AppleWebKit/537.36 (KHTML, like Gecko) Firefox/90.0.0.0 Safari/537.36"
180.191.234.216 - - [17/Jun/2026:03:34:10 +0200] "POST /xmlrpc.php HTTP/1.1" 200 403 "-" "Mozilla/5.0 (Windows NT 6.3; x64) AppleWebKit/537.36 (KHTML, like Gecko) Chrome/106.0.0.0 Safari/537.36"
65.21.228.101 - - [17/Jun/2026:03:34:33 +0200] "POST /wp-cron.php?doing_wp_cron=1781660073.4012310504913330078125 HTTP/1.1" 200 0 "-" "WordPress/7.0; https://reenrihair.com"
40.77.167.71 - - [17/Jun/2026:03:37:39 +0200] "GET /wp-content/plugins/elementor-pro/assets/css/widget-price-list.min.css?ver=3.32.3 HTTP/2" 200 412 "https://reenrihair.com/contact-us/" "Mozilla/5.0 AppleWebKit/537.36 (KHTML, like Gecko; compatible; bingbot/2.0; +http://www.bing.com/bingbot.htm) Chrome/136.0.0.0 Safari/537.36 AppleWebKit/537.36 (KHTML, like Gecko; compatible; bingbot/2.0; +http://www.bing.com/bingbot.htm) Chrome/116.0.1938.76 Safari/537.36"
40.77.167.71 - - [17/Jun/2026:03:37:39 +0200] "GET /wp-content/themes/hello-elementor/assets/js/hello-frontend.js?ver=3.4.5 HTTP/2" 200 493 "https://reenrihair.com/contact-us/" "Mozilla/5.0 AppleWebKit/537.36 (KHTML, like Gecko; compatible; bingbot/2.0; +http://www.bing.com/bingbot.htm) Chrome/136.0.0.0 Safari/537.36 AppleWebKit/537.36 (KHTML, like Gecko; compatible; bingbot/2.0; +http://www.bing.com/bingbot.htm) Chrome/116.0.1938.76 Safari/537.36"
40.77.167.71 - - [17/Jun/2026:03:37:39 +0200] "GET /wp-content/plugins/elementor/assets/lib/flatpickr/flatpickr.min.css?ver=4.6.13 HTTP/2" 200 2797 "https://reenrihair.com/contact-us/" "Mozilla/5.0 AppleWebKit/537.36 (KHTML, like Gecko; compatible; bingbot/2.0; +http://www.bing.com/bingbot.htm) Chrome/136.0.0.0 Safari/537.36 AppleWebKit/537.36 (KHTML, like Gecko; compatible; bingbot/2.0; +http://www.bing.com/bingbot.htm) Chrome/116.0.1938.76 Safari/537.36"
40.77.167.71 - - [17/Jun/2026:03:37:39 +0200] "GET /wp-includes/js/jquery/jquery.min.js?ver=3.7.1 HTTP/2" 200 29744 "https://reenrihair.com/contact-us/" "Mozilla/5.0 AppleWebKit/537.36 (KHTML, like Gecko; compatible; bingbot/2.0; +http://www.bing.com/bingbot.htm) Chrome/136.0.0.0 Safari/537.36 AppleWebKit/537.36 (KHTML, like Gecko; compatible; bingbot/2.0; +http://www.bing.com/bingbot.htm) Chrome/116.0.1938.76 Safari/537.36"
40.77.167.71 - - [17/Jun/2026:03:37:40 +0200] "GET /wp-includes/js/jquery/ui/core.min.js?ver=1.13.3 HTTP/2" 200 6812 "https://reenrihair.com/contact-us/" "Mozilla/5.0 AppleWebKit/537.36 (KHTML, like Gecko; compatible; bingbot/2.0; +http://www.bing.com/bingbot.htm) Chrome/136.0.0.0 Safari/537.36 AppleWebKit/537.36 (KHTML, like Gecko; compatible; bingbot/2.0; +http://www.bing.com/bingbot.htm) Chrome/116.0.1938.76 Safari/537.36"
40.77.167.71 - - [17/Jun/2026:03:37:40 +0200] "GET /wp-content/plugins/elementor-pro/assets/lib/smartmenus/jquery.smartmenus.min.js?ver=1.2.1 HTTP/2" 200 6867 "https://reenrihair.com/contact-us/" "Mozilla/5.0 AppleWebKit/537.36 (KHTML, like Gecko; compatible; bingbot/2.0; +http://www.bing.com/bingbot.htm) Chrome/136.0.0.0 Safari/537.36 AppleWebKit/537.36 (KHTML, like Gecko; compatible; bingbot/2.0; +http://www.bing.com/bingbot.htm) Chrome/116.0.1938.76 Safari/537.36"
40.77.167.71 - - [17/Jun/2026:03:37:40 +0200] "GET /wp-content/plugins/elementor/assets/js/frontend-modules.min.js?ver=3.33.4 HTTP/2" 200 23908 "https://reenrihair.com/contact-us/" "Mozilla/5.0 AppleWebKit/537.36 (KHTML, like Gecko; compatible; bingbot/2.0; +http://www.bing.com/bingbot.htm) Chrome/136.0.0.0 Safari/537.36 AppleWebKit/537.36 (KHTML, like Gecko; compatible; bingbot/2.0; +http://www.bing.com/bingbot.htm) Chrome/116.0.1938.76 Safari/537.36"
222.127.53.138 - - [17/Jun/2026:03:39:10 +0200] "POST /xmlrpc.php HTTP/1.1" 200 403 "-" "Mozilla/5.0 (Linux; Android 10; x86) AppleWebKit/537.36 (KHTML, like Gecko) Opera/75.0.0.0 Safari/537.36"
65.21.228.101 - - [17/Jun/2026:03:41:38 +0200] "POST /wp-cron.php?doing_wp_cron=1781660498.1907589435577392578125 HTTP/1.1" 200 0 "-" "WordPress/7.0; https://reenrihair.com"
65.21.228.101 - - [17/Jun/2026:03:48:37 +0200] "POST /wp-cron.php?doing_wp_cron=1781660917.8115251064300537109375 HTTP/1.1" 200 0 "-" "WordPress/7.0; https://reenrihair.com"
43.158.91.71 - - [17/Jun/2026:03:33:51 +0200] "GET /contact-us/embed/ HTTP/1.1" 200 16462 "-" "Mozilla/5.0 (iPhone; CPU iPhone OS 13_2_3 like Mac OS X) AppleWebKit/605.1.15 (KHTML, like Gecko) Version/13.0.3 Mobile/15E148 Safari/604.1"
120.28.200.177 - - [17/Jun/2026:03:36:45 +0200] "POST /xmlrpc.php HTTP/1.1" 200 403 "-" "Mozilla/5.0 (Macintosh; Intel Mac OS X 10_15_7; x64) AppleWebKit/537.36 (KHTML, like Gecko) Firefox/71.0.0.0 Safari/537.36"
61.245.12.234 - - [17/Jun/2026:03:38:54 +0200] "POST /xmlrpc.php HTTP/1.1" 200 403 "-" "Mozilla/5.0 (X11; Ubuntu; Linux x86_64; arm64) AppleWebKit/537.36 (KHTML, like Gecko) Safari/12.0.0.0 Safari/537.36"
65.21.228.101 - - [17/Jun/2026:03:40:38 +0200] "POST /wp-cron.php?doing_wp_cron=1781660438.0525989532470703125000 HTTP/1.1" 200 0 "-" "WordPress/7.0; https://reenrihair.com"
65.21.228.101 - - [17/Jun/2026:03:45:03 +0200] "POST /wp-cron.php?doing_wp_cron=1781660703.5906100273132324218750 HTTP/1.1" 200 0 "-" "WordPress/7.0; https://reenrihair.com"
180.191.232.76 - - [17/Jun/2026:03:45:56 +0200] "POST /xmlrpc.php HTTP/1.1" 200 403 "-" "Mozilla/5.0 (Linux; Android 10; arm64) AppleWebKit/537.36 (KHTML, like Gecko) Opera/62.0.0.0 Safari/537.36"
61.245.12.235 - - [17/Jun/2026:03:46:42 +0200] "POST /xmlrpc.php HTTP/1.1" 200 403 "-" "Mozilla/5.0 (Macintosh; Intel Mac OS X 10_15_7; x64) AppleWebKit/537.36 (KHTML, like Gecko) Safari/15.0.0.0 Safari/537.36"
61.245.12.234 - - [17/Jun/2026:03:34:32 +0200] "POST /xmlrpc.php HTTP/1.1" 200 403 "-" "Mozilla/5.0 (X11; Ubuntu; Linux x86_64; x86) AppleWebKit/537.36 (KHTML, like Gecko) Edge/85.0.0.0 Safari/537.36"
61.245.12.234 - - [17/Jun/2026:03:35:54 +0200] "POST /xmlrpc.php HTTP/1.1" 200 403 "-" "Mozilla/5.0 (Windows NT 6.3; arm64) AppleWebKit/537.36 (KHTML, like Gecko) Edge/84.0.0.0 Safari/537.36"
120.28.200.177 - - [17/Jun/2026:03:36:18 +0200] "POST /xmlrpc.php HTTP/1.1" 200 403 "-" "Mozilla/5.0 (Macintosh; Intel Mac OS X 10_15_7; x86) AppleWebKit/537.36 (KHTML, like Gecko) Firefox/70.0.0.0 Safari/537.36"
65.21.228.101 - - [17/Jun/2026:03:37:38 +0200] "POST /wp-cron.php?doing_wp_cron=1781660258.5960860252380371093750 HTTP/1.1" 200 0 "-" "WordPress/7.0; https://reenrihair.com"
61.245.12.234 - - [17/Jun/2026:03:39:50 +0200] "POST /xmlrpc.php HTTP/1.1" 200 403 "-" "Mozilla/5.0 (Windows NT 6.3; x64) AppleWebKit/537.36 (KHTML, like Gecko) Edge/90.0.0.0 Safari/537.36"
61.245.12.234 - - [17/Jun/2026:03:40:00 +0200] "POST /xmlrpc.php HTTP/1.1" 200 403 "-" "Mozilla/5.0 (Windows NT 6.2; x86) AppleWebKit/537.36 (KHTML, like Gecko) Chrome/81.0.0.0 Safari/537.36"
61.245.12.236 - - [17/Jun/2026:03:42:18 +0200] "POST /xmlrpc.php HTTP/1.1" 200 403 "-" "Mozilla/5.0 (Windows NT 6.3; x86) AppleWebKit/537.36 (KHTML, like Gecko) Edge/92.0.0.0 Safari/537.36"
222.127.53.138 - - [17/Jun/2026:03:32:38 +0200] "POST /xmlrpc.php HTTP/1.1" 200 403 "-" "Mozilla/5.0 (Windows NT 6.3; arm64) AppleWebKit/537.36 (KHTML, like Gecko) Edge/97.0.0.0 Safari/537.36"
188.166.231.216 - - [17/Jun/2026:03:34:51 +0200] "GET /wp-login.php HTTP/2" 200 974 "-" "Mozilla/5.0 (X11; Linux x86_64) AppleWebKit/537.36 (KHTML, like Gecko) Chrome/133.0.0.0 Safari/537.36 Edg/133.0.0.0"
188.166.231.216 - - [17/Jun/2026:03:34:51 +0200] "POST /wp-login.php HTTP/2" 200 974 "https://reenrihair.com.therahuldas.com/wp-login.php" "Mozilla/5.0 (X11; Linux x86_64) AppleWebKit/537.36 (KHTML, like Gecko) Chrome/133.0.0.0 Safari/537.36 Edg/133.0.0.0"
180.191.234.216 - - [17/Jun/2026:03:39:25 +0200] "POST /xmlrpc.php HTTP/1.1" 200 403 "-" "Mozilla/5.0 (X11; Ubuntu; Linux x86_64; arm64) AppleWebKit/537.36 (KHTML, like Gecko) Edge/80.0.0.0 Safari/537.36"
65.21.228.101 - - [17/Jun/2026:03:39:51 +0200] "POST /wp-cron.php?doing_wp_cron=1781660391.0718851089477539062500 HTTP/1.1" 200 0 "-" "WordPress/7.0; https://reenrihair.com"
120.28.200.177 - - [17/Jun/2026:03:41:37 +0200] "POST /xmlrpc.php HTTP/1.1" 200 403 "-" "Mozilla/5.0 (Windows NT 6.3; x64) AppleWebKit/537.36 (KHTML, like Gecko) Firefox/92.0.0.0 Safari/537.36"
61.245.12.237 - - [17/Jun/2026:03:48:37 +0200] "POST /xmlrpc.php HTTP/1.1" 200 403 "-" "Mozilla/5.0 (Linux; Android 10; x64) AppleWebKit/537.36 (KHTML, like Gecko) Edge/94.0.0.0 Safari/537.36"
61.245.12.236 - - [17/Jun/2026:03:34:49 +0200] "POST /xmlrpc.php HTTP/1.1" 200 403 "-" "Mozilla/5.0 (X11; Ubuntu; Linux x86_64; x64) AppleWebKit/537.36 (KHTML, like Gecko) Firefox/99.0.0.0 Safari/537.36"
65.21.228.101 - - [17/Jun/2026:03:35:35 +0200] "POST /wp-cron.php?doing_wp_cron=1781660135.4110190868377685546875 HTTP/1.1" 200 0 "-" "WordPress/7.0; https://reenrihair.com"
61.245.12.234 - - [17/Jun/2026:03:35:34 +0200] "POST /xmlrpc.php HTTP/1.1" 200 403 "-" "Mozilla/5.0 (Macintosh; Intel Mac OS X 10_15_7; x64) AppleWebKit/537.36 (KHTML, like Gecko) Safari/13.0.0.0 Safari/537.36"
222.127.53.138 - - [17/Jun/2026:03:38:13 +0200] "POST /xmlrpc.php HTTP/1.1" 200 403 "-" "Mozilla/5.0 (Windows NT 10.0; x64) AppleWebKit/537.36 (KHTML, like Gecko) Opera/75.0.0.0 Safari/537.36"
61.245.12.237 - - [17/Jun/2026:03:42:37 +0200] "POST /xmlrpc.php HTTP/1.1" 200 403 "-" "Mozilla/5.0 (Linux; Android 10; x64) AppleWebKit/537.36 (KHTML, like Gecko) Firefox/73.0.0.0 Safari/537.36"
222.127.53.138 - - [17/Jun/2026:03:43:09 +0200] "POST /xmlrpc.php HTTP/1.1" 200 403 "-" "Mozilla/5.0 (Windows NT 10.0; x86) AppleWebKit/537.36 (KHTML, like Gecko) Firefox/96.0.0.0 Safari/537.36"
222.127.53.138 - - [17/Jun/2026:03:43:20 +0200] "POST /xmlrpc.php HTTP/1.1" 200 403 "-" "Mozilla/5.0 (X11; Ubuntu; Linux x86_64; x86) AppleWebKit/537.36 (KHTML, like Gecko) Edge/87.0.0.0 Safari/537.36"
65.21.228.101 - - [17/Jun/2026:03:45:56 +0200] "POST /wp-cron.php?doing_wp_cron=1781660756.5300619602203369140625 HTTP/1.1" 200 0 "-" "WordPress/7.0; https://reenrihair.com"
61.245.12.234 - - [17/Jun/2026:03:54:01 +0200] "POST /xmlrpc.php HTTP/1.1" 200 403 "-" "Mozilla/5.0 (Macintosh; Intel Mac OS X 10_15_7; x64) AppleWebKit/537.36 (KHTML, like Gecko) Edge/87.0.0.0 Safari/537.36"
65.21.228.101 - - [17/Jun/2026:03:54:35 +0200] "POST /wp-cron.php?doing_wp_cron=1781661275.3150188922882080078125 HTTP/1.1" 200 0 "-" "WordPress/7.0; https://reenrihair.com"
120.28.200.177 - - [17/Jun/2026:03:55:27 +0200] "POST /xmlrpc.php HTTP/1.1" 200 403 "-" "Mozilla/5.0 (Windows NT 10.0; x86) AppleWebKit/537.36 (KHTML, like Gecko) Safari/15.0.0.0 Safari/537.36"
180.191.234.216 - - [17/Jun/2026:03:56:28 +0200] "POST /xmlrpc.php HTTP/1.1" 200 403 "-" "Mozilla/5.0 (Windows NT 10.0; arm64) AppleWebKit/537.36 (KHTML, like Gecko) Edge/81.0.0.0 Safari/537.36"
61.245.12.234 - - [17/Jun/2026:03:59:01 +0200] "POST /xmlrpc.php HTTP/1.1" 200 403 "-" "Mozilla/5.0 (Linux; Android 10; arm64) AppleWebKit/537.36 (KHTML, like Gecko) Edge/91.0.0.0 Safari/537.36"
61.245.12.234 - - [17/Jun/2026:03:59:45 +0200] "POST /xmlrpc.php HTTP/1.1" 200 403 "-" "Mozilla/5.0 (X11; Ubuntu; Linux x86_64; arm64) AppleWebKit/537.36 (KHTML, like Gecko) Firefox/78.0.0.0 Safari/537.36"
65.21.228.101 - - [17/Jun/2026:04:00:46 +0200] "POST /wp-cron.php?doing_wp_cron=1781661646.3164460659027099609375 HTTP/1.1" 200 0 "-" "WordPress/7.0; https://reenrihair.com"
61.245.12.234 - - [17/Jun/2026:04:02:30 +0200] "POST /xmlrpc.php HTTP/1.1" 200 403 "-" "Mozilla/5.0 (Macintosh; Intel Mac OS X 10_15_7; x64) AppleWebKit/537.36 (KHTML, like Gecko) Opera/75.0.0.0 Safari/537.36"
61.245.12.234 - - [17/Jun/2026:04:02:42 +0200] "POST /xmlrpc.php HTTP/1.1" 200 403 "-" "Mozilla/5.0 (X11; Ubuntu; Linux x86_64; x64) AppleWebKit/537.36 (KHTML, like Gecko) Opera/68.0.0.0 Safari/537.36"
61.245.12.235 - - [17/Jun/2026:04:03:37 +0200] "POST /xmlrpc.php HTTP/1.1" 200 403 "-" "Mozilla/5.0 (Linux; Android 10; x86) AppleWebKit/537.36 (KHTML, like Gecko) Edge/87.0.0.0 Safari/537.36"
180.191.234.216 - - [17/Jun/2026:03:50:17 +0200] "POST /xmlrpc.php HTTP/1.1" 200 403 "-" "Mozilla/5.0 (Linux; Android 10; x64) AppleWebKit/537.36 (KHTML, like Gecko) Firefox/88.0.0.0 Safari/537.36"
61.245.12.234 - - [17/Jun/2026:03:51:33 +0200] "POST /xmlrpc.php HTTP/1.1" 200 403 "-" "Mozilla/5.0 (Macintosh; Intel Mac OS X 10_15_7; x64) AppleWebKit/537.36 (KHTML, like Gecko) Firefox/85.0.0.0 Safari/537.36"
180.191.234.216 - - [17/Jun/2026:03:51:46 +0200] "POST /xmlrpc.php HTTP/1.1" 200 403 "-" "Mozilla/5.0 (Windows NT 6.2; arm64) AppleWebKit/537.36 (KHTML, like Gecko) Chrome/98.0.0.0 Safari/537.36"
222.127.53.138 - - [17/Jun/2026:03:52:31 +0200] "POST /xmlrpc.php HTTP/1.1" 200 403 "-" "Mozilla/5.0 (Windows NT 6.2; x64) AppleWebKit/537.36 (KHTML, like Gecko) Opera/74.0.0.0 Safari/537.36"
180.191.234.216 - - [17/Jun/2026:03:53:09 +0200] "POST /xmlrpc.php HTTP/1.1" 200 403 "-" "Mozilla/5.0 (Windows NT 6.3; arm64) AppleWebKit/537.36 (KHTML, like Gecko) Opera/70.0.0.0 Safari/537.36"
180.191.234.216 - - [17/Jun/2026:03:56:09 +0200] "POST /xmlrpc.php HTTP/1.1" 200 403 "-" "Mozilla/5.0 (Windows NT 6.2; x86) AppleWebKit/537.36 (KHTML, like Gecko) Opera/61.0.0.0 Safari/537.36"
222.127.53.138 - - [17/Jun/2026:03:58:08 +0200] "POST /xmlrpc.php HTTP/1.1" 200 403 "-" "Mozilla/5.0 (Windows NT 10.0; arm64) AppleWebKit/537.36 (KHTML, like Gecko) Firefox/91.0.0.0 Safari/537.36"
222.127.53.138 - - [17/Jun/2026:03:58:16 +0200] "POST /xmlrpc.php HTTP/1.1" 200 403 "-" "Mozilla/5.0 (Linux; Android 10; x86) AppleWebKit/537.36 (KHTML, like Gecko) Opera/67.0.0.0 Safari/537.36"
180.191.232.76 - - [17/Jun/2026:04:00:06 +0200] "POST /xmlrpc.php HTTP/1.1" 200 403 "-" "Mozilla/5.0 (Windows NT 6.3; x86) AppleWebKit/537.36 (KHTML, like Gecko) Edge/97.0.0.0 Safari/537.36"
65.21.228.101 - - [17/Jun/2026:04:01:31 +0200] "POST /wp-cron.php?doing_wp_cron=1781661691.8034770488739013671875 HTTP/1.1" 200 0 "-" "WordPress/7.0; https://reenrihair.com"
65.21.228.101 - - [17/Jun/2026:04:02:31 +0200] "POST /wp-cron.php?doing_wp_cron=1781661751.4230830669403076171875 HTTP/1.1" 200 0 "-" "WordPress/7.0; https://reenrihair.com"
180.191.232.76 - - [17/Jun/2026:03:52:09 +0200] "POST /xmlrpc.php HTTP/1.1" 200 403 "-" "Mozilla/5.0 (Windows NT 6.2; arm64) AppleWebKit/537.36 (KHTML, like Gecko) Edge/99.0.0.0 Safari/537.36"
120.28.200.177 - - [17/Jun/2026:03:54:21 +0200] "POST /xmlrpc.php HTTP/1.1" 200 403 "-" "Mozilla/5.0 (Windows NT 10.0; arm64) AppleWebKit/537.36 (KHTML, like Gecko) Opera/69.0.0.0 Safari/537.36"
61.245.12.235 - - [17/Jun/2026:03:56:58 +0200] "POST /xmlrpc.php HTTP/1.1" 200 403 "-" "Mozilla/5.0 (Windows NT 10.0; x64) AppleWebKit/537.36 (KHTML, like Gecko) Safari/11.0.0.0 Safari/537.36"
61.245.12.235 - - [17/Jun/2026:03:57:07 +0200] "POST /xmlrpc.php HTTP/1.1" 200 403 "-" "Mozilla/5.0 (Windows NT 6.3; x64) AppleWebKit/537.36 (KHTML, like Gecko) Firefox/78.0.0.0 Safari/537.36"
61.245.12.236 - - [17/Jun/2026:03:57:39 +0200] "POST /xmlrpc.php HTTP/1.1" 200 403 "-" "Mozilla/5.0 (Macintosh; Intel Mac OS X 10_15_7; arm64) AppleWebKit/537.36 (KHTML, like Gecko) Chrome/84.0.0.0 Safari/537.36"
61.245.12.236 - - [17/Jun/2026:03:57:49 +0200] "POST /xmlrpc.php HTTP/1.1" 200 403 "-" "Mozilla/5.0 (X11; Ubuntu; Linux x86_64; x64) AppleWebKit/537.36 (KHTML, like Gecko) Opera/71.0.0.0 Safari/537.36"
180.191.232.76 - - [17/Jun/2026:03:58:34 +0200] "POST /xmlrpc.php HTTP/1.1" 200 403 "-" "Mozilla/5.0 (Windows NT 10.0; x86) AppleWebKit/537.36 (KHTML, like Gecko) Safari/13.0.0.0 Safari/537.36"
180.191.232.76 - - [17/Jun/2026:03:58:45 +0200] "POST /xmlrpc.php HTTP/1.1" 200 403 "-" "Mozilla/5.0 (Windows NT 6.2; arm64) AppleWebKit/537.36 (KHTML, like Gecko) Firefox/89.0.0.0 Safari/537.36"
222.127.53.138 - - [17/Jun/2026:03:59:18 +0200] "POST /xmlrpc.php HTTP/1.1" 200 403 "-" "Mozilla/5.0 (Macintosh; Intel Mac OS X 10_15_7; x86) AppleWebKit/537.36 (KHTML, like Gecko) Edge/92.0.0.0 Safari/537.36"
222.127.53.138 - - [17/Jun/2026:03:59:29 +0200] "POST /xmlrpc.php HTTP/1.1" 200 403 "-" "Mozilla/5.0 (Linux; Android 10; arm64) AppleWebKit/537.36 (KHTML, like Gecko) Opera/70.0.0.0 Safari/537.36"
222.127.53.138 - - [17/Jun/2026:04:01:22 +0200] "POST /xmlrpc.php HTTP/1.1" 200 403 "-" "Mozilla/5.0 (Windows NT 10.0; x64) AppleWebKit/537.36 (KHTML, like Gecko) Opera/60.0.0.0 Safari/537.36"
222.127.53.138 - - [17/Jun/2026:04:01:31 +0200] "POST /xmlrpc.php HTTP/1.1" 200 403 "-" "Mozilla/5.0 (Windows NT 6.2; x64) AppleWebKit/537.36 (KHTML, like Gecko) Edge/89.0.0.0 Safari/537.36"
222.127.53.138 - - [17/Jun/2026:03:49:53 +0200] "POST /xmlrpc.php HTTP/1.1" 200 403 "-" "Mozilla/5.0 (X11; Ubuntu; Linux x86_64; x64) AppleWebKit/537.36 (KHTML, like Gecko) Chrome/99.0.0.0 Safari/537.36"
222.127.53.138 - - [17/Jun/2026:03:50:36 +0200] "POST /xmlrpc.php HTTP/1.1" 200 403 "-" "Mozilla/5.0 (Windows NT 10.0; x86) AppleWebKit/537.36 (KHTML, like Gecko) Safari/11.0.0.0 Safari/537.36"
65.21.228.101 - - [17/Jun/2026:03:56:46 +0200] "POST /wp-cron.php?doing_wp_cron=1781661406.2473390102386474609375 HTTP/1.1" 200 0 "-" "WordPress/7.0; https://reenrihair.com"
65.21.228.101 - - [17/Jun/2026:03:59:46 +0200] "POST /wp-cron.php?doing_wp_cron=1781661586.3280079364776611328125 HTTP/1.1" 200 0 "-" "WordPress/7.0; https://reenrihair.com"
61.245.12.235 - - [17/Jun/2026:04:01:46 +0200] "POST /xmlrpc.php HTTP/1.1" 200 403 "-" "Mozilla/5.0 (Linux; Android 10; arm64) AppleWebKit/537.36 (KHTML, like Gecko) Edge/92.0.0.0 Safari/537.36"
102.134.101.35 - - [17/Jun/2026:04:05:01 +0200] "GET /wp-login.php HTTP/2" 200 974 "-" "Mozilla/5.0 (Macintosh; Intel Mac OS X 11_7_10) AppleWebKit/537.36 (KHTML, like Gecko) Chrome/133.0.0.0 Safari/537.36"
102.134.101.35 - - [17/Jun/2026:04:05:02 +0200] "POST /wp-login.php HTTP/2" 200 974 "https://reenrihair.com.therahuldas.com/wp-login.php" "Mozilla/5.0 (Macintosh; Intel Mac OS X 11_7_10) AppleWebKit/537.36 (KHTML, like Gecko) Chrome/133.0.0.0 Safari/537.36"
180.191.232.76 - - [17/Jun/2026:03:49:26 +0200] "POST /xmlrpc.php HTTP/1.1" 200 403 "-" "Mozilla/5.0 (Windows NT 6.2; x86) AppleWebKit/537.36 (KHTML, like Gecko) Firefox/94.0.0.0 Safari/537.36"
65.21.228.101 - - [17/Jun/2026:03:49:37 +0200] "POST /wp-cron.php?doing_wp_cron=1781660977.7963469028472900390625 HTTP/1.1" 200 0 "-" "WordPress/7.0; https://reenrihair.com"
180.191.232.76 - - [17/Jun/2026:03:49:36 +0200] "POST /xmlrpc.php HTTP/1.1" 200 403 "-" "Mozilla/5.0 (Windows NT 6.3; x86) AppleWebKit/537.36 (KHTML, like Gecko) Edge/95.0.0.0 Safari/537.36"
65.21.228.101 - - [17/Jun/2026:03:50:36 +0200] "POST /wp-cron.php?doing_wp_cron=1781661036.9358921051025390625000 HTTP/1.1" 200 0 "-" "WordPress/7.0; https://reenrihair.com"
65.21.228.101 - - [17/Jun/2026:03:51:34 +0200] "POST /wp-cron.php?doing_wp_cron=1781661094.3559000492095947265625 HTTP/1.1" 200 0 "-" "WordPress/7.0; https://reenrihair.com"
65.21.228.101 - - [17/Jun/2026:03:52:31 +0200] "POST /wp-cron.php?doing_wp_cron=1781661151.6340010166168212890625 HTTP/1.1" 200 0 "-" "WordPress/7.0; https://reenrihair.com"
180.191.232.76 - - [17/Jun/2026:03:53:41 +0200] "POST /xmlrpc.php HTTP/1.1" 200 403 "-" "Mozilla/5.0 (Macintosh; Intel Mac OS X 10_15_7; arm64) AppleWebKit/537.36 (KHTML, like Gecko) Firefox/92.0.0.0 Safari/537.36"
65.21.228.101 - - [17/Jun/2026:03:55:44 +0200] "POST /wp-cron.php?doing_wp_cron=1781661344.0827329158782958984375 HTTP/1.1" 200 0 "-" "WordPress/7.0; https://reenrihair.com"
180.191.234.216 - - [17/Jun/2026:03:55:43 +0200] "POST /xmlrpc.php HTTP/1.1" 200 403 "-" "Mozilla/5.0 (Windows NT 6.3; arm64) AppleWebKit/537.36 (KHTML, like Gecko) Firefox/78.0.0.0 Safari/537.36"
180.191.234.216 - - [17/Jun/2026:04:02:09 +0200] "POST /xmlrpc.php HTTP/1.1" 200 403 "-" "Mozilla/5.0 (Windows NT 6.2; x64) AppleWebKit/537.36 (KHTML, like Gecko) Chrome/99.0.0.0 Safari/537.36"
164.90.178.220 - - [17/Jun/2026:04:02:21 +0200] "GET /wp-login.php HTTP/2" 200 974 "-" "Mozilla/5.0 (X11; Linux x86_64; rv:133.0) Gecko/20100101 Firefox/133.0"
164.90.178.220 - - [17/Jun/2026:04:02:21 +0200] "POST /wp-login.php HTTP/2" 200 974 "https://reenrihair.com/wp-login.php" "Mozilla/5.0 (X11; Linux x86_64; rv:133.0) Gecko/20100101 Firefox/133.0"
61.245.12.235 - - [17/Jun/2026:03:53:23 +0200] "POST /xmlrpc.php HTTP/1.1" 200 403 "-" "Mozilla/5.0 (Windows NT 6.3; x86) AppleWebKit/537.36 (KHTML, like Gecko) Opera/75.0.0.0 Safari/537.36"
180.191.234.216 - - [17/Jun/2026:03:54:34 +0200] "POST /xmlrpc.php HTTP/1.1" 200 403 "-" "Mozilla/5.0 (Windows NT 6.2; x86) AppleWebKit/537.36 (KHTML, like Gecko) Safari/10.0.0.0 Safari/537.36"
120.28.200.177 - - [17/Jun/2026:03:55:11 +0200] "POST /xmlrpc.php HTTP/1.1" 200 403 "-" "Mozilla/5.0 (Linux; Android 10; x86) AppleWebKit/537.36 (KHTML, like Gecko) Opera/64.0.0.0 Safari/537.36"
65.21.228.101 - - [17/Jun/2026:03:58:35 +0200] "POST /wp-cron.php?doing_wp_cron=1781661515.2250709533691406250000 HTTP/1.1" 200 0 "-" "WordPress/7.0; https://reenrihair.com"
61.245.12.235 - - [17/Jun/2026:04:00:26 +0200] "POST /xmlrpc.php HTTP/1.1" 200 403 "-" "Mozilla/5.0 (X11; Ubuntu; Linux x86_64; arm64) AppleWebKit/537.36 (KHTML, like Gecko) Edge/98.0.0.0 Safari/537.36"
61.245.12.237 - - [17/Jun/2026:04:05:02 +0200] "POST /xmlrpc.php HTTP/1.1" 200 403 "-" "Mozilla/5.0 (Windows NT 10.0; arm64) AppleWebKit/537.36 (KHTML, like Gecko) Safari/12.0.0.0 Safari/537.36"
61.245.12.237 - - [17/Jun/2026:04:05:14 +0200] "POST /xmlrpc.php HTTP/1.1" 200 403 "-" "Mozilla/5.0 (Windows NT 6.2; x86) AppleWebKit/537.36 (KHTML, like Gecko) Safari/13.0.0.0 Safari/537.36"
120.28.200.177 - - [17/Jun/2026:03:51:01 +0200] "POST /xmlrpc.php HTTP/1.1" 200 403 "-" "Mozilla/5.0 (Linux; Android 10; x86) AppleWebKit/537.36 (KHTML, like Gecko) Chrome/100.0.0.0 Safari/537.36"
61.245.12.234 - - [17/Jun/2026:03:51:14 +0200] "POST /xmlrpc.php HTTP/1.1" 200 403 "-" "Mozilla/5.0 (X11; Ubuntu; Linux x86_64; x64) AppleWebKit/537.36 (KHTML, like Gecko) Opera/80.0.0.0 Safari/537.36"
120.28.200.177 - - [17/Jun/2026:03:52:46 +0200] "POST /xmlrpc.php HTTP/1.1" 200 403 "-" "Mozilla/5.0 (Windows NT 6.3; arm64) AppleWebKit/537.36 (KHTML, like Gecko) Firefox/71.0.0.0 Safari/537.36"
65.21.228.101 - - [17/Jun/2026:03:53:42 +0200] "POST /wp-cron.php?doing_wp_cron=1781661222.6086850166320800781250 HTTP/1.1" 200 0 "-" "WordPress/7.0; https://reenrihair.com"
61.245.12.235 - - [17/Jun/2026:03:57:22 +0200] "POST /xmlrpc.php HTTP/1.1" 200 403 "-" "Mozilla/5.0 (Macintosh; Intel Mac OS X 10_15_7; arm64) AppleWebKit/537.36 (KHTML, like Gecko) Edge/80.0.0.0 Safari/537.36"
120.28.200.177 - - [17/Jun/2026:04:03:01 +0200] "POST /xmlrpc.php HTTP/1.1" 200 403 "-" "Mozilla/5.0 (Macintosh; Intel Mac OS X 10_15_7; x86) AppleWebKit/537.36 (KHTML, like Gecko) Opera/67.0.0.0 Safari/537.36"
192.185.4.166 - - [17/Jun/2026:04:04:21 +0200] "GET /wp-login.php HTTP/2" 200 974 "-" "Mozilla/5.0 (Windows NT 10.0; Win64; x64) AppleWebKit/537.36 (KHTML, like Gecko) Chrome/120.0.0.0 Safari/537.36"
120.28.200.177 - - [17/Jun/2026:04:04:22 +0200] "POST /xmlrpc.php HTTP/1.1" 200 403 "-" "Mozilla/5.0 (Windows NT 6.2; x64) AppleWebKit/537.36 (KHTML, like Gecko) Chrome/96.0.0.0 Safari/537.36"
120.28.200.177 - - [17/Jun/2026:04:04:34 +0200] "POST /xmlrpc.php HTTP/1.1" 200 403 "-" "Mozilla/5.0 (Windows NT 6.3; x64) AppleWebKit/537.36 (KHTML, like Gecko) Firefox/72.0.0.0 Safari/537.36"
61.245.12.236 - - [17/Jun/2026:04:04:48 +0200] "POST /xmlrpc.php HTTP/1.1" 200 403 "-" "Mozilla/5.0 (X11; Ubuntu; Linux x86_64; x86) AppleWebKit/537.36 (KHTML, like Gecko) Opera/77.0.0.0 Safari/537.36"
180.191.234.216 - - [17/Jun/2026:04:05:26 +0200] "POST /xmlrpc.php HTTP/1.1" 200 403 "-" "Mozilla/5.0 (Windows NT 6.3; x86) AppleWebKit/537.36 (KHTML, like Gecko) Chrome/100.0.0.0 Safari/537.36"
180.191.232.76 - - [17/Jun/2026:03:54:52 +0200] "POST /xmlrpc.php HTTP/1.1" 200 403 "-" "Mozilla/5.0 (Windows NT 10.0; arm64) AppleWebKit/537.36 (KHTML, like Gecko) Firefox/97.0.0.0 Safari/537.36"
222.127.53.138 - - [17/Jun/2026:03:56:45 +0200] "POST /xmlrpc.php HTTP/1.1" 200 403 "-" "Mozilla/5.0 (Windows NT 6.3; x64) AppleWebKit/537.36 (KHTML, like Gecko) Edge/91.0.0.0 Safari/537.36"
180.191.234.216 - - [17/Jun/2026:04:00:45 +0200] "POST /xmlrpc.php HTTP/1.1" 200 403 "-" "Mozilla/5.0 (Windows NT 10.0; arm64) AppleWebKit/537.36 (KHTML, like Gecko) Firefox/84.0.0.0 Safari/537.36"
222.127.53.138 - - [17/Jun/2026:04:01:03 +0200] "POST /xmlrpc.php HTTP/1.1" 200 403 "-" "Mozilla/5.0 (Windows NT 10.0; arm64) AppleWebKit/537.36 (KHTML, like Gecko) Edge/84.0.0.0 Safari/537.36"
61.245.12.234 - - [17/Jun/2026:04:03:22 +0200] "POST /xmlrpc.php HTTP/1.1" 200 403 "-" "Mozilla/5.0 (Windows NT 6.2; x64) AppleWebKit/537.36 (KHTML, like Gecko) Opera/65.0.0.0 Safari/537.36"
180.191.234.216 - - [17/Jun/2026:04:03:54 +0200] "POST /xmlrpc.php HTTP/1.1" 200 403 "-" "Mozilla/5.0 (Windows NT 6.2; x86) AppleWebKit/537.36 (KHTML, like Gecko) Opera/68.0.0.0 Safari/537.36"
180.191.234.216 - - [17/Jun/2026:04:04:06 +0200] "POST /xmlrpc.php HTTP/1.1" 200 403 "-" "Mozilla/5.0 (Macintosh; Intel Mac OS X 10_15_7; x64) AppleWebKit/537.36 (KHTML, like Gecko) Firefox/78.0.0.0 Safari/537.36"
65.21.228.101 - - [17/Jun/2026:04:04:34 +0200] "POST /wp-cron.php?doing_wp_cron=1781661874.5854489803314208984375 HTTP/1.1" 200 0 "-" "WordPress/7.0; https://reenrihair.com"
65.21.228.101 - - [17/Jun/2026:04:05:43 +0200] "POST /wp-cron.php?doing_wp_cron=1781661943.6348209381103515625000 HTTP/1.1" 200 0 "-" "WordPress/7.0; https://reenrihair.com"
120.28.200.177 - - [17/Jun/2026:04:05:42 +0200] "POST /xmlrpc.php HTTP/1.1" 200 403 "-" "Mozilla/5.0 (Windows NT 10.0; x86) AppleWebKit/537.36 (KHTML, like Gecko) Safari/15.0.0.0 Safari/537.36"
120.28.200.177 - - [17/Jun/2026:04:05:51 +0200] "POST /xmlrpc.php HTTP/1.1" 200 403 "-" "Mozilla/5.0 (Linux; Android 10; arm64) AppleWebKit/537.36 (KHTML, like Gecko) Opera/77.0.0.0 Safari/537.36"
65.21.228.101 - - [17/Jun/2026:04:06:31 +0200] "POST /wp-cron.php?doing_wp_cron=1781661991.1749789714813232421875 HTTP/1.1" 200 0 "-" "WordPress/7.0; https://reenrihair.com"
222.127.53.138 - - [17/Jun/2026:04:06:10 +0200] "POST /xmlrpc.php HTTP/1.1" 200 403 "-" "Mozilla/5.0 (Linux; Android 10; x64) AppleWebKit/537.36 (KHTML, like Gecko) Opera/79.0.0.0 Safari/537.36"
120.28.200.177 - - [17/Jun/2026:04:06:30 +0200] "POST /xmlrpc.php HTTP/1.1" 200 403 "-" "Mozilla/5.0 (Windows NT 6.2; arm64) AppleWebKit/537.36 (KHTML, like Gecko) Safari/10.0.0.0 Safari/537.36"
192.241.157.226 - - [17/Jun/2026:04:15:33 +0200] "GET /wp-login.php HTTP/2" 200 974 "-" "Mozilla/5.0 (Macintosh; Intel Mac OS X 14_7_4) AppleWebKit/537.36 (KHTML, like Gecko) Chrome/133.0.0.0 Safari/537.36"
192.241.157.226 - - [17/Jun/2026:04:15:33 +0200] "POST /wp-login.php HTTP/2" 200 974 "https://reenrihair.com.therahuldas.com/wp-login.php" "Mozilla/5.0 (Macintosh; Intel Mac OS X 14_7_4) AppleWebKit/537.36 (KHTML, like Gecko) Chrome/133.0.0.0 Safari/537.36"
31.220.84.188 - - [17/Jun/2026:04:12:50 +0200] "GET /wp-login.php HTTP/2" 200 974 "-" "Mozilla/5.0 (X11; Linux x86_64; rv:133.0) Gecko/20100101 Firefox/133.0"
31.220.84.188 - - [17/Jun/2026:04:12:50 +0200] "POST /wp-login.php HTTP/2" 200 974 "https://reenrihair.com/wp-login.php" "Mozilla/5.0 (X11; Linux x86_64; rv:133.0) Gecko/20100101 Firefox/133.0"
51.161.65.173 - - [17/Jun/2026:04:25:35 +0200] "GET /robots.txt HTTP/2" 200 109 "-" "Mozilla/5.0 (compatible; AhrefsBot/7.0; +http://ahrefs.com/robot/)"
51.75.236.133 - - [17/Jun/2026:04:25:41 +0200] "GET /tag/self-care/feed/ HTTP/2" 304 0 "-" "Mozilla/5.0 (compatible; AhrefsBot/7.0; +http://ahrefs.com/robot/)"
51.77.152.49 - - [17/Jun/2026:04:26:20 +0200] "GET /wp-login.php HTTP/2" 200 974 "-" "Mozilla/5.0 (Windows NT 10.0; Win64; x64) AppleWebKit/537.36 (KHTML, like Gecko) Chrome/133.0.0.0 Safari/537.36 Edg/133.0.0.0"
51.77.152.49 - - [17/Jun/2026:04:26:30 +0200] "POST /wp-login.php HTTP/2" 200 974 "https://reenrihair.com.therahuldas.com/wp-login.php" "Mozilla/5.0 (Windows NT 10.0; Win64; x64) AppleWebKit/537.36 (KHTML, like Gecko) Chrome/133.0.0.0 Safari/537.36 Edg/133.0.0.0"
188.166.231.216 - - [17/Jun/2026:04:38:52 +0200] "GET /wp-login.php HTTP/2" 200 974 "-" "Mozilla/5.0 (X11; Linux x86_64) AppleWebKit/537.36 (KHTML, like Gecko) Chrome/133.0.0.0 Safari/537.36"
188.166.231.216 - - [17/Jun/2026:04:38:52 +0200] "POST /wp-login.php HTTP/2" 200 974 "https://reenrihair.com/wp-login.php" "Mozilla/5.0 (X11; Linux x86_64) AppleWebKit/537.36 (KHTML, like Gecko) Chrome/133.0.0.0 Safari/537.36"
176.61.149.165 - - [17/Jun/2026:04:46:39 +0200] "GET /wp-login.php HTTP/2" 200 974 "-" "Mozilla/5.0 (X11; Fedora; Linux x86_64) AppleWebKit/537.36 (KHTML, like Gecko) Chrome/133.0.0.0 Safari/537.36"
176.61.149.165 - - [17/Jun/2026:04:46:40 +0200] "POST /wp-login.php HTTP/2" 200 974 "https://reenrihair.com/wp-login.php" "Mozilla/5.0 (X11; Fedora; Linux x86_64) AppleWebKit/537.36 (KHTML, like Gecko) Chrome/133.0.0.0 Safari/537.36"
97.74.87.194 - - [17/Jun/2026:04:49:24 +0200] "GET /wp-login.php HTTP/2" 200 974 "-" "Mozilla/5.0 (Windows NT 10.0; Win64; x64) AppleWebKit/537.36 (KHTML, like Gecko) Chrome/120.0.0.0 Safari/537.36"
43.162.109.249 - - [17/Jun/2026:04:53:07 +0200] "GET / HTTP/1.1" 200 28075 "http://reenrihair.com" "Mozilla/5.0 (iPhone; CPU iPhone OS 13_2_3 like Mac OS X) AppleWebKit/605.1.15 (KHTML, like Gecko) Version/13.0.3 Mobile/15E148 Safari/604.1"
159.203.25.248 - reenrihair [17/Jun/2026:04:55:52 +0200] "GET /wp-json/wp/v2/users/me HTTP/2" 401 81 "-" "Mozilla/5.0 (Windows NT 10.0; Win64; x64) AppleWebKit/537.36 (KHTML, like Gecko) Chrome/133.0.0.0 Safari/537.36"
89.124.117.23 - - [17/Jun/2026:04:56:32 +0200] "GET / HTTP/1.0" 200 178452 "https://reenrihair.com/" "Mozilla/5.0 (Windows NT 10.0; Win64; x64) AppleWebKit/537.36 (KHTML, like Gecko) Chrome/130.0.0.0 Safari/537.36 CCleaner/130.0.0.0"
89.124.117.23 - - [17/Jun/2026:04:56:32 +0200] "POST /wp-admin/admin-ajax.php HTTP/1.0" 200 133 "https://reenrihair.com/" "Mozilla/5.0 (Windows NT 10.0; Win64; x64) AppleWebKit/537.36 (KHTML, like Gecko) Chrome/130.0.0.0 Safari/537.36 CCleaner/130.0.0.0"
65.21.228.101 - - [17/Jun/2026:04:56:33 +0200] "POST /wp-cron.php?doing_wp_cron=1781664993.8130979537963867187500 HTTP/1.1" 200 0 "-" "WordPress/7.0; https://reenrihair.com"
159.203.25.248 - - [17/Jun/2026:04:55:32 +0200] "GET /wp-login.php HTTP/2" 200 974 "-" "Mozilla/5.0 (Windows NT 10.0; Win64; x64) AppleWebKit/537.36 (KHTML, like Gecko) Chrome/133.0.0.0 Safari/537.36"
