90.244.213.216 - - [16/Jun/2026:23:01:28 +0200] "GET /wp-content/uploads/2025/03/Untitled-design-10-1-e1742486598884-150x150.png HTTP/3" 200 43151 "https://reenrihair.com/" "Mozilla/5.0 (Linux; Android 10; K) AppleWebKit/537.36 (KHTML, like Gecko) Chrome/149.0.0.0 Mobile Safari/537.36"
90.244.213.216 - - [16/Jun/2026:23:01:28 +0200] "GET /wp-content/uploads/2025/03/Untitled-design-2-e1742487148377-150x150.png HTTP/3" 200 37886 "https://reenrihair.com/" "Mozilla/5.0 (Linux; Android 10; K) AppleWebKit/537.36 (KHTML, like Gecko) Chrome/149.0.0.0 Mobile Safari/537.36"
90.244.213.216 - - [16/Jun/2026:23:01:28 +0200] "GET /wp-content/uploads/2025/02/Untitled-design-e1742487198892-150x150.png HTTP/3" 200 39915 "https://reenrihair.com/" "Mozilla/5.0 (Linux; Android 10; K) AppleWebKit/537.36 (KHTML, like Gecko) Chrome/149.0.0.0 Mobile Safari/537.36"
90.244.213.216 - - [16/Jun/2026:23:01:28 +0200] "GET /wp-content/plugins/elementor/assets/js/shared-frontend-handlers.03caa53373b56d3bab67.bundle.min.js HTTP/3" 200 2511 "https://reenrihair.com/" "Mozilla/5.0 (Linux; Android 10; K) AppleWebKit/537.36 (KHTML, like Gecko) Chrome/149.0.0.0 Mobile Safari/537.36"
90.244.213.216 - - [16/Jun/2026:23:01:28 +0200] "GET /wp-content/uploads/2025/03/Untitled-design-6-1-e1742487301862-150x150.png HTTP/3" 200 40615 "https://reenrihair.com/" "Mozilla/5.0 (Linux; Android 10; K) AppleWebKit/537.36 (KHTML, like Gecko) Chrome/149.0.0.0 Mobile Safari/537.36"
90.244.213.216 - - [16/Jun/2026:23:01:28 +0200] "GET /wp-content/uploads/2025/03/Untitled-design-1-e1742487119998-150x150.png HTTP/3" 200 46572 "https://reenrihair.com/" "Mozilla/5.0 (Linux; Android 10; K) AppleWebKit/537.36 (KHTML, like Gecko) Chrome/149.0.0.0 Mobile Safari/537.36"
90.244.213.216 - - [16/Jun/2026:23:01:28 +0200] "GET /wp-content/uploads/2025/03/1-e1742486950482-150x150.png HTTP/3" 200 36437 "https://reenrihair.com/" "Mozilla/5.0 (Linux; Android 10; K) AppleWebKit/537.36 (KHTML, like Gecko) Chrome/149.0.0.0 Mobile Safari/537.36"
90.244.213.216 - - [16/Jun/2026:23:01:28 +0200] "GET /wp-content/plugins/elementor-pro/assets/js/nav-menu.0edc0c22e9f3101552ed.bundle.min.js HTTP/3" 200 1758 "https://reenrihair.com/" "Mozilla/5.0 (Linux; Android 10; K) AppleWebKit/537.36 (KHTML, like Gecko) Chrome/149.0.0.0 Mobile Safari/537.36"
90.244.213.216 - - [16/Jun/2026:23:01:28 +0200] "GET /wp-content/plugins/elementor/assets/js/text-editor.45609661e409413f1cef.bundle.min.js HTTP/3" 200 592 "https://reenrihair.com/" "Mozilla/5.0 (Linux; Android 10; K) AppleWebKit/537.36 (KHTML, like Gecko) Chrome/149.0.0.0 Mobile Safari/537.36"
90.244.213.216 - - [16/Jun/2026:23:01:28 +0200] "GET /wp-content/plugins/elementor/assets/js/counter.12335f45aaa79d244f24.bundle.min.js HTTP/3" 200 415 "https://reenrihair.com/" "Mozilla/5.0 (Linux; Android 10; K) AppleWebKit/537.36 (KHTML, like Gecko) Chrome/149.0.0.0 Mobile Safari/537.36"
90.244.213.216 - - [16/Jun/2026:23:01:28 +0200] "GET /wp-content/plugins/elementor-pro/assets/js/nested-carousel.776ab95ca4daa003622e.bundle.min.js HTTP/3" 200 1371 "https://reenrihair.com/" "Mozilla/5.0 (Linux; Android 10; K) AppleWebKit/537.36 (KHTML, like Gecko) Chrome/149.0.0.0 Mobile Safari/537.36"
90.244.213.216 - - [16/Jun/2026:23:01:28 +0200] "GET /wp-content/plugins/elementor/assets/js/image-carousel.6167d20b95b33386757b.bundle.min.js HTTP/3" 200 229 "https://reenrihair.com/" "Mozilla/5.0 (Linux; Android 10; K) AppleWebKit/537.36 (KHTML, like Gecko) Chrome/149.0.0.0 Mobile Safari/537.36"
90.244.213.216 - - [16/Jun/2026:23:01:28 +0200] "GET /wp-content/plugins/elementor/assets/js/video.86d44e46e43d0807e708.bundle.min.js HTTP/3" 200 1186 "https://reenrihair.com/" "Mozilla/5.0 (Linux; Android 10; K) AppleWebKit/537.36 (KHTML, like Gecko) Chrome/149.0.0.0 Mobile Safari/537.36"
90.244.213.216 - - [16/Jun/2026:23:01:28 +0200] "GET /wp-content/uploads/2025/03/Untitled-design-5-e1742487267657-150x150.png HTTP/3" 200 47137 "https://reenrihair.com/" "Mozilla/5.0 (Linux; Android 10; K) AppleWebKit/537.36 (KHTML, like Gecko) Chrome/149.0.0.0 Mobile Safari/537.36"
90.244.213.216 - - [16/Jun/2026:23:01:28 +0200] "GET /wp-content/plugins/elementor-pro/assets/js/popup.f7b15b2ca565b152bf98.bundle.min.js HTTP/3" 200 394 "https://reenrihair.com/" "Mozilla/5.0 (Linux; Android 10; K) AppleWebKit/537.36 (KHTML, like Gecko) Chrome/149.0.0.0 Mobile Safari/537.36"
90.244.213.216 - - [16/Jun/2026:23:01:28 +0200] "GET /wp-content/plugins/elementor-pro/assets/js/form.5fb35271b8ba3fb1e7d6.bundle.min.js HTTP/3" 200 4961 "https://reenrihair.com/" "Mozilla/5.0 (Linux; Android 10; K) AppleWebKit/537.36 (KHTML, like Gecko) Chrome/149.0.0.0 Mobile Safari/537.36"
90.244.213.216 - - [16/Jun/2026:23:01:28 +0200] "GET /wp-includes/js/wp-emoji-release.min.js?ver=7.0 HTTP/3" 200 4949 "https://reenrihair.com/" "Mozilla/5.0 (Linux; Android 10; K) AppleWebKit/537.36 (KHTML, like Gecko) Chrome/149.0.0.0 Mobile Safari/537.36"
90.244.213.216 - - [16/Jun/2026:23:01:28 +0200] "GET /wp-content/uploads/2025/03/portrait-beauty-and-flower-crown-with-a-model-wom-2023-11-27-05-19-34-utc-768x768.jpg HTTP/3" 200 76777 "https://reenrihair.com/" "Mozilla/5.0 (Linux; Android 10; K) AppleWebKit/537.36 (KHTML, like Gecko) Chrome/149.0.0.0 Mobile Safari/537.36"
90.244.213.216 - - [16/Jun/2026:23:01:28 +0200] "GET /wp-content/uploads/2025/03/Red-Gradient-Profile-Photo-Instagram-Post22-768x768.png HTTP/3" 200 37615 "https://reenrihair.com/" "Mozilla/5.0 (Linux; Android 10; K) AppleWebKit/537.36 (KHTML, like Gecko) Chrome/149.0.0.0 Mobile Safari/537.36"
90.244.213.216 - - [16/Jun/2026:23:01:28 +0200] "GET /wp-content/uploads/2025/01/4tg4h4.png HTTP/3" 200 162869 "https://reenrihair.com/wp-content/uploads/elementor/css/post-1837.css?ver=1779331010" "Mozilla/5.0 (Linux; Android 10; K) AppleWebKit/537.36 (KHTML, like Gecko) Chrome/149.0.0.0 Mobile Safari/537.36"
90.244.213.216 - - [16/Jun/2026:23:01:28 +0200] "GET /wp-content/uploads/2025/03/procedure-eyelashes-extension-2024-10-18-17-27-26-utc-1536x1536.jpg HTTP/3" 200 172650 "https://reenrihair.com/" "Mozilla/5.0 (Linux; Android 10; K) AppleWebKit/537.36 (KHTML, like Gecko) Chrome/149.0.0.0 Mobile Safari/537.36"
90.244.213.216 - - [16/Jun/2026:23:01:28 +0200] "GET /wp-content/uploads/2025/03/Red-Gradient-Profile-Photo-Instagram-Post22-1024x1024.png HTTP/3" 200 54537 "https://reenrihair.com/" "Mozilla/5.0 (Linux; Android 10; K) AppleWebKit/537.36 (KHTML, like Gecko) Chrome/149.0.0.0 Mobile Safari/537.36"
90.244.213.216 - - [16/Jun/2026:23:01:28 +0200] "GET /wp-content/uploads/2025/03/Red-Gradient-Profile-Photo-Instagram-Post22.png HTTP/3" 200 45575 "https://reenrihair.com/" "Mozilla/5.0 (Linux; Android 10; K) AppleWebKit/537.36 (KHTML, like Gecko) Chrome/149.0.0.0 Mobile Safari/537.36"
90.244.213.216 - - [16/Jun/2026:23:01:28 +0200] "GET /wp-content/uploads/2025/03/woman-posing-near-blooming-tree-in-spring-shallow-2024-07-25-00-51-54-utc-1536x1536.jpg HTTP/3" 200 363225 "https://reenrihair.com/" "Mozilla/5.0 (Linux; Android 10; K) AppleWebKit/537.36 (KHTML, like Gecko) Chrome/149.0.0.0 Mobile Safari/537.36"
90.244.213.216 - - [16/Jun/2026:23:01:28 +0200] "GET /wp-content/uploads/2025/03/reenrihair.beauty_1734560451_3526070270834540850_39241172644.mp4 HTTP/3" 206 824112 "https://reenrihair.com/" "Mozilla/5.0 (Linux; Android 10; K) AppleWebKit/537.36 (KHTML, like Gecko) Chrome/149.0.0.0 Mobile Safari/537.36"
90.244.213.216 - - [16/Jun/2026:23:01:28 +0200] "GET /wp-content/uploads/2025/03/reenrihair.beauty_1734560098_3526067627802433255_39241172644.mp4 HTTP/3" 206 1262294 "https://reenrihair.com/" "Mozilla/5.0 (Linux; Android 10; K) AppleWebKit/537.36 (KHTML, like Gecko) Chrome/149.0.0.0 Mobile Safari/537.36"
90.244.213.216 - - [16/Jun/2026:23:01:28 +0200] "GET /wp-content/uploads/2025/03/reenrihair.beauty_1734564476_3526104046910381074_39241172644.mp4 HTTP/3" 206 1306021 "https://reenrihair.com/" "Mozilla/5.0 (Linux; Android 10; K) AppleWebKit/537.36 (KHTML, like Gecko) Chrome/149.0.0.0 Mobile Safari/537.36"
90.244.213.216 - - [16/Jun/2026:23:01:30 +0200] "GET /wp-content/uploads/elementor/thumbs/Untitled-design-e1742487198892-r358zlkn1xp2kzybo8nct026m2rbv7r535dlz8gr1c.png HTTP/3" 200 219934 "https://reenrihair.com/" "Mozilla/5.0 (Linux; Android 10; K) AppleWebKit/537.36 (KHTML, like Gecko) Chrome/149.0.0.0 Mobile Safari/537.36"
90.244.213.216 - - [16/Jun/2026:23:01:28 +0200] "GET /wp-content/uploads/2025/03/Untitled-design-7.png HTTP/3" 200 1459226 "https://reenrihair.com/" "Mozilla/5.0 (Linux; Android 10; K) AppleWebKit/537.36 (KHTML, like Gecko) Chrome/149.0.0.0 Mobile Safari/537.36"
90.244.213.216 - - [16/Jun/2026:23:01:28 +0200] "GET /wp-content/uploads/2025/03/reenrihair.beauty_1738095613_3555725361417845286_39241172644-1.mp4 HTTP/3" 206 1810354 "https://reenrihair.com/" "Mozilla/5.0 (Linux; Android 10; K) AppleWebKit/537.36 (KHTML, like Gecko) Chrome/149.0.0.0 Mobile Safari/537.36"
65.21.228.101 - - [16/Jun/2026:23:03:15 +0200] "POST /wp-cron.php?doing_wp_cron=1781643795.1819860935211181640625 HTTP/1.1" 200 0 "-" "WordPress/7.0; https://reenrihair.com"
90.244.213.216 - - [16/Jun/2026:23:01:30 +0200] "GET /wp-content/uploads/elementor/thumbs/Untitled-design-1-r1z68ajjlug5v3pv7a6tiabu3aml4b8wq8px60krmo.png HTTP/3" 200 343305 "https://reenrihair.com/" "Mozilla/5.0 (Linux; Android 10; K) AppleWebKit/537.36 (KHTML, like Gecko) Chrome/149.0.0.0 Mobile Safari/537.36"
90.244.213.216 - - [16/Jun/2026:23:01:28 +0200] "GET /wp-content/uploads/2025/03/reenrihair.beauty_1740177127_3573187015621695148_39241172644-1.mp4 HTTP/3" 206 1846141 "https://reenrihair.com/" "Mozilla/5.0 (Linux; Android 10; K) AppleWebKit/537.36 (KHTML, like Gecko) Chrome/149.0.0.0 Mobile Safari/537.36"
90.244.213.216 - - [16/Jun/2026:23:01:28 +0200] "GET /wp-content/uploads/2025/03/reenrihair.beauty_1737668402_3552142265162500759_39241172644-1.mp4 HTTP/3" 206 2669848 "https://reenrihair.com/" "Mozilla/5.0 (Linux; Android 10; K) AppleWebKit/537.36 (KHTML, like Gecko) Chrome/149.0.0.0 Mobile Safari/537.36"
90.244.213.216 - - [16/Jun/2026:23:01:30 +0200] "GET /wp-content/uploads/2025/01/4itugj4t.png HTTP/3" 200 917332 "https://reenrihair.com/wp-content/uploads/elementor/css/post-1837.css?ver=1779331010" "Mozilla/5.0 (Linux; Android 10; K) AppleWebKit/537.36 (KHTML, like Gecko) Chrome/149.0.0.0 Mobile Safari/537.36"
90.244.213.216 - - [16/Jun/2026:23:01:30 +0200] "GET /wp-content/uploads/2025/03/8.png HTTP/3" 200 1091644 "https://reenrihair.com/" "Mozilla/5.0 (Linux; Android 10; K) AppleWebKit/537.36 (KHTML, like Gecko) Chrome/149.0.0.0 Mobile Safari/537.36"
90.244.213.216 - - [16/Jun/2026:23:01:30 +0200] "GET /wp-content/uploads/2025/03/9.png HTTP/3" 200 1266154 "https://reenrihair.com/" "Mozilla/5.0 (Linux; Android 10; K) AppleWebKit/537.36 (KHTML, like Gecko) Chrome/149.0.0.0 Mobile Safari/537.36"
90.244.213.216 - - [16/Jun/2026:23:01:30 +0200] "GET /wp-content/uploads/2025/03/7.png HTTP/3" 200 1443846 "https://reenrihair.com/" "Mozilla/5.0 (Linux; Android 10; K) AppleWebKit/537.36 (KHTML, like Gecko) Chrome/149.0.0.0 Mobile Safari/537.36"
90.244.213.216 - - [16/Jun/2026:23:01:30 +0200] "GET /wp-content/uploads/2025/03/1-1.png HTTP/3" 200 1745755 "https://reenrihair.com/" "Mozilla/5.0 (Linux; Android 10; K) AppleWebKit/537.36 (KHTML, like Gecko) Chrome/149.0.0.0 Mobile Safari/537.36"
90.244.213.216 - - [16/Jun/2026:23:01:27 +0200] "GET /wp-includes/js/jquery/jquery.min.js?ver=3.7.1 HTTP/2" 200 29744 "https://reenrihair.com/" "Mozilla/5.0 (Linux; Android 10; K) AppleWebKit/537.36 (KHTML, like Gecko) Chrome/149.0.0.0 Mobile Safari/537.36"
90.244.213.216 - - [16/Jun/2026:23:01:27 +0200] "GET /wp-content/uploads/2025/01/reenri-logo.png HTTP/2" 200 29812 "https://reenrihair.com/" "Mozilla/5.0 (Linux; Android 10; K) AppleWebKit/537.36 (KHTML, like Gecko) Chrome/149.0.0.0 Mobile Safari/537.36"
90.244.213.216 - - [16/Jun/2026:23:01:27 +0200] "GET /wp-content/uploads/2025/01/qu5tgt5tg.png HTTP/2" 200 28071 "https://reenrihair.com/" "Mozilla/5.0 (Linux; Android 10; K) AppleWebKit/537.36 (KHTML, like Gecko) Chrome/149.0.0.0 Mobile Safari/537.36"
90.244.213.216 - - [16/Jun/2026:23:01:27 +0200] "GET /wp-content/uploads/2025/01/ri4ufh4g.png HTTP/2" 200 119200 "https://reenrihair.com/" "Mozilla/5.0 (Linux; Android 10; K) AppleWebKit/537.36 (KHTML, like Gecko) Chrome/149.0.0.0 Mobile Safari/537.36"
13.140.175.37 - - [16/Jun/2026:23:09:55 +0200] "GET / HTTP/2" 200 28075 "http://reenrihair.com/" "Go-http-client/2.0"
65.21.228.101 - - [16/Jun/2026:23:12:52 +0200] "POST /wp-cron.php?doing_wp_cron=1781644372.8301420211791992187500 HTTP/1.1" 200 0 "-" "WordPress/7.0; https://reenrihair.com"
43.130.111.40 - - [16/Jun/2026:23:12:52 +0200] "GET /wp-json/oembed/1.0/embed?url=https%3A%2F%2Freenrihair.com%2Fbridal-services%2F&format=xml HTTP/1.1" 200 1331 "-" "Mozilla/5.0 (iPhone; CPU iPhone OS 13_2_3 like Mac OS X) AppleWebKit/605.1.15 (KHTML, like Gecko) Version/13.0.3 Mobile/15E148 Safari/604.1"
43.135.135.57 - - [16/Jun/2026:23:03:14 +0200] "GET /comments/feed/ HTTP/1.1" 200 484 "-" "Mozilla/5.0 (iPhone; CPU iPhone OS 13_2_3 like Mac OS X) AppleWebKit/605.1.15 (KHTML, like Gecko) Version/13.0.3 Mobile/15E148 Safari/604.1"
74.7.175.153 - - [16/Jun/2026:23:18:54 +0200] "GET /robots.txt HTTP/2" 400 52 "-" "Mozilla/5.0 (Macintosh; Intel Mac OS X 10_15_7) AppleWebKit/537.36 (KHTML, like Gecko) Chrome/131.0.0.0 Safari/537.36; compatible; OAI-SearchBot/1.4; robots.txt; +https://openai.com/searchbot"
65.21.228.101 - - [16/Jun/2026:23:18:56 +0200] "POST /wp-cron.php?doing_wp_cron=1781644736.2258100509643554687500 HTTP/1.1" 200 0 "-" "WordPress/7.0; https://reenrihair.com"
74.7.244.23 - - [16/Jun/2026:23:18:57 +0200] "GET /robots.txt HTTP/2" 200 109 "https://www.reenrihair.com/robots.txt" "Mozilla/5.0 (Macintosh; Intel Mac OS X 10_15_7) AppleWebKit/537.36 (KHTML, like Gecko) Chrome/131.0.0.0 Safari/537.36; compatible; OAI-SearchBot/1.4; robots.txt; +https://openai.com/searchbot"
74.7.227.165 - - [16/Jun/2026:23:18:56 +0200] "GET / HTTP/2" 301 0 "http://themomotimes.com.therahuldas.com" "Mozilla/5.0 AppleWebKit/537.36 (KHTML, like Gecko; compatible; GPTBot/1.4; +https://openai.com/gptbot)"
74.7.228.51 - - [16/Jun/2026:23:18:54 +0200] "GET /robots.txt HTTP/2" 200 109 "-" "Mozilla/5.0 (Macintosh; Intel Mac OS X 10_15_7) AppleWebKit/537.36 (KHTML, like Gecko) Chrome/131.0.0.0 Safari/537.36; compatible; OAI-SearchBot/1.4; robots.txt; +https://openai.com/searchbot"
65.21.228.101 - - [16/Jun/2026:23:19:31 +0200] "POST /wp-cron.php?doing_wp_cron=1781644771.4309949874877929687500 HTTP/1.1" 200 0 "-" "WordPress/7.0; https://reenrihair.com"
74.7.243.218 - - [16/Jun/2026:23:18:56 +0200] "GET / HTTP/2" 400 52 "http://themomotimes.com.therahuldas.com" "Mozilla/5.0 AppleWebKit/537.36 (KHTML, like Gecko; compatible; GPTBot/1.4; +https://openai.com/gptbot)"
74.7.244.44 - - [16/Jun/2026:23:18:55 +0200] "GET /robots.txt HTTP/2" 200 109 "-" "Mozilla/5.0 (Macintosh; Intel Mac OS X 10_15_7) AppleWebKit/537.36 (KHTML, like Gecko) Chrome/131.0.0.0 Safari/537.36; compatible; OAI-SearchBot/1.4; robots.txt; +https://openai.com/searchbot"
74.7.241.60 - - [16/Jun/2026:23:18:56 +0200] "GET / HTTP/2" 301 0 "http://themomotimes.com.therahuldas.com" "Mozilla/5.0 AppleWebKit/537.36 (KHTML, like Gecko; compatible; GPTBot/1.4; +https://openai.com/gptbot)"
51.158.126.65 - - [16/Jun/2026:23:20:06 +0200] "GET /wp-login.php HTTP/2" 200 974 "-" "Mozilla/5.0 (Macintosh; Intel Mac OS X 10_15_7) AppleWebKit/605.1.15 (KHTML, like Gecko) Version/18.3 Safari/605.1.15"
51.158.126.65 - - [16/Jun/2026:23:20:06 +0200] "POST /wp-login.php HTTP/2" 200 974 "https://reenrihair.com.therahuldas.com/wp-login.php" "Mozilla/5.0 (Macintosh; Intel Mac OS X 10_15_7) AppleWebKit/605.1.15 (KHTML, like Gecko) Version/18.3 Safari/605.1.15"
74.7.227.19 - - [16/Jun/2026:23:18:56 +0200] "GET / HTTP/2" 401 53 "http://themomotimes.com.therahuldas.com" "Mozilla/5.0 AppleWebKit/537.36 (KHTML, like Gecko; compatible; GPTBot/1.4; +https://openai.com/gptbot)"
74.7.244.23 - - [16/Jun/2026:23:18:55 +0200] "GET /robots.txt HTTP/2" 301 0 "-" "Mozilla/5.0 (Macintosh; Intel Mac OS X 10_15_7) AppleWebKit/537.36 (KHTML, like Gecko) Chrome/131.0.0.0 Safari/537.36; compatible; OAI-SearchBot/1.4; robots.txt; +https://openai.com/searchbot"
65.21.228.101 - - [16/Jun/2026:23:22:57 +0200] "POST /wp-cron.php?doing_wp_cron=1781644977.9247560501098632812500 HTTP/1.1" 200 0 "-" "WordPress/7.0; https://reenrihair.com"
74.7.228.40 - - [16/Jun/2026:23:18:54 +0200] "GET /robots.txt HTTP/2" 401 53 "-" "Mozilla/5.0 (Macintosh; Intel Mac OS X 10_15_7) AppleWebKit/537.36 (KHTML, like Gecko) Chrome/131.0.0.0 Safari/537.36; compatible; OAI-SearchBot/1.4; robots.txt; +https://openai.com/searchbot"
74.7.230.21 - - [16/Jun/2026:23:18:55 +0200] "GET /robots.txt HTTP/2" 200 109 "-" "Mozilla/5.0 (Macintosh; Intel Mac OS X 10_15_7) AppleWebKit/537.36 (KHTML, like Gecko) Chrome/131.0.0.0 Safari/537.36; compatible; OAI-SearchBot/1.4; robots.txt; +https://openai.com/searchbot"
74.7.243.210 - - [16/Jun/2026:23:19:10 +0200] "GET / HTTP/2" 200 23583 "http://themomotimes.com.therahuldas.com" "Mozilla/5.0 AppleWebKit/537.36 (KHTML, like Gecko; compatible; GPTBot/1.4; +https://openai.com/gptbot)"
74.7.227.22 - - [16/Jun/2026:23:19:10 +0200] "GET / HTTP/2" 200 23583 "http://themomotimes.com.therahuldas.com" "Mozilla/5.0 AppleWebKit/537.36 (KHTML, like Gecko; compatible; GPTBot/1.4; +https://openai.com/gptbot)"
74.7.227.22 - - [16/Jun/2026:23:19:26 +0200] "GET /bridal-services/ HTTP/2" 200 14845 "https://reenrihair.com/" "Mozilla/5.0 AppleWebKit/537.36 (KHTML, like Gecko; compatible; GPTBot/1.4; +https://openai.com/gptbot)"
74.7.227.22 - - [16/Jun/2026:23:19:27 +0200] "GET /wp-content/plugins/elementor-pro/modules/lottie/assets/animations/default.json HTTP/2" 200 14301 "https://reenrihair.com/" "Mozilla/5.0 AppleWebKit/537.36 (KHTML, like Gecko; compatible; GPTBot/1.4; +https://openai.com/gptbot)"
74.7.227.22 - - [16/Jun/2026:23:19:29 +0200] "GET /about/ HTTP/2" 200 15260 "https://reenrihair.com/" "Mozilla/5.0 AppleWebKit/537.36 (KHTML, like Gecko; compatible; GPTBot/1.4; +https://openai.com/gptbot)"
74.7.227.22 - - [16/Jun/2026:23:19:30 +0200] "GET /feed/ HTTP/2" 200 556 "https://reenrihair.com/" "Mozilla/5.0 AppleWebKit/537.36 (KHTML, like Gecko; compatible; GPTBot/1.4; +https://openai.com/gptbot)"
74.7.227.22 - - [16/Jun/2026:23:19:32 +0200] "GET /xmlrpc.php?rsd HTTP/2" 200 291 "https://reenrihair.com/" "Mozilla/5.0 AppleWebKit/537.36 (KHTML, like Gecko; compatible; GPTBot/1.4; +https://openai.com/gptbot)"
74.7.227.22 - - [16/Jun/2026:23:19:34 +0200] "GET /contact-us/ HTTP/2" 200 14729 "https://reenrihair.com/" "Mozilla/5.0 AppleWebKit/537.36 (KHTML, like Gecko; compatible; GPTBot/1.4; +https://openai.com/gptbot)"
74.7.227.22 - - [16/Jun/2026:23:19:36 +0200] "GET /comments/feed/ HTTP/2" 200 444 "https://reenrihair.com/" "Mozilla/5.0 AppleWebKit/537.36 (KHTML, like Gecko; compatible; GPTBot/1.4; +https://openai.com/gptbot)"
74.7.227.22 - - [16/Jun/2026:23:19:43 +0200] "GET /?p=526 HTTP/2" 301 0 "https://reenrihair.com/bridal-services/" "Mozilla/5.0 AppleWebKit/537.36 (KHTML, like Gecko; compatible; GPTBot/1.4; +https://openai.com/gptbot)"
74.7.227.22 - - [16/Jun/2026:23:19:46 +0200] "GET /?p=254 HTTP/2" 301 0 "https://reenrihair.com/about/" "Mozilla/5.0 AppleWebKit/537.36 (KHTML, like Gecko; compatible; GPTBot/1.4; +https://openai.com/gptbot)"
74.7.227.22 - - [16/Jun/2026:23:19:51 +0200] "GET /?p=266 HTTP/2" 301 0 "https://reenrihair.com/contact-us/" "Mozilla/5.0 AppleWebKit/537.36 (KHTML, like Gecko; compatible; GPTBot/1.4; +https://openai.com/gptbot)"
170.106.197.109 - - [16/Jun/2026:23:22:57 +0200] "GET /?p=526 HTTP/1.1" 301 0 "-" "Mozilla/5.0 (iPhone; CPU iPhone OS 13_2_3 like Mac OS X) AppleWebKit/605.1.15 (KHTML, like Gecko) Version/13.0.3 Mobile/15E148 Safari/604.1"
170.106.197.109 - - [16/Jun/2026:23:23:01 +0200] "GET /bridal-services/ HTTP/1.1" 200 16615 "https://reenrihair.com/?p=526" "Mozilla/5.0 (iPhone; CPU iPhone OS 13_2_3 like Mac OS X) AppleWebKit/605.1.15 (KHTML, like Gecko) Version/13.0.3 Mobile/15E148 Safari/604.1"
103.143.207.18 - - [16/Jun/2026:23:28:03 +0200] "GET /wp-login.php HTTP/2" 200 974 "-" "Mozilla/5.0 (Windows NT 10.0; Win64; x64) AppleWebKit/537.36 (KHTML, like Gecko) Chrome/133.0.0.0 Safari/537.36 Edg/133.0.0.0"
103.143.207.18 - - [16/Jun/2026:23:28:03 +0200] "POST /wp-login.php HTTP/2" 200 974 "https://reenrihair.com/wp-login.php" "Mozilla/5.0 (Windows NT 10.0; Win64; x64) AppleWebKit/537.36 (KHTML, like Gecko) Chrome/133.0.0.0 Safari/537.36 Edg/133.0.0.0"
65.21.228.101 - - [16/Jun/2026:23:28:53 +0200] "POST /wp-cron.php?doing_wp_cron=1781645333.1960489749908447265625 HTTP/1.1" 200 0 "-" "WordPress/7.0; https://reenrihair.com"
43.164.131.148 - - [16/Jun/2026:23:32:31 +0200] "GET /about/ HTTP/1.1" 200 17280 "-" "Mozilla/5.0 (iPhone; CPU iPhone OS 13_2_3 like Mac OS X) AppleWebKit/605.1.15 (KHTML, like Gecko) Version/13.0.3 Mobile/15E148 Safari/604.1"
65.21.228.101 - - [16/Jun/2026:23:25:17 +0200] "POST /wp-cron.php?doing_wp_cron=1781645117.0318470001220703125000 HTTP/1.1" 200 0 "-" "WordPress/7.0; https://reenrihair.com"
74.7.227.22 - - [16/Jun/2026:23:25:16 +0200] "GET /wp-json/wp/v2/pages/1837 HTTP/2" 200 14428 "https://reenrihair.com/" "Mozilla/5.0 AppleWebKit/537.36 (KHTML, like Gecko; compatible; GPTBot/1.4; +https://openai.com/gptbot)"
103.208.218.164 - - [16/Jun/2026:23:30:01 +0200] "GET /wp-login.php HTTP/2" 200 974 "-" "Mozilla/5.0 (Macintosh; Intel Mac OS X 11_7_10) AppleWebKit/537.36 (KHTML, like Gecko) Chrome/133.0.0.0 Safari/537.36"
103.208.218.164 - - [16/Jun/2026:23:30:03 +0200] "POST /wp-login.php HTTP/2" 200 974 "https://reenrihair.com.therahuldas.com/wp-login.php" "Mozilla/5.0 (Macintosh; Intel Mac OS X 11_7_10) AppleWebKit/537.36 (KHTML, like Gecko) Chrome/133.0.0.0 Safari/537.36"
74.7.227.22 - - [16/Jun/2026:23:28:52 +0200] "GET /sitemap_index.xml HTTP/2" 200 259 "-" "Mozilla/5.0 AppleWebKit/537.36 (KHTML, like Gecko; compatible; GPTBot/1.4; +https://openai.com/gptbot)"
74.7.227.22 - - [16/Jun/2026:23:29:07 +0200] "GET /page-sitemap.xml HTTP/2" 200 1986 "https://reenrihair.com/sitemap_index.xml" "Mozilla/5.0 AppleWebKit/537.36 (KHTML, like Gecko; compatible; GPTBot/1.4; +https://openai.com/gptbot)"
65.21.228.101 - - [16/Jun/2026:23:51:26 +0200] "POST /wp-cron.php?doing_wp_cron=1781646686.3487300872802734375000 HTTP/1.1" 200 0 "-" "WordPress/7.0; https://reenrihair.com"
5.175.167.71 - - [16/Jun/2026:23:48:14 +0200] "GET /wp-login.php HTTP/2" 200 974 "-" "Mozilla/5.0 (Windows NT 10.0; Win64; x64) AppleWebKit/537.36 (KHTML, like Gecko) Chrome/120.0.0.0 Safari/537.36"
124.156.179.141 - - [16/Jun/2026:23:42:19 +0200] "GET /wp-json/wp/v2/pages/248 HTTP/1.1" 200 9029 "-" "Mozilla/5.0 (iPhone; CPU iPhone OS 13_2_3 like Mac OS X) AppleWebKit/605.1.15 (KHTML, like Gecko) Version/13.0.3 Mobile/15E148 Safari/604.1"
213.102.87.237 - - [16/Jun/2026:23:51:25 +0200] "POST /xmlrpc.php HTTP/1.1" 200 403 "-" "WordPress.com; https://wordpress.com"
104.210.140.143 - - [16/Jun/2026:23:36:18 +0200] "GET /robots.txt HTTP/2" 200 109 "-" "Mozilla/5.0 (Macintosh; Intel Mac OS X 10_15_7) AppleWebKit/537.36 (KHTML, like Gecko) Chrome/131.0.0.0 Safari/537.36; compatible; OAI-SearchBot/1.0; +https://openai.com/searchbot"
65.21.228.101 - - [16/Jun/2026:23:54:07 +0200] "POST /wp-cron.php?doing_wp_cron=1781646847.0970640182495117187500 HTTP/1.1" 200 0 "-" "WordPress/7.0; https://reenrihair.com"
213.102.87.237 - - [16/Jun/2026:23:54:05 +0200] "POST /xmlrpc.php HTTP/1.1" 200 403 "-" "Jetpack by WordPress.com"
213.102.87.237 - - [16/Jun/2026:23:54:16 +0200] "POST /xmlrpc.php HTTP/1.1" 200 1686 "-" "Jetpack by WordPress.com (Jetpack 12.5; WordPress 6.2)"
213.102.87.237 - - [16/Jun/2026:23:54:26 +0200] "POST /xmlrpc.php HTTP/1.1" 200 1686 "-" "Jetpack by WordPress.com (Jetpack 12.1; WordPress 6.3)"
213.102.87.237 - - [16/Jun/2026:23:54:37 +0200] "POST /xmlrpc.php HTTP/1.1" 200 403 "-" "Jetpack/12.1; WordPress/6.3; http://site93154239.com"
213.102.87.237 - - [16/Jun/2026:23:54:48 +0200] "POST /xmlrpc.php HTTP/1.1" 200 403 "-" "WordPress.com; https://wordpress.com"
213.102.87.237 - - [16/Jun/2026:23:54:58 +0200] "POST /xmlrpc.php HTTP/1.1" 200 1686 "-" "Jetpack/12.1; WordPress/6.1; http://site83616432.com"
213.102.87.237 - - [16/Jun/2026:23:55:09 +0200] "POST /xmlrpc.php HTTP/1.1" 200 403 "-" "Jetpack by WordPress.com (Jetpack 12.0; WordPress 6.4)"
52.167.144.204 - - [16/Jun/2026:23:55:11 +0200] "GET /sitemap.txt HTTP/2" 404 11644 "-" "Mozilla/5.0 AppleWebKit/537.36 (KHTML, like Gecko; compatible; bingbot/2.0; +http://www.bing.com/bingbot.htm) Chrome/116.0.1938.76 Safari/537.36"
213.102.87.237 - - [16/Jun/2026:23:55:20 +0200] "POST /xmlrpc.php HTTP/1.1" 200 403 "-" "WordPress.com; https://wordpress.com"
213.102.87.237 - - [16/Jun/2026:23:55:31 +0200] "POST /xmlrpc.php HTTP/1.1" 200 403 "-" "Jetpack/12.0; WordPress/6.4; http://site55870981.com"
213.102.87.237 - - [16/Jun/2026:23:55:41 +0200] "POST /xmlrpc.php HTTP/1.1" 200 403 "-" "Jetpack by WordPress.com (Jetpack 12.5; WordPress 6.3)"
213.102.87.237 - - [16/Jun/2026:23:55:52 +0200] "POST /xmlrpc.php HTTP/1.1" 200 403 "-" "Jetpack/12.0; WordPress/6.3; http://site92586531.com"
213.102.87.237 - - [16/Jun/2026:23:56:02 +0200] "POST /xmlrpc.php HTTP/1.1" 200 403 "-" "WordPress.com; https://wordpress.com"
213.102.87.237 - - [16/Jun/2026:23:56:13 +0200] "POST /xmlrpc.php HTTP/1.1" 200 403 "-" "Jetpack/12.5; WordPress/6.2; http://site14819580.com"
213.102.87.237 - - [16/Jun/2026:23:56:24 +0200] "POST /xmlrpc.php HTTP/1.1" 200 403 "-" "Jetpack by WordPress.com (Jetpack 12.5; WordPress 6.2)"
65.21.228.101 - - [16/Jun/2026:23:56:35 +0200] "POST /wp-cron.php?doing_wp_cron=1781646995.5080080032348632812500 HTTP/1.1" 200 0 "-" "WordPress/7.0; https://reenrihair.com"
213.102.87.237 - - [16/Jun/2026:23:56:34 +0200] "POST /xmlrpc.php HTTP/1.1" 200 403 "-" "WordPress.com; https://wordpress.com"
213.102.87.237 - - [16/Jun/2026:23:56:45 +0200] "POST /xmlrpc.php HTTP/1.1" 200 403 "-" "WordPress.com; https://wordpress.com"
213.102.87.237 - - [16/Jun/2026:23:56:56 +0200] "POST /xmlrpc.php HTTP/1.1" 200 403 "-" "Jetpack/13.0; WordPress/6.1; http://site77577286.com"
213.102.87.237 - - [16/Jun/2026:23:57:06 +0200] "POST /xmlrpc.php HTTP/1.1" 200 403 "-" "Jetpack by WordPress.com (Jetpack 13.0; WordPress 6.1)"
213.102.87.237 - - [16/Jun/2026:23:57:17 +0200] "POST /xmlrpc.php HTTP/1.1" 200 403 "-" "Jetpack by WordPress.com (Jetpack 13.0; WordPress 6.2)"
213.102.87.237 - - [16/Jun/2026:23:57:28 +0200] "POST /xmlrpc.php HTTP/1.1" 200 403 "-" "WordPress.com; https://wordpress.com"
213.102.87.237 - - [16/Jun/2026:23:57:38 +0200] "POST /xmlrpc.php HTTP/1.1" 200 403 "-" "WordPress.com; https://wordpress.com"
213.102.87.237 - - [16/Jun/2026:23:57:49 +0200] "POST /xmlrpc.php HTTP/1.1" 200 403 "-" "WordPress.com; https://wordpress.com"
213.102.87.237 - - [16/Jun/2026:23:58:00 +0200] "POST /xmlrpc.php HTTP/1.1" 200 403 "-" "Jetpack/12.1; WordPress/6.2; http://site79252029.com"
213.102.87.237 - - [16/Jun/2026:23:58:10 +0200] "POST /xmlrpc.php HTTP/1.1" 200 403 "-" "Jetpack by WordPress.com"
213.102.87.237 - - [16/Jun/2026:23:58:21 +0200] "POST /xmlrpc.php HTTP/1.1" 200 403 "-" "Jetpack/13.0; WordPress/6.3; http://site10215619.com"
65.21.228.101 - - [16/Jun/2026:23:59:36 +0200] "POST /wp-cron.php?doing_wp_cron=1781647176.3193850517272949218750 HTTP/1.1" 200 0 "-" "WordPress/7.0; https://reenrihair.com"
65.21.228.101 - - [16/Jun/2026:23:55:31 +0200] "POST /wp-cron.php?doing_wp_cron=1781646931.5098071098327636718750 HTTP/1.1" 200 0 "-" "WordPress/7.0; https://reenrihair.com"
213.102.87.237 - - [16/Jun/2026:23:58:32 +0200] "POST /xmlrpc.php HTTP/1.1" 200 403 "-" "Jetpack/12.5; WordPress/6.3; http://site47963016.com"
213.102.87.237 - - [16/Jun/2026:23:58:42 +0200] "POST /xmlrpc.php HTTP/1.1" 200 403 "-" "Jetpack/13.0; WordPress/6.1; http://site18565242.com"
213.102.87.237 - - [16/Jun/2026:23:58:53 +0200] "POST /xmlrpc.php HTTP/1.1" 200 403 "-" "Jetpack by WordPress.com (Jetpack 12.5; WordPress 6.2)"
213.102.87.237 - - [16/Jun/2026:23:59:03 +0200] "POST /xmlrpc.php HTTP/1.1" 200 403 "-" "WordPress.com; https://wordpress.com"
213.102.87.237 - - [16/Jun/2026:23:59:14 +0200] "POST /xmlrpc.php HTTP/1.1" 200 403 "-" "Jetpack by WordPress.com"
213.102.87.237 - - [16/Jun/2026:23:59:25 +0200] "POST /xmlrpc.php HTTP/1.1" 200 403 "-" "Jetpack by WordPress.com (Jetpack 13.0; WordPress 6.1)"
213.102.87.237 - - [16/Jun/2026:23:59:35 +0200] "POST /xmlrpc.php HTTP/1.1" 200 403 "-" "Jetpack/12.0; WordPress/6.2; http://site16787670.com"
213.102.87.237 - - [16/Jun/2026:23:59:46 +0200] "POST /xmlrpc.php HTTP/1.1" 200 403 "-" "Jetpack/12.5; WordPress/6.4; http://site81930383.com"
213.102.87.237 - - [16/Jun/2026:23:59:57 +0200] "POST /xmlrpc.php HTTP/1.1" 200 403 "-" "Jetpack/12.5; WordPress/6.2; http://site71513176.com"
213.102.87.237 - - [17/Jun/2026:00:00:07 +0200] "POST /xmlrpc.php HTTP/1.1" 200 403 "-" "Jetpack by WordPress.com (Jetpack 13.0; WordPress 6.1)"
213.102.87.237 - - [17/Jun/2026:00:00:18 +0200] "POST /xmlrpc.php HTTP/1.1" 200 403 "-" "Jetpack by WordPress.com (Jetpack 12.5; WordPress 6.3)"
213.102.87.237 - - [17/Jun/2026:00:00:29 +0200] "POST /xmlrpc.php HTTP/1.1" 200 403 "-" "Jetpack/12.0; WordPress/6.4; http://site42310887.com"
213.102.87.237 - - [17/Jun/2026:00:00:39 +0200] "POST /xmlrpc.php HTTP/1.1" 403 787 "-" "Jetpack by WordPress.com"
213.102.87.237 - - [17/Jun/2026:00:00:50 +0200] "POST /xmlrpc.php HTTP/1.1" 403 787 "-" "Jetpack by WordPress.com (Jetpack 12.0; WordPress 6.2)"
213.102.87.237 - - [17/Jun/2026:00:01:00 +0200] "POST /xmlrpc.php HTTP/1.1" 403 787 "-" "WordPress.com; https://wordpress.com"
213.102.87.237 - - [17/Jun/2026:00:01:11 +0200] "POST /xmlrpc.php HTTP/1.1" 403 787 "-" "Jetpack by WordPress.com"
213.102.87.237 - - [17/Jun/2026:00:01:22 +0200] "POST /xmlrpc.php HTTP/1.1" 403 787 "-" "Jetpack/13.0; WordPress/6.4; http://site24248213.com"
213.102.87.237 - - [17/Jun/2026:00:01:32 +0200] "POST /xmlrpc.php HTTP/1.1" 403 787 "-" "WordPress.com; https://wordpress.com"
213.102.87.237 - - [17/Jun/2026:00:01:43 +0200] "POST /xmlrpc.php HTTP/1.1" 403 787 "-" "Jetpack by WordPress.com"
213.102.87.237 - - [17/Jun/2026:00:01:54 +0200] "POST /xmlrpc.php HTTP/1.1" 403 787 "-" "Jetpack by WordPress.com (Jetpack 12.1; WordPress 6.1)"
213.102.87.237 - - [17/Jun/2026:00:02:04 +0200] "POST /xmlrpc.php HTTP/1.1" 403 787 "-" "Jetpack by WordPress.com (Jetpack 12.1; WordPress 6.1)"
213.102.87.237 - - [17/Jun/2026:00:02:15 +0200] "POST /xmlrpc.php HTTP/1.1" 403 787 "-" "Jetpack by WordPress.com (Jetpack 12.0; WordPress 6.1)"
213.102.87.237 - - [17/Jun/2026:00:02:25 +0200] "POST /xmlrpc.php HTTP/1.1" 403 787 "-" "Jetpack by WordPress.com (Jetpack 12.0; WordPress 6.4)"
213.102.87.237 - - [17/Jun/2026:00:02:36 +0200] "POST /xmlrpc.php HTTP/1.1" 403 787 "-" "Jetpack by WordPress.com"
213.102.87.237 - - [17/Jun/2026:00:02:47 +0200] "POST /xmlrpc.php HTTP/1.1" 403 787 "-" "Jetpack/12.0; WordPress/6.2; http://site58599280.com"
213.102.87.237 - - [17/Jun/2026:00:02:57 +0200] "POST /xmlrpc.php HTTP/1.1" 403 787 "-" "Jetpack by WordPress.com"
213.102.87.237 - - [17/Jun/2026:00:03:08 +0200] "POST /xmlrpc.php HTTP/1.1" 403 787 "-" "Jetpack by WordPress.com (Jetpack 12.0; WordPress 6.2)"
213.102.87.237 - - [17/Jun/2026:00:03:19 +0200] "POST /xmlrpc.php HTTP/1.1" 403 787 "-" "Jetpack by WordPress.com (Jetpack 12.5; WordPress 6.4)"
213.102.87.237 - - [17/Jun/2026:00:03:29 +0200] "POST /xmlrpc.php HTTP/1.1" 403 787 "-" "Jetpack by WordPress.com (Jetpack 12.5; WordPress 6.3)"
52.167.144.238 - - [16/Jun/2026:23:55:02 +0200] "GET /sitemap.txt HTTP/2" 301 0 "-" "Mozilla/5.0 AppleWebKit/537.36 (KHTML, like Gecko; compatible; bingbot/2.0; +http://www.bing.com/bingbot.htm) Chrome/116.0.1938.76 Safari/537.36"
65.21.228.101 - - [16/Jun/2026:23:58:32 +0200] "POST /wp-cron.php?doing_wp_cron=1781647112.5326900482177734375000 HTTP/1.1" 200 0 "-" "WordPress/7.0; https://reenrihair.com"
65.21.228.101 - - [16/Jun/2026:23:51:36 +0200] "POST /wp-cron.php?doing_wp_cron=1781646696.8304939270019531250000 HTTP/1.1" 200 0 "-" "WordPress/7.0; https://reenrihair.com"
213.102.87.237 - - [16/Jun/2026:23:51:36 +0200] "POST /xmlrpc.php HTTP/1.1" 200 403 "-" "Jetpack/13.0; WordPress/6.3; http://site16169955.com"
213.102.87.237 - - [16/Jun/2026:23:51:47 +0200] "POST /xmlrpc.php HTTP/1.1" 200 403 "-" "Jetpack/12.1; WordPress/6.2; http://site55752338.com"
213.102.87.237 - - [16/Jun/2026:23:51:57 +0200] "POST /xmlrpc.php HTTP/1.1" 200 403 "-" "Jetpack by WordPress.com (Jetpack 12.0; WordPress 6.4)"
213.102.87.237 - - [16/Jun/2026:23:52:08 +0200] "POST /xmlrpc.php HTTP/1.1" 200 403 "-" "WordPress.com; https://wordpress.com"
213.102.87.237 - - [16/Jun/2026:23:52:19 +0200] "POST /xmlrpc.php HTTP/1.1" 200 403 "-" "Jetpack/12.0; WordPress/6.4; http://site80069954.com"
213.102.87.237 - - [16/Jun/2026:23:52:29 +0200] "POST /xmlrpc.php HTTP/1.1" 200 1686 "-" "WordPress.com; https://wordpress.com"
213.102.87.237 - - [16/Jun/2026:23:52:40 +0200] "POST /xmlrpc.php HTTP/1.1" 200 1686 "-" "Jetpack by WordPress.com"
213.102.87.237 - - [16/Jun/2026:23:52:50 +0200] "POST /xmlrpc.php HTTP/1.1" 200 1686 "-" "Jetpack by WordPress.com"
213.102.87.237 - - [16/Jun/2026:23:53:01 +0200] "POST /xmlrpc.php HTTP/1.1" 200 1686 "-" "Jetpack/13.0; WordPress/6.1; http://site51124837.com"
213.102.87.237 - - [16/Jun/2026:23:53:12 +0200] "POST /xmlrpc.php HTTP/1.1" 200 1686 "-" "WordPress.com; https://wordpress.com"
213.102.87.237 - - [16/Jun/2026:23:53:22 +0200] "POST /xmlrpc.php HTTP/1.1" 200 1686 "-" "WordPress.com; https://wordpress.com"
213.102.87.237 - - [16/Jun/2026:23:53:33 +0200] "POST /xmlrpc.php HTTP/1.1" 403 1686 "-" "Jetpack/12.1; WordPress/6.2; http://site89590623.com"
65.21.228.101 - - [17/Jun/2026:00:02:51 +0200] "POST /wp-cron.php?doing_wp_cron=1781647371.5002191066741943359375 HTTP/1.1" 200 0 "-" "WordPress/7.0; https://reenrihair.com"
213.102.87.237 - - [16/Jun/2026:23:53:44 +0200] "POST /xmlrpc.php HTTP/1.1" 200 1686 "-" "Jetpack by WordPress.com (Jetpack 13.0; WordPress 6.1)"
213.102.87.237 - - [16/Jun/2026:23:53:54 +0200] "POST /xmlrpc.php HTTP/1.1" 200 1686 "-" "WordPress.com; https://wordpress.com"
65.21.228.101 - - [16/Jun/2026:23:57:39 +0200] "POST /wp-cron.php?doing_wp_cron=1781647059.2522230148315429687500 HTTP/1.1" 200 0 "-" "WordPress/7.0; https://reenrihair.com"
91.146.102.43 - reenrihair [16/Jun/2026:23:51:50 +0200] "GET /wp-json/wp/v2/users/me HTTP/2" 401 81 "-" "Mozilla/5.0 (X11; Ubuntu; Linux x86_64) AppleWebKit/537.36 (KHTML, like Gecko) Chrome/133.0.0.0 Safari/537.36"
150.109.230.210 - - [16/Jun/2026:23:52:17 +0200] "GET /wp-json/wp/v2/pages/1474 HTTP/1.1" 200 4424 "-" "Mozilla/5.0 (iPhone; CPU iPhone OS 13_2_3 like Mac OS X) AppleWebKit/605.1.15 (KHTML, like Gecko) Version/13.0.3 Mobile/15E148 Safari/604.1"
65.21.228.101 - - [16/Jun/2026:23:54:38 +0200] "POST /wp-cron.php?doing_wp_cron=1781646878.4150080680847167968750 HTTP/1.1" 200 0 "-" "WordPress/7.0; https://reenrihair.com"
43.135.145.73 - - [17/Jun/2026:00:02:49 +0200] "GET /bridal-services/embed/ HTTP/1.1" 200 16602 "-" "Mozilla/5.0 (iPhone; CPU iPhone OS 13_2_3 like Mac OS X) AppleWebKit/605.1.15 (KHTML, like Gecko) Version/13.0.3 Mobile/15E148 Safari/604.1"
43.163.206.70 - - [17/Jun/2026:00:15:45 +0200] "GET /bridal-services/embed/ HTTP/1.1" 200 16602 "-" "Mozilla/5.0 (iPhone; CPU iPhone OS 13_2_3 like Mac OS X) AppleWebKit/605.1.15 (KHTML, like Gecko) Version/13.0.3 Mobile/15E148 Safari/604.1"
103.208.218.164 - - [17/Jun/2026:00:25:17 +0200] "GET /wp-login.php HTTP/2" 200 974 "-" "Mozilla/5.0 (Macintosh; Intel Mac OS X 11_7_10) AppleWebKit/537.36 (KHTML, like Gecko) Chrome/133.0.0.0 Safari/537.36"
103.208.218.164 - - [17/Jun/2026:00:25:23 +0200] "POST /wp-login.php HTTP/2" 200 974 "https://reenrihair.com/wp-login.php" "Mozilla/5.0 (Macintosh; Intel Mac OS X 11_7_10) AppleWebKit/537.36 (KHTML, like Gecko) Chrome/133.0.0.0 Safari/537.36"
159.203.57.110 - - [17/Jun/2026:01:14:59 +0200] "GET /wp-login.php HTTP/2" 200 974 "-" "Mozilla/5.0 (X11; Linux x86_64; rv:133.0) Gecko/20100101 Firefox/133.0"
159.203.57.110 - - [17/Jun/2026:01:14:59 +0200] "POST /wp-login.php HTTP/2" 200 974 "https://reenrihair.com.therahuldas.com/wp-login.php" "Mozilla/5.0 (X11; Linux x86_64; rv:133.0) Gecko/20100101 Firefox/133.0"
102.134.101.35 - - [17/Jun/2026:01:24:27 +0200] "GET /wp-login.php HTTP/2" 200 974 "-" "Mozilla/5.0 (X11; CrOS x86_64 14541.0.0) AppleWebKit/537.36 (KHTML, like Gecko) Chrome/133.0.0.0 Safari/537.36"
102.134.101.35 - - [17/Jun/2026:01:24:27 +0200] "POST /wp-login.php HTTP/2" 200 974 "https://reenrihair.com.therahuldas.com/wp-login.php" "Mozilla/5.0 (X11; CrOS x86_64 14541.0.0) AppleWebKit/537.36 (KHTML, like Gecko) Chrome/133.0.0.0 Safari/537.36"
101.33.66.34 - - [17/Jun/2026:01:32:09 +0200] "GET /wp-json/oembed/1.0/embed?url=https%3A%2F%2Freenrihair.com%2F HTTP/1.1" 200 1266 "-" "Mozilla/5.0 (iPhone; CPU iPhone OS 13_2_3 like Mac OS X) AppleWebKit/605.1.15 (KHTML, like Gecko) Version/13.0.3 Mobile/15E148 Safari/604.1"
119.195.102.159 - - [17/Jun/2026:01:18:26 +0200] "GET /wp-login.php HTTP/2" 200 974 "-" "Mozilla/5.0 (X11; Fedora; Linux x86_64) AppleWebKit/537.36 (KHTML, like Gecko) Chrome/133.0.0.0 Safari/537.36"
101.32.208.70 - - [17/Jun/2026:01:18:40 +0200] "GET / HTTP/1.1" 200 28075 "http://reenrihair.com" "Mozilla/5.0 (iPhone; CPU iPhone OS 13_2_3 like Mac OS X) AppleWebKit/605.1.15 (KHTML, like Gecko) Version/13.0.3 Mobile/15E148 Safari/604.1"
119.195.102.159 - - [17/Jun/2026:01:18:31 +0200] "POST /wp-login.php HTTP/2" 200 974 "https://reenrihair.com/wp-login.php" "Mozilla/5.0 (X11; Fedora; Linux x86_64) AppleWebKit/537.36 (KHTML, like Gecko) Chrome/133.0.0.0 Safari/537.36"
100.54.201.195 - - [17/Jun/2026:01:43:55 +0200] "GET / HTTP/1.1" 200 23583 "https://www.google.com/" "Mozilla/5.0 (Windows NT 10.0; Win64; x64) AppleWebKit/537.36 (KHTML, like Gecko) Chrome/123.0.0.0 Safari/537.36"
100.54.201.195 - - [17/Jun/2026:01:43:55 +0200] "GET /wp-content/plugins/elementor-pro/assets/js/webpack-pro.runtime.min.js?ver=3.32.3 HTTP/1.1" 200 2622 "https://reenrihair.com" "Mozilla/5.0 (Windows NT 10.0; Win64; x64) AppleWebKit/537.36 (KHTML, like Gecko) Chrome/123.0.0.0 Safari/537.36"
100.54.201.195 - - [17/Jun/2026:01:43:55 +0200] "GET /wp-includes/js/jquery/jquery.min.js?ver=3.7.1 HTTP/1.1" 200 29744 "https://reenrihair.com" "Mozilla/5.0 (Windows NT 10.0; Win64; x64) AppleWebKit/537.36 (KHTML, like Gecko) Chrome/123.0.0.0 Safari/537.36"
100.54.201.195 - - [17/Jun/2026:01:43:55 +0200] "GET /wp-includes/js/jquery/jquery-migrate.min.js?ver=3.4.1 HTTP/1.1" 200 4678 "https://reenrihair.com" "Mozilla/5.0 (Windows NT 10.0; Win64; x64) AppleWebKit/537.36 (KHTML, like Gecko) Chrome/123.0.0.0 Safari/537.36"
100.54.201.195 - - [17/Jun/2026:01:43:56 +0200] "GET /wp-content/plugins/elementor/assets/js/webpack.runtime.min.js?ver=3.33.4 HTTP/1.1" 200 2257 "https://reenrihair.com" "Mozilla/5.0 (Windows NT 10.0; Win64; x64) AppleWebKit/537.36 (KHTML, like Gecko) Chrome/123.0.0.0 Safari/537.36"
100.54.201.195 - - [17/Jun/2026:01:43:56 +0200] "GET /wp-content/plugins/elementor/assets/js/frontend-modules.min.js?ver=3.33.4 HTTP/1.1" 200 23908 "https://reenrihair.com" "Mozilla/5.0 (Windows NT 10.0; Win64; x64) AppleWebKit/537.36 (KHTML, like Gecko) Chrome/123.0.0.0 Safari/537.36"
100.54.201.195 - - [17/Jun/2026:01:43:56 +0200] "GET /wp-content/plugins/elementor-pro/assets/lib/smartmenus/jquery.smartmenus.min.js?ver=1.2.1 HTTP/1.1" 200 6867 "https://reenrihair.com" "Mozilla/5.0 (Windows NT 10.0; Win64; x64) AppleWebKit/537.36 (KHTML, like Gecko) Chrome/123.0.0.0 Safari/537.36"
100.54.201.195 - - [17/Jun/2026:01:43:56 +0200] "GET /wp-content/plugins/elementor/assets/lib/swiper/v8/swiper.min.js?ver=8.4.5 HTTP/1.1" 200 38152 "https://reenrihair.com" "Mozilla/5.0 (Windows NT 10.0; Win64; x64) AppleWebKit/537.36 (KHTML, like Gecko) Chrome/123.0.0.0 Safari/537.36"
100.54.201.195 - - [17/Jun/2026:01:43:56 +0200] "GET /wp-includes/js/dist/hooks.min.js?ver=7496969728ca0f95732d HTTP/1.1" 200 1712 "https://reenrihair.com" "Mozilla/5.0 (Windows NT 10.0; Win64; x64) AppleWebKit/537.36 (KHTML, like Gecko) Chrome/123.0.0.0 Safari/537.36"
100.54.201.195 - - [17/Jun/2026:01:43:56 +0200] "GET /wp-content/plugins/elementor-pro/assets/js/frontend.min.js?ver=3.32.3 HTTP/1.1" 200 6321 "https://reenrihair.com" "Mozilla/5.0 (Windows NT 10.0; Win64; x64) AppleWebKit/537.36 (KHTML, like Gecko) Chrome/123.0.0.0 Safari/537.36"
100.54.201.195 - - [17/Jun/2026:01:43:56 +0200] "GET / HTTP/1.1" 200 23583 "https://reenrihair.com" "Mozilla/5.0 (Windows NT 10.0; Win64; x64) AppleWebKit/537.36 (KHTML, like Gecko) Chrome/123.0.0.0 Safari/537.36"
100.54.201.195 - - [17/Jun/2026:01:43:56 +0200] "GET /services/ HTTP/1.1" 200 16898 "https://reenrihair.com" "Mozilla/5.0 (Windows NT 10.0; Win64; x64) AppleWebKit/537.36 (KHTML, like Gecko) Chrome/123.0.0.0 Safari/537.36"
100.54.201.195 - - [17/Jun/2026:01:43:56 +0200] "GET /eyelashes/ HTTP/1.1" 200 15285 "https://reenrihair.com" "Mozilla/5.0 (Windows NT 10.0; Win64; x64) AppleWebKit/537.36 (KHTML, like Gecko) Chrome/123.0.0.0 Safari/537.36"
100.54.201.195 - - [17/Jun/2026:01:43:56 +0200] "GET /book-now/ HTTP/1.1" 200 13303 "https://reenrihair.com" "Mozilla/5.0 (Windows NT 10.0; Win64; x64) AppleWebKit/537.36 (KHTML, like Gecko) Chrome/123.0.0.0 Safari/537.36"
159.203.57.110 - - [17/Jun/2026:01:44:55 +0200] "GET /wp-login.php HTTP/2" 200 974 "-" "Mozilla/5.0 (Macintosh; Intel Mac OS X 14_7_4) AppleWebKit/537.36 (KHTML, like Gecko) Chrome/133.0.0.0 Safari/537.36"
159.203.57.110 - - [17/Jun/2026:01:44:55 +0200] "POST /wp-login.php HTTP/2" 200 974 "https://reenrihair.com.therahuldas.com/wp-login.php" "Mozilla/5.0 (Macintosh; Intel Mac OS X 14_7_4) AppleWebKit/537.36 (KHTML, like Gecko) Chrome/133.0.0.0 Safari/537.36"
100.54.201.195 - - [17/Jun/2026:01:43:56 +0200] "GET /wp-content/themes/hello-elementor/assets/js/hello-frontend.js?ver=3.4.5 HTTP/1.1" 200 493 "https://reenrihair.com" "Mozilla/5.0 (Windows NT 10.0; Win64; x64) AppleWebKit/537.36 (KHTML, like Gecko) Chrome/123.0.0.0 Safari/537.36"
100.54.201.195 - - [17/Jun/2026:01:43:56 +0200] "GET /wp-content/plugins/elementor/assets/js/frontend.min.js?ver=3.33.4 HTTP/1.1" 200 10035 "https://reenrihair.com" "Mozilla/5.0 (Windows NT 10.0; Win64; x64) AppleWebKit/537.36 (KHTML, like Gecko) Chrome/123.0.0.0 Safari/537.36"
100.54.201.195 - - [17/Jun/2026:01:43:56 +0200] "GET /wp-includes/js/dist/i18n.min.js?ver=781d11515ad3d91786ec HTTP/1.1" 200 2330 "https://reenrihair.com" "Mozilla/5.0 (Windows NT 10.0; Win64; x64) AppleWebKit/537.36 (KHTML, like Gecko) Chrome/123.0.0.0 Safari/537.36"
100.54.201.195 - - [17/Jun/2026:01:43:56 +0200] "GET /about/ HTTP/1.1" 200 15260 "https://reenrihair.com" "Mozilla/5.0 (Windows NT 10.0; Win64; x64) AppleWebKit/537.36 (KHTML, like Gecko) Chrome/123.0.0.0 Safari/537.36"
100.54.201.195 - - [17/Jun/2026:01:43:56 +0200] "GET /contact-us/ HTTP/1.1" 200 14729 "https://reenrihair.com" "Mozilla/5.0 (Windows NT 10.0; Win64; x64) AppleWebKit/537.36 (KHTML, like Gecko) Chrome/123.0.0.0 Safari/537.36"
65.21.228.101 - - [17/Jun/2026:01:41:50 +0200] "POST /wp-cron.php?doing_wp_cron=1781653310.4919440746307373046875 HTTP/1.1" 200 0 "-" "WordPress/7.0; https://reenrihair.com"
100.54.201.195 - - [17/Jun/2026:01:43:56 +0200] "GET /wp-includes/js/jquery/ui/core.min.js?ver=1.13.3 HTTP/1.1" 200 6812 "https://reenrihair.com" "Mozilla/5.0 (Windows NT 10.0; Win64; x64) AppleWebKit/537.36 (KHTML, like Gecko) Chrome/123.0.0.0 Safari/537.36"
100.54.201.195 - - [17/Jun/2026:01:43:56 +0200] "GET /wp-content/plugins/elementor/assets/lib/jquery-numerator/jquery-numerator.min.js?ver=0.2.1 HTTP/1.1" 200 677 "https://reenrihair.com" "Mozilla/5.0 (Windows NT 10.0; Win64; x64) AppleWebKit/537.36 (KHTML, like Gecko) Chrome/123.0.0.0 Safari/537.36"
100.54.201.195 - - [17/Jun/2026:01:43:56 +0200] "GET /wp-content/plugins/elementor/assets/lib/flatpickr/flatpickr.min.js?ver=4.6.13 HTTP/1.1" 200 14078 "https://reenrihair.com" "Mozilla/5.0 (Windows NT 10.0; Win64; x64) AppleWebKit/537.36 (KHTML, like Gecko) Chrome/123.0.0.0 Safari/537.36"
100.54.201.195 - - [17/Jun/2026:01:43:56 +0200] "GET /wp-content/plugins/elementor-pro/assets/js/elements-handlers.min.js?ver=3.32.3 HTTP/1.1" 200 10180 "https://reenrihair.com" "Mozilla/5.0 (Windows NT 10.0; Win64; x64) AppleWebKit/537.36 (KHTML, like Gecko) Chrome/123.0.0.0 Safari/537.36"
100.54.201.195 - - [17/Jun/2026:01:43:56 +0200] "GET /bridal-services/ HTTP/1.1" 200 14845 "https://reenrihair.com" "Mozilla/5.0 (Windows NT 10.0; Win64; x64) AppleWebKit/537.36 (KHTML, like Gecko) Chrome/123.0.0.0 Safari/537.36"
82.223.5.196 - - [17/Jun/2026:01:34:42 +0200] "GET /wp-login.php HTTP/2" 200 974 "-" "Mozilla/5.0 (Macintosh; Intel Mac OS X 11_7_10) AppleWebKit/537.36 (KHTML, like Gecko) Chrome/133.0.0.0 Safari/537.36"
82.223.5.196 - - [17/Jun/2026:01:34:42 +0200] "POST /wp-login.php HTTP/2" 200 974 "https://reenrihair.com.therahuldas.com/wp-login.php" "Mozilla/5.0 (Macintosh; Intel Mac OS X 11_7_10) AppleWebKit/537.36 (KHTML, like Gecko) Chrome/133.0.0.0 Safari/537.36"
43.165.4.2 - - [17/Jun/2026:01:41:49 +0200] "GET /xmlrpc.php?rsd HTTP/1.1" 200 309 "-" "Mozilla/5.0 (iPhone; CPU iPhone OS 13_2_3 like Mac OS X) AppleWebKit/605.1.15 (KHTML, like Gecko) Version/13.0.3 Mobile/15E148 Safari/604.1"
100.54.201.195 - - [17/Jun/2026:01:43:56 +0200] "GET / HTTP/1.1" 200 23583 "https://www.bing.com/" "Mozilla/5.0 (Linux; Android 14; Pixel 8) AppleWebKit/537.36 (KHTML, like Gecko) Chrome/124.0.0.0 Mobile Safari/537.36"
139.155.126.16 - - [17/Jun/2026:01:53:49 +0200] "GET / HTTP/1.1" 200 28075 "http://www.reenrihair.com" "Mozilla/5.0 (iPhone; CPU iPhone OS 13_2_3 like Mac OS X) AppleWebKit/605.1.15 (KHTML, like Gecko) Version/13.0.3 Mobile/15E148 Safari/604.1"
170.106.147.63 - - [17/Jun/2026:01:56:49 +0200] "GET / HTTP/1.1" 200 28075 "http://www.reenrihair.com" "Mozilla/5.0 (iPhone; CPU iPhone OS 13_2_3 like Mac OS X) AppleWebKit/605.1.15 (KHTML, like Gecko) Version/13.0.3 Mobile/15E148 Safari/604.1"
43.135.142.37 - - [17/Jun/2026:02:01:12 +0200] "GET /contact-us/ HTTP/1.1" 200 16475 "-" "Mozilla/5.0 (iPhone; CPU iPhone OS 13_2_3 like Mac OS X) AppleWebKit/605.1.15 (KHTML, like Gecko) Version/13.0.3 Mobile/15E148 Safari/604.1"
43.157.142.101 - - [17/Jun/2026:01:51:11 +0200] "GET / HTTP/1.1" 200 28075 "-" "Mozilla/5.0 (iPhone; CPU iPhone OS 13_2_3 like Mac OS X) AppleWebKit/605.1.15 (KHTML, like Gecko) Version/13.0.3 Mobile/15E148 Safari/604.1"
185.31.65.66 - - [17/Jun/2026:01:53:07 +0200] "GET /wp-login.php HTTP/2" 200 974 "-" "Mozilla/5.0 (X11; Fedora; Linux x86_64) AppleWebKit/537.36 (KHTML, like Gecko) Chrome/133.0.0.0 Safari/537.36"
185.31.65.66 - - [17/Jun/2026:01:53:07 +0200] "POST /wp-login.php HTTP/2" 200 974 "https://reenrihair.com/wp-login.php" "Mozilla/5.0 (X11; Fedora; Linux x86_64) AppleWebKit/537.36 (KHTML, like Gecko) Chrome/133.0.0.0 Safari/537.36"
74.7.227.22 - - [17/Jun/2026:01:53:22 +0200] "GET /wp-includes/js/jquery/jquery.min.js?ver=3.7.1 HTTP/2" 200 29744 "https://reenrihair.com/" "Mozilla/5.0 AppleWebKit/537.36 (KHTML, like Gecko; compatible; GPTBot/1.4; +https://openai.com/gptbot)"
62.204.49.63 - - [17/Jun/2026:02:11:22 +0200] "GET / HTTP/2" 200 23583 "-" "Mozilla/5.0 (Windows NT 10.0; Win64; x64) AppleWebKit/537.36 (KHTML, like Gecko) Chrome/124.0.0.0 Safari/537.36"
43.159.46.41 - - [17/Jun/2026:02:20:52 +0200] "GET /wp-json/oembed/1.0/embed?url=https%3A%2F%2Freenrihair.com%2F&format=xml HTTP/1.1" 200 1295 "-" "Mozilla/5.0 (iPhone; CPU iPhone OS 13_2_3 like Mac OS X) AppleWebKit/605.1.15 (KHTML, like Gecko) Version/13.0.3 Mobile/15E148 Safari/604.1"
65.21.228.101 - - [17/Jun/2026:02:19:50 +0200] "POST /wp-cron.php?doing_wp_cron=1781655590.3112509250640869140625 HTTP/1.1" 200 0 "-" "WordPress/7.0; https://reenrihair.com"
43.157.149.188 - - [17/Jun/2026:02:11:56 +0200] "GET /wp-json/wp/v2/pages/1837 HTTP/1.1" 200 18031 "-" "Mozilla/5.0 (iPhone; CPU iPhone OS 13_2_3 like Mac OS X) AppleWebKit/605.1.15 (KHTML, like Gecko) Version/13.0.3 Mobile/15E148 Safari/604.1"
65.21.228.101 - - [17/Jun/2026:02:14:17 +0200] "POST /wp-cron.php?doing_wp_cron=1781655257.5065031051635742187500 HTTP/1.1" 200 0 "-" "WordPress/7.0; https://reenrihair.com"
84.55.4.180 - - [17/Jun/2026:02:19:49 +0200] "HEAD /wp-content/plugins/updraftplus/readme.txt HTTP/2" 404 0 "https://reenrihair.com/" "Mozilla/5.0 (X11; Ubuntu; Linux x86_64; rv:146.0) Gecko/20100101 Firefox/146.0"
74.7.227.22 - - [17/Jun/2026:02:12:52 +0200] "GET /wp-json/oembed/1.0/embed?url=https%3A%2F%2Freenrihair.com%2F HTTP/2" 200 1179 "https://reenrihair.com/" "Mozilla/5.0 AppleWebKit/537.36 (KHTML, like Gecko; compatible; GPTBot/1.4; +https://openai.com/gptbot)"
138.201.38.133 - reenrihair [17/Jun/2026:02:14:15 +0200] "GET /wp-json/wp/v2/users/me HTTP/2" 401 81 "-" "Mozilla/5.0 (Windows NT 10.0; Win64; x64; rv:133.0) Gecko/20100101 Firefox/133.0"
65.21.228.101 - - [17/Jun/2026:02:20:53 +0200] "POST /wp-cron.php?doing_wp_cron=1781655653.1126530170440673828125 HTTP/1.1" 200 0 "-" "WordPress/7.0; https://reenrihair.com"
65.21.228.101 - - [17/Jun/2026:02:11:57 +0200] "POST /wp-cron.php?doing_wp_cron=1781655117.7159039974212646484375 HTTP/1.1" 200 0 "-" "WordPress/7.0; https://reenrihair.com"
192.241.157.226 - - [17/Jun/2026:02:24:16 +0200] "GET /wp-login.php HTTP/2" 200 974 "-" "Mozilla/5.0 (Windows NT 10.0) AppleWebKit/537.36 (KHTML, like Gecko) Chrome/133.0.0.0 Safari/537.36"
192.241.157.226 - - [17/Jun/2026:02:24:17 +0200] "POST /wp-login.php HTTP/2" 200 974 "https://reenrihair.com.therahuldas.com/wp-login.php" "Mozilla/5.0 (Windows NT 10.0) AppleWebKit/537.36 (KHTML, like Gecko) Chrome/133.0.0.0 Safari/537.36"
65.21.228.101 - - [17/Jun/2026:02:31:21 +0200] "POST /wp-cron.php?doing_wp_cron=1781656281.4588539600372314453125 HTTP/1.1" 200 0 "-" "WordPress/7.0; https://reenrihair.com"
